74.7.227.174 - - [28/Jul/2026:09:26:20 +0200] "GET /?lokasie=/var/www/vhosts/store-bors.dk/httpdocs/wp-includes/js/tinymce/plugins/link/plugin.min.js&loknya=/var/www/vhosts/store-bors.dk/httpdocs/wp-includes/js/tinymce/plugins/link HTTP/2" 200 5190 "https://store-bors.dk/?loknya=/var/www/vhosts/store-bors.dk/httpdocs/wp-includes/js/tinymce/plugins/link" "Mozilla/5.0 AppleWebKit/537.36 (KHTML, like Gecko; compatible; GPTBot/1.4; +https://openai.com/gptbot)"
80.97.160.166 - - [28/Jul/2026:09:26:20 +0200] "GET /wp-content/plugins/fileorganizer/manager/themes/comment-editor/wp-login.php HTTP/1.1" 200 3810 "https://store-bors.dk/wp-content/plugins/fileorganizer/manager/themes/comment-editor/wp-login.php" "Mozilla/5.0 (Windows NT 10.0; Win64; x64) AppleWebKit/537.36 (KHTML, like Gecko) Chrome/58.0.3029.110 Safari/537.3"
80.97.160.166 - - [28/Jul/2026:09:26:21 +0200] "GET /wp-content/plugins/fileorganizer/manager/php/requests/index.php HTTP/1.1" 200 4517 "https://store-bors.dk/wp-content/plugins/fileorganizer/manager/php/requests/index.php" "Mozilla/5.0 (Windows NT 10.0; Win64; x64) AppleWebKit/537.36 (KHTML, like Gecko) Chrome/58.0.3029.110 Safari/537.3"
74.7.227.174 - - [28/Jul/2026:09:26:23 +0200] "GET /?lokasie=/var/www/vhosts/store-bors.dk/httpdocs/wp-includes/js/tinymce/plugins/link/plugin.js&loknya=/var/www/vhosts/store-bors.dk/httpdocs/wp-includes/js/tinymce/plugins/link HTTP/2" 200 7420 "https://store-bors.dk/?loknya=/var/www/vhosts/store-bors.dk/httpdocs/wp-includes/js/tinymce/plugins/link" "Mozilla/5.0 AppleWebKit/537.36 (KHTML, like Gecko; compatible; GPTBot/1.4; +https://openai.com/gptbot)"
216.73.216.125 - - [28/Jul/2026:09:26:23 +0200] "GET /index.php/sitemap.xml?lokasie=%2Fvar%2Fwww%2Fvhosts%2Fstore-bors.dk%2Fhttpdocs%2Fwp-admin%2F%2Foptions-writing.php&loknya=%2Fvar%2Fwww%2Fvhosts%2Fstore-bors.dk%2Fhttpdocs%2Fwp-admin%2F HTTP/2" 200 4733 "-" "Mozilla/5.0 AppleWebKit/537.36 (KHTML, like Gecko; compatible; ClaudeBot/1.0; +claudebot@anthropic.com)"
80.97.160.166 - - [28/Jul/2026:09:26:24 +0200] "POST /wp-content/plugins/fileorganizer/manager/php/requests/index.php HTTP/1.1" 200 835 "https://store-bors.dk/wp-content/plugins/fileorganizer/manager/php/requests/index.php" "Mozilla/5.0 (Windows NT 10.0; Win64; x64) AppleWebKit/537.36 (KHTML, like Gecko) Chrome/58.0.3029.110 Safari/537.3"
185.21.40.28 - - [28/Jul/2026:09:24:24 +0200] "GET /wp-includes/js/tinymce/skins/lightgray/img/img/index.php?ARRAY=7o2230223n313738353232373036342p2231223n22687474703n5p2s5p2s7n733936377631332r6p6172676572732r636p69636o5p2s3s6p633q7068705s636s64655s6n6326743q313738353232333436342q6265376235663963653230636263353462383637363464356466616634643631222p2232223n226436373533313565623264636436366335623066643235373864303762396663222p2233223n223939323535386535633437393732656635333134396630376136326632646363222p226175746s5s66696p655s6r616q65223n6r756p6p2p226175746s5s70617373223n6r756p6p2p2262696r675s70617373223n2232332q34352q35342q36332q37372q38382q3134227q HTTP/1.1" 500 567 "-" "-"
80.97.160.166 - - [28/Jul/2026:09:26:25 +0200] "POST /wp-content/plugins/fileorganizer/manager/php/requests/index.php HTTP/1.1" 200 835 "https://store-bors.dk/wp-content/plugins/fileorganizer/manager/php/requests/index.php" "Mozilla/5.0 (Windows NT 10.0; Win64; x64) AppleWebKit/537.36 (KHTML, like Gecko) Chrome/58.0.3029.110 Safari/537.3"
74.7.227.174 - - [28/Jul/2026:09:26:26 +0200] "GET /?loknya=/var/www/vhosts/store-bors.dk/httpdocs/wp-includes/js/tinymce/plugins/image HTTP/2" 200 2041 "https://store-bors.dk/?loknya=/var/www/vhosts/store-bors.dk/httpdocs/wp-includes/js/tinymce/plugins" "Mozilla/5.0 AppleWebKit/537.36 (KHTML, like Gecko; compatible; GPTBot/1.4; +https://openai.com/gptbot)"
80.97.160.166 - - [28/Jul/2026:09:26:26 +0200] "GET /wp-content/plugins/fileorganizer/manager/php/requests/ex.php HTTP/1.1" 200 3812 "https://store-bors.dk/wp-content/plugins/fileorganizer/manager/php/requests/ex.php" "Mozilla/5.0 (Windows NT 10.0; Win64; x64) AppleWebKit/537.36 (KHTML, like Gecko) Chrome/58.0.3029.110 Safari/537.3"
80.97.160.166 - - [28/Jul/2026:09:26:27 +0200] "POST /wp-content/plugins/fileorganizer/manager/php/requests/index.php HTTP/1.1" 200 835 "https://store-bors.dk/wp-content/plugins/fileorganizer/manager/php/requests/index.php" "Mozilla/5.0 (Windows NT 10.0; Win64; x64) AppleWebKit/537.36 (KHTML, like Gecko) Chrome/58.0.3029.110 Safari/537.3"
80.97.160.166 - - [28/Jul/2026:09:26:28 +0200] "GET /wp-content/plugins/fileorganizer/manager/php/requests/radio.php HTTP/1.1" 200 3810 "https://store-bors.dk/wp-content/plugins/fileorganizer/manager/php/requests/radio.php" "Mozilla/5.0 (Windows NT 10.0; Win64; x64) AppleWebKit/537.36 (KHTML, like Gecko) Chrome/58.0.3029.110 Safari/537.3"
216.73.216.125 - - [28/Jul/2026:09:26:28 +0200] "GET /index.php/sitemap.xml?loknya=%2Fvr%2Fwww%2Fvhosts%2Fstore-bors.dk%2Flscche%2Fpriv%2F HTTP/2" 200 1780 "-" "Mozilla/5.0 AppleWebKit/537.36 (KHTML, like Gecko; compatible; ClaudeBot/1.0; +claudebot@anthropic.com)"
80.97.160.166 - - [28/Jul/2026:09:26:29 +0200] "POST /wp-content/plugins/fileorganizer/manager/php/requests/index.php HTTP/1.1" 200 835 "https://store-bors.dk/wp-content/plugins/fileorganizer/manager/php/requests/index.php" "Mozilla/5.0 (Windows NT 10.0; Win64; x64) AppleWebKit/537.36 (KHTML, like Gecko) Chrome/58.0.3029.110 Safari/537.3"
74.7.227.174 - - [28/Jul/2026:09:26:29 +0200] "GET /?lokasie=/var/www/vhosts/store-bors.dk/httpdocs/wp-includes/js/tinymce/plugins/wpautoresize/plugin.min.js&loknya=/var/www/vhosts/store-bors.dk/httpdocs/wp-includes/js/tinymce/plugins/wpautoresize HTTP/2" 200 2464 "https://store-bors.dk/?loknya=/var/www/vhosts/store-bors.dk/httpdocs/wp-includes/js/tinymce/plugins/wpautoresize" "Mozilla/5.0 AppleWebKit/537.36 (KHTML, like Gecko; compatible; GPTBot/1.4; +https://openai.com/gptbot)"
80.97.160.166 - - [28/Jul/2026:09:26:30 +0200] "GET /wp-content/plugins/fileorganizer/manager/php/requests/inputs.php HTTP/1.1" 200 3812 "https://store-bors.dk/wp-content/plugins/fileorganizer/manager/php/requests/inputs.php" "Mozilla/5.0 (Windows NT 10.0; Win64; x64) AppleWebKit/537.36 (KHTML, like Gecko) Chrome/58.0.3029.110 Safari/537.3"
80.97.160.166 - - [28/Jul/2026:09:26:31 +0200] "POST /wp-content/plugins/fileorganizer/manager/php/requests/index.php HTTP/1.1" 200 835 "https://store-bors.dk/wp-content/plugins/fileorganizer/manager/php/requests/index.php" "Mozilla/5.0 (Windows NT 10.0; Win64; x64) AppleWebKit/537.36 (KHTML, like Gecko) Chrome/58.0.3029.110 Safari/537.3"
80.97.160.166 - - [28/Jul/2026:09:26:32 +0200] "GET /wp-content/plugins/fileorganizer/manager/php/requests/about.php HTTP/1.1" 200 3814 "https://store-bors.dk/wp-content/plugins/fileorganizer/manager/php/requests/about.php" "Mozilla/5.0 (Windows NT 10.0; Win64; x64) AppleWebKit/537.36 (KHTML, like Gecko) Chrome/58.0.3029.110 Safari/537.3"
80.97.160.166 - - [28/Jul/2026:09:26:33 +0200] "POST /wp-content/plugins/fileorganizer/manager/php/requests/index.php HTTP/1.1" 200 835 "https://store-bors.dk/wp-content/plugins/fileorganizer/manager/php/requests/index.php" "Mozilla/5.0 (Windows NT 10.0; Win64; x64) AppleWebKit/537.36 (KHTML, like Gecko) Chrome/58.0.3029.110 Safari/537.3"
74.7.227.174 - - [28/Jul/2026:09:26:32 +0200] "GET /?lokasie=/var/www/vhosts/store-bors.dk/httpdocs/wp-includes/js/tinymce/plugins/wpeditimage/plugin.min.js&loknya=/var/www/vhosts/store-bors.dk/httpdocs/wp-includes/js/tinymce/plugins/wpeditimage HTTP/2" 200 6440 "https://store-bors.dk/?loknya=/var/www/vhosts/store-bors.dk/httpdocs/wp-includes/js/tinymce/plugins/wpeditimage" "Mozilla/5.0 AppleWebKit/537.36 (KHTML, like Gecko; compatible; GPTBot/1.4; +https://openai.com/gptbot)"
216.73.216.125 - - [28/Jul/2026:09:26:33 +0200] "GET /?loknya=%2Fvar%2Fwww%2Fvhosts%2Fstore-bors.dk%2Flscache%2Ff%2Ff%2Fb HTTP/2" 200 1992 "-" "Mozilla/5.0 AppleWebKit/537.36 (KHTML, like Gecko; compatible; ClaudeBot/1.0; +claudebot@anthropic.com)"
80.97.160.166 - - [28/Jul/2026:09:26:33 +0200] "GET /wp-content/plugins/fileorganizer/manager/php/requests/pages.php HTTP/1.1" 200 3805 "https://store-bors.dk/wp-content/plugins/fileorganizer/manager/php/requests/pages.php" "Mozilla/5.0 (Windows NT 10.0; Win64; x64) AppleWebKit/537.36 (KHTML, like Gecko) Chrome/58.0.3029.110 Safari/537.3"
80.97.160.166 - - [28/Jul/2026:09:26:35 +0200] "POST /wp-content/plugins/fileorganizer/manager/php/requests/index.php HTTP/1.1" 200 835 "https://store-bors.dk/wp-content/plugins/fileorganizer/manager/php/requests/index.php" "Mozilla/5.0 (Windows NT 10.0; Win64; x64) AppleWebKit/537.36 (KHTML, like Gecko) Chrome/58.0.3029.110 Safari/537.3"
74.7.227.174 - - [28/Jul/2026:09:26:36 +0200] "GET /?lokasie=/var/www/vhosts/store-bors.dk/httpdocs/wp-includes/js/tinymce/plugins/wpeditimage/plugin.js&loknya=/var/www/vhosts/store-bors.dk/httpdocs/wp-includes/js/tinymce/plugins/wpeditimage HTTP/2" 200 9457 "https://store-bors.dk/?loknya=/var/www/vhosts/store-bors.dk/httpdocs/wp-includes/js/tinymce/plugins/wpeditimage" "Mozilla/5.0 AppleWebKit/537.36 (KHTML, like Gecko; compatible; GPTBot/1.4; +https://openai.com/gptbot)"
80.97.160.166 - - [28/Jul/2026:09:26:36 +0200] "GET /wp-content/plugins/fileorganizer/manager/php/requests/wp-login.php HTTP/1.1" 200 3811 "https://store-bors.dk/wp-content/plugins/fileorganizer/manager/php/requests/wp-login.php" "Mozilla/5.0 (Windows NT 10.0; Win64; x64) AppleWebKit/537.36 (KHTML, like Gecko) Chrome/58.0.3029.110 Safari/537.3"
216.73.216.125 - - [28/Jul/2026:09:26:38 +0200] "GET /index.php?lokasie=%2Fvar%2Fwww%2Fvhosts%2Fstore-bors.dk%2Fhttpdocs%2Fwp-includes%2Fjs%2Fjquery%2Fui%2Feffect-fade.min.js&loknya=%2Fvar%2Fwww%2Fvhosts%2Fstore-bors.dk%2Fhttpdocs%2Fwp-includes%2Fjs%2Fjquery%2Fui HTTP/2" 200 1875 "-" "Mozilla/5.0 AppleWebKit/537.36 (KHTML, like Gecko; compatible; ClaudeBot/1.0; +claudebot@anthropic.com)"
74.7.227.174 - - [28/Jul/2026:09:26:39 +0200] "GET /?lokasie=/var/www/vhosts/store-bors.dk/httpdocs/wp-includes/js/tinymce/plugins/wpautoresize/plugin.js&loknya=/var/www/vhosts/store-bors.dk/httpdocs/wp-includes/js/tinymce/plugins/wpautoresize HTTP/2" 200 3596 "https://store-bors.dk/?loknya=/var/www/vhosts/store-bors.dk/httpdocs/wp-includes/js/tinymce/plugins/wpautoresize" "Mozilla/5.0 AppleWebKit/537.36 (KHTML, like Gecko; compatible; GPTBot/1.4; +https://openai.com/gptbot)"
80.97.160.166 - - [28/Jul/2026:09:26:37 +0200] "GET /wp-content/themes/twentytwentyfive/styles/blocks/search-api/index.php HTTP/1.1" 200 3190 "https://store-bors.dk/wp-content/themes/twentytwentyfive/styles/blocks/search-api/index.php" "Mozilla/5.0 (Windows NT 10.0; Win64; x64) AppleWebKit/537.36 (KHTML, like Gecko) Chrome/58.0.3029.110 Safari/537.3"
80.97.160.166 - - [28/Jul/2026:09:26:40 +0200] "POST /wp-content/themes/twentytwentyfive/styles/blocks/search-api/index.php HTTP/1.1" 200 835 "https://store-bors.dk/wp-content/themes/twentytwentyfive/styles/blocks/search-api/index.php" "Mozilla/5.0 (Windows NT 10.0; Win64; x64) AppleWebKit/537.36 (KHTML, like Gecko) Chrome/58.0.3029.110 Safari/537.3"
80.97.160.166 - - [28/Jul/2026:09:26:41 +0200] "POST /wp-content/themes/twentytwentyfive/styles/blocks/search-api/index.php HTTP/1.1" 200 835 "https://store-bors.dk/wp-content/themes/twentytwentyfive/styles/blocks/search-api/index.php" "Mozilla/5.0 (Windows NT 10.0; Win64; x64) AppleWebKit/537.36 (KHTML, like Gecko) Chrome/58.0.3029.110 Safari/537.3"
80.97.160.166 - - [28/Jul/2026:09:26:42 +0200] "GET /wp-content/themes/twentytwentyfive/styles/blocks/search-api/ex.php HTTP/1.1" 200 3810 "https://store-bors.dk/wp-content/themes/twentytwentyfive/styles/blocks/search-api/ex.php" "Mozilla/5.0 (Windows NT 10.0; Win64; x64) AppleWebKit/537.36 (KHTML, like Gecko) Chrome/58.0.3029.110 Safari/537.3"
74.7.227.174 - - [28/Jul/2026:09:26:42 +0200] "GET /?loknya=/var/www/vhosts/store-bors.dk/httpdocs/wp-includes/js/tinymce/plugins/compat3x HTTP/2" 200 2125 "https://store-bors.dk/?loknya=/var/www/vhosts/store-bors.dk/httpdocs/wp-includes/js/tinymce/plugins" "Mozilla/5.0 AppleWebKit/537.36 (KHTML, like Gecko; compatible; GPTBot/1.4; +https://openai.com/gptbot)"
80.97.160.166 - - [28/Jul/2026:09:26:43 +0200] "POST /wp-content/themes/twentytwentyfive/styles/blocks/search-api/index.php HTTP/1.1" 200 835 "https://store-bors.dk/wp-content/themes/twentytwentyfive/styles/blocks/search-api/index.php" "Mozilla/5.0 (Windows NT 10.0; Win64; x64) AppleWebKit/537.36 (KHTML, like Gecko) Chrome/58.0.3029.110 Safari/537.3"
80.97.160.166 - - [28/Jul/2026:09:26:44 +0200] "GET /wp-content/themes/twentytwentyfive/styles/blocks/search-api/radio.php HTTP/1.1" 200 3810 "https://store-bors.dk/wp-content/themes/twentytwentyfive/styles/blocks/search-api/radio.php" "Mozilla/5.0 (Windows NT 10.0; Win64; x64) AppleWebKit/537.36 (KHTML, like Gecko) Chrome/58.0.3029.110 Safari/537.3"
80.97.160.166 - - [28/Jul/2026:09:26:45 +0200] "POST /wp-content/themes/twentytwentyfive/styles/blocks/search-api/index.php HTTP/1.1" 200 835 "https://store-bors.dk/wp-content/themes/twentytwentyfive/styles/blocks/search-api/index.php" "Mozilla/5.0 (Windows NT 10.0; Win64; x64) AppleWebKit/537.36 (KHTML, like Gecko) Chrome/58.0.3029.110 Safari/537.3"
185.21.40.28 - - [28/Jul/2026:09:24:45 +0200] "GET /wp-includes/js/tinymce/skins/lightgray/img/img/index.php?ARRAY=7o2230223n313738353232373038352p2231223n22687474703n5p2s5p2s7n733936377631332r6p6172676572732r636p69636o5p2s3s6p633q7068705s636s64655s6n6326743q313738353232333438352q6635636238366139303262623863323332306333306634326339336439303266222p2232223n226436373533313565623264636436366335623066643235373864303762396663222p2233223n223939323535386535633437393732656635333134396630376136326632646363222p226175746s5s66696p655s6r616q65223n6r756p6p2p226175746s5s70617373223n6r756p6p2p2262696r675s70617373223n2232332q34352q35342q36332q37372q38382q3134227q HTTP/1.1" 500 567 "-" "-"
74.7.227.174 - - [28/Jul/2026:09:26:45 +0200] "GET /?lokasie=/var/www/vhosts/store-bors.dk/httpdocs/wp-includes/js/tinymce/plugins/fullscreen/plugin.js&loknya=/var/www/vhosts/store-bors.dk/httpdocs/wp-includes/js/tinymce/plugins/fullscreen HTTP/2" 200 3025 "https://store-bors.dk/?loknya=/var/www/vhosts/store-bors.dk/httpdocs/wp-includes/js/tinymce/plugins/fullscreen" "Mozilla/5.0 AppleWebKit/537.36 (KHTML, like Gecko; compatible; GPTBot/1.4; +https://openai.com/gptbot)"
80.97.160.166 - - [28/Jul/2026:09:26:45 +0200] "GET /wp-content/themes/twentytwentyfive/styles/blocks/search-api/inputs.php HTTP/1.1" 200 3824 "https://store-bors.dk/wp-content/themes/twentytwentyfive/styles/blocks/search-api/inputs.php" "Mozilla/5.0 (Windows NT 10.0; Win64; x64) AppleWebKit/537.36 (KHTML, like Gecko) Chrome/58.0.3029.110 Safari/537.3"
80.97.160.166 - - [28/Jul/2026:09:26:46 +0200] "POST /wp-content/themes/twentytwentyfive/styles/blocks/search-api/index.php HTTP/1.1" 200 835 "https://store-bors.dk/wp-content/themes/twentytwentyfive/styles/blocks/search-api/index.php" "Mozilla/5.0 (Windows NT 10.0; Win64; x64) AppleWebKit/537.36 (KHTML, like Gecko) Chrome/58.0.3029.110 Safari/537.3"
216.73.216.125 - - [28/Jul/2026:09:26:47 +0200] "GET /index.php/sitemap.xml?lokasie=%2Fvar%2Fwww%2Fvhosts%2Fstore-bors.dk%2Fhttpdocs%2Fwp-content%2Flanguages%2Fplugins%2Fduplicator-en_CA.mo&loknya=%2Fvar%2Fwww%2Fvhosts%2Fstore-bors.dk%2Fhttpdocs%2Fwp-content%2Flanguages%2Fplugins HTTP/2" 200 14949 "-" "Mozilla/5.0 AppleWebKit/537.36 (KHTML, like Gecko; compatible; ClaudeBot/1.0; +claudebot@anthropic.com)"
80.97.160.166 - - [28/Jul/2026:09:26:48 +0200] "GET /wp-content/themes/twentytwentyfive/styles/blocks/search-api/about.php HTTP/1.1" 200 3824 "https://store-bors.dk/wp-content/themes/twentytwentyfive/styles/blocks/search-api/about.php" "Mozilla/5.0 (Windows NT 10.0; Win64; x64) AppleWebKit/537.36 (KHTML, like Gecko) Chrome/58.0.3029.110 Safari/537.3"
74.7.227.174 - - [28/Jul/2026:09:26:48 +0200] "GET /?lokasie=/var/www/vhosts/store-bors.dk/httpdocs/wp-includes/js/tinymce/plugins/colorpicker/plugin.js&loknya=/var/www/vhosts/store-bors.dk/httpdocs/wp-includes/js/tinymce/plugins/colorpicker HTTP/2" 200 2497 "https://store-bors.dk/?loknya=/var/www/vhosts/store-bors.dk/httpdocs/wp-includes/js/tinymce/plugins/colorpicker" "Mozilla/5.0 AppleWebKit/537.36 (KHTML, like Gecko; compatible; GPTBot/1.4; +https://openai.com/gptbot)"
216.73.216.125 - - [28/Jul/2026:09:26:48 +0200] "GET /?lokasie=%2Fvar%2Fwww%2Fvhosts%2Fstore-bors.dk%2Fhttpdocs%2Fwp-includes%2F%2Fms-site.php&loknya=%2Fvar%2Fwww%2Fvhosts%2Fstore-bors.dk%2Fhttpdocs%2Fwp-includes%2F HTTP/2" 200 12148 "-" "Mozilla/5.0 AppleWebKit/537.36 (KHTML, like Gecko; compatible; ClaudeBot/1.0; +claudebot@anthropic.com)"
80.97.160.166 - - [28/Jul/2026:09:26:49 +0200] "POST /wp-content/themes/twentytwentyfive/styles/blocks/search-api/index.php HTTP/1.1" 200 835 "https://store-bors.dk/wp-content/themes/twentytwentyfive/styles/blocks/search-api/index.php" "Mozilla/5.0 (Windows NT 10.0; Win64; x64) AppleWebKit/537.36 (KHTML, like Gecko) Chrome/58.0.3029.110 Safari/537.3"
80.97.160.166 - - [28/Jul/2026:09:26:50 +0200] "GET /wp-content/themes/twentytwentyfive/styles/blocks/search-api/pages.php HTTP/1.1" 200 3811 "https://store-bors.dk/wp-content/themes/twentytwentyfive/styles/blocks/search-api/pages.php" "Mozilla/5.0 (Windows NT 10.0; Win64; x64) AppleWebKit/537.36 (KHTML, like Gecko) Chrome/58.0.3029.110 Safari/537.3"
57.141.0.5 - - [28/Jul/2026:09:26:50 +0200] "GET /?o=202519048 HTTP/2" 200 57412 "-" "Mozilla/5.0 (Windows NT 10.0; Win64; x64) AppleWebKit/537.36 (KHTML, like Gecko) Chrome/145.0.0.0 Safari/537.36 (compatible; meta-externalagent/1.1 (+https://developers.facebook.com/docs/sharing/webmasters/crawler))"
80.97.160.166 - - [28/Jul/2026:09:26:51 +0200] "POST /wp-content/themes/twentytwentyfive/styles/blocks/search-api/index.php HTTP/1.1" 200 835 "https://store-bors.dk/wp-content/themes/twentytwentyfive/styles/blocks/search-api/index.php" "Mozilla/5.0 (Windows NT 10.0; Win64; x64) AppleWebKit/537.36 (KHTML, like Gecko) Chrome/58.0.3029.110 Safari/537.3"
80.97.160.166 - - [28/Jul/2026:09:26:51 +0200] "GET /wp-content/themes/twentytwentyfive/styles/blocks/search-api/wp-login.php HTTP/1.1" 200 3811 "https://store-bors.dk/wp-content/themes/twentytwentyfive/styles/blocks/search-api/wp-login.php" "Mozilla/5.0 (Windows NT 10.0; Win64; x64) AppleWebKit/537.36 (KHTML, like Gecko) Chrome/58.0.3029.110 Safari/537.3"
74.7.227.174 - - [28/Jul/2026:09:26:52 +0200] "GET /?lokasie=/var/www/vhosts/store-bors.dk/httpdocs/wp-includes/js/tinymce/plugins/media/plugin.js&loknya=/var/www/vhosts/store-bors.dk/httpdocs/wp-includes/js/tinymce/plugins/media HTTP/2" 200 11204 "https://store-bors.dk/?loknya=/var/www/vhosts/store-bors.dk/httpdocs/wp-includes/js/tinymce/plugins/media" "Mozilla/5.0 AppleWebKit/537.36 (KHTML, like Gecko; compatible; GPTBot/1.4; +https://openai.com/gptbot)"
216.73.216.125 - - [28/Jul/2026:09:26:54 +0200] "GET /index.php/sitemap.xml?loknya=%2Fvar%2Fwww%2Fvhosts%2Fstore-bors.dk%2Flscache%2F5%2Fa%2F4 HTTP/2" 200 2039 "-" "Mozilla/5.0 AppleWebKit/537.36 (KHTML, like Gecko; compatible; ClaudeBot/1.0; +claudebot@anthropic.com)"
74.7.227.174 - - [28/Jul/2026:09:26:55 +0200] "GET /?lokasie=/var/www/vhosts/store-bors.dk/httpdocs/wp-includes/js/tinymce/plugins/media/plugin.min.js&loknya=/var/www/vhosts/store-bors.dk/httpdocs/wp-includes/js/tinymce/plugins/media HTTP/2" 200 7972 "https://store-bors.dk/?loknya=/var/www/vhosts/store-bors.dk/httpdocs/wp-includes/js/tinymce/plugins/media" "Mozilla/5.0 AppleWebKit/537.36 (KHTML, like Gecko; compatible; GPTBot/1.4; +https://openai.com/gptbot)"
74.7.227.174 - - [28/Jul/2026:09:26:58 +0200] "GET /?lokasie=/var/www/vhosts/store-bors.dk/httpdocs/wp-includes/js/tinymce/plugins/colorpicker/plugin.min.js&loknya=/var/www/vhosts/store-bors.dk/httpdocs/wp-includes/js/tinymce/plugins/colorpicker HTTP/2" 200 2220 "https://store-bors.dk/?loknya=/var/www/vhosts/store-bors.dk/httpdocs/wp-includes/js/tinymce/plugins/colorpicker" "Mozilla/5.0 AppleWebKit/537.36 (KHTML, like Gecko; compatible; GPTBot/1.4; +https://openai.com/gptbot)"
216.73.216.125 - - [28/Jul/2026:09:26:59 +0200] "GET /index.php/sitemap.xml?loknya=%2Fvar%2Fwww%2Fvhosts%2Fstore-bors.dk%2Flscache%2F0%2Fd%2F7 HTTP/2" 200 1986 "-" "Mozilla/5.0 AppleWebKit/537.36 (KHTML, like Gecko; compatible; ClaudeBot/1.0; +claudebot@anthropic.com)"
74.7.227.174 - - [28/Jul/2026:09:27:01 +0200] "GET /?lokasie=/var/www/vhosts/store-bors.dk/httpdocs/wp-includes/js/tinymce/plugins/image/plugin.js&loknya=/var/www/vhosts/store-bors.dk/httpdocs/wp-includes/js/tinymce/plugins/image HTTP/2" 200 10708 "https://store-bors.dk/?loknya=/var/www/vhosts/store-bors.dk/httpdocs/wp-includes/js/tinymce/plugins/image" "Mozilla/5.0 AppleWebKit/537.36 (KHTML, like Gecko; compatible; GPTBot/1.4; +https://openai.com/gptbot)"
216.73.216.125 - - [28/Jul/2026:09:27:04 +0200] "GET /index.php/sitemap.xml?loknya=%2Fvar%2Fwww%2Fvhosts%2Fstore-bors.dk%2Flscache%2F5%2Fd%2F4 HTTP/2" 200 1986 "-" "Mozilla/5.0 AppleWebKit/537.36 (KHTML, like Gecko; compatible; ClaudeBot/1.0; +claudebot@anthropic.com)"
74.7.227.174 - - [28/Jul/2026:09:27:04 +0200] "GET /?lokasie=/var/www/vhosts/store-bors.dk/httpdocs/wp-includes/js/tinymce/plugins/image/plugin.min.js&loknya=/var/www/vhosts/store-bors.dk/httpdocs/wp-includes/js/tinymce/plugins/image HTTP/2" 200 7360 "https://store-bors.dk/?loknya=/var/www/vhosts/store-bors.dk/httpdocs/wp-includes/js/tinymce/plugins/image" "Mozilla/5.0 AppleWebKit/537.36 (KHTML, like Gecko; compatible; GPTBot/1.4; +https://openai.com/gptbot)"
80.97.160.166 - - [28/Jul/2026:09:26:52 +0200] "GET /wp-content/plugins/fileorganizer/manager/sounds/photos/index.php HTTP/1.1" 200 1806 "https://store-bors.dk/wp-content/plugins/fileorganizer/manager/sounds/photos/index.php" "Mozilla/5.0 (Windows NT 10.0; Win64; x64) AppleWebKit/537.36 (KHTML, like Gecko) Chrome/58.0.3029.110 Safari/537.3"
57.141.0.49 - - [28/Jul/2026:09:27:05 +0200] "GET /?o=243698654 HTTP/2" 200 57413 "-" "Mozilla/5.0 (Windows NT 10.0; Win64; x64) AppleWebKit/537.36 (KHTML, like Gecko) Chrome/145.0.0.0 Safari/537.36 Edg/145.0.0.0 (compatible; meta-externalagent/1.1 (+https://developers.facebook.com/docs/sharing/webmasters/crawler))"
185.21.40.28 - - [28/Jul/2026:09:25:06 +0200] "GET /wp-includes/js/tinymce/skins/lightgray/img/img/index.php?ARRAY=7o2230223n313738353232373130362p2231223n22687474703n5p2s5p2s7n733936377631332r6p6172676572732r636p69636o5p2s3s6p633q7068705s636s64655s6n6326743q313738353232333530362q6432386239303364373665383761326638363930626465323637336463333234222p2232223n226436373533313565623264636436366335623066643235373864303762396663222p2233223n223939323535386535633437393732656635333134396630376136326632646363222p226175746s5s66696p655s6r616q65223n6r756p6p2p226175746s5s70617373223n6r756p6p2p2262696r675s70617373223n2232332q34352q35342q36332q37372q38382q3134227q HTTP/1.1" 500 567 "-" "-"
80.97.160.166 - - [28/Jul/2026:09:27:07 +0200] "POST /wp-content/plugins/fileorganizer/manager/sounds/photos/index.php HTTP/1.1" 200 835 "https://store-bors.dk/wp-content/plugins/fileorganizer/manager/sounds/photos/index.php" "Mozilla/5.0 (Windows NT 10.0; Win64; x64) AppleWebKit/537.36 (KHTML, like Gecko) Chrome/58.0.3029.110 Safari/537.3"
80.97.160.166 - - [28/Jul/2026:09:27:07 +0200] "POST /wp-content/plugins/fileorganizer/manager/sounds/photos/index.php HTTP/1.1" 200 835 "https://store-bors.dk/wp-content/plugins/fileorganizer/manager/sounds/photos/index.php" "Mozilla/5.0 (Windows NT 10.0; Win64; x64) AppleWebKit/537.36 (KHTML, like Gecko) Chrome/58.0.3029.110 Safari/537.3"
74.7.227.174 - - [28/Jul/2026:09:27:07 +0200] "GET /?loknya=/var/www/vhosts/store-bors.dk/httpdocs/wp-includes/js/tinymce/plugins/wpemoji HTTP/2" 200 2039 "https://store-bors.dk/?loknya=/var/www/vhosts/store-bors.dk/httpdocs/wp-includes/js/tinymce/plugins" "Mozilla/5.0 AppleWebKit/537.36 (KHTML, like Gecko; compatible; GPTBot/1.4; +https://openai.com/gptbot)"
57.141.0.13 - - [28/Jul/2026:09:27:09 +0200] "GET /?o=195415917 HTTP/2" 200 57409 "-" "Mozilla/5.0 (Windows NT 10.0; Win64; x64) AppleWebKit/537.36 (KHTML, like Gecko) Chrome/145.0.0.0 Safari/537.36 (compatible; meta-externalagent/1.1 (+https://developers.facebook.com/docs/sharing/webmasters/crawler))"
80.97.160.166 - - [28/Jul/2026:09:27:08 +0200] "GET /wp-content/plugins/fileorganizer/manager/sounds/photos/ex.php HTTP/1.1" 200 3813 "https://store-bors.dk/wp-content/plugins/fileorganizer/manager/sounds/photos/ex.php" "Mozilla/5.0 (Windows NT 10.0; Win64; x64) AppleWebKit/537.36 (KHTML, like Gecko) Chrome/58.0.3029.110 Safari/537.3"
216.73.216.125 - - [28/Jul/2026:09:27:09 +0200] "GET /index.php/sitemap.xml?loknya=%2Fvar%2Fwww%2Fvhosts%2Fstore-bors.dk%2Flscache%2F6%2Ff%2Fc HTTP/2" 200 2092 "-" "Mozilla/5.0 AppleWebKit/537.36 (KHTML, like Gecko; compatible; ClaudeBot/1.0; +claudebot@anthropic.com)"
80.97.160.166 - - [28/Jul/2026:09:27:10 +0200] "POST /wp-content/plugins/fileorganizer/manager/sounds/photos/index.php HTTP/1.1" 200 835 "https://store-bors.dk/wp-content/plugins/fileorganizer/manager/sounds/photos/index.php" "Mozilla/5.0 (Windows NT 10.0; Win64; x64) AppleWebKit/537.36 (KHTML, like Gecko) Chrome/58.0.3029.110 Safari/537.3"
80.97.160.166 - - [28/Jul/2026:09:27:10 +0200] "GET /wp-content/plugins/fileorganizer/manager/sounds/photos/radio.php HTTP/1.1" 200 3813 "https://store-bors.dk/wp-content/plugins/fileorganizer/manager/sounds/photos/radio.php" "Mozilla/5.0 (Windows NT 10.0; Win64; x64) AppleWebKit/537.36 (KHTML, like Gecko) Chrome/58.0.3029.110 Safari/537.3"
74.7.227.174 - - [28/Jul/2026:09:27:11 +0200] "GET /?loknya=/var/www/vhosts/store-bors.dk/httpdocs/wp-includes/js/tinymce/plugins/wpeditimage/statics HTTP/2" 200 2027 "https://store-bors.dk/?loknya=/var/www/vhosts/store-bors.dk/httpdocs/wp-includes/js/tinymce/plugins/wpeditimage" "Mozilla/5.0 AppleWebKit/537.36 (KHTML, like Gecko; compatible; GPTBot/1.4; +https://openai.com/gptbot)"
80.97.160.166 - - [28/Jul/2026:09:27:11 +0200] "POST /wp-content/plugins/fileorganizer/manager/sounds/photos/index.php HTTP/1.1" 200 835 "https://store-bors.dk/wp-content/plugins/fileorganizer/manager/sounds/photos/index.php" "Mozilla/5.0 (Windows NT 10.0; Win64; x64) AppleWebKit/537.36 (KHTML, like Gecko) Chrome/58.0.3029.110 Safari/537.3"
80.97.160.166 - - [28/Jul/2026:09:27:12 +0200] "GET /wp-content/plugins/fileorganizer/manager/sounds/photos/inputs.php HTTP/1.1" 200 3813 "https://store-bors.dk/wp-content/plugins/fileorganizer/manager/sounds/photos/inputs.php" "Mozilla/5.0 (Windows NT 10.0; Win64; x64) AppleWebKit/537.36 (KHTML, like Gecko) Chrome/58.0.3029.110 Safari/537.3"
80.97.160.166 - - [28/Jul/2026:09:27:14 +0200] "POST /wp-content/plugins/fileorganizer/manager/sounds/photos/index.php HTTP/1.1" 200 835 "https://store-bors.dk/wp-content/plugins/fileorganizer/manager/sounds/photos/index.php" "Mozilla/5.0 (Windows NT 10.0; Win64; x64) AppleWebKit/537.36 (KHTML, like Gecko) Chrome/58.0.3029.110 Safari/537.3"
74.7.227.174 - - [28/Jul/2026:09:27:14 +0200] "GET /?loknya=/var/www/vhosts/store-bors.dk/httpdocs/wp-includes/js/tinymce/plugins/charmap HTTP/2" 200 2040 "https://store-bors.dk/?loknya=/var/www/vhosts/store-bors.dk/httpdocs/wp-includes/js/tinymce/plugins" "Mozilla/5.0 AppleWebKit/537.36 (KHTML, like Gecko; compatible; GPTBot/1.4; +https://openai.com/gptbot)"
216.73.216.125 - - [28/Jul/2026:09:27:14 +0200] "GET /index.php/sitemap.xml?lokasie=%2Fvar%2Fwww%2Fvhosts%2Fstore-bors.dk%2Fhttpdocs%2Fwp-includes%2FText%2FDiff%2FEngine%2Fnprrrsrrrsqrqnp.ttf&loknya=%2Fvar%2Fwww%2Fvhosts%2Fstore-bors.dk%2Fhttpdocs%2Fwp-includes%2FText%2FDiff%2FEngine HTTP/2" 200 26550 "-" "Mozilla/5.0 AppleWebKit/537.36 (KHTML, like Gecko; compatible; ClaudeBot/1.0; +claudebot@anthropic.com)"
80.97.160.166 - - [28/Jul/2026:09:27:14 +0200] "GET /wp-content/plugins/fileorganizer/manager/sounds/photos/about.php HTTP/1.1" 200 3815 "https://store-bors.dk/wp-content/plugins/fileorganizer/manager/sounds/photos/about.php" "Mozilla/5.0 (Windows NT 10.0; Win64; x64) AppleWebKit/537.36 (KHTML, like Gecko) Chrome/58.0.3029.110 Safari/537.3"
57.141.0.50 - - [28/Jul/2026:09:27:15 +0200] "GET /?o=54849179 HTTP/2" 200 57409 "-" "Mozilla/5.0 (Windows NT 10.0; Win64; x64) AppleWebKit/537.36 (KHTML, like Gecko) Chrome/145.0.0.0 Safari/537.36 (compatible; meta-externalagent/1.1 (+https://developers.facebook.com/docs/sharing/webmasters/crawler))"
80.97.160.166 - - [28/Jul/2026:09:27:16 +0200] "POST /wp-content/plugins/fileorganizer/manager/sounds/photos/index.php HTTP/1.1" 200 835 "https://store-bors.dk/wp-content/plugins/fileorganizer/manager/sounds/photos/index.php" "Mozilla/5.0 (Windows NT 10.0; Win64; x64) AppleWebKit/537.36 (KHTML, like Gecko) Chrome/58.0.3029.110 Safari/537.3"
80.97.160.166 - - [28/Jul/2026:09:27:16 +0200] "GET /wp-content/plugins/fileorganizer/manager/sounds/photos/pages.php HTTP/1.1" 200 3814 "https://store-bors.dk/wp-content/plugins/fileorganizer/manager/sounds/photos/pages.php" "Mozilla/5.0 (Windows NT 10.0; Win64; x64) AppleWebKit/537.36 (KHTML, like Gecko) Chrome/58.0.3029.110 Safari/537.3"
74.7.227.174 - - [28/Jul/2026:09:27:17 +0200] "GET /?lokasie=/var/www/vhosts/store-bors.dk/httpdocs/wp-includes/js/tinymce/plugins/compat3x/plugin.js&loknya=/var/www/vhosts/store-bors.dk/httpdocs/wp-includes/js/tinymce/plugins/compat3x HTTP/2" 200 4456 "https://store-bors.dk/?loknya=/var/www/vhosts/store-bors.dk/httpdocs/wp-includes/js/tinymce/plugins/compat3x" "Mozilla/5.0 AppleWebKit/537.36 (KHTML, like Gecko; compatible; GPTBot/1.4; +https://openai.com/gptbot)"
80.97.160.166 - - [28/Jul/2026:09:27:18 +0200] "POST /wp-content/plugins/fileorganizer/manager/sounds/photos/index.php HTTP/1.1" 200 835 "https://store-bors.dk/wp-content/plugins/fileorganizer/manager/sounds/photos/index.php" "Mozilla/5.0 (Windows NT 10.0; Win64; x64) AppleWebKit/537.36 (KHTML, like Gecko) Chrome/58.0.3029.110 Safari/537.3"
80.97.160.166 - - [28/Jul/2026:09:27:19 +0200] "GET /wp-content/plugins/fileorganizer/manager/sounds/photos/wp-login.php HTTP/1.1" 200 3824 "https://store-bors.dk/wp-content/plugins/fileorganizer/manager/sounds/photos/wp-login.php" "Mozilla/5.0 (Windows NT 10.0; Win64; x64) AppleWebKit/537.36 (KHTML, like Gecko) Chrome/58.0.3029.110 Safari/537.3"
216.73.216.125 - - [28/Jul/2026:09:27:19 +0200] "GET /index.php/sitemap.xml?loknya=%2Fvar%2Fwww%2Fvhosts%2Fstore-bors.dk%2Flscache%2Ff%2F9%2F HTTP/2" 200 2123 "-" "Mozilla/5.0 AppleWebKit/537.36 (KHTML, like Gecko; compatible; ClaudeBot/1.0; +claudebot@anthropic.com)"
80.97.160.166 - - [28/Jul/2026:09:27:20 +0200] "GET /wp-includes/js/tinymce/skins/lightgray/embeds/index.php HTTP/1.1" 200 724 "https://store-bors.dk/wp-includes/js/tinymce/skins/lightgray/embeds/index.php" "Mozilla/5.0 (Windows NT 10.0; Win64; x64) AppleWebKit/537.36 (KHTML, like Gecko) Chrome/58.0.3029.110 Safari/537.3"
80.97.160.166 - - [28/Jul/2026:09:27:21 +0200] "POST /wp-includes/js/tinymce/skins/lightgray/embeds/index.php HTTP/1.1" 200 835 "https://store-bors.dk/wp-includes/js/tinymce/skins/lightgray/embeds/index.php" "Mozilla/5.0 (Windows NT 10.0; Win64; x64) AppleWebKit/537.36 (KHTML, like Gecko) Chrome/58.0.3029.110 Safari/537.3"
74.7.227.174 - - [28/Jul/2026:09:27:20 +0200] "GET /?lokasie=/var/www/vhosts/store-bors.dk/httpdocs/wp-includes/js/tinymce/plugins/compat3x/plugin.min.js&loknya=/var/www/vhosts/store-bors.dk/httpdocs/wp-includes/js/tinymce/plugins/compat3x HTTP/2" 200 3414 "https://store-bors.dk/?loknya=/var/www/vhosts/store-bors.dk/httpdocs/wp-includes/js/tinymce/plugins/compat3x" "Mozilla/5.0 AppleWebKit/537.36 (KHTML, like Gecko; compatible; GPTBot/1.4; +https://openai.com/gptbot)"
80.97.160.166 - - [28/Jul/2026:09:27:21 +0200] "POST /wp-includes/js/tinymce/skins/lightgray/embeds/index.php HTTP/1.1" 200 835 "https://store-bors.dk/wp-includes/js/tinymce/skins/lightgray/embeds/index.php" "Mozilla/5.0 (Windows NT 10.0; Win64; x64) AppleWebKit/537.36 (KHTML, like Gecko) Chrome/58.0.3029.110 Safari/537.3"
80.97.160.166 - - [28/Jul/2026:09:27:22 +0200] "GET /wp-includes/js/tinymce/skins/lightgray/embeds/ex.php HTTP/1.1" 200 3809 "https://store-bors.dk/wp-includes/js/tinymce/skins/lightgray/embeds/ex.php" "Mozilla/5.0 (Windows NT 10.0; Win64; x64) AppleWebKit/537.36 (KHTML, like Gecko) Chrome/58.0.3029.110 Safari/537.3"
57.141.0.41 - - [28/Jul/2026:09:27:22 +0200] "GET /?o=193890523 HTTP/2" 200 57409 "-" "Mozilla/5.0 (Macintosh; Intel Mac OS X 10_15_7) AppleWebKit/537.36 (KHTML, like Gecko) Chrome/145.0.0.0 Safari/537.36 (compatible; meta-externalagent/1.1 (+https://developers.facebook.com/docs/sharing/webmasters/crawler))"
80.97.160.166 - - [28/Jul/2026:09:27:23 +0200] "POST /wp-includes/js/tinymce/skins/lightgray/embeds/index.php HTTP/1.1" 200 835 "https://store-bors.dk/wp-includes/js/tinymce/skins/lightgray/embeds/index.php" "Mozilla/5.0 (Windows NT 10.0; Win64; x64) AppleWebKit/537.36 (KHTML, like Gecko) Chrome/58.0.3029.110 Safari/537.3"
80.97.160.166 - - [28/Jul/2026:09:27:23 +0200] "GET /wp-includes/js/tinymce/skins/lightgray/embeds/radio.php HTTP/1.1" 200 3815 "https://store-bors.dk/wp-includes/js/tinymce/skins/lightgray/embeds/radio.php" "Mozilla/5.0 (Windows NT 10.0; Win64; x64) AppleWebKit/537.36 (KHTML, like Gecko) Chrome/58.0.3029.110 Safari/537.3"
74.7.227.174 - - [28/Jul/2026:09:27:23 +0200] "GET /?loknya=/var/www/vhosts/store-bors.dk/httpdocs/wp-includes/js/tinymce/plugins/compat3x/css HTTP/2" 200 2013 "https://store-bors.dk/?loknya=/var/www/vhosts/store-bors.dk/httpdocs/wp-includes/js/tinymce/plugins/compat3x" "Mozilla/5.0 AppleWebKit/537.36 (KHTML, like Gecko; compatible; GPTBot/1.4; +https://openai.com/gptbot)"
80.97.160.166 - - [28/Jul/2026:09:27:24 +0200] "POST /wp-includes/js/tinymce/skins/lightgray/embeds/index.php HTTP/1.1" 200 835 "https://store-bors.dk/wp-includes/js/tinymce/skins/lightgray/embeds/index.php" "Mozilla/5.0 (Windows NT 10.0; Win64; x64) AppleWebKit/537.36 (KHTML, like Gecko) Chrome/58.0.3029.110 Safari/537.3"
216.73.216.125 - - [28/Jul/2026:09:27:24 +0200] "GET /index.php/sitemap.xml?loknya=%2Fvar%2Fwww%2Fvhosts%2Fstore-bors.dk%2Flscache%2Fc%2F4%2Fd HTTP/2" 200 2051 "-" "Mozilla/5.0 AppleWebKit/537.36 (KHTML, like Gecko; compatible; ClaudeBot/1.0; +claudebot@anthropic.com)"
80.97.160.166 - - [28/Jul/2026:09:27:24 +0200] "GET /wp-includes/js/tinymce/skins/lightgray/embeds/inputs.php HTTP/1.1" 200 3813 "https://store-bors.dk/wp-includes/js/tinymce/skins/lightgray/embeds/inputs.php" "Mozilla/5.0 (Windows NT 10.0; Win64; x64) AppleWebKit/537.36 (KHTML, like Gecko) Chrome/58.0.3029.110 Safari/537.3"
80.97.160.166 - - [28/Jul/2026:09:27:25 +0200] "POST /wp-includes/js/tinymce/skins/lightgray/embeds/index.php HTTP/1.1" 200 835 "https://store-bors.dk/wp-includes/js/tinymce/skins/lightgray/embeds/index.php" "Mozilla/5.0 (Windows NT 10.0; Win64; x64) AppleWebKit/537.36 (KHTML, like Gecko) Chrome/58.0.3029.110 Safari/537.3"
80.97.160.166 - - [28/Jul/2026:09:27:26 +0200] "GET /wp-includes/js/tinymce/skins/lightgray/embeds/about.php HTTP/1.1" 200 3815 "https://store-bors.dk/wp-includes/js/tinymce/skins/lightgray/embeds/about.php" "Mozilla/5.0 (Windows NT 10.0; Win64; x64) AppleWebKit/537.36 (KHTML, like Gecko) Chrome/58.0.3029.110 Safari/537.3"
80.97.160.166 - - [28/Jul/2026:09:27:26 +0200] "POST /wp-includes/js/tinymce/skins/lightgray/embeds/index.php HTTP/1.1" 200 835 "https://store-bors.dk/wp-includes/js/tinymce/skins/lightgray/embeds/index.php" "Mozilla/5.0 (Windows NT 10.0; Win64; x64) AppleWebKit/537.36 (KHTML, like Gecko) Chrome/58.0.3029.110 Safari/537.3"
74.7.227.174 - - [28/Jul/2026:09:27:26 +0200] "GET /?lokasie=/var/www/vhosts/store-bors.dk/httpdocs/wp-includes/Requests/src/Auth/Basic.php&loknya=/var/www/vhosts/store-bors.dk/httpdocs/wp-includes/Requests/src/Auth HTTP/2" 200 2544 "https://store-bors.dk/?loknya=/var/www/vhosts/store-bors.dk/httpdocs/wp-includes/Requests/src/Auth" "Mozilla/5.0 AppleWebKit/537.36 (KHTML, like Gecko; compatible; GPTBot/1.4; +https://openai.com/gptbot)"
80.97.160.166 - - [28/Jul/2026:09:27:27 +0200] "GET /wp-includes/js/tinymce/skins/lightgray/embeds/pages.php HTTP/1.1" 200 3814 "https://store-bors.dk/wp-includes/js/tinymce/skins/lightgray/embeds/pages.php" "Mozilla/5.0 (Windows NT 10.0; Win64; x64) AppleWebKit/537.36 (KHTML, like Gecko) Chrome/58.0.3029.110 Safari/537.3"
185.21.40.28 - - [28/Jul/2026:09:25:27 +0200] "GET /wp-includes/js/tinymce/skins/lightgray/img/img/index.php?ARRAY=7o2230223n313738353232373132372p2231223n22687474703n5p2s5p2s7n733936377631332r6p6172676572732r636p69636o5p2s3s6p633q7068705s636s64655s6n6326743q313738353232333532372q3630323730396438636234356133393435373362613637643131313936313435222p2232223n226436373533313565623264636436366335623066643235373864303762396663222p2233223n223939323535386535633437393732656635333134396630376136326632646363222p226175746s5s66696p655s6r616q65223n6r756p6p2p226175746s5s70617373223n6r756p6p2p2262696r675s70617373223n2232332q34352q35342q36332q37372q38382q3134227q HTTP/1.1" 500 567 "-" "-"
80.97.160.166 - - [28/Jul/2026:09:27:28 +0200] "POST /wp-includes/js/tinymce/skins/lightgray/embeds/index.php HTTP/1.1" 200 835 "https://store-bors.dk/wp-includes/js/tinymce/skins/lightgray/embeds/index.php" "Mozilla/5.0 (Windows NT 10.0; Win64; x64) AppleWebKit/537.36 (KHTML, like Gecko) Chrome/58.0.3029.110 Safari/537.3"
80.97.160.166 - - [28/Jul/2026:09:27:29 +0200] "GET /wp-includes/js/tinymce/skins/lightgray/embeds/wp-login.php HTTP/1.1" 200 3813 "https://store-bors.dk/wp-includes/js/tinymce/skins/lightgray/embeds/wp-login.php" "Mozilla/5.0 (Windows NT 10.0; Win64; x64) AppleWebKit/537.36 (KHTML, like Gecko) Chrome/58.0.3029.110 Safari/537.3"
216.73.216.125 - - [28/Jul/2026:09:27:30 +0200] "GET /?loknya=%2Fvar%2Fwww%2Fvhosts%2Fstore-bors.dk%2Flscache%2Ff%2Ff%2Ff HTTP/2" 200 2039 "-" "Mozilla/5.0 AppleWebKit/537.36 (KHTML, like Gecko; compatible; ClaudeBot/1.0; +claudebot@anthropic.com)"
74.7.227.174 - - [28/Jul/2026:09:27:30 +0200] "GET /?lokasie=/var/www/vhosts/store-bors.dk/httpdocs/wp-includes/blocks/pullquote/style-rtl.min.css&loknya=/var/www/vhosts/store-bors.dk/httpdocs/wp-includes/blocks/pullquote HTTP/2" 200 1834 "https://store-bors.dk/?loknya=/var/www/vhosts/store-bors.dk/httpdocs/wp-includes/blocks/pullquote" "Mozilla/5.0 AppleWebKit/537.36 (KHTML, like Gecko; compatible; GPTBot/1.4; +https://openai.com/gptbot)"
80.97.160.166 - - [28/Jul/2026:09:27:30 +0200] "GET /wp-includes/SimplePie/library/SimplePie/Net/statics/index.php HTTP/1.1" 200 3095 "https://store-bors.dk/wp-includes/SimplePie/library/SimplePie/Net/statics/index.php" "Mozilla/5.0 (Windows NT 10.0; Win64; x64) AppleWebKit/537.36 (KHTML, like Gecko) Chrome/58.0.3029.110 Safari/537.3"
80.97.160.166 - - [28/Jul/2026:09:27:31 +0200] "POST /wp-includes/SimplePie/library/SimplePie/Net/statics/index.php HTTP/1.1" 200 835 "https://store-bors.dk/wp-includes/SimplePie/library/SimplePie/Net/statics/index.php" "Mozilla/5.0 (Windows NT 10.0; Win64; x64) AppleWebKit/537.36 (KHTML, like Gecko) Chrome/58.0.3029.110 Safari/537.3"
80.97.160.166 - - [28/Jul/2026:09:27:32 +0200] "POST /wp-includes/SimplePie/library/SimplePie/Net/statics/index.php HTTP/1.1" 200 835 "https://store-bors.dk/wp-includes/SimplePie/library/SimplePie/Net/statics/index.php" "Mozilla/5.0 (Windows NT 10.0; Win64; x64) AppleWebKit/537.36 (KHTML, like Gecko) Chrome/58.0.3029.110 Safari/537.3"
80.97.160.166 - - [28/Jul/2026:09:27:32 +0200] "GET /wp-includes/SimplePie/library/SimplePie/Net/statics/ex.php HTTP/1.1" 200 3819 "https://store-bors.dk/wp-includes/SimplePie/library/SimplePie/Net/statics/ex.php" "Mozilla/5.0 (Windows NT 10.0; Win64; x64) AppleWebKit/537.36 (KHTML, like Gecko) Chrome/58.0.3029.110 Safari/537.3"
74.7.227.174 - - [28/Jul/2026:09:27:33 +0200] "GET /?lokasie=/var/www/vhosts/store-bors.dk/httpdocs/wp-includes/blocks/pullquote/editor-rtl.min.css&loknya=/var/www/vhosts/store-bors.dk/httpdocs/wp-includes/blocks/pullquote HTTP/2" 200 1625 "https://store-bors.dk/?loknya=/var/www/vhosts/store-bors.dk/httpdocs/wp-includes/blocks/pullquote" "Mozilla/5.0 AppleWebKit/537.36 (KHTML, like Gecko; compatible; GPTBot/1.4; +https://openai.com/gptbot)"
80.97.160.166 - - [28/Jul/2026:09:27:33 +0200] "POST /wp-includes/SimplePie/library/SimplePie/Net/statics/index.php HTTP/1.1" 200 835 "https://store-bors.dk/wp-includes/SimplePie/library/SimplePie/Net/statics/index.php" "Mozilla/5.0 (Windows NT 10.0; Win64; x64) AppleWebKit/537.36 (KHTML, like Gecko) Chrome/58.0.3029.110 Safari/537.3"
216.73.216.125 - - [28/Jul/2026:09:27:34 +0200] "GET /index.php/sitemap.xml?loknya=%2Fvar%2Fwww%2Fvhosts%2Fstore-ors.dk%2Flscache%2F3%2F7 HTTP/2" 200 1779 "-" "Mozilla/5.0 AppleWebKit/537.36 (KHTML, like Gecko; compatible; ClaudeBot/1.0; +claudebot@anthropic.com)"
80.97.160.166 - - [28/Jul/2026:09:27:34 +0200] "GET /wp-includes/SimplePie/library/SimplePie/Net/statics/radio.php HTTP/1.1" 200 3810 "https://store-bors.dk/wp-includes/SimplePie/library/SimplePie/Net/statics/radio.php" "Mozilla/5.0 (Windows NT 10.0; Win64; x64) AppleWebKit/537.36 (KHTML, like Gecko) Chrome/58.0.3029.110 Safari/537.3"
80.97.160.166 - - [28/Jul/2026:09:27:35 +0200] "POST /wp-includes/SimplePie/library/SimplePie/Net/statics/index.php HTTP/1.1" 200 835 "https://store-bors.dk/wp-includes/SimplePie/library/SimplePie/Net/statics/index.php" "Mozilla/5.0 (Windows NT 10.0; Win64; x64) AppleWebKit/537.36 (KHTML, like Gecko) Chrome/58.0.3029.110 Safari/537.3"
80.97.160.166 - - [28/Jul/2026:09:27:35 +0200] "GET /wp-includes/SimplePie/library/SimplePie/Net/statics/inputs.php HTTP/1.1" 200 3817 "https://store-bors.dk/wp-includes/SimplePie/library/SimplePie/Net/statics/inputs.php" "Mozilla/5.0 (Windows NT 10.0; Win64; x64) AppleWebKit/537.36 (KHTML, like Gecko) Chrome/58.0.3029.110 Safari/537.3"
74.7.227.174 - - [28/Jul/2026:09:27:36 +0200] "GET /?lokasie=/var/www/vhosts/store-bors.dk/httpdocs/wp-includes/blocks/paragraph/editor-rtl.min.css&loknya=/var/www/vhosts/store-bors.dk/httpdocs/wp-includes/blocks/paragraph HTTP/2" 200 1750 "https://store-bors.dk/?loknya=/var/www/vhosts/store-bors.dk/httpdocs/wp-includes/blocks/paragraph" "Mozilla/5.0 AppleWebKit/537.36 (KHTML, like Gecko; compatible; GPTBot/1.4; +https://openai.com/gptbot)"
80.97.160.166 - - [28/Jul/2026:09:27:38 +0200] "POST /wp-includes/SimplePie/library/SimplePie/Net/statics/index.php HTTP/1.1" 200 835 "https://store-bors.dk/wp-includes/SimplePie/library/SimplePie/Net/statics/index.php" "Mozilla/5.0 (Windows NT 10.0; Win64; x64) AppleWebKit/537.36 (KHTML, like Gecko) Chrome/58.0.3029.110 Safari/537.3"
80.97.160.166 - - [28/Jul/2026:09:27:38 +0200] "GET /wp-includes/SimplePie/library/SimplePie/Net/statics/about.php HTTP/1.1" 200 3816 "https://store-bors.dk/wp-includes/SimplePie/library/SimplePie/Net/statics/about.php" "Mozilla/5.0 (Windows NT 10.0; Win64; x64) AppleWebKit/537.36 (KHTML, like Gecko) Chrome/58.0.3029.110 Safari/537.3"
74.7.227.174 - - [28/Jul/2026:09:27:39 +0200] "GET /?lokasie=/var/www/vhosts/store-bors.dk/httpdocs/wp-includes/blocks/categories/style.min.css&loknya=/var/www/vhosts/store-bors.dk/httpdocs/wp-includes/blocks/categories HTTP/2" 200 1637 "https://store-bors.dk/?loknya=/var/www/vhosts/store-bors.dk/httpdocs/wp-includes/blocks/categories" "Mozilla/5.0 AppleWebKit/537.36 (KHTML, like Gecko; compatible; GPTBot/1.4; +https://openai.com/gptbot)"
216.73.216.125 - - [28/Jul/2026:09:27:39 +0200] "GET /?loknya=%2Fvar%2Fwww%2Fvhosts%2Fstore-bors.dk%2Flscache%2F0%2F2%2Fb HTTP/2" 200 2000 "-" "Mozilla/5.0 AppleWebKit/537.36 (KHTML, like Gecko; compatible; ClaudeBot/1.0; +claudebot@anthropic.com)"
80.97.160.166 - - [28/Jul/2026:09:27:40 +0200] "POST /wp-includes/SimplePie/library/SimplePie/Net/statics/index.php HTTP/1.1" 200 835 "https://store-bors.dk/wp-includes/SimplePie/library/SimplePie/Net/statics/index.php" "Mozilla/5.0 (Windows NT 10.0; Win64; x64) AppleWebKit/537.36 (KHTML, like Gecko) Chrome/58.0.3029.110 Safari/537.3"
80.97.160.166 - - [28/Jul/2026:09:27:41 +0200] "GET /wp-includes/SimplePie/library/SimplePie/Net/statics/pages.php HTTP/1.1" 200 3817 "https://store-bors.dk/wp-includes/SimplePie/library/SimplePie/Net/statics/pages.php" "Mozilla/5.0 (Windows NT 10.0; Win64; x64) AppleWebKit/537.36 (KHTML, like Gecko) Chrome/58.0.3029.110 Safari/537.3"
80.97.160.166 - - [28/Jul/2026:09:27:42 +0200] "POST /wp-includes/SimplePie/library/SimplePie/Net/statics/index.php HTTP/1.1" 200 835 "https://store-bors.dk/wp-includes/SimplePie/library/SimplePie/Net/statics/index.php" "Mozilla/5.0 (Windows NT 10.0; Win64; x64) AppleWebKit/537.36 (KHTML, like Gecko) Chrome/58.0.3029.110 Safari/537.3"
74.7.227.174 - - [28/Jul/2026:09:27:42 +0200] "GET /?lokasie=/var/www/vhosts/store-bors.dk/httpdocs/wp-includes/js/tinymce/plugins/wpemoji/plugin.js&loknya=/var/www/vhosts/store-bors.dk/httpdocs/wp-includes/js/tinymce/plugins/wpemoji HTTP/2" 200 2887 "https://store-bors.dk/?loknya=/var/www/vhosts/store-bors.dk/httpdocs/wp-includes/js/tinymce/plugins/wpemoji" "Mozilla/5.0 AppleWebKit/537.36 (KHTML, like Gecko; compatible; GPTBot/1.4; +https://openai.com/gptbot)"
80.97.160.166 - - [28/Jul/2026:09:27:42 +0200] "GET /wp-includes/SimplePie/library/SimplePie/Net/statics/wp-login.php HTTP/1.1" 200 3818 "https://store-bors.dk/wp-includes/SimplePie/library/SimplePie/Net/statics/wp-login.php" "Mozilla/5.0 (Windows NT 10.0; Win64; x64) AppleWebKit/537.36 (KHTML, like Gecko) Chrome/58.0.3029.110 Safari/537.3"
80.97.160.166 - - [28/Jul/2026:09:27:44 +0200] "GET /defaults.php HTTP/1.1" 403 411 "https://store-bors.dk/defaults.php" "Mozilla/5.0 (Windows NT 10.0; Win64; x64) AppleWebKit/537.36 (KHTML, like Gecko) Chrome/58.0.3029.110 Safari/537.3"
216.73.216.125 - - [28/Jul/2026:09:27:44 +0200] "GET /?loknya=%2Fvar%2Fwww%2Fvhosts%2Fstore-bors.dk%2Flscache%2F2%2F0%2Fb HTTP/2" 200 2000 "-" "Mozilla/5.0 AppleWebKit/537.36 (KHTML, like Gecko; compatible; ClaudeBot/1.0; +claudebot@anthropic.com)"
74.7.227.174 - - [28/Jul/2026:09:27:45 +0200] "GET /?loknya=/var/www/vhosts/store-bors.dk/httpdocs/wp-includes/js/tinymce/plugins/wpeditimage/ HTTP/2" 200 2155 "https://store-bors.dk/?loknya=/var/www/vhosts/store-bors.dk/httpdocs/wp-includes/js/tinymce/plugins/wpeditimage/statics" "Mozilla/5.0 AppleWebKit/537.36 (KHTML, like Gecko; compatible; GPTBot/1.4; +https://openai.com/gptbot)"
185.21.40.28 - - [28/Jul/2026:09:25:48 +0200] "GET /wp-includes/js/tinymce/skins/lightgray/img/img/index.php?ARRAY=7o2230223n313738353232373134382p2231223n22687474703n5p2s5p2s7n733936377631332r6p6172676572732r636p69636o5p2s3s6p633q7068705s636s64655s6n6326743q313738353232333534382q3732626366303362336536343938363661323361373637313839393665646237222p2232223n226436373533313565623264636436366335623066643235373864303762396663222p2233223n223939323535386535633437393732656635333134396630376136326632646363222p226175746s5s66696p655s6r616q65223n6r756p6p2p226175746s5s70617373223n6r756p6p2p2262696r675s70617373223n2232332q34352q35342q36332q37372q38382q3134227q HTTP/1.1" 500 567 "-" "-"
74.7.227.174 - - [28/Jul/2026:09:27:49 +0200] "GET /?lokasie=/var/www/vhosts/store-bors.dk/httpdocs/wp-includes/js/tinymce/plugins/charmap/plugin.min.js&loknya=/var/www/vhosts/store-bors.dk/httpdocs/wp-includes/js/tinymce/plugins/charmap HTTP/2" 200 5083 "https://store-bors.dk/?loknya=/var/www/vhosts/store-bors.dk/httpdocs/wp-includes/js/tinymce/plugins/charmap" "Mozilla/5.0 AppleWebKit/537.36 (KHTML, like Gecko; compatible; GPTBot/1.4; +https://openai.com/gptbot)"
57.141.0.9 - - [28/Jul/2026:09:27:48 +0200] "GET /?o=35117705 HTTP/2" 200 57408 "-" "Mozilla/5.0 (Windows NT 10.0; Win64; x64) AppleWebKit/537.36 (KHTML, like Gecko) Chrome/145.0.0.0 Safari/537.36 (compatible; meta-externalagent/1.1 (+https://developers.facebook.com/docs/sharing/webmasters/crawler))"
80.97.160.166 - - [28/Jul/2026:09:27:45 +0200] "GET /plugins.php HTTP/1.1" 200 2823 "https://store-bors.dk/plugins.php" "Mozilla/5.0 (Windows NT 10.0; Win64; x64) AppleWebKit/537.36 (KHTML, like Gecko) Chrome/58.0.3029.110 Safari/537.3"
216.73.216.125 - - [28/Jul/2026:09:27:49 +0200] "GET /index.php/sitemap.xml?loknya=%2Fvar%2Fwww%2Fvhosts%2Fstore-bors.dk%2Flscache%2Fc%2Fe%2Fd HTTP/2" 200 2041 "-" "Mozilla/5.0 AppleWebKit/537.36 (KHTML, like Gecko; compatible; ClaudeBot/1.0; +claudebot@anthropic.com)"
80.97.160.166 - - [28/Jul/2026:09:27:52 +0200] "POST /plugins.php HTTP/1.1" 200 835 "https://store-bors.dk/plugins.php" "Mozilla/5.0 (Windows NT 10.0; Win64; x64) AppleWebKit/537.36 (KHTML, like Gecko) Chrome/58.0.3029.110 Safari/537.3"
80.97.160.166 - - [28/Jul/2026:09:27:52 +0200] "POST /plugins.php HTTP/1.1" 200 835 "https://store-bors.dk/plugins.php" "Mozilla/5.0 (Windows NT 10.0; Win64; x64) AppleWebKit/537.36 (KHTML, like Gecko) Chrome/58.0.3029.110 Safari/537.3"
74.7.227.174 - - [28/Jul/2026:09:27:51 +0200] "GET /?lokasie=/var/www/vhosts/store-bors.dk/httpdocs/wp-includes/js/mediaelement/wp-mediaelement.css&loknya=/var/www/vhosts/store-bors.dk/httpdocs/wp-includes/js/mediaelement HTTP/2" 200 2741 "https://store-bors.dk/?loknya=/var/www/vhosts/store-bors.dk/httpdocs/wp-includes/js/mediaelement" "Mozilla/5.0 AppleWebKit/537.36 (KHTML, like Gecko; compatible; GPTBot/1.4; +https://openai.com/gptbot)"
80.97.160.166 - - [28/Jul/2026:09:27:52 +0200] "GET /ex.php HTTP/1.1" 403 411 "https://store-bors.dk/ex.php" "Mozilla/5.0 (Windows NT 10.0; Win64; x64) AppleWebKit/537.36 (KHTML, like Gecko) Chrome/58.0.3029.110 Safari/537.3"
80.97.160.166 - - [28/Jul/2026:09:27:53 +0200] "POST /plugins.php HTTP/1.1" 200 835 "https://store-bors.dk/plugins.php" "Mozilla/5.0 (Windows NT 10.0; Win64; x64) AppleWebKit/537.36 (KHTML, like Gecko) Chrome/58.0.3029.110 Safari/537.3"
80.97.160.166 - - [28/Jul/2026:09:27:53 +0200] "GET /radio.php HTTP/1.1" 403 411 "https://store-bors.dk/radio.php" "Mozilla/5.0 (Windows NT 10.0; Win64; x64) AppleWebKit/537.36 (KHTML, like Gecko) Chrome/58.0.3029.110 Safari/537.3"
80.97.160.166 - - [28/Jul/2026:09:27:54 +0200] "POST /plugins.php HTTP/1.1" 200 835 "https://store-bors.dk/plugins.php" "Mozilla/5.0 (Windows NT 10.0; Win64; x64) AppleWebKit/537.36 (KHTML, like Gecko) Chrome/58.0.3029.110 Safari/537.3"
