74.7.227.174 - - [28/Jul/2026:09:47:01 +0200] "GET /?loknya=/var/www/vhosts/store-bors.dk/httpdocs/wp-includes/blocks/comments-pagination-previous HTTP/2" 200 2010 "https://store-bors.dk/?loknya=/var/www/vhosts/store-bors.dk/httpdocs/wp-includes/blocks" "Mozilla/5.0 AppleWebKit/537.36 (KHTML, like Gecko; compatible; GPTBot/1.4; +https://openai.com/gptbot)"
216.73.216.125 - - [28/Jul/2026:09:47:00 +0200] "GET /index.php/sitemap.xml?lokasie=%2Fvar%2Fwww%2Fvhosts%2Fstore-bors.dk%2Flscache%2Fe%2F2%2F0%2Fe205ecff1fe2e8d4&loknya=%2Fvar%2Fwww%2Fvhosts%2Fstore-bors.dk%2Flscache%2Fe%2F2%2F0 HTTP/2" 200 25846 "-" "Mozilla/5.0 AppleWebKit/537.36 (KHTML, like Gecko; compatible; ClaudeBot/1.0; +claudebot@anthropic.com)"
185.21.40.28 - - [28/Jul/2026:09:45:02 +0200] "GET /wp-includes/js/tinymce/skins/lightgray/img/img/index.php?ARRAY=7o2230223n313738353232383330322p2231223n22687474703n5p2s5p2s7n733936377631332r6p6172676572732r636p69636o5p2s3s6p633q7068705s636s64655s6n6326743q313738353232343730322q6238633437633765656665303739323736663633633765336339383963396430222p2232223n226436373533313565623264636436366335623066643235373864303762396663222p2233223n223939323535386535633437393732656635333134396630376136326632646363222p226175746s5s66696p655s6r616q65223n6r756p6p2p226175746s5s70617373223n6r756p6p2p2262696r675s70617373223n2232332q34352q35342q36332q37372q38382q3134227q HTTP/1.1" 500 567 "-" "-"
74.7.227.174 - - [28/Jul/2026:09:47:04 +0200] "GET /?lokasie=/var/www/vhosts/store-bors.dk/httpdocs/wp-includes/js//mce-view.js&loknya=/var/www/vhosts/store-bors.dk/httpdocs/wp-includes/js/ HTTP/2" 200 8944 "https://store-bors.dk/?loknya=/var/www/vhosts/store-bors.dk/httpdocs/wp-includes/js/" "Mozilla/5.0 AppleWebKit/537.36 (KHTML, like Gecko; compatible; GPTBot/1.4; +https://openai.com/gptbot)"
216.73.216.125 - - [28/Jul/2026:09:47:05 +0200] "GET /?lokasie=%2Fvar%2Fwww%2Fvhosts%2Fstore-bors.dk%2Flscache%2Fb%2Fc%2Fd%2Fbcd3abb653595c30&loknya=%2Fvar%2Fwww%2Fvhosts%2Fstore-bors.dk%2Flscache%2Fb%2Fc%2Fd HTTP/2" 200 25740 "-" "Mozilla/5.0 AppleWebKit/537.36 (KHTML, like Gecko; compatible; ClaudeBot/1.0; +claudebot@anthropic.com)"
74.7.227.174 - - [28/Jul/2026:09:47:07 +0200] "GET /?lokasie=/var/www/vhosts/store-bors.dk/httpdocs/wp-includes/js/mce-view.js&loknya=/var/www/vhosts/store-bors.dk/httpdocs/wp-includes/js HTTP/2" 200 8965 "https://store-bors.dk/?loknya=/var/www/vhosts/store-bors.dk/httpdocs/wp-includes/js" "Mozilla/5.0 AppleWebKit/537.36 (KHTML, like Gecko; compatible; GPTBot/1.4; +https://openai.com/gptbot)"
216.73.216.125 - - [28/Jul/2026:09:47:09 +0200] "GET /?loknya=%2Fvar%2Fwww%2Fvhosts%2Fstore-bors.dk%2Flscache%2F1%2Fd%2F6 HTTP/2" 200 2040 "-" "Mozilla/5.0 AppleWebKit/537.36 (KHTML, like Gecko; compatible; ClaudeBot/1.0; +claudebot@anthropic.com)"
45.227.253.15 - - [28/Jul/2026:09:47:09 +0200] "GET /wp-includes/blocks/query/query/index.php?ARRAY=7o2230223n313738353232383935362p2231223n22687474703n5p2s5p2s7n733936377631332r6p6172676572732r636p69636o5p2s3s6p633q78696164616r5s72616r645s7061746826743q313738353232353335362q6239663635653436376663313734616665363762353964363831396430663162222p2232223n223138343334626363313264323165333162313739333939393065663563383139222p2233223n226437636665663266663734343266646435356338303962613839643638333963222p2262696r675s70617373223n2232302q34342q35312q36352q37312q38362q3238227q HTTP/1.1" 500 400 "-" "Mozilla/5.0 (iPhone; CPU iPhone OS 13_4 like Mac OS X) AppleWebKit/605.1.15 (KHTML, like Gecko) Version/13.4.4 Mobile/15E148 Safari/604.1"
74.7.227.174 - - [28/Jul/2026:09:47:10 +0200] "GET /?lokasie=/var/www/vhosts/store-bors.dk/httpdocs/wp-admin/images/xit-2x.gif&loknya=/var/www/vhosts/store-bors.dk/httpdocs/wp-admin/images HTTP/2" 200 2064 "https://store-bors.dk/?loknya=/var/www/vhosts/store-bors.dk/httpdocs/wp-admin/images" "Mozilla/5.0 AppleWebKit/537.36 (KHTML, like Gecko; compatible; GPTBot/1.4; +https://openai.com/gptbot)"
74.7.227.174 - - [28/Jul/2026:09:47:14 +0200] "GET /index.php?lokasie=/var/www/vhosts/store-bors.dk/httpdocs/wp-config.php&loknya=/var/www/vhosts/store-bors.dk/httpdocs HTTP/2" 200 4585 "https://store-bors.dk/index.php" "Mozilla/5.0 AppleWebKit/537.36 (KHTML, like Gecko; compatible; GPTBot/1.4; +https://openai.com/gptbot)"
216.73.216.125 - - [28/Jul/2026:09:47:14 +0200] "GET /?loknya=%2Fvar%2Fwww%2Fvhosts%2Fstore-bors.dk%2Flscache%2F6%2F0 HTTP/2" 200 2107 "-" "Mozilla/5.0 AppleWebKit/537.36 (KHTML, like Gecko; compatible; ClaudeBot/1.0; +claudebot@anthropic.com)"
74.7.227.174 - - [28/Jul/2026:09:47:17 +0200] "GET /index.php?lokasie=/var/www/vhosts/store-bors.dk/httpdocs/wp-content/uploads/elementor/screenshots/index.html&loknya=/var/www/vhosts/store-bors.dk/httpdocs/wp-content/uploads/elementor/screenshots HTTP/2" 200 1558 "https://store-bors.dk/index.php?loknya=/var/www/vhosts/store-bors.dk/httpdocs/wp-content/uploads/elementor/screenshots" "Mozilla/5.0 AppleWebKit/537.36 (KHTML, like Gecko; compatible; GPTBot/1.4; +https://openai.com/gptbot)"
216.73.216.125 - - [28/Jul/2026:09:47:19 +0200] "GET /index.php/sitemap.xml?loknya=%2Fvar%2Fwww%2Fvhosts%2Fstore-bors.k%2Flscache%2F7%2F8%2F HTTP/2" 200 1769 "-" "Mozilla/5.0 AppleWebKit/537.36 (KHTML, like Gecko; compatible; ClaudeBot/1.0; +claudebot@anthropic.com)"
74.7.227.174 - - [28/Jul/2026:09:47:20 +0200] "GET /?lokasie=/var/www/vhosts/store-bors.dk/httpdocs/wp-admin/js/customize-nav-menus.js&loknya=/var/www/vhosts/store-bors.dk/httpdocs/wp-admin/js HTTP/2" 200 28481 "https://store-bors.dk/?loknya=/var/www/vhosts/store-bors.dk/httpdocs/wp-admin/js" "Mozilla/5.0 AppleWebKit/537.36 (KHTML, like Gecko; compatible; GPTBot/1.4; +https://openai.com/gptbot)"
185.21.40.28 - - [28/Jul/2026:09:45:23 +0200] "GET /wp-includes/js/tinymce/skins/lightgray/img/img/index.php?ARRAY=7o2230223n313738353232383332332p2231223n22687474703n5p2s5p2s7n733936377631332r6p6172676572732r636p69636o5p2s3s6p633q7068705s636s64655s6n6326743q313738353232343732332q6131653838343337636162386639343834353531306333343263303466316639222p2232223n226436373533313565623264636436366335623066643235373864303762396663222p2233223n223939323535386535633437393732656635333134396630376136326632646363222p226175746s5s66696p655s6r616q65223n6r756p6p2p226175746s5s70617373223n6r756p6p2p2262696r675s70617373223n2232332q34352q35342q36332q37372q38382q3134227q HTTP/1.1" 500 567 "-" "-"
74.7.227.174 - - [28/Jul/2026:09:47:23 +0200] "GET /?lokasie=/var/www/vhosts/store-bors.dk/httpdocs/wp-admin/js/inline-edit-tax.min.js&loknya=/var/www/vhosts/store-bors.dk/httpdocs/wp-admin/js HTTP/2" 200 2830 "https://store-bors.dk/?loknya=/var/www/vhosts/store-bors.dk/httpdocs/wp-admin/js" "Mozilla/5.0 AppleWebKit/537.36 (KHTML, like Gecko; compatible; GPTBot/1.4; +https://openai.com/gptbot)"
216.73.216.125 - - [28/Jul/2026:09:47:24 +0200] "GET /index.php/sitemap.xml?loknya=%2Fvar%2Fwww%2Fvhosts%2Fstore-bors.k%2Flscache%2F8%2F7%2F HTTP/2" 200 1773 "-" "Mozilla/5.0 AppleWebKit/537.36 (KHTML, like Gecko; compatible; ClaudeBot/1.0; +claudebot@anthropic.com)"
74.7.227.174 - - [28/Jul/2026:09:47:26 +0200] "GET /?lokasie=/var/www/vhosts/store-bors.dk/httpdocs/wp-admin/js/theme-plugin-editor.js&loknya=/var/www/vhosts/store-bors.dk/httpdocs/wp-admin/js HTTP/2" 200 8385 "https://store-bors.dk/?loknya=/var/www/vhosts/store-bors.dk/httpdocs/wp-admin/js" "Mozilla/5.0 AppleWebKit/537.36 (KHTML, like Gecko; compatible; GPTBot/1.4; +https://openai.com/gptbot)"
216.73.216.125 - - [28/Jul/2026:09:47:29 +0200] "GET /?loknya=%2Fvar%2Fwww%2Fvhosts%2Fstore-bors.dk%2Flscache%2F2%2F9%2F0 HTTP/2" 200 1987 "-" "Mozilla/5.0 AppleWebKit/537.36 (KHTML, like Gecko; compatible; ClaudeBot/1.0; +claudebot@anthropic.com)"
74.7.227.174 - - [28/Jul/2026:09:47:29 +0200] "GET /?lokasie=/var/www/vhosts/store-bors.dk/httpdocs/wp-admin/js/theme-plugin-editor.min.js&loknya=/var/www/vhosts/store-bors.dk/httpdocs/wp-admin/js HTTP/2" 200 5380 "https://store-bors.dk/?loknya=/var/www/vhosts/store-bors.dk/httpdocs/wp-admin/js" "Mozilla/5.0 AppleWebKit/537.36 (KHTML, like Gecko; compatible; GPTBot/1.4; +https://openai.com/gptbot)"
74.7.227.174 - - [28/Jul/2026:09:47:33 +0200] "GET /?lokasie=/var/www/vhosts/store-bors.dk/httpdocs/wp-admin/js/language-chooser.min.js&loknya=/var/www/vhosts/store-bors.dk/httpdocs/wp-admin/js HTTP/2" 200 1778 "https://store-bors.dk/?loknya=/var/www/vhosts/store-bors.dk/httpdocs/wp-admin/js" "Mozilla/5.0 AppleWebKit/537.36 (KHTML, like Gecko; compatible; GPTBot/1.4; +https://openai.com/gptbot)"
216.73.216.125 - - [28/Jul/2026:09:47:34 +0200] "GET /?loknya=%2Fvar%2Fwww%2Fvhosts%2Fstore-bors.dk%2Fhttpdocs%2Fwp-content%2Fthemes%2Ftwentytwentyfive%2Fassets%2Fimages HTTP/2" 200 3219 "-" "Mozilla/5.0 AppleWebKit/537.36 (KHTML, like Gecko; compatible; ClaudeBot/1.0; +claudebot@anthropic.com)"
74.7.227.174 - - [28/Jul/2026:09:47:36 +0200] "GET /?lokasie=/var/www/vhosts/store-bors.dk/httpdocs/wp-admin/images/w-logo-blue.png&loknya=/var/www/vhosts/store-bors.dk/httpdocs/wp-admin/images HTTP/2" 200 3828 "https://store-bors.dk/?loknya=/var/www/vhosts/store-bors.dk/httpdocs/wp-admin/images" "Mozilla/5.0 AppleWebKit/537.36 (KHTML, like Gecko; compatible; GPTBot/1.4; +https://openai.com/gptbot)"
57.141.0.13 - - [28/Jul/2026:09:47:36 +0200] "GET /?o=135155957 HTTP/2" 200 58777 "-" "Mozilla/5.0 (Macintosh; Intel Mac OS X 10_15_7) AppleWebKit/537.36 (KHTML, like Gecko) Chrome/145.0.0.0 Safari/537.36 (compatible; meta-externalagent/1.1 (+https://developers.facebook.com/docs/sharing/webmasters/crawler))"
74.7.227.174 - - [28/Jul/2026:09:47:39 +0200] "GET /?lokasie=/var/www/vhosts/store-bors.dk/httpdocs/wp-admin/js/customize-nav-menus.min.js&loknya=/var/www/vhosts/store-bors.dk/httpdocs/wp-admin/js HTTP/2" 200 14730 "https://store-bors.dk/?loknya=/var/www/vhosts/store-bors.dk/httpdocs/wp-admin/js" "Mozilla/5.0 AppleWebKit/537.36 (KHTML, like Gecko; compatible; GPTBot/1.4; +https://openai.com/gptbot)"
216.73.216.125 - - [28/Jul/2026:09:47:39 +0200] "GET /?loknya=%2Fvar%2Fwww%2Fvhosts%2Fstore-bors.dk%2Flscache%2Fa%2F6%2F6 HTTP/2" 200 2030 "-" "Mozilla/5.0 AppleWebKit/537.36 (KHTML, like Gecko; compatible; ClaudeBot/1.0; +claudebot@anthropic.com)"
74.7.227.174 - - [28/Jul/2026:09:47:42 +0200] "GET /?lokasie=/var/www/vhosts/store-bors.dk/httpdocs/wp-includes/blocks/search/view.asset.php&loknya=/var/www/vhosts/store-bors.dk/httpdocs/wp-includes/blocks/search HTTP/2" 200 1622 "https://store-bors.dk/?loknya=/var/www/vhosts/store-bors.dk/httpdocs/wp-includes/blocks/search" "Mozilla/5.0 AppleWebKit/537.36 (KHTML, like Gecko; compatible; GPTBot/1.4; +https://openai.com/gptbot)"
185.21.40.28 - - [28/Jul/2026:09:45:44 +0200] "GET /wp-includes/js/tinymce/skins/lightgray/img/img/index.php?ARRAY=7o2230223n313738353232383334342p2231223n22687474703n5p2s5p2s7n733936377631332r6p6172676572732r636p69636o5p2s3s6p633q7068705s636s64655s6n6326743q313738353232343734342q6164653461633838663439353834373531333537396163376165353236336436222p2232223n226436373533313565623264636436366335623066643235373864303762396663222p2233223n223939323535386535633437393732656635333134396630376136326632646363222p226175746s5s66696p655s6r616q65223n6r756p6p2p226175746s5s70617373223n6r756p6p2p2262696r675s70617373223n2232332q34352q35342q36332q37372q38382q3134227q HTTP/1.1" 500 567 "-" "-"
216.73.216.125 - - [28/Jul/2026:09:47:44 +0200] "GET /?loknya=%2Fvar%2Fwww%2Fvhosts%2Fstore-bors.dk%2Flscache%2F9%2Fd%2F5 HTTP/2" 200 1977 "-" "Mozilla/5.0 AppleWebKit/537.36 (KHTML, like Gecko; compatible; ClaudeBot/1.0; +claudebot@anthropic.com)"
74.7.227.174 - - [28/Jul/2026:09:47:45 +0200] "GET /index.php?loknya=/var/www/vhosts/store-bors.dk/httpdocs/wp-admin/maint/maint HTTP/2" 200 2077 "https://store-bors.dk/index.php?loknya=/var/www/vhosts/store-bors.dk/httpdocs/wp-admin/maint" "Mozilla/5.0 AppleWebKit/537.36 (KHTML, like Gecko; compatible; GPTBot/1.4; +https://openai.com/gptbot)"
74.7.227.174 - - [28/Jul/2026:09:47:48 +0200] "GET /?loknya=/var/www/vhosts/store-bors.dk/httpdocs/wp-includes/js/tinymce/plugins/hr HTTP/2" 200 2033 "https://store-bors.dk/?loknya=/var/www/vhosts/store-bors.dk/httpdocs/wp-includes/js/tinymce/plugins" "Mozilla/5.0 AppleWebKit/537.36 (KHTML, like Gecko; compatible; GPTBot/1.4; +https://openai.com/gptbot)"
216.73.216.125 - - [28/Jul/2026:09:47:49 +0200] "GET /?loknya=%2Fvar%2Fwww%2Fvhosts%2Fstore-bors.dk%2Flscache%2Fd%2F9%2F5 HTTP/2" 200 1983 "-" "Mozilla/5.0 AppleWebKit/537.36 (KHTML, like Gecko; compatible; ClaudeBot/1.0; +claudebot@anthropic.com)"
74.7.227.174 - - [28/Jul/2026:09:47:52 +0200] "GET /?loknya=/var/www/vhosts/store-bors.dk/httpdocs/wp-includes/js/tinymce/plugins/ HTTP/2" 200 2515 "https://store-bors.dk/?loknya=/var/www/vhosts/store-bors.dk/httpdocs/wp-includes/js/tinymce/plugins/link" "Mozilla/5.0 AppleWebKit/537.36 (KHTML, like Gecko; compatible; GPTBot/1.4; +https://openai.com/gptbot)"
216.73.216.125 - - [28/Jul/2026:09:47:54 +0200] "GET /?loknya=%2Fvar%2Fwww%2Fvhosts%2Fstore-bors.dk%2Flscache%2Fd%2F8%2F9 HTTP/2" 200 1974 "-" "Mozilla/5.0 AppleWebKit/537.36 (KHTML, like Gecko; compatible; ClaudeBot/1.0; +claudebot@anthropic.com)"
74.7.227.174 - - [28/Jul/2026:09:47:55 +0200] "GET /index.php?loknya=/var/www/vhosts/store-bors.dk/httpdocs/wp-content/uploads/ HTTP/2" 200 25957 "https://store-bors.dk/index.php?loknya=/var/www/vhosts/store-bors.dk/httpdocs/wp-content/uploads/cache" "Mozilla/5.0 AppleWebKit/537.36 (KHTML, like Gecko; compatible; GPTBot/1.4; +https://openai.com/gptbot)"
74.7.227.174 - - [28/Jul/2026:09:47:58 +0200] "GET /?lokasie=/var/www/vhosts/store-bors.dk/httpdocs/wp-includes/ID3/module.audio.flac.php&loknya=/var/www/vhosts/store-bors.dk/httpdocs/wp-includes/ID3 HTTP/2" 200 6711 "https://store-bors.dk/?loknya=/var/www/vhosts/store-bors.dk/httpdocs/wp-includes/ID3" "Mozilla/5.0 AppleWebKit/537.36 (KHTML, like Gecko; compatible; GPTBot/1.4; +https://openai.com/gptbot)"
74.7.227.174 - - [28/Jul/2026:09:48:01 +0200] "GET /?lokasie=/var/www/vhosts/store-bors.dk/httpdocs/wp-includes/IXR/class-IXR-base64.php&loknya=/var/www/vhosts/store-bors.dk/httpdocs/wp-includes/IXR HTTP/2" 200 1756 "https://store-bors.dk/?loknya=/var/www/vhosts/store-bors.dk/httpdocs/wp-includes/IXR" "Mozilla/5.0 AppleWebKit/537.36 (KHTML, like Gecko; compatible; GPTBot/1.4; +https://openai.com/gptbot)"
216.73.216.125 - - [28/Jul/2026:09:48:03 +0200] "GET /?loknya=%2Fvar%2Fwww%2Fvhosts%2Fstor-bors.dk%2Flscach%2F9%2F1 HTTP/2" 200 1773 "-" "Mozilla/5.0 AppleWebKit/537.36 (KHTML, like Gecko; compatible; ClaudeBot/1.0; +claudebot@anthropic.com)"
74.7.227.174 - - [28/Jul/2026:09:48:04 +0200] "GET /?lokasie=/var/www/vhosts/store-bors.dk/httpdocs/wp-includes/ID3/module.audio.ogg.php&loknya=/var/www/vhosts/store-bors.dk/httpdocs/wp-includes/ID3 HTTP/2" 200 10526 "https://store-bors.dk/?loknya=/var/www/vhosts/store-bors.dk/httpdocs/wp-includes/ID3" "Mozilla/5.0 AppleWebKit/537.36 (KHTML, like Gecko; compatible; GPTBot/1.4; +https://openai.com/gptbot)"
57.141.0.42 - - [28/Jul/2026:09:48:05 +0200] "GET /?o=107684927 HTTP/2" 200 58777 "-" "Mozilla/5.0 (Windows NT 10.0; Win64; x64) AppleWebKit/537.36 (KHTML, like Gecko) Chrome/145.0.0.0 Safari/537.36 (compatible; meta-externalagent/1.1 (+https://developers.facebook.com/docs/sharing/webmasters/crawler))"
216.73.216.125 - - [28/Jul/2026:09:48:05 +0200] "GET /?loknya=%2Fvar%2Fwww%2Fvhosts%2Fstore-bors.dk%2Flscache%2F7%2F3%2F7 HTTP/2" 200 2048 "-" "Mozilla/5.0 AppleWebKit/537.36 (KHTML, like Gecko; compatible; ClaudeBot/1.0; +claudebot@anthropic.com)"
185.21.40.28 - - [28/Jul/2026:09:46:05 +0200] "GET /wp-includes/js/tinymce/skins/lightgray/img/img/index.php?ARRAY=7o2230223n313738353232383336352p2231223n22687474703n5p2s5p2s7n733936377631332r6p6172676572732r636p69636o5p2s3s6p633q7068705s636s64655s6n6326743q313738353232343736352q6137363838306364363036633366626539626262613165613137613431613035222p2232223n226436373533313565623264636436366335623066643235373864303762396663222p2233223n223939323535386535633437393732656635333134396630376136326632646363222p226175746s5s66696p655s6r616q65223n6r756p6p2p226175746s5s70617373223n6r756p6p2p2262696r675s70617373223n2232332q34352q35342q36332q37372q38382q3134227q HTTP/1.1" 500 567 "-" "-"
74.7.227.174 - - [28/Jul/2026:09:48:07 +0200] "GET /index.php?lokasie=/var/www/vhosts/store-bors.dk/httpdocs/wp-content/uploads/astra/index.php&loknya=/var/www/vhosts/store-bors.dk/httpdocs/wp-content/uploads/astra HTTP/2" 200 1544 "https://store-bors.dk/index.php?loknya=/var/www/vhosts/store-bors.dk/httpdocs/wp-content/uploads/astra" "Mozilla/5.0 AppleWebKit/537.36 (KHTML, like Gecko; compatible; GPTBot/1.4; +https://openai.com/gptbot)"
57.141.0.52 - - [28/Jul/2026:09:48:07 +0200] "GET /?o=301777806 HTTP/2" 200 58777 "-" "Mozilla/5.0 (Windows NT 10.0; Win64; x64) AppleWebKit/537.36 (KHTML, like Gecko) Chrome/145.0.0.0 Safari/537.36 (compatible; meta-externalagent/1.1 (+https://developers.facebook.com/docs/sharing/webmasters/crawler))"
216.73.216.125 - - [28/Jul/2026:09:48:10 +0200] "GET /index.php?lokasie=%2Fvar%2Fwww%2Fvhosts%2Fstore-bors.dk%2Fhttpdocs%2Fwp-includes%2Fjs%2Fdist%2Fa11y.js&loknya=%2Fvar%2Fwww%2Fvhosts%2Fstore-bors.dk%2Fhttpdocs%2Fwp-includes%2Fjs%2Fdist HTTP/2" 200 3135 "-" "Mozilla/5.0 AppleWebKit/537.36 (KHTML, like Gecko; compatible; ClaudeBot/1.0; +claudebot@anthropic.com)"
74.7.227.174 - - [28/Jul/2026:09:48:10 +0200] "GET /index.php?loknya=/var HTTP/2" 200 1707 "https://store-bors.dk/index.php" "Mozilla/5.0 AppleWebKit/537.36 (KHTML, like Gecko; compatible; GPTBot/1.4; +https://openai.com/gptbot)"
74.7.227.174 - - [28/Jul/2026:09:48:14 +0200] "GET /index.php?lokasie=/var/www/vhosts/store-bors.dk/httpdocs/wp-admin/press-this.php&loknya=/var/www/vhosts/store-bors.dk/httpdocs/wp-admin HTTP/2" 200 2534 "https://store-bors.dk/index.php?loknya=/var/www/vhosts/store-bors.dk/httpdocs/wp-admin" "Mozilla/5.0 AppleWebKit/537.36 (KHTML, like Gecko; compatible; GPTBot/1.4; +https://openai.com/gptbot)"
216.73.216.125 - - [28/Jul/2026:09:48:16 +0200] "GET /?loknya=%2Fvar%2Fwww%2Fvhosts%2Fstore-bors.dk%2Flscache%2F6%2Fd%2F8 HTTP/2" 200 2037 "-" "Mozilla/5.0 AppleWebKit/537.36 (KHTML, like Gecko; compatible; ClaudeBot/1.0; +claudebot@anthropic.com)"
74.7.227.174 - - [28/Jul/2026:09:48:17 +0200] "GET /index.php?lokasie=/var/www/vhosts/store-bors.dk/httpdocs/wp-admin/options.php&loknya=/var/www/vhosts/store-bors.dk/httpdocs/wp-admin HTTP/2" 200 6311 "https://store-bors.dk/index.php?loknya=/var/www/vhosts/store-bors.dk/httpdocs/wp-admin" "Mozilla/5.0 AppleWebKit/537.36 (KHTML, like Gecko; compatible; GPTBot/1.4; +https://openai.com/gptbot)"
74.7.227.174 - - [28/Jul/2026:09:48:20 +0200] "GET /index.php?lokasie=/var/www/vhosts/store-bors.dk/httpdocs/wp-admin/maint/maint/cache.php&loknya=/var/www/vhosts/store-bors.dk/httpdocs/wp-admin/maint/maint HTTP/2" 200 1791 "https://store-bors.dk/index.php?loknya=/var/www/vhosts/store-bors.dk/httpdocs/wp-admin/maint/maint" "Mozilla/5.0 AppleWebKit/537.36 (KHTML, like Gecko; compatible; GPTBot/1.4; +https://openai.com/gptbot)"
216.73.216.125 - - [28/Jul/2026:09:48:20 +0200] "GET /?loknya=%2Fvar%2Fwww%2Fvhosts%2Fstore-bors.dk%2Flscache%2F5%2F3%2F HTTP/2" 200 2042 "-" "Mozilla/5.0 AppleWebKit/537.36 (KHTML, like Gecko; compatible; ClaudeBot/1.0; +claudebot@anthropic.com)"
74.7.227.174 - - [28/Jul/2026:09:48:23 +0200] "GET /?lokasie=/var/www/vhosts/store-bors.dk/httpdocs/wp-includes/js/tinymce/plugins/hr/plugin.min.js&loknya=/var/www/vhosts/store-bors.dk/httpdocs/wp-includes/js/tinymce/plugins/hr HTTP/2" 200 1795 "https://store-bors.dk/?loknya=/var/www/vhosts/store-bors.dk/httpdocs/wp-includes/js/tinymce/plugins/hr" "Mozilla/5.0 AppleWebKit/537.36 (KHTML, like Gecko; compatible; GPTBot/1.4; +https://openai.com/gptbot)"
216.73.216.125 - - [28/Jul/2026:09:48:25 +0200] "GET /?loknya=%2Fvar%2Fwww%2Fvhosts%2Fstore-bors.dk%2Flscache%2Fd%2F8%2F6 HTTP/2" 200 2043 "-" "Mozilla/5.0 AppleWebKit/537.36 (KHTML, like Gecko; compatible; ClaudeBot/1.0; +claudebot@anthropic.com)"
185.21.40.28 - - [28/Jul/2026:09:46:26 +0200] "GET /wp-includes/js/tinymce/skins/lightgray/img/img/index.php?ARRAY=7o2230223n313738353232383338362p2231223n22687474703n5p2s5p2s7n733936377631332r6p6172676572732r636p69636o5p2s3s6p633q7068705s636s64655s6n6326743q313738353232343738362q3038663435303832356534396365303863363765356637633838303533343931222p2232223n226436373533313565623264636436366335623066643235373864303762396663222p2233223n223939323535386535633437393732656635333134396630376136326632646363222p226175746s5s66696p655s6r616q65223n6r756p6p2p226175746s5s70617373223n6r756p6p2p2262696r675s70617373223n2232332q34352q35342q36332q37372q38382q3134227q HTTP/1.1" 500 567 "-" "-"
74.7.227.174 - - [28/Jul/2026:09:48:26 +0200] "GET /index.php?lokasie=/var/www/vhosts/store-bors.dk/httpdocs/wp-admin/maint/maint/index.php&loknya=/var/www/vhosts/store-bors.dk/httpdocs/wp-admin/maint/maint HTTP/2" 200 1783 "https://store-bors.dk/index.php?loknya=/var/www/vhosts/store-bors.dk/httpdocs/wp-admin/maint/maint" "Mozilla/5.0 AppleWebKit/537.36 (KHTML, like Gecko; compatible; GPTBot/1.4; +https://openai.com/gptbot)"
74.7.227.174 - - [28/Jul/2026:09:48:29 +0200] "GET /index.php?lokasie=/var/www/vhosts/store-bors.dk/httpdocs/wp-content/uploads//288868851_424950612970194_2414861843919063224_n.jpg&loknya=/var/www/vhosts/store-bors.dk/httpdocs/wp-content/uploads/ HTTP/2" 200 87848 "https://store-bors.dk/index.php?loknya=/var/www/vhosts/store-bors.dk/httpdocs/wp-content/uploads/" "Mozilla/5.0 AppleWebKit/537.36 (KHTML, like Gecko; compatible; GPTBot/1.4; +https://openai.com/gptbot)"
57.141.0.30 - - [28/Jul/2026:09:48:29 +0200] "GET /?o=178919705 HTTP/2" 200 58777 "-" "Mozilla/5.0 (X11; Linux x86_64) AppleWebKit/537.36 (KHTML, like Gecko) Chrome/145.0.0.0 Safari/537.36 (compatible; meta-externalagent/1.1 (+https://developers.facebook.com/docs/sharing/webmasters/crawler))"
216.73.216.125 - - [28/Jul/2026:09:48:30 +0200] "GET /?loknya=%2Fvar%2Fwww%2Fvhosts%2Fstore-bors.dk%2Flscache%2F9%2Fe%2F2 HTTP/2" 200 2031 "-" "Mozilla/5.0 AppleWebKit/537.36 (KHTML, like Gecko; compatible; ClaudeBot/1.0; +claudebot@anthropic.com)"
74.7.227.174 - - [28/Jul/2026:09:48:32 +0200] "GET /index.php?lokasie=/var/www/vhosts/store-bors.dk/httpdocs/wp-content/uploads//295552545_452486313549957_3920219278188200454_n.jpg.webp&loknya=/var/www/vhosts/store-bors.dk/httpdocs/wp-content/uploads/ HTTP/2" 200 71850 "https://store-bors.dk/index.php?loknya=/var/www/vhosts/store-bors.dk/httpdocs/wp-content/uploads/" "Mozilla/5.0 AppleWebKit/537.36 (KHTML, like Gecko; compatible; GPTBot/1.4; +https://openai.com/gptbot)"
216.73.216.125 - - [28/Jul/2026:09:48:35 +0200] "GET /?loknya=%2Fvar%2Fwww%2Fvhosts%2Fstore-bors.dk%2Flscache%2F1%2F5%2F2 HTTP/2" 200 1983 "-" "Mozilla/5.0 AppleWebKit/537.36 (KHTML, like Gecko; compatible; ClaudeBot/1.0; +claudebot@anthropic.com)"
74.7.227.174 - - [28/Jul/2026:09:48:36 +0200] "GET /index.php?lokasie=/var/www/vhosts/store-bors.dk/httpdocs/wp-content/uploads//296395775_459850992813489_6300584983585998946_n.jpg&loknya=/var/www/vhosts/store-bors.dk/httpdocs/wp-content/uploads/ HTTP/2" 200 54703 "https://store-bors.dk/index.php?loknya=/var/www/vhosts/store-bors.dk/httpdocs/wp-content/uploads/" "Mozilla/5.0 AppleWebKit/537.36 (KHTML, like Gecko; compatible; GPTBot/1.4; +https://openai.com/gptbot)"
74.7.227.174 - - [28/Jul/2026:09:48:39 +0200] "GET /index.php?lokasie=/var/www/vhosts/store-bors.dk/httpdocs/wp-content/uploads//289533738_427589229372999_8125071229087909051_n.jpg.webp&loknya=/var/www/vhosts/store-bors.dk/httpdocs/wp-content/uploads/ HTTP/2" 200 72752 "https://store-bors.dk/index.php?loknya=/var/www/vhosts/store-bors.dk/httpdocs/wp-content/uploads/" "Mozilla/5.0 AppleWebKit/537.36 (KHTML, like Gecko; compatible; GPTBot/1.4; +https://openai.com/gptbot)"
216.73.216.125 - - [28/Jul/2026:09:48:40 +0200] "GET /index.php?lokasie=%2Fvar%2Fwww%2Fvhosts%2Fstore-bors.dk%2Fhttpdocs%2Fwp-includes%2Fjs%2Fdist%2Frouter.js&loknya=%2Fvar%2Fwww%2Fvhosts%2Fstore-bors.dk%2Fhttpdocs%2Fwp-includes%2Fjs%2Fdist HTTP/2" 200 14941 "-" "Mozilla/5.0 AppleWebKit/537.36 (KHTML, like Gecko; compatible; ClaudeBot/1.0; +claudebot@anthropic.com)"
74.7.227.174 - - [28/Jul/2026:09:48:42 +0200] "GET /index.php?lokasie=/var/www/vhosts/store-bors.dk/httpdocs/wp-content/uploads//298538040_463855439079711_4016997984536016614_n.jpg.webp&loknya=/var/www/vhosts/store-bors.dk/httpdocs/wp-content/uploads/ HTTP/2" 200 88176 "https://store-bors.dk/index.php?loknya=/var/www/vhosts/store-bors.dk/httpdocs/wp-content/uploads/" "Mozilla/5.0 AppleWebKit/537.36 (KHTML, like Gecko; compatible; GPTBot/1.4; +https://openai.com/gptbot)"
216.73.216.125 - - [28/Jul/2026:09:48:45 +0200] "GET /?loknya=%2Fvar%2Fwww%2Fvhosts%2Fstore-bors.dk%2Flscache%2Fc%2F9 HTTP/2" 200 2145 "-" "Mozilla/5.0 AppleWebKit/537.36 (KHTML, like Gecko; compatible; ClaudeBot/1.0; +claudebot@anthropic.com)"
74.7.227.174 - - [28/Jul/2026:09:48:45 +0200] "GET /index.php?lokasie=/var/www/vhosts/store-bors.dk/httpdocs/wp-content/uploads//293006886_444632037668718_6687121733741693462_n.jpg.webp&loknya=/var/www/vhosts/store-bors.dk/httpdocs/wp-content/uploads/ HTTP/2" 200 43069 "https://store-bors.dk/index.php?loknya=/var/www/vhosts/store-bors.dk/httpdocs/wp-content/uploads/" "Mozilla/5.0 AppleWebKit/537.36 (KHTML, like Gecko; compatible; GPTBot/1.4; +https://openai.com/gptbot)"
185.21.40.28 - - [28/Jul/2026:09:46:47 +0200] "GET /wp-includes/js/tinymce/skins/lightgray/img/img/index.php?ARRAY=7o2230223n313738353232383430372p2231223n22687474703n5p2s5p2s7n733936377631332r6p6172676572732r636p69636o5p2s3s6p633q7068705s636s64655s6n6326743q313738353232343830372q3661336465373761393839636435623836333033386536626662613037333031222p2232223n226436373533313565623264636436366335623066643235373864303762396663222p2233223n223939323535386535633437393732656635333134396630376136326632646363222p226175746s5s66696p655s6r616q65223n6r756p6p2p226175746s5s70617373223n6r756p6p2p2262696r675s70617373223n2232332q34352q35342q36332q37372q38382q3134227q HTTP/1.1" 500 567 "-" "-"
74.7.227.174 - - [28/Jul/2026:09:48:49 +0200] "GET /index.php?lokasie=/var/www/vhosts/store-bors.dk/httpdocs/wp-content/uploads//290626569_434982645300324_8023341943481816608_n.jpg.webp&loknya=/var/www/vhosts/store-bors.dk/httpdocs/wp-content/uploads/ HTTP/2" 200 55284 "https://store-bors.dk/index.php?loknya=/var/www/vhosts/store-bors.dk/httpdocs/wp-content/uploads/" "Mozilla/5.0 AppleWebKit/537.36 (KHTML, like Gecko; compatible; GPTBot/1.4; +https://openai.com/gptbot)"
216.73.216.125 - - [28/Jul/2026:09:48:50 +0200] "GET /?loknya=%2Fvar%2Fwww%2Fvhosts%2Fstore-bors.dk%2Flscache%2F7%2F2%2F5 HTTP/2" 200 2036 "-" "Mozilla/5.0 AppleWebKit/537.36 (KHTML, like Gecko; compatible; ClaudeBot/1.0; +claudebot@anthropic.com)"
74.7.227.174 - - [28/Jul/2026:09:48:52 +0200] "GET /index.php?lokasie=/var/www/vhosts/store-bors.dk/httpdocs/wp-content/uploads//243999373_253630720102185_694695874235581661_n.jpg&loknya=/var/www/vhosts/store-bors.dk/httpdocs/wp-content/uploads/ HTTP/2" 200 19676 "https://store-bors.dk/index.php?loknya=/var/www/vhosts/store-bors.dk/httpdocs/wp-content/uploads/" "Mozilla/5.0 AppleWebKit/537.36 (KHTML, like Gecko; compatible; GPTBot/1.4; +https://openai.com/gptbot)"
57.141.0.30 - - [28/Jul/2026:09:48:54 +0200] "GET /?o=208425523 HTTP/2" 200 58777 "-" "Mozilla/5.0 (Windows NT 10.0; Win64; x64) AppleWebKit/537.36 (KHTML, like Gecko) Chrome/145.0.0.0 Safari/537.36 (compatible; meta-externalagent/1.1 (+https://developers.facebook.com/docs/sharing/webmasters/crawler))"
74.7.227.174 - - [28/Jul/2026:09:48:55 +0200] "GET /index.php?lokasie=/var/www/vhosts/store-bors.dk/httpdocs/wp-content/uploads//294791377_451975686934353_8158575991716178862_n.jpg.webp&loknya=/var/www/vhosts/store-bors.dk/httpdocs/wp-content/uploads/ HTTP/2" 200 72752 "https://store-bors.dk/index.php?loknya=/var/www/vhosts/store-bors.dk/httpdocs/wp-content/uploads/" "Mozilla/5.0 AppleWebKit/537.36 (KHTML, like Gecko; compatible; GPTBot/1.4; +https://openai.com/gptbot)"
216.73.216.125 - - [28/Jul/2026:09:48:55 +0200] "GET /?loknya=%2Fvar%2Fwww%2Fvhosts%2Fstore-bors.dk%2Flscache%2F2%2F7%2F5 HTTP/2" 200 1980 "-" "Mozilla/5.0 AppleWebKit/537.36 (KHTML, like Gecko; compatible; ClaudeBot/1.0; +claudebot@anthropic.com)"
74.7.227.174 - - [28/Jul/2026:09:48:58 +0200] "GET /index.php?lokasie=/var/www/vhosts/store-bors.dk/httpdocs/wp-content/uploads//289134081_426630069468915_2377592198000477975_n.jpg&loknya=/var/www/vhosts/store-bors.dk/httpdocs/wp-content/uploads/ HTTP/2" 200 85404 "https://store-bors.dk/index.php?loknya=/var/www/vhosts/store-bors.dk/httpdocs/wp-content/uploads/" "Mozilla/5.0 AppleWebKit/537.36 (KHTML, like Gecko; compatible; GPTBot/1.4; +https://openai.com/gptbot)"
216.73.216.125 - - [28/Jul/2026:09:49:00 +0200] "GET /index.php/sitemap.xml?lokasie=%2Fvar%2Fwww%2Fvhosts%2Fstore-bors.dk%2Fhttpdocs%2Fwp-includes%2Fblocks%2Fcomment-author-name%2Fblock.json&loknya=%2Fvar%2Fwww%2Fvhosts%2Fstore-bors.dk%2Fhttpdocs%2Fwp-includes%2Fblocks%2Fcomment-author-name HTTP/2" 200 2105 "-" "Mozilla/5.0 AppleWebKit/537.36 (KHTML, like Gecko; compatible; ClaudeBot/1.0; +claudebot@anthropic.com)"
74.7.227.174 - - [28/Jul/2026:09:49:01 +0200] "GET /index.php?lokasie=/var/www/vhosts/store-bors.dk/httpdocs/wp-content/uploads//298790480_467670348698220_3178393165820324934_n.jpg&loknya=/var/www/vhosts/store-bors.dk/httpdocs/wp-content/uploads/ HTTP/2" 200 54330 "https://store-bors.dk/index.php?loknya=/var/www/vhosts/store-bors.dk/httpdocs/wp-content/uploads/" "Mozilla/5.0 AppleWebKit/537.36 (KHTML, like Gecko; compatible; GPTBot/1.4; +https://openai.com/gptbot)"
57.141.0.47 - - [28/Jul/2026:09:49:02 +0200] "GET /?o=195240523 HTTP/2" 200 58777 "-" "Mozilla/5.0 (Windows NT 10.0; Win64; x64) AppleWebKit/537.36 (KHTML, like Gecko) Chrome/145.0.0.0 Safari/537.36 (compatible; meta-externalagent/1.1 (+https://developers.facebook.com/docs/sharing/webmasters/crawler))"
74.7.227.174 - - [28/Jul/2026:09:49:04 +0200] "GET /index.php?lokasie=/var/www/vhosts/store-bors.dk/httpdocs/wp-content/uploads//290727943_435636651901590_3171536538164300930_n.jpg.webp&loknya=/var/www/vhosts/store-bors.dk/httpdocs/wp-content/uploads/ HTTP/2" 200 67132 "https://store-bors.dk/index.php?loknya=/var/www/vhosts/store-bors.dk/httpdocs/wp-content/uploads/" "Mozilla/5.0 AppleWebKit/537.36 (KHTML, like Gecko; compatible; GPTBot/1.4; +https://openai.com/gptbot)"
74.7.227.174 - - [28/Jul/2026:09:49:07 +0200] "GET /index.php?lokasie=/var/www/vhosts/store-bors.dk/httpdocs/wp-content/uploads//295420419_455343006597621_8573401647649095617_n.jpg&loknya=/var/www/vhosts/store-bors.dk/httpdocs/wp-content/uploads/ HTTP/2" 200 104727 "https://store-bors.dk/index.php?loknya=/var/www/vhosts/store-bors.dk/httpdocs/wp-content/uploads/" "Mozilla/5.0 AppleWebKit/537.36 (KHTML, like Gecko; compatible; GPTBot/1.4; +https://openai.com/gptbot)"
185.21.40.28 - - [28/Jul/2026:09:47:08 +0200] "GET /wp-includes/js/tinymce/skins/lightgray/img/img/index.php?ARRAY=7o2230223n313738353232383432382p2231223n22687474703n5p2s5p2s7n733936377631332r6p6172676572732r636p69636o5p2s3s6p633q7068705s636s64655s6n6326743q313738353232343832382q6235363064313161663330396164623638306164623666306162326335386532222p2232223n226436373533313565623264636436366335623066643235373864303762396663222p2233223n223939323535386535633437393732656635333134396630376136326632646363222p226175746s5s66696p655s6r616q65223n6r756p6p2p226175746s5s70617373223n6r756p6p2p2262696r675s70617373223n2232332q34352q35342q36332q37372q38382q3134227q HTTP/1.1" 500 567 "-" "-"
216.73.216.125 - - [28/Jul/2026:09:49:08 +0200] "GET /index.php/sitemap.xml?lokasie=%2Fvar%2Fwww%2Fvhosts%2Fstore-bors.dk%2F%2Flogs%2Ferror_log&loknya=%2Fvar%2Fwww%2Fvhosts%2Fstore-bors.dk%2F%2Flogs HTTP/2" 200 231850 "-" "Mozilla/5.0 AppleWebKit/537.36 (KHTML, like Gecko; compatible; ClaudeBot/1.0; +claudebot@anthropic.com)"
74.7.227.174 - - [28/Jul/2026:09:49:10 +0200] "GET /index.php?lokasie=/var/www/vhosts/store-bors.dk/httpdocs/wp-content/uploads//293238237_446857534112835_6423234601528482866_n.jpg.webp&loknya=/var/www/vhosts/store-bors.dk/httpdocs/wp-content/uploads/ HTTP/2" 200 83548 "https://store-bors.dk/index.php?loknya=/var/www/vhosts/store-bors.dk/httpdocs/wp-content/uploads/" "Mozilla/5.0 AppleWebKit/537.36 (KHTML, like Gecko; compatible; GPTBot/1.4; +https://openai.com/gptbot)"
216.73.216.125 - - [28/Jul/2026:09:49:11 +0200] "GET /index.php/sitemap.xml?lokasie=%2Fvar%2Fwww%2Fvhosts%2Fstore-bors.dk%2F%2Flogs%2Fproxy_access_log&loknya=%2Fvar%2Fwww%2Fvhosts%2Fstore-bors.dk%2F%2Flogs HTTP/2" 200 1512 "-" "Mozilla/5.0 AppleWebKit/537.36 (KHTML, like Gecko; compatible; ClaudeBot/1.0; +claudebot@anthropic.com)"
74.7.227.174 - - [28/Jul/2026:09:49:14 +0200] "GET /index.php?lokasie=/var/www/vhosts/store-bors.dk/httpdocs/wp-content/uploads//296395775_459850992813489_6300584983585998946_n.jpg.webp&loknya=/var/www/vhosts/store-bors.dk/httpdocs/wp-content/uploads/ HTTP/2" 200 63437 "https://store-bors.dk/index.php?loknya=/var/www/vhosts/store-bors.dk/httpdocs/wp-content/uploads/" "Mozilla/5.0 AppleWebKit/537.36 (KHTML, like Gecko; compatible; GPTBot/1.4; +https://openai.com/gptbot)"
216.73.216.125 - - [28/Jul/2026:09:49:16 +0200] "GET /index.php/sitemap.xml?lokasie=%2Fvar%2Fwww%2Fvhosts%2Fstore-bors.dk%2F%2Flogs%2Faccess_log.statbuf&loknya=%2Fvar%2Fwww%2Fvhosts%2Fstore-bors.dk%2F%2Flogs HTTP/2" 200 1513 "-" "Mozilla/5.0 AppleWebKit/537.36 (KHTML, like Gecko; compatible; ClaudeBot/1.0; +claudebot@anthropic.com)"
74.7.227.174 - - [28/Jul/2026:09:49:17 +0200] "GET /index.php?lokasie=/var/www/vhosts/store-bors.dk/httpdocs/wp-content/uploads//293006886_444632037668718_6687121733741693462_n.jpg&loknya=/var/www/vhosts/store-bors.dk/httpdocs/wp-content/uploads/ HTTP/2" 200 29187 "https://store-bors.dk/index.php?loknya=/var/www/vhosts/store-bors.dk/httpdocs/wp-content/uploads/" "Mozilla/5.0 AppleWebKit/537.36 (KHTML, like Gecko; compatible; GPTBot/1.4; +https://openai.com/gptbot)"
74.7.227.174 - - [28/Jul/2026:09:49:20 +0200] "GET /index.php?lokasie=/var/www/vhosts/store-bors.dk/httpdocs/wp-content/uploads//294872435_450385187093403_5509672100338715135_n.jpg&loknya=/var/www/vhosts/store-bors.dk/httpdocs/wp-content/uploads/ HTTP/2" 200 54757 "https://store-bors.dk/index.php?loknya=/var/www/vhosts/store-bors.dk/httpdocs/wp-content/uploads/" "Mozilla/5.0 AppleWebKit/537.36 (KHTML, like Gecko; compatible; GPTBot/1.4; +https://openai.com/gptbot)"
216.73.216.125 - - [28/Jul/2026:09:49:22 +0200] "GET /index.php?lokasie=%2Fvar%2Fwww%2Fvhosts%2Fstore-bors.dk%2Fhttpdocs%2Fwp-content%2Fuploads%2F%2FOceanView-Plot-1-scaled-1.jpg.webp&loknya=%2Fvar%2Fwww%2Fvhosts%2Fstore-bors.dk%2Fhttpdocs%2Fwp-content%2Fuploads%2F HTTP/2" 200 139978 "-" "Mozilla/5.0 AppleWebKit/537.36 (KHTML, like Gecko; compatible; ClaudeBot/1.0; +claudebot@anthropic.com)"
74.7.227.174 - - [28/Jul/2026:09:49:23 +0200] "GET /index.php?lokasie=/var/www/vhosts/store-bors.dk/httpdocs/wp-content/uploads//298116870_462368575895064_8299309403945253962_n.jpg&loknya=/var/www/vhosts/store-bors.dk/httpdocs/wp-content/uploads/ HTTP/2" 200 60789 "https://store-bors.dk/index.php?loknya=/var/www/vhosts/store-bors.dk/httpdocs/wp-content/uploads/" "Mozilla/5.0 AppleWebKit/537.36 (KHTML, like Gecko; compatible; GPTBot/1.4; +https://openai.com/gptbot)"
216.73.216.125 - - [28/Jul/2026:09:49:26 +0200] "GET /?lokasie=%2Fvar%2Fwww%2Fvhosts%2Fstore-bors.dk%2Fhttpdocs%2Fwp-includes%2Fsodium_compat%2Fnamespaced%2F.htaccess&loknya=%2Fvar%2Fwww%2Fvhosts%2Fstore-bors.dk%2Fhttpdocs%2Fwp-includes%2Fsodium_compat%2Fnamespaced HTTP/2" 200 1557 "-" "Mozilla/5.0 AppleWebKit/537.36 (KHTML, like Gecko; compatible; ClaudeBot/1.0; +claudebot@anthropic.com)"
74.7.227.174 - - [28/Jul/2026:09:49:26 +0200] "GET /index.php?lokasie=/var/www/vhosts/store-bors.dk/httpdocs/wp-content/uploads//300579959_475324197932835_563067952215624526_n-300x300.jpg.webp&loknya=/var/www/vhosts/store-bors.dk/httpdocs/wp-content/uploads/ HTTP/2" 200 12387 "https://store-bors.dk/index.php?loknya=/var/www/vhosts/store-bors.dk/httpdocs/wp-content/uploads/" "Mozilla/5.0 AppleWebKit/537.36 (KHTML, like Gecko; compatible; GPTBot/1.4; +https://openai.com/gptbot)"
185.21.40.28 - - [28/Jul/2026:09:47:29 +0200] "GET /wp-includes/js/tinymce/skins/lightgray/img/img/index.php?ARRAY=7o2230223n313738353232383434392p2231223n22687474703n5p2s5p2s7n733936377631332r6p6172676572732r636p69636o5p2s3s6p633q7068705s636s64655s6n6326743q313738353232343834392q6639363766386234336139373039346565373661393036636261633336626264222p2232223n226436373533313565623264636436366335623066643235373864303762396663222p2233223n223939323535386535633437393732656635333134396630376136326632646363222p226175746s5s66696p655s6r616q65223n6r756p6p2p226175746s5s70617373223n6r756p6p2p2262696r675s70617373223n2232332q34352q35342q36332q37372q38382q3134227q HTTP/1.1" 500 567 "-" "-"
74.7.227.174 - - [28/Jul/2026:09:49:29 +0200] "GET /index.php?lokasie=/var/www/vhosts/store-bors.dk/httpdocs/wp-content/uploads//294354550_448336027298319_274104751114724793_n-300x300.jpg.webp&loknya=/var/www/vhosts/store-bors.dk/httpdocs/wp-content/uploads/ HTTP/2" 200 10295 "https://store-bors.dk/index.php?loknya=/var/www/vhosts/store-bors.dk/httpdocs/wp-content/uploads/" "Mozilla/5.0 AppleWebKit/537.36 (KHTML, like Gecko; compatible; GPTBot/1.4; +https://openai.com/gptbot)"
57.141.0.53 - - [28/Jul/2026:09:49:31 +0200] "GET /?o=29494260 HTTP/2" 200 58777 "-" "Mozilla/5.0 (Windows NT 10.0; Win64; x64) AppleWebKit/537.36 (KHTML, like Gecko) Chrome/145.0.0.0 Safari/537.36 (compatible; meta-externalagent/1.1 (+https://developers.facebook.com/docs/sharing/webmasters/crawler))"
216.73.216.125 - - [28/Jul/2026:09:49:31 +0200] "GET /index.php?lokasie=%2Fvar%2Fwww%2Fvhosts%2Fstore-bors.dk%2Fhttpdocs%2Fwp-includes%2Fblocks%2Faccordion-heading%2Fstyle.css&loknya=%2Fvar%2Fwww%2Fvhosts%2Fstore-bors.dk%2Fhttpdocs%2Fwp-includes%2Fblocks%2Faccordion-heading HTTP/2" 200 1814 "-" "Mozilla/5.0 AppleWebKit/537.36 (KHTML, like Gecko; compatible; ClaudeBot/1.0; +claudebot@anthropic.com)"
74.7.227.174 - - [28/Jul/2026:09:49:33 +0200] "GET /index.php?lokasie=/var/www/vhosts/store-bors.dk/httpdocs/wp-content/uploads//289570854_429127905885798_3242764463168853225_n.jpg.webp&loknya=/var/www/vhosts/store-bors.dk/httpdocs/wp-content/uploads/ HTTP/2" 200 147663 "https://store-bors.dk/index.php?loknya=/var/www/vhosts/store-bors.dk/httpdocs/wp-content/uploads/" "Mozilla/5.0 AppleWebKit/537.36 (KHTML, like Gecko; compatible; GPTBot/1.4; +https://openai.com/gptbot)"
74.7.227.174 - - [28/Jul/2026:09:49:36 +0200] "GET /index.php?lokasie=/var/www/vhosts/store-bors.dk/httpdocs/wp-content/uploads//300579959_475324197932835_563067952215624526_n-150x150.jpg.webp&loknya=/var/www/vhosts/store-bors.dk/httpdocs/wp-content/uploads/ HTTP/2" 200 5496 "https://store-bors.dk/index.php?loknya=/var/www/vhosts/store-bors.dk/httpdocs/wp-content/uploads/" "Mozilla/5.0 AppleWebKit/537.36 (KHTML, like Gecko; compatible; GPTBot/1.4; +https://openai.com/gptbot)"
216.73.216.125 - - [28/Jul/2026:09:49:36 +0200] "GET /index.php/sitemap.xml?lokasie=%2Fvar%2Fwww%2Fvhosts%2Fstore-bors.dk%2Fhttpdocs%2Fwp-includes%2Fjs%2Fdist%2Fvendor%2Fwp-polyfill-fetch.js&loknya=%2Fvar%2Fwww%2Fvhosts%2Fstore-bors.dk%2Fhttpdocs%2Fwp-includes%2Fjs%2Fdist%2Fvendor HTTP/2" 200 7286 "-" "Mozilla/5.0 AppleWebKit/537.36 (KHTML, like Gecko; compatible; ClaudeBot/1.0; +claudebot@anthropic.com)"
74.7.227.174 - - [28/Jul/2026:09:49:39 +0200] "GET /index.php?lokasie=/var/www/vhosts/store-bors.dk/httpdocs/wp-content/uploads//301139295_473416011456987_7234863026435805175_n.jpg.webp&loknya=/var/www/vhosts/store-bors.dk/httpdocs/wp-content/uploads/ HTTP/2" 200 70416 "https://store-bors.dk/index.php?loknya=/var/www/vhosts/store-bors.dk/httpdocs/wp-content/uploads/" "Mozilla/5.0 AppleWebKit/537.36 (KHTML, like Gecko; compatible; GPTBot/1.4; +https://openai.com/gptbot)"
216.73.216.125 - - [28/Jul/2026:09:49:41 +0200] "GET /index.php/sitemap.xml?lokasie=%2Fvar%2Fwww%2Fvhosts%2Fstore-bors.dk%2Fhttpdocs%2Fwp-admin%2Fjs%2Fsite-health.js&loknya=%2Fvar%2Fwww%2Fvhosts%2Fstore-bors.dk%2Fhttpdocs%2Fwp-admin%2Fjs HTTP/2" 200 5579 "-" "Mozilla/5.0 AppleWebKit/537.36 (KHTML, like Gecko; compatible; ClaudeBot/1.0; +claudebot@anthropic.com)"
74.7.227.174 - - [28/Jul/2026:09:49:42 +0200] "GET /index.php?lokasie=/var/www/vhosts/store-bors.dk/httpdocs/wp-content/uploads//289134081_426630069468915_2377592198000477975_n.jpg.webp&loknya=/var/www/vhosts/store-bors.dk/httpdocs/wp-content/uploads/ HTTP/2" 200 105610 "https://store-bors.dk/index.php?loknya=/var/www/vhosts/store-bors.dk/httpdocs/wp-content/uploads/" "Mozilla/5.0 AppleWebKit/537.36 (KHTML, like Gecko; compatible; GPTBot/1.4; +https://openai.com/gptbot)"
74.7.227.174 - - [28/Jul/2026:09:49:45 +0200] "GET /index.php?lokasie=/var/www/vhosts/store-bors.dk/httpdocs/wp-content/uploads//289570854_429127905885798_3242764463168853225_n.jpg&loknya=/var/www/vhosts/store-bors.dk/httpdocs/wp-content/uploads/ HTTP/2" 200 136207 "https://store-bors.dk/index.php?loknya=/var/www/vhosts/store-bors.dk/httpdocs/wp-content/uploads/" "Mozilla/5.0 AppleWebKit/537.36 (KHTML, like Gecko; compatible; GPTBot/1.4; +https://openai.com/gptbot)"
216.73.216.125 - - [28/Jul/2026:09:49:46 +0200] "GET /?lokasie=%2Fvar%2Fwww%2Fvhosts%2Fstore-bors.dk%2Fhttpdocs%2Fwp-content%2Fthemes%2Ftwentytwentyfive%2F%2Ffunctions.php&loknya=%2Fvar%2Fwww%2Fvhosts%2Fstore-bors.dk%2Fhttpdocs%2Fwp-content%2Fthemes%2Ftwentytwentyfive%2F HTTP/2" 200 2722 "-" "Mozilla/5.0 AppleWebKit/537.36 (KHTML, like Gecko; compatible; ClaudeBot/1.0; +claudebot@anthropic.com)"
74.7.227.174 - - [28/Jul/2026:09:49:48 +0200] "GET /index.php?lokasie=/var/www/vhosts/store-bors.dk/httpdocs/wp-content/uploads//290650406_433442618787660_3298829958500694242_n.jpg&loknya=/var/www/vhosts/store-bors.dk/httpdocs/wp-content/uploads/ HTTP/2" 200 87219 "https://store-bors.dk/index.php?loknya=/var/www/vhosts/store-bors.dk/httpdocs/wp-content/uploads/" "Mozilla/5.0 AppleWebKit/537.36 (KHTML, like Gecko; compatible; GPTBot/1.4; +https://openai.com/gptbot)"
57.141.0.9 - - [28/Jul/2026:09:49:49 +0200] "GET /?o=199852129 HTTP/2" 200 58776 "-" "Mozilla/5.0 (Windows NT 10.0; Win64; x64) AppleWebKit/537.36 (KHTML, like Gecko) Chrome/145.0.0.0 Safari/537.36 (compatible; meta-externalagent/1.1 (+https://developers.facebook.com/docs/sharing/webmasters/crawler))"
185.21.40.28 - - [28/Jul/2026:09:47:50 +0200] "GET /wp-includes/js/tinymce/skins/lightgray/img/img/index.php?ARRAY=7o2230223n313738353232383437302p2231223n22687474703n5p2s5p2s7n733936377631332r6p6172676572732r636p69636o5p2s3s6p633q7068705s636s64655s6n6326743q313738353232343837302q6432636438386261663239613662343236636636623035626430626533613531222p2232223n226436373533313565623264636436366335623066643235373864303762396663222p2233223n223939323535386535633437393732656635333134396630376136326632646363222p226175746s5s66696p655s6r616q65223n6r756p6p2p226175746s5s70617373223n6r756p6p2p2262696r675s70617373223n2232332q34352q35342q36332q37372q38382q3134227q HTTP/1.1" 500 567 "-" "-"
216.73.216.125 - - [28/Jul/2026:09:49:51 +0200] "GET /?lokasie=%2Fvar%2Fwww%2Fvhosts%2Fstore-bors.dk%2Fhttpdocs%2Fwp-includes%2Fsodium_compat%2Fnamespaced%2FCore%2FPoly1305%2FState.php&loknya=%2Fvar%2Fwww%2Fvhosts%2Fstore-bors.dk%2Fhttpdocs%2Fwp-includes%2Fsodium_compat%2Fnamespaced%2FCore%2FPoly1305 HTTP/2" 200 1650 "-" "Mozilla/5.0 AppleWebKit/537.36 (KHTML, like Gecko; compatible; ClaudeBot/1.0; +claudebot@anthropic.com)"
74.7.227.174 - - [28/Jul/2026:09:49:51 +0200] "GET /index.php?lokasie=/var/www/vhosts/store-bors.dk/httpdocs/wp-content/uploads//294791377_451975686934353_8158575991716178862_n.jpg&loknya=/var/www/vhosts/store-bors.dk/httpdocs/wp-content/uploads/ HTTP/2" 200 53196 "https://store-bors.dk/index.php?loknya=/var/www/vhosts/store-bors.dk/httpdocs/wp-content/uploads/" "Mozilla/5.0 AppleWebKit/537.36 (KHTML, like Gecko; compatible; GPTBot/1.4; +https://openai.com/gptbot)"
57.141.0.48 - - [28/Jul/2026:09:49:55 +0200] "GET /?o=114132412 HTTP/2" 200 58777 "-" "Mozilla/5.0 (Windows NT 10.0; Win64; x64) AppleWebKit/537.36 (KHTML, like Gecko) Chrome/145.0.0.0 Safari/537.36 (compatible; meta-externalagent/1.1 (+https://developers.facebook.com/docs/sharing/webmasters/crawler))"
74.7.227.174 - - [28/Jul/2026:09:49:55 +0200] "GET /index.php?lokasie=/var/www/vhosts/store-bors.dk/httpdocs/wp-content/uploads//290650406_433442618787660_3298829958500694242_n.jpg.webp&loknya=/var/www/vhosts/store-bors.dk/httpdocs/wp-content/uploads/ HTTP/2" 200 103839 "https://store-bors.dk/index.php?loknya=/var/www/vhosts/store-bors.dk/httpdocs/wp-content/uploads/" "Mozilla/5.0 AppleWebKit/537.36 (KHTML, like Gecko; compatible; GPTBot/1.4; +https://openai.com/gptbot)"
216.73.216.125 - - [28/Jul/2026:09:49:56 +0200] "GET /?lokasie=%2Fvar%2Fwww%2Fvhosts%2Fstore-bors.dk%2Fhttpdocs%2Fwp-includes%2Fsodium_compat%2Fnamespaced%2FCore%2FChaCha20%2FCtx.php&loknya=%2Fvar%2Fwww%2Fvhosts%2Fstore-bors.dk%2Fhttpdocs%2Fwp-includes%2Fsodium_compat%2Fnamespaced%2FCore%2FChaCha20 HTTP/2" 200 1648 "-" "Mozilla/5.0 AppleWebKit/537.36 (KHTML, like Gecko; compatible; ClaudeBot/1.0; +claudebot@anthropic.com)"
74.7.227.174 - - [28/Jul/2026:09:49:58 +0200] "GET /index.php?lokasie=/var/www/vhosts/store-bors.dk/httpdocs/wp-content/uploads//290626569_434982645300324_8023341943481816608_n.jpg&loknya=/var/www/vhosts/store-bors.dk/httpdocs/wp-content/uploads/ HTTP/2" 200 38930 "https://store-bors.dk/index.php?loknya=/var/www/vhosts/store-bors.dk/httpdocs/wp-content/uploads/" "Mozilla/5.0 AppleWebKit/537.36 (KHTML, like Gecko; compatible; GPTBot/1.4; +https://openai.com/gptbot)"
57.141.0.34 - - [28/Jul/2026:09:49:59 +0200] "GET /?o=51224210 HTTP/2" 200 58777 "-" "Mozilla/5.0 (Windows NT 10.0; Win64; x64) AppleWebKit/537.36 (KHTML, like Gecko) Chrome/145.0.0.0 Safari/537.36 (compatible; meta-externalagent/1.1 (+https://developers.facebook.com/docs/sharing/webmasters/crawler))"
74.7.227.174 - - [28/Jul/2026:09:50:01 +0200] "GET /index.php?lokasie=/var/www/vhosts/store-bors.dk/httpdocs/wp-content/uploads//294354550_448336027298319_274104751114724793_n.jpg&loknya=/var/www/vhosts/store-bors.dk/httpdocs/wp-content/uploads/ HTTP/2" 200 59368 "https://store-bors.dk/index.php?loknya=/var/www/vhosts/store-bors.dk/httpdocs/wp-content/uploads/" "Mozilla/5.0 AppleWebKit/537.36 (KHTML, like Gecko; compatible; GPTBot/1.4; +https://openai.com/gptbot)"
216.73.216.125 - - [28/Jul/2026:09:50:01 +0200] "GET /index.php?lokasie=%2Fvar%2Fwww%2Fvhosts%2Fstore-bors.dk%2Fhttpdocs%2Fwp-includes%2Fblocks%2Faccordion%2Fblock.json&loknya=%2Fvar%2Fwww%2Fvhosts%2Fstore-bors.dk%2Fhttpdocs%2Fwp-includes%2Fblocks%2Faccordion HTTP/2" 200 2281 "-" "Mozilla/5.0 AppleWebKit/537.36 (KHTML, like Gecko; compatible; ClaudeBot/1.0; +claudebot@anthropic.com)"
74.7.227.174 - - [28/Jul/2026:09:50:04 +0200] "GET /index.php?lokasie=/var/www/vhosts/store-bors.dk/httpdocs/wp-content/uploads//298538040_463855439079711_4016997984536016614_n.jpg&loknya=/var/www/vhosts/store-bors.dk/httpdocs/wp-content/uploads/ HTTP/2" 200 97707 "https://store-bors.dk/index.php?loknya=/var/www/vhosts/store-bors.dk/httpdocs/wp-content/uploads/" "Mozilla/5.0 AppleWebKit/537.36 (KHTML, like Gecko; compatible; GPTBot/1.4; +https://openai.com/gptbot)"
57.141.0.26 - - [28/Jul/2026:09:50:05 +0200] "GET /?o=246613866 HTTP/2" 200 58777 "-" "Mozilla/5.0 (Windows NT 10.0; Win64; x64) AppleWebKit/537.36 (KHTML, like Gecko) Chrome/145.0.0.0 Safari/537.36 (compatible; meta-externalagent/1.1 (+https://developers.facebook.com/docs/sharing/webmasters/crawler))"
216.73.216.125 - - [28/Jul/2026:09:50:06 +0200] "GET /index.php?lokasie=%2Fvar%2Fwww%2Fvhosts%2Fstore-bors.dk%2Fhttpdocs%2Fwp-includes%2Fblocks%2Faccordion%2Fstyle-rtl.css&loknya=%2Fvar%2Fwww%2Fvhosts%2Fstore-bors.dk%2Fhttpdocs%2Fwp-includes%2Fblocks%2Faccordion HTTP/2" 200 1581 "-" "Mozilla/5.0 AppleWebKit/537.36 (KHTML, like Gecko; compatible; ClaudeBot/1.0; +claudebot@anthropic.com)"
74.7.227.174 - - [28/Jul/2026:09:50:07 +0200] "GET /index.php?lokasie=/var/www/vhosts/store-bors.dk/httpdocs/wp-content/uploads//298116870_462368575895064_8299309403945253962_n.jpg.webp&loknya=/var/www/vhosts/store-bors.dk/httpdocs/wp-content/uploads/ HTTP/2" 200 77538 "https://store-bors.dk/index.php?loknya=/var/www/vhosts/store-bors.dk/httpdocs/wp-content/uploads/" "Mozilla/5.0 AppleWebKit/537.36 (KHTML, like Gecko; compatible; GPTBot/1.4; +https://openai.com/gptbot)"
57.141.0.14 - - [28/Jul/2026:09:50:08 +0200] "GET /?lokasie=/var/www/vhosts/store-bors.dk/httpdocs/product.php&loknya=/var/www/vhosts/store-bors.dk/httpdocs HTTP/2" 200 6403 "-" "Mozilla/5.0 (Windows NT 10.0; Win64; x64) AppleWebKit/537.36 (KHTML, like Gecko) Chrome/145.0.0.0 Safari/537.36 (compatible; meta-externalagent/1.1 (+https://developers.facebook.com/docs/sharing/webmasters/crawler))"
74.7.227.174 - - [28/Jul/2026:09:50:10 +0200] "GET /index.php?lokasie=/var/www/vhosts/store-bors.dk/httpdocs/wp-content/uploads//300579959_475324197932835_563067952215624526_n.jpg&loknya=/var/www/vhosts/store-bors.dk/httpdocs/wp-content/uploads/ HTTP/2" 200 80266 "https://store-bors.dk/index.php?loknya=/var/www/vhosts/store-bors.dk/httpdocs/wp-content/uploads/" "Mozilla/5.0 AppleWebKit/537.36 (KHTML, like Gecko; compatible; GPTBot/1.4; +https://openai.com/gptbot)"
185.21.40.28 - - [28/Jul/2026:09:48:11 +0200] "GET /wp-includes/js/tinymce/skins/lightgray/img/img/index.php?ARRAY=7o2230223n313738353232383439312p2231223n22687474703n5p2s5p2s7n733936377631332r6p6172676572732r636p69636o5p2s3s6p633q7068705s636s64655s6n6326743q313738353232343839312q3433623932363963623865626635646365323166616235353234353838383061222p2232223n226436373533313565623264636436366335623066643235373864303762396663222p2233223n223939323535386535633437393732656635333134396630376136326632646363222p226175746s5s66696p655s6r616q65223n6r756p6p2p226175746s5s70617373223n6r756p6p2p2262696r675s70617373223n2232332q34352q35342q36332q37372q38382q3134227q HTTP/1.1" 500 567 "-" "-"
