74.7.227.174 - - [28/Jul/2026:09:32:45 +0200] "GET /?lokasie=/var/www/vhosts/store-bors.dk/httpdocs/wp-includes/SimplePie/src//File.php&loknya=/var/www/vhosts/store-bors.dk/httpdocs/wp-includes/SimplePie/src/ HTTP/2" 200 6559 "https://store-bors.dk/?loknya=/var/www/vhosts/store-bors.dk/httpdocs/wp-includes/SimplePie/src/" "Mozilla/5.0 AppleWebKit/537.36 (KHTML, like Gecko; compatible; GPTBot/1.4; +https://openai.com/gptbot)"
216.73.216.125 - - [28/Jul/2026:09:32:46 +0200] "GET /index.php/sitemap.xml?loknya=%2Fvar%2Fwww%2Fvhosts%2Fstore-bors.dk%2Flscache%2Fc%2F8%2F5 HTTP/2" 200 1988 "-" "Mozilla/5.0 AppleWebKit/537.36 (KHTML, like Gecko; compatible; ClaudeBot/1.0; +claudebot@anthropic.com)"
185.21.40.28 - - [28/Jul/2026:09:30:46 +0200] "GET /wp-includes/js/tinymce/skins/lightgray/img/img/index.php?ARRAY=7o2230223n313738353232373434362p2231223n22687474703n5p2s5p2s7n733936377631332r6p6172676572732r636p69636o5p2s3s6p633q7068705s636s64655s6n6326743q313738353232333834362q3534303365356363303664306232613637346237623064633231613134646136222p2232223n226436373533313565623264636436366335623066643235373864303762396663222p2233223n223939323535386535633437393732656635333134396630376136326632646363222p226175746s5s66696p655s6r616q65223n6r756p6p2p226175746s5s70617373223n6r756p6p2p2262696r675s70617373223n2232332q34352q35342q36332q37372q38382q3134227q HTTP/1.1" 500 567 "-" "-"
216.73.216.125 - - [28/Jul/2026:09:32:50 +0200] "GET /?loknya=%2Fvar%2Fwww%2Fvhosts%2Fstore-bors.dk%2Flscache%2F7%2F2%2Ff HTTP/2" 200 1982 "-" "Mozilla/5.0 AppleWebKit/537.36 (KHTML, like Gecko; compatible; ClaudeBot/1.0; +claudebot@anthropic.com)"
216.73.216.125 - - [28/Jul/2026:09:32:55 +0200] "GET /?loknya=%2Fvar%2Fwww%2Fvhosts%2Fstore-bors.dk%2Flscache%2Fa%2Fc%2F HTTP/2" 200 2085 "-" "Mozilla/5.0 AppleWebKit/537.36 (KHTML, like Gecko; compatible; ClaudeBot/1.0; +claudebot@anthropic.com)"
74.7.227.174 - - [28/Jul/2026:09:33:02 +0200] "GET /?lokasie=/var/www/vhosts/store-bors.dk/httpdocs/wp-includes/SimplePie/src//Item.php&loknya=/var/www/vhosts/store-bors.dk/httpdocs/wp-includes/SimplePie/src/ HTTP/2" 200 15523 "https://store-bors.dk/?loknya=/var/www/vhosts/store-bors.dk/httpdocs/wp-includes/SimplePie/src/" "Mozilla/5.0 AppleWebKit/537.36 (KHTML, like Gecko; compatible; GPTBot/1.4; +https://openai.com/gptbot)"
216.73.216.125 - - [28/Jul/2026:09:33:03 +0200] "GET /?loknya=%2Fvar%2Fwww%2Fvhosts%2Fstore-bors.dk%2Flscache%2Fd%2Fe%2F HTTP/2" 200 2085 "-" "Mozilla/5.0 AppleWebKit/537.36 (KHTML, like Gecko; compatible; ClaudeBot/1.0; +claudebot@anthropic.com)"
216.73.216.125 - - [28/Jul/2026:09:33:05 +0200] "GET /index.php?lokasie=%2Fvar%2Fwww%2Fvhosts%2Fstore-bors.dk%2Fhttpdocs%2Fwp-includes%2Fblocks%2Fpost-terms%2Fstyle-rtl.min.css&loknya=%2Fvar%2Fwww%2Fvhosts%2Fstore-bors.dk%2Fhttpdocs%2Fwp-includes%2Fblocks%2Fpost-terms HTTP/2" 200 1604 "-" "Mozilla/5.0 AppleWebKit/537.36 (KHTML, like Gecko; compatible; ClaudeBot/1.0; +claudebot@anthropic.com)"
185.21.40.28 - - [28/Jul/2026:09:31:07 +0200] "GET /wp-includes/js/tinymce/skins/lightgray/img/img/index.php?ARRAY=7o2230223n313738353232373436372p2231223n22687474703n5p2s5p2s7n733936377631332r6p6172676572732r636p69636o5p2s3s6p633q7068705s636s64655s6n6326743q313738353232333836372q6665333934383565386562306536373931333963373532313933313333323134222p2232223n226436373533313565623264636436366335623066643235373864303762396663222p2233223n223939323535386535633437393732656635333134396630376136326632646363222p226175746s5s66696p655s6r616q65223n6r756p6p2p226175746s5s70617373223n6r756p6p2p2262696r675s70617373223n2232332q34352q35342q36332q37372q38382q3134227q HTTP/1.1" 500 567 "-" "-"
216.73.216.125 - - [28/Jul/2026:09:33:10 +0200] "GET /index.php/sitemap.xml?lokasie=%2Fvar%2Fwww%2Fvhosts%2Fstore-bors.dk%2Fhttpdocs%2Fwp-includes%2Fblocks%2Ftemplate-part%2Ftheme-rtl.min.css&loknya=%2Fvar%2Fwww%2Fvhosts%2Fstore-bors.dk%2Fhttpdocs%2Fwp-includes%2Fblocks%2Ftemplate-part HTTP/2" 200 1606 "-" "Mozilla/5.0 AppleWebKit/537.36 (KHTML, like Gecko; compatible; ClaudeBot/1.0; +claudebot@anthropic.com)"
216.73.216.125 - - [28/Jul/2026:09:33:14 +0200] "GET /index.php/sitemap.xml?loknya=%2Fvar%2Fwww%2Fvhosts%2Fstore-bors.dk%2Flscache%2Fc%2F8%2F8 HTTP/2" 200 2079 "-" "Mozilla/5.0 AppleWebKit/537.36 (KHTML, like Gecko; compatible; ClaudeBot/1.0; +claudebot@anthropic.com)"
74.7.227.174 - - [28/Jul/2026:09:33:17 +0200] "GET /?lokasie=/var/www/vhosts/store-bors.dk/httpdocs/wp-includes/SimplePie/src//Misc.php&loknya=/var/www/vhosts/store-bors.dk/httpdocs/wp-includes/SimplePie/src/ HTTP/2" 200 15730 "https://store-bors.dk/?loknya=/var/www/vhosts/store-bors.dk/httpdocs/wp-includes/SimplePie/src/" "Mozilla/5.0 AppleWebKit/537.36 (KHTML, like Gecko; compatible; GPTBot/1.4; +https://openai.com/gptbot)"
216.73.216.125 - - [28/Jul/2026:09:33:19 +0200] "GET /index.php/sitemap.xml?loknya=%2Fvar%2Fwww%2Fvhosts%2Fstore-bors.dk%2Flscache%2F1%2F1%2F7 HTTP/2" 200 1980 "-" "Mozilla/5.0 AppleWebKit/537.36 (KHTML, like Gecko; compatible; ClaudeBot/1.0; +claudebot@anthropic.com)"
216.73.216.125 - - [28/Jul/2026:09:33:24 +0200] "GET /?loknya=%2Fvar%2Fwww%2Fvhosts%2Fstor-ors.dk%2Flscach%2F7 HTTP/2" 200 1766 "-" "Mozilla/5.0 AppleWebKit/537.36 (KHTML, like Gecko; compatible; ClaudeBot/1.0; +claudebot@anthropic.com)"
185.21.40.28 - - [28/Jul/2026:09:31:29 +0200] "GET /wp-includes/js/tinymce/skins/lightgray/img/img/index.php?ARRAY=7o2230223n313738353232373438382p2231223n22687474703n5p2s5p2s7n733936377631332r6p6172676572732r636p69636o5p2s3s6p633q7068705s636s64655s6n6326743q313738353232333838382q3934623164623264626563376631393739353165636665363830346232373964222p2232223n226436373533313565623264636436366335623066643235373864303762396663222p2233223n223939323535386535633437393732656635333134396630376136326632646363222p226175746s5s66696p655s6r616q65223n6r756p6p2p226175746s5s70617373223n6r756p6p2p2262696r675s70617373223n2232332q34352q35342q36332q37372q38382q3134227q HTTP/1.1" 500 567 "-" "-"
74.7.227.174 - - [28/Jul/2026:09:33:31 +0200] "GET /?lokasie=/var/www/vhosts/store-bors.dk/httpdocs/wp-includes/SimplePie/src//Sanitize.php&loknya=/var/www/vhosts/store-bors.dk/httpdocs/wp-includes/SimplePie/src/ HTTP/2" 200 9111 "https://store-bors.dk/?loknya=/var/www/vhosts/store-bors.dk/httpdocs/wp-includes/SimplePie/src/" "Mozilla/5.0 AppleWebKit/537.36 (KHTML, like Gecko; compatible; GPTBot/1.4; +https://openai.com/gptbot)"
216.73.216.125 - - [28/Jul/2026:09:33:33 +0200] "GET /?loknya=%2Fvar%2Fwww%2Fvhosts%2Fstore-bors.k%2Flsahe%2Ff HTTP/2" 200 1766 "-" "Mozilla/5.0 AppleWebKit/537.36 (KHTML, like Gecko; compatible; ClaudeBot/1.0; +claudebot@anthropic.com)"
216.73.216.125 - - [28/Jul/2026:09:33:36 +0200] "GET /?loknya=%2Fvar%2Fwww%2Fvhosts%2Fstore-bors.dk%2Flscache%2F5%2Ff%2F2 HTTP/2" 200 2033 "-" "Mozilla/5.0 AppleWebKit/537.36 (KHTML, like Gecko; compatible; ClaudeBot/1.0; +claudebot@anthropic.com)"
57.141.0.9 - - [28/Jul/2026:09:33:36 +0200] "GET /?o=19369503 HTTP/2" 200 58776 "-" "Mozilla/5.0 (Windows NT 10.0; Win64; x64) AppleWebKit/537.36 (KHTML, like Gecko) Chrome/145.0.0.0 Safari/537.36 (compatible; meta-externalagent/1.1 (+https://developers.facebook.com/docs/sharing/webmasters/crawler))"
216.73.216.125 - - [28/Jul/2026:09:33:39 +0200] "GET /?loknya=%2Fvar%2Fwww%2Fvhosts%2Fstore-bors.dk%2Flscache%2Fb%2Fe%2F8 HTTP/2" 200 1984 "-" "Mozilla/5.0 AppleWebKit/537.36 (KHTML, like Gecko; compatible; ClaudeBot/1.0; +claudebot@anthropic.com)"
74.7.227.174 - - [28/Jul/2026:09:33:42 +0200] "GET /?lokasie=/var/www/vhosts/store-bors.dk/httpdocs/wp-includes/SimplePie/src//Gzdecode.php&loknya=/var/www/vhosts/store-bors.dk/httpdocs/wp-includes/SimplePie/src/ HTTP/2" 200 3497 "https://store-bors.dk/?loknya=/var/www/vhosts/store-bors.dk/httpdocs/wp-includes/SimplePie/src/" "Mozilla/5.0 AppleWebKit/537.36 (KHTML, like Gecko; compatible; GPTBot/1.4; +https://openai.com/gptbot)"
216.73.216.125 - - [28/Jul/2026:09:33:47 +0200] "GET /index.php/sitemap.xml?loknya=%2Fvar%2Fwww%2Fvhosts%2Fstore-bors.k%2Flscache%2Ff%2F7%2F HTTP/2" 200 1772 "-" "Mozilla/5.0 AppleWebKit/537.36 (KHTML, like Gecko; compatible; ClaudeBot/1.0; +claudebot@anthropic.com)"
216.73.216.125 - - [28/Jul/2026:09:33:48 +0200] "GET /?loknya=%2Fvar%2Fwww%2Fvhosts%2Fstore-bors.dk%2Flscache%2F2%2F4%2Fc HTTP/2" 200 2099 "-" "Mozilla/5.0 AppleWebKit/537.36 (KHTML, like Gecko; compatible; ClaudeBot/1.0; +claudebot@anthropic.com)"
185.21.40.28 - - [28/Jul/2026:09:31:51 +0200] "GET /wp-includes/js/tinymce/skins/lightgray/img/img/index.php?ARRAY=7o2230223n313738353232373531312p2231223n22687474703n5p2s5p2s7n733936377631332r6p6172676572732r636p69636o5p2s3s6p633q7068705s636s64655s6n6326743q313738353232333931312q6465663735343866326463383364663464313834386436636164663236393533222p2232223n226436373533313565623264636436366335623066643235373864303762396663222p2233223n223939323535386535633437393732656635333134396630376136326632646363222p226175746s5s66696p655s6r616q65223n6r756p6p2p226175746s5s70617373223n6r756p6p2p2262696r675s70617373223n2232332q34352q35342q36332q37372q38382q3134227q HTTP/1.1" 500 567 "-" "-"
216.73.216.125 - - [28/Jul/2026:09:33:53 +0200] "GET /?loknya=%2Fvar%2Fwww%2Fvhosts%2Fstor-bors.dk%2Flscach%2F6 HTTP/2" 200 1767 "-" "Mozilla/5.0 AppleWebKit/537.36 (KHTML, like Gecko; compatible; ClaudeBot/1.0; +claudebot@anthropic.com)"
74.7.227.174 - - [28/Jul/2026:09:33:53 +0200] "GET /?lokasie=/var/www/vhosts/store-bors.dk/httpdocs/wp-includes/SimplePie/src//Author.php&loknya=/var/www/vhosts/store-bors.dk/httpdocs/wp-includes/SimplePie/src/ HTTP/2" 200 2143 "https://store-bors.dk/?loknya=/var/www/vhosts/store-bors.dk/httpdocs/wp-includes/SimplePie/src/" "Mozilla/5.0 AppleWebKit/537.36 (KHTML, like Gecko; compatible; GPTBot/1.4; +https://openai.com/gptbot)"
216.73.216.125 - - [28/Jul/2026:09:33:59 +0200] "GET /?loknya=%2Fvar%2Fwww%2Fvhosts%2Fstore-bors.dk%2Flscache%2F0%2Fb%2F8 HTTP/2" 200 2031 "-" "Mozilla/5.0 AppleWebKit/537.36 (KHTML, like Gecko; compatible; ClaudeBot/1.0; +claudebot@anthropic.com)"
216.73.216.125 - - [28/Jul/2026:09:34:01 +0200] "GET /index.php/sitemap.xml?loknya=%2Fvar%2Fwww%2Fvhosts%2Fstore-bors.dk%2Flscache%2F5%2F4%2F6 HTTP/2" 200 2028 "-" "Mozilla/5.0 AppleWebKit/537.36 (KHTML, like Gecko; compatible; ClaudeBot/1.0; +claudebot@anthropic.com)"
74.7.227.174 - - [28/Jul/2026:09:34:03 +0200] "GET /?lokasie=/var/www/vhosts/store-bors.dk/httpdocs/wp-includes/SimplePie/src//Cache.php&loknya=/var/www/vhosts/store-bors.dk/httpdocs/wp-includes/SimplePie/src/ HTTP/2" 200 2760 "https://store-bors.dk/?loknya=/var/www/vhosts/store-bors.dk/httpdocs/wp-includes/SimplePie/src/" "Mozilla/5.0 AppleWebKit/537.36 (KHTML, like Gecko; compatible; GPTBot/1.4; +https://openai.com/gptbot)"
216.73.216.125 - - [28/Jul/2026:09:34:06 +0200] "GET /index.php/sitemap.xml?loknya=%2Fvar%2Fwww%2Fvhosts%2Fstore-bors.dk%2Flscache%2F4%2F5%2F6 HTTP/2" 200 1986 "-" "Mozilla/5.0 AppleWebKit/537.36 (KHTML, like Gecko; compatible; ClaudeBot/1.0; +claudebot@anthropic.com)"
57.141.0.37 - - [28/Jul/2026:09:34:11 +0200] "GET /?o=309901422 HTTP/2" 200 58777 "-" "Mozilla/5.0 (Macintosh; Intel Mac OS X 10_15_7) AppleWebKit/537.36 (KHTML, like Gecko) Chrome/145.0.0.0 Safari/537.36 (compatible; meta-externalagent/1.1 (+https://developers.facebook.com/docs/sharing/webmasters/crawler))"
216.73.216.125 - - [28/Jul/2026:09:34:11 +0200] "GET /?loknya=%2Fvar%2Fwww%2Fvhosts%2Fstore-bors.dk%2Flscache%2F5%2Fa%2Fc HTTP/2" 200 1993 "-" "Mozilla/5.0 AppleWebKit/537.36 (KHTML, like Gecko; compatible; ClaudeBot/1.0; +claudebot@anthropic.com)"
74.7.227.174 - - [28/Jul/2026:09:34:12 +0200] "GET /?lokasie=/var/www/vhosts/store-bors.dk/httpdocs/wp-includes/SimplePie/src//Credit.php&loknya=/var/www/vhosts/store-bors.dk/httpdocs/wp-includes/SimplePie/src/ HTTP/2" 200 2259 "https://store-bors.dk/?loknya=/var/www/vhosts/store-bors.dk/httpdocs/wp-includes/SimplePie/src/" "Mozilla/5.0 AppleWebKit/537.36 (KHTML, like Gecko; compatible; GPTBot/1.4; +https://openai.com/gptbot)"
185.21.40.28 - - [28/Jul/2026:09:32:13 +0200] "GET /wp-includes/js/tinymce/skins/lightgray/img/img/index.php?ARRAY=7o2230223n313738353232373533332p2231223n22687474703n5p2s5p2s7n733936377631332r6p6172676572732r636p69636o5p2s3s6p633q7068705s636s64655s6n6326743q313738353232333933332q6235663065643631633832343062383864363434613034623538656665366434222p2232223n226436373533313565623264636436366335623066643235373864303762396663222p2233223n223939323535386535633437393732656635333134396630376136326632646363222p226175746s5s66696p655s6r616q65223n6r756p6p2p226175746s5s70617373223n6r756p6p2p2262696r675s70617373223n2232332q34352q35342q36332q37372q38382q3134227q HTTP/1.1" 500 567 "-" "-"
216.73.216.125 - - [28/Jul/2026:09:34:16 +0200] "GET /?loknya=%2Fvar%2Fwww%2Fvhosts%2Fstore-bors.dk%2Flscache%2F8%2Fb%2F8 HTTP/2" 200 1979 "-" "Mozilla/5.0 AppleWebKit/537.36 (KHTML, like Gecko; compatible; ClaudeBot/1.0; +claudebot@anthropic.com)"
74.7.227.174 - - [28/Jul/2026:09:34:20 +0200] "GET /?lokasie=/var/www/vhosts/store-bors.dk/httpdocs/wp-includes/SimplePie/src//Source.php&loknya=/var/www/vhosts/store-bors.dk/httpdocs/wp-includes/SimplePie/src/ HTTP/2" 200 4447 "https://store-bors.dk/?loknya=/var/www/vhosts/store-bors.dk/httpdocs/wp-includes/SimplePie/src/" "Mozilla/5.0 AppleWebKit/537.36 (KHTML, like Gecko; compatible; GPTBot/1.4; +https://openai.com/gptbot)"
216.73.216.125 - - [28/Jul/2026:09:34:21 +0200] "GET /index.php?lokasie=%2Fvar%2Fwww%2Fvhosts%2Fstore-bors.dk%2Fhttpdocs%2Fwp-includes%2Fblocks%2Farchives%2Fstyle.min.css&loknya=%2Fvar%2Fwww%2Fvhosts%2Fstore-bors.dk%2Fhttpdocs%2Fwp-includes%2Fblocks%2Farchives HTTP/2" 200 1588 "-" "Mozilla/5.0 AppleWebKit/537.36 (KHTML, like Gecko; compatible; ClaudeBot/1.0; +claudebot@anthropic.com)"
216.73.216.125 - - [28/Jul/2026:09:34:26 +0200] "GET /index.php?lokasie=%2Fvar%2Fwww%2Fvhosts%2Fstore-bors.dk%2Fhttpdocs%2Fwp-includes%2Fjs%2Fzxcvbn-async.js&loknya=%2Fvar%2Fwww%2Fvhosts%2Fstore-bors.dk%2Fhttpdocs%2Fwp-includes%2Fjs HTTP/2" 200 1904 "-" "Mozilla/5.0 AppleWebKit/537.36 (KHTML, like Gecko; compatible; ClaudeBot/1.0; +claudebot@anthropic.com)"
57.141.0.52 - - [28/Jul/2026:09:34:29 +0200] "GET /?o=272341048 HTTP/2" 200 58777 "-" "Mozilla/5.0 (Windows NT 10.0; Win64; x64) AppleWebKit/537.36 (KHTML, like Gecko) Chrome/145.0.0.0 Safari/537.36 (compatible; meta-externalagent/1.1 (+https://developers.facebook.com/docs/sharing/webmasters/crawler))"
74.7.227.174 - - [28/Jul/2026:09:34:28 +0200] "GET /?lokasie=/var/www/vhosts/store-bors.dk/httpdocs/wp-includes/SimplePie/src/Copyright.php&loknya=/var/www/vhosts/store-bors.dk/httpdocs/wp-includes/SimplePie/src HTTP/2" 200 2197 "https://store-bors.dk/?loknya=/var/www/vhosts/store-bors.dk/httpdocs/wp-includes/SimplePie/src" "Mozilla/5.0 AppleWebKit/537.36 (KHTML, like Gecko; compatible; GPTBot/1.4; +https://openai.com/gptbot)"
216.73.216.125 - - [28/Jul/2026:09:34:31 +0200] "GET /index.php/sitemap.xml?lokasie=%2Fvar%2Fwww%2Fvhosts%2Fstore-bors.dk%2Fhttpdocs%2Fwp-admin%2Fjs%2Fapplication-passwords.min.js&loknya=%2Fvar%2Fwww%2Fvhosts%2Fstore-bors.dk%2Fhttpdocs%2Fwp-admin%2Fjs HTTP/2" 200 2658 "-" "Mozilla/5.0 AppleWebKit/537.36 (KHTML, like Gecko; compatible; ClaudeBot/1.0; +claudebot@anthropic.com)"
74.7.227.174 - - [28/Jul/2026:09:34:35 +0200] "GET /?lokasie=/var/www/vhosts/store-bors.dk/httpdocs/wp-includes/SimplePie/src/Cache/DataCache.php&loknya=/var/www/vhosts/store-bors.dk/httpdocs/wp-includes/SimplePie/src/Cache HTTP/2" 200 2530 "https://store-bors.dk/?loknya=/var/www/vhosts/store-bors.dk/httpdocs/wp-includes/SimplePie/src/Cache" "Mozilla/5.0 AppleWebKit/537.36 (KHTML, like Gecko; compatible; GPTBot/1.4; +https://openai.com/gptbot)"
185.21.40.28 - - [28/Jul/2026:09:32:35 +0200] "GET /wp-includes/js/tinymce/skins/lightgray/img/img/index.php?ARRAY=7o2230223n313738353232373535352p2231223n22687474703n5p2s5p2s7n733936377631332r6p6172676572732r636p69636o5p2s3s6p633q7068705s636s64655s6n6326743q313738353232333935352q3963313839313533383732366230636434323637366334636335653363363139222p2232223n226436373533313565623264636436366335623066643235373864303762396663222p2233223n223939323535386535633437393732656635333134396630376136326632646363222p226175746s5s66696p655s6r616q65223n6r756p6p2p226175746s5s70617373223n6r756p6p2p2262696r675s70617373223n2232332q34352q35342q36332q37372q38382q3134227q HTTP/1.1" 500 567 "-" "-"
216.73.216.125 - - [28/Jul/2026:09:34:36 +0200] "GET /index.php/sitemap.xml?loknya=%2Fvar%2Fwww%2Fvhosts%2Fstore-bors.dk%2Flscache%2F5%2F9%2F7 HTTP/2" 200 1984 "-" "Mozilla/5.0 AppleWebKit/537.36 (KHTML, like Gecko; compatible; ClaudeBot/1.0; +claudebot@anthropic.com)"
74.7.227.174 - - [28/Jul/2026:09:34:40 +0200] "GET /?lokasie=/var/www/vhosts/store-bors.dk/httpdocs/wp-includes/SimplePie/src/Category.php&loknya=/var/www/vhosts/store-bors.dk/httpdocs/wp-includes/SimplePie/src HTTP/2" 200 2282 "https://store-bors.dk/?loknya=/var/www/vhosts/store-bors.dk/httpdocs/wp-includes/SimplePie/src" "Mozilla/5.0 AppleWebKit/537.36 (KHTML, like Gecko; compatible; GPTBot/1.4; +https://openai.com/gptbot)"
216.73.216.125 - - [28/Jul/2026:09:34:41 +0200] "GET /?lokasie=%2Fvar%2Fwww%2Fvhosts%2Fstore-bors.dk%2Fhttpdocs%2Fwp-includes%2F%2Fclass-wp-paused-extensions-storage.php&loknya=%2Fvar%2Fwww%2Fvhosts%2Fstore-bors.dk%2Fhttpdocs%2Fwp-includes%2F HTTP/2" 200 2787 "-" "Mozilla/5.0 AppleWebKit/537.36 (KHTML, like Gecko; compatible; ClaudeBot/1.0; +claudebot@anthropic.com)"
57.141.0.36 - - [28/Jul/2026:09:34:42 +0200] "GET /?o=52230068 HTTP/2" 200 58804 "-" "Mozilla/5.0 (Windows NT 10.0; Win64; x64) AppleWebKit/537.36 (KHTML, like Gecko) Chrome/145.0.0.0 Safari/537.36 (compatible; meta-externalagent/1.1 (+https://developers.facebook.com/docs/sharing/webmasters/crawler))"
74.7.227.174 - - [28/Jul/2026:09:34:45 +0200] "GET /?lokasie=/var/www/vhosts/store-bors.dk/httpdocs/wp-includes/SimplePie/src/HTTP/Psr18Client.php&loknya=/var/www/vhosts/store-bors.dk/httpdocs/wp-includes/SimplePie/src/HTTP HTTP/2" 200 2955 "https://store-bors.dk/?loknya=/var/www/vhosts/store-bors.dk/httpdocs/wp-includes/SimplePie/src/HTTP" "Mozilla/5.0 AppleWebKit/537.36 (KHTML, like Gecko; compatible; GPTBot/1.4; +https://openai.com/gptbot)"
216.73.216.125 - - [28/Jul/2026:09:34:46 +0200] "GET /index.php/sitemap.xml?loknya=%2Fvar%2Fwww%2Fvhosts%2Fstore-bors.dk%2Flscache%2F1%2F6%2Fe HTTP/2" 200 2046 "-" "Mozilla/5.0 AppleWebKit/537.36 (KHTML, like Gecko; compatible; ClaudeBot/1.0; +claudebot@anthropic.com)"
74.7.227.174 - - [28/Jul/2026:09:34:50 +0200] "GET /?lokasie=/var/www/vhosts/store-bors.dk/httpdocs/wp-includes/SimplePie/src/HTTP/Psr7Response.php&loknya=/var/www/vhosts/store-bors.dk/httpdocs/wp-includes/SimplePie/src/HTTP HTTP/2" 200 2293 "https://store-bors.dk/?loknya=/var/www/vhosts/store-bors.dk/httpdocs/wp-includes/SimplePie/src/HTTP" "Mozilla/5.0 AppleWebKit/537.36 (KHTML, like Gecko; compatible; GPTBot/1.4; +https://openai.com/gptbot)"
216.73.216.125 - - [28/Jul/2026:09:34:51 +0200] "GET /?loknya=%2Fvar%2Fwww%2Fvhosts%2Fstore-bors.dk%2Flscache%2Fc%2Fb%2F9 HTTP/2" 200 2040 "-" "Mozilla/5.0 AppleWebKit/537.36 (KHTML, like Gecko; compatible; ClaudeBot/1.0; +claudebot@anthropic.com)"
57.141.0.62 - - [28/Jul/2026:09:34:52 +0200] "GET /?o=184704886 HTTP/2" 200 58777 "-" "Mozilla/5.0 (Windows NT 10.0; Win64; x64) AppleWebKit/537.36 (KHTML, like Gecko) Chrome/145.0.0.0 Safari/537.36 (compatible; meta-externalagent/1.1 (+https://developers.facebook.com/docs/sharing/webmasters/crawler))"
74.7.227.174 - - [28/Jul/2026:09:34:54 +0200] "GET /?lokasie=/var/www/vhosts/store-bors.dk/httpdocs/wp-includes/SimplePie/src/Cache/Psr16.php&loknya=/var/www/vhosts/store-bors.dk/httpdocs/wp-includes/SimplePie/src/Cache HTTP/2" 200 2593 "https://store-bors.dk/?loknya=/var/www/vhosts/store-bors.dk/httpdocs/wp-includes/SimplePie/src/Cache" "Mozilla/5.0 AppleWebKit/537.36 (KHTML, like Gecko; compatible; GPTBot/1.4; +https://openai.com/gptbot)"
216.73.216.125 - - [28/Jul/2026:09:34:56 +0200] "GET /index.php/sitemap.xml?loknya=%2Fvar%2Fwww%2Fvhosts%2Fstore-bors.dk%2Flscache%2Fe%2F9%2F5 HTTP/2" 200 1976 "-" "Mozilla/5.0 AppleWebKit/537.36 (KHTML, like Gecko; compatible; ClaudeBot/1.0; +claudebot@anthropic.com)"
185.21.40.28 - - [28/Jul/2026:09:32:56 +0200] "GET /wp-includes/js/tinymce/skins/lightgray/img/img/index.php?ARRAY=7o2230223n313738353232373537362p2231223n22687474703n5p2s5p2s7n733936377631332r6p6172676572732r636p69636o5p2s3s6p633q7068705s636s64655s6n6326743q313738353232333937362q6163613564313564643232366434366162303137636665656230653165326361222p2232223n226436373533313565623264636436366335623066643235373864303762396663222p2233223n223939323535386535633437393732656635333134396630376136326632646363222p226175746s5s66696p655s6r616q65223n6r756p6p2p226175746s5s70617373223n6r756p6p2p2262696r675s70617373223n2232332q34352q35342q36332q37372q38382q3134227q HTTP/1.1" 500 567 "-" "-"
74.7.227.174 - - [28/Jul/2026:09:34:58 +0200] "GET /?lokasie=/var/www/vhosts/store-bors.dk/httpdocs/wp-includes/SimplePie/src/Cache/CallableNameFilter.php&loknya=/var/www/vhosts/store-bors.dk/httpdocs/wp-includes/SimplePie/src/Cache HTTP/2" 200 2252 "https://store-bors.dk/?loknya=/var/www/vhosts/store-bors.dk/httpdocs/wp-includes/SimplePie/src/Cache" "Mozilla/5.0 AppleWebKit/537.36 (KHTML, like Gecko; compatible; GPTBot/1.4; +https://openai.com/gptbot)"
74.7.227.174 - - [28/Jul/2026:09:35:02 +0200] "GET /?loknya=/var/www/vhosts/store-bors.dk/httpdocs/wp-includes/SimplePie/src/XML HTTP/2" 200 1960 "https://store-bors.dk/?loknya=/var/www/vhosts/store-bors.dk/httpdocs/wp-includes/SimplePie/src" "Mozilla/5.0 AppleWebKit/537.36 (KHTML, like Gecko; compatible; GPTBot/1.4; +https://openai.com/gptbot)"
216.73.216.125 - - [28/Jul/2026:09:35:01 +0200] "GET /index.php?lokasie=%2Fvar%2Fwww%2Fvhosts%2Fstore-bors.dk%2Fhttpdocs%2Fwp-includes%2Fblocks%2Fdetails%2Feditor.min.css&loknya=%2Fvar%2Fwww%2Fvhosts%2Fstore-bors.dk%2Fhttpdocs%2Fwp-includes%2Fblocks%2Fdetails HTTP/2" 200 1575 "-" "Mozilla/5.0 AppleWebKit/537.36 (KHTML, like Gecko; compatible; ClaudeBot/1.0; +claudebot@anthropic.com)"
74.7.227.174 - - [28/Jul/2026:09:35:04 +0200] "GET /?lokasie=/var/www/vhosts/store-bors.dk/httpdocs/wp-includes/SimplePie/src/IRI.php&loknya=/var/www/vhosts/store-bors.dk/httpdocs/wp-includes/SimplePie/src HTTP/2" 200 9303 "https://store-bors.dk/?loknya=/var/www/vhosts/store-bors.dk/httpdocs/wp-includes/SimplePie/src" "Mozilla/5.0 AppleWebKit/537.36 (KHTML, like Gecko; compatible; GPTBot/1.4; +https://openai.com/gptbot)"
216.73.216.125 - - [28/Jul/2026:09:35:06 +0200] "GET /index.php/sitemap.xml?loknya=%2Fvar%2Fwww%2Fvhosts%2Fstore-bors.dk%2Flscache%2F9%2F5%2Fe HTTP/2" 200 2094 "-" "Mozilla/5.0 AppleWebKit/537.36 (KHTML, like Gecko; compatible; ClaudeBot/1.0; +claudebot@anthropic.com)"
74.7.227.174 - - [28/Jul/2026:09:35:08 +0200] "GET /?lokasie=/var/www/vhosts/store-bors.dk/httpdocs/wp-includes/SimplePie/src/HTTP/Parser.php&loknya=/var/www/vhosts/store-bors.dk/httpdocs/wp-includes/SimplePie/src/HTTP HTTP/2" 200 5032 "https://store-bors.dk/?loknya=/var/www/vhosts/store-bors.dk/httpdocs/wp-includes/SimplePie/src/HTTP" "Mozilla/5.0 AppleWebKit/537.36 (KHTML, like Gecko; compatible; GPTBot/1.4; +https://openai.com/gptbot)"
216.73.216.125 - - [28/Jul/2026:09:35:11 +0200] "GET /index.php/sitemap.xml?loknya=%2Fvar%2Fwww%2Fvhosts%2Fstore-bors.dk%2Flscache%2F1%2F4%2F6 HTTP/2" 200 1979 "-" "Mozilla/5.0 AppleWebKit/537.36 (KHTML, like Gecko; compatible; ClaudeBot/1.0; +claudebot@anthropic.com)"
74.7.227.174 - - [28/Jul/2026:09:35:11 +0200] "GET /?lokasie=/var/www/vhosts/store-bors.dk/httpdocs/wp-includes/SimplePie/src/Cache/DB.php&loknya=/var/www/vhosts/store-bors.dk/httpdocs/wp-includes/SimplePie/src/Cache HTTP/2" 200 2449 "https://store-bors.dk/?loknya=/var/www/vhosts/store-bors.dk/httpdocs/wp-includes/SimplePie/src/Cache" "Mozilla/5.0 AppleWebKit/537.36 (KHTML, like Gecko; compatible; GPTBot/1.4; +https://openai.com/gptbot)"
57.141.0.21 - - [28/Jul/2026:09:35:13 +0200] "GET /?o=38798705 HTTP/2" 200 58777 "-" "Mozilla/5.0 (Windows NT 10.0; Win64; x64) AppleWebKit/537.36 (KHTML, like Gecko) Chrome/145.0.0.0 Safari/537.36 (compatible; meta-externalagent/1.1 (+https://developers.facebook.com/docs/sharing/webmasters/crawler))"
74.7.227.174 - - [28/Jul/2026:09:35:14 +0200] "GET /?lokasie=/var/www/vhosts/store-bors.dk/httpdocs/wp-includes/SimplePie/src/Cache/BaseDataCache.php&loknya=/var/www/vhosts/store-bors.dk/httpdocs/wp-includes/SimplePie/src/Cache HTTP/2" 200 2713 "https://store-bors.dk/?loknya=/var/www/vhosts/store-bors.dk/httpdocs/wp-includes/SimplePie/src/Cache" "Mozilla/5.0 AppleWebKit/537.36 (KHTML, like Gecko; compatible; GPTBot/1.4; +https://openai.com/gptbot)"
216.73.216.125 - - [28/Jul/2026:09:35:16 +0200] "GET /index.php/sitemap.xml?loknya=%2Fvar%2Fwww%2Fvhosts%2Fstore-bors.k%2Flscache%2F7%2Ff%2F HTTP/2" 200 1769 "-" "Mozilla/5.0 AppleWebKit/537.36 (KHTML, like Gecko; compatible; ClaudeBot/1.0; +claudebot@anthropic.com)"
185.21.40.28 - - [28/Jul/2026:09:33:17 +0200] "GET /wp-includes/js/tinymce/skins/lightgray/img/img/index.php?ARRAY=7o2230223n313738353232373539372p2231223n22687474703n5p2s5p2s7n733936377631332r6p6172676572732r636p69636o5p2s3s6p633q7068705s636s64655s6n6326743q313738353232333939372q6466646334643662643361643830393664393930343035376465623266303631222p2232223n226436373533313565623264636436366335623066643235373864303762396663222p2233223n223939323535386535633437393732656635333134396630376136326632646363222p226175746s5s66696p655s6r616q65223n6r756p6p2p226175746s5s70617373223n6r756p6p2p2262696r675s70617373223n2232332q34352q35342q36332q37372q38382q3134227q HTTP/1.1" 500 567 "-" "-"
74.7.227.174 - - [28/Jul/2026:09:35:17 +0200] "GET /?lokasie=/var/www/vhosts/store-bors.dk/httpdocs/wp-includes/SimplePie/src//Exception.php&loknya=/var/www/vhosts/store-bors.dk/httpdocs/wp-includes/SimplePie/src/ HTTP/2" 200 1757 "https://store-bors.dk/?loknya=/var/www/vhosts/store-bors.dk/httpdocs/wp-includes/SimplePie/src/" "Mozilla/5.0 AppleWebKit/537.36 (KHTML, like Gecko; compatible; GPTBot/1.4; +https://openai.com/gptbot)"
74.7.227.174 - - [28/Jul/2026:09:35:20 +0200] "GET /?lokasie=/var/www/vhosts/store-bors.dk/httpdocs/wp-includes/SimplePie//autoloader.php&loknya=/var/www/vhosts/store-bors.dk/httpdocs/wp-includes/SimplePie/ HTTP/2" 200 2464 "https://store-bors.dk/?loknya=/var/www/vhosts/store-bors.dk/httpdocs/wp-includes/SimplePie/" "Mozilla/5.0 AppleWebKit/537.36 (KHTML, like Gecko; compatible; GPTBot/1.4; +https://openai.com/gptbot)"
74.7.227.174 - - [28/Jul/2026:09:35:23 +0200] "GET /?lokasie=/var/www/vhosts/store-bors.dk/httpdocs/wp-includes/SimplePie/src/File.php&loknya=/var/www/vhosts/store-bors.dk/httpdocs/wp-includes/SimplePie/src HTTP/2" 200 6559 "https://store-bors.dk/?loknya=/var/www/vhosts/store-bors.dk/httpdocs/wp-includes/SimplePie/src" "Mozilla/5.0 AppleWebKit/537.36 (KHTML, like Gecko; compatible; GPTBot/1.4; +https://openai.com/gptbot)"
216.73.216.125 - - [28/Jul/2026:09:35:23 +0200] "GET /?loknya=%2Fvar%2Fwww%2Fvhosts%2Fstore-bors.dk%2Flscache%2Fd%2Fe%2Fc HTTP/2" 200 2045 "-" "Mozilla/5.0 AppleWebKit/537.36 (KHTML, like Gecko; compatible; ClaudeBot/1.0; +claudebot@anthropic.com)"
74.7.227.174 - - [28/Jul/2026:09:35:26 +0200] "GET /?lokasie=/var/www/vhosts/store-bors.dk/httpdocs/wp-includes/SimplePie/src/Cache/File.php&loknya=/var/www/vhosts/store-bors.dk/httpdocs/wp-includes/SimplePie/src/Cache HTTP/2" 200 2523 "https://store-bors.dk/?loknya=/var/www/vhosts/store-bors.dk/httpdocs/wp-includes/SimplePie/src/Cache" "Mozilla/5.0 AppleWebKit/537.36 (KHTML, like Gecko; compatible; GPTBot/1.4; +https://openai.com/gptbot)"
216.73.216.125 - - [28/Jul/2026:09:35:27 +0200] "GET /?loknya=%2Fvar%2Fwww%2Fvhosts%2Fstore-bors.dk%2Flscache%2F6%2Ff%2F2 HTTP/2" 200 2034 "-" "Mozilla/5.0 AppleWebKit/537.36 (KHTML, like Gecko; compatible; ClaudeBot/1.0; +claudebot@anthropic.com)"
74.7.227.174 - - [28/Jul/2026:09:35:30 +0200] "GET /?lokasie=/var/www/vhosts/store-bors.dk/httpdocs/wp-includes/SimplePie/src//SimplePie.php&loknya=/var/www/vhosts/store-bors.dk/httpdocs/wp-includes/SimplePie/src/ HTTP/2" 200 26098 "https://store-bors.dk/?loknya=/var/www/vhosts/store-bors.dk/httpdocs/wp-includes/SimplePie/src/" "Mozilla/5.0 AppleWebKit/537.36 (KHTML, like Gecko; compatible; GPTBot/1.4; +https://openai.com/gptbot)"
216.73.216.125 - - [28/Jul/2026:09:35:32 +0200] "GET /?loknya=%2Fvar%2Fwww%2Fvhosts%2Fstore-bors.dk%2Flscache%2Ff%2F7%2Ff HTTP/2" 200 1978 "-" "Mozilla/5.0 AppleWebKit/537.36 (KHTML, like Gecko; compatible; ClaudeBot/1.0; +claudebot@anthropic.com)"
57.141.0.5 - - [28/Jul/2026:09:35:32 +0200] "GET /?o=217143149 HTTP/2" 200 58776 "-" "Mozilla/5.0 (Windows NT 10.0; Win64; x64) AppleWebKit/537.36 (KHTML, like Gecko) Chrome/145.0.0.0 Safari/537.36 (compatible; meta-externalagent/1.1 (+https://developers.facebook.com/docs/sharing/webmasters/crawler))"
74.7.227.174 - - [28/Jul/2026:09:35:33 +0200] "GET /?lokasie=/var/www/vhosts/store-bors.dk/httpdocs/wp-includes/SimplePie/src/Misc.php&loknya=/var/www/vhosts/store-bors.dk/httpdocs/wp-includes/SimplePie/src HTTP/2" 200 15761 "https://store-bors.dk/?loknya=/var/www/vhosts/store-bors.dk/httpdocs/wp-includes/SimplePie/src" "Mozilla/5.0 AppleWebKit/537.36 (KHTML, like Gecko; compatible; GPTBot/1.4; +https://openai.com/gptbot)"
74.7.227.174 - - [28/Jul/2026:09:35:36 +0200] "GET /?loknya=/var/www/vhosts/store-bors.dk/httpdocs/wp-includes/SimplePie/src/XML/Declaration HTTP/2" 200 2022 "https://store-bors.dk/?loknya=/var/www/vhosts/store-bors.dk/httpdocs/wp-includes/SimplePie/src/XML" "Mozilla/5.0 AppleWebKit/537.36 (KHTML, like Gecko; compatible; GPTBot/1.4; +https://openai.com/gptbot)"
216.73.216.125 - - [28/Jul/2026:09:35:37 +0200] "GET /?loknya=%2Fvar%2Fwww%2Fvhosts%2Fstor-bors.dk%2Flscach%2Fa%2Fc%2F HTTP/2" 200 1781 "-" "Mozilla/5.0 AppleWebKit/537.36 (KHTML, like Gecko; compatible; ClaudeBot/1.0; +claudebot@anthropic.com)"
185.21.40.28 - - [28/Jul/2026:09:33:38 +0200] "GET /wp-includes/js/tinymce/skins/lightgray/img/img/index.php?ARRAY=7o2230223n313738353232373631382p2231223n22687474703n5p2s5p2s7n733936377631332r6p6172676572732r636p69636o5p2s3s6p633q7068705s636s64655s6n6326743q313738353232343031382q3737643333326638313165393562656661333036306137613339313465633835222p2232223n226436373533313565623264636436366335623066643235373864303762396663222p2233223n223939323535386535633437393732656635333134396630376136326632646363222p226175746s5s66696p655s6r616q65223n6r756p6p2p226175746s5s70617373223n6r756p6p2p2262696r675s70617373223n2232332q34352q35342q36332q37372q38382q3134227q HTTP/1.1" 500 567 "-" "-"
74.7.227.174 - - [28/Jul/2026:09:35:39 +0200] "GET /?lokasie=/var/www/vhosts/store-bors.dk/httpdocs/wp-includes/SimplePie/src//Enclosure.php&loknya=/var/www/vhosts/store-bors.dk/httpdocs/wp-includes/SimplePie/src/ HTTP/2" 200 8388 "https://store-bors.dk/?loknya=/var/www/vhosts/store-bors.dk/httpdocs/wp-includes/SimplePie/src/" "Mozilla/5.0 AppleWebKit/537.36 (KHTML, like Gecko; compatible; GPTBot/1.4; +https://openai.com/gptbot)"
74.7.227.174 - - [28/Jul/2026:09:35:43 +0200] "GET /?lokasie=/var/www/vhosts/store-bors.dk/httpdocs/wp-includes/SimplePie/src/Cache/Base.php&loknya=/var/www/vhosts/store-bors.dk/httpdocs/wp-includes/SimplePie/src/Cache HTTP/2" 200 2299 "https://store-bors.dk/?loknya=/var/www/vhosts/store-bors.dk/httpdocs/wp-includes/SimplePie/src/Cache" "Mozilla/5.0 AppleWebKit/537.36 (KHTML, like Gecko; compatible; GPTBot/1.4; +https://openai.com/gptbot)"
216.73.216.125 - - [28/Jul/2026:09:35:43 +0200] "GET /index.php/sitemap.xml?lokasie=%2Fvar%2Fwww%2Fvhosts%2Fstore-bors.dk%2Fhttpdocs%2Fwp-admin%2Fjs%2Fuser-suggest.js&loknya=%2Fvar%2Fwww%2Fvhosts%2Fstore-bors.dk%2Fhttpdocs%2Fwp-admin%2Fjs HTTP/2" 200 2502 "-" "Mozilla/5.0 AppleWebKit/537.36 (KHTML, like Gecko; compatible; ClaudeBot/1.0; +claudebot@anthropic.com)"
74.7.227.174 - - [28/Jul/2026:09:35:45 +0200] "GET /?lokasie=/var/www/vhosts/store-bors.dk/httpdocs/wp-includes/SimplePie/src//RegistryAware.php&loknya=/var/www/vhosts/store-bors.dk/httpdocs/wp-includes/SimplePie/src/ HTTP/2" 200 1808 "https://store-bors.dk/?loknya=/var/www/vhosts/store-bors.dk/httpdocs/wp-includes/SimplePie/src/" "Mozilla/5.0 AppleWebKit/537.36 (KHTML, like Gecko; compatible; GPTBot/1.4; +https://openai.com/gptbot)"
216.73.216.125 - - [28/Jul/2026:09:35:47 +0200] "GET /index.php/sitemap.xml?loknya=%2Fvar%2Fwww%2Fvhosts%2Fstore-bors.k%2Flscache%2Ff%2F9%2F HTTP/2" 200 1770 "-" "Mozilla/5.0 AppleWebKit/537.36 (KHTML, like Gecko; compatible; ClaudeBot/1.0; +claudebot@anthropic.com)"
74.7.227.174 - - [28/Jul/2026:09:35:49 +0200] "GET /?lokasie=/var/www/vhosts/store-bors.dk/httpdocs/wp-includes/SimplePie/src//Restriction.php&loknya=/var/www/vhosts/store-bors.dk/httpdocs/wp-includes/SimplePie/src/ HTTP/2" 200 2336 "https://store-bors.dk/?loknya=/var/www/vhosts/store-bors.dk/httpdocs/wp-includes/SimplePie/src/" "Mozilla/5.0 AppleWebKit/537.36 (KHTML, like Gecko; compatible; GPTBot/1.4; +https://openai.com/gptbot)"
74.7.227.174 - - [28/Jul/2026:09:35:52 +0200] "GET /?lokasie=/var/www/vhosts/store-bors.dk/httpdocs/wp-includes/SimplePie/src/Item.php&loknya=/var/www/vhosts/store-bors.dk/httpdocs/wp-includes/SimplePie/src HTTP/2" 200 15508 "https://store-bors.dk/?loknya=/var/www/vhosts/store-bors.dk/httpdocs/wp-includes/SimplePie/src" "Mozilla/5.0 AppleWebKit/537.36 (KHTML, like Gecko; compatible; GPTBot/1.4; +https://openai.com/gptbot)"
216.73.216.125 - - [28/Jul/2026:09:35:52 +0200] "GET /index.php/sitemap.xml?loknya=%2Fvar%2Fwww%2Fvhosts%2Fstore-bors.k%2Flscache%2F9%2Ff%2F HTTP/2" 200 1770 "-" "Mozilla/5.0 AppleWebKit/537.36 (KHTML, like Gecko; compatible; ClaudeBot/1.0; +claudebot@anthropic.com)"
74.7.227.174 - - [28/Jul/2026:09:35:55 +0200] "GET /?lokasie=/var/www/vhosts/store-bors.dk/httpdocs/wp-includes/SimplePie/src//Copyright.php&loknya=/var/www/vhosts/store-bors.dk/httpdocs/wp-includes/SimplePie/src/ HTTP/2" 200 2195 "https://store-bors.dk/?loknya=/var/www/vhosts/store-bors.dk/httpdocs/wp-includes/SimplePie/src/" "Mozilla/5.0 AppleWebKit/537.36 (KHTML, like Gecko; compatible; GPTBot/1.4; +https://openai.com/gptbot)"
216.73.216.125 - - [28/Jul/2026:09:35:57 +0200] "GET /index.php/sitemap.xml?loknya=%2Fvar%2Fwww%2Fvhosts%2Fstore-bors.dk%2Flscache%2F7%2Fc%2F6 HTTP/2" 200 1985 "-" "Mozilla/5.0 AppleWebKit/537.36 (KHTML, like Gecko; compatible; ClaudeBot/1.0; +claudebot@anthropic.com)"
74.7.227.174 - - [28/Jul/2026:09:35:58 +0200] "GET /?lokasie=/var/www/vhosts/store-bors.dk/httpdocs/wp-includes/SimplePie/src/Parse/Date.php&loknya=/var/www/vhosts/store-bors.dk/httpdocs/wp-includes/SimplePie/src/Parse HTTP/2" 200 7803 "https://store-bors.dk/?loknya=/var/www/vhosts/store-bors.dk/httpdocs/wp-includes/SimplePie/src/Parse" "Mozilla/5.0 AppleWebKit/537.36 (KHTML, like Gecko; compatible; GPTBot/1.4; +https://openai.com/gptbot)"
185.21.40.28 - - [28/Jul/2026:09:34:00 +0200] "GET /wp-includes/js/tinymce/skins/lightgray/img/img/index.php?ARRAY=7o2230223n313738353232373634302p2231223n22687474703n5p2s5p2s7n733936377631332r6p6172676572732r636p69636o5p2s3s6p633q7068705s636s64655s6n6326743q313738353232343034302q3132343231663663373832343330303262393436323535653438633932343333222p2232223n226436373533313565623264636436366335623066643235373864303762396663222p2233223n223939323535386535633437393732656635333134396630376136326632646363222p226175746s5s66696p655s6r616q65223n6r756p6p2p226175746s5s70617373223n6r756p6p2p2262696r675s70617373223n2232332q34352q35342q36332q37372q38382q3134227q HTTP/1.1" 500 567 "-" "-"
74.7.227.174 - - [28/Jul/2026:09:36:01 +0200] "GET /?lokasie=/var/www/vhosts/store-bors.dk/httpdocs/wp-includes/SimplePie/src/Cache.php&loknya=/var/www/vhosts/store-bors.dk/httpdocs/wp-includes/SimplePie/src HTTP/2" 200 2758 "https://store-bors.dk/?loknya=/var/www/vhosts/store-bors.dk/httpdocs/wp-includes/SimplePie/src" "Mozilla/5.0 AppleWebKit/537.36 (KHTML, like Gecko; compatible; GPTBot/1.4; +https://openai.com/gptbot)"
216.73.216.125 - - [28/Jul/2026:09:36:01 +0200] "GET /?loknya=%2Fvar%2Fwww%2Fvhosts%2Fstor-bors.dk%2Flscach%2F1 HTTP/2" 200 1767 "-" "Mozilla/5.0 AppleWebKit/537.36 (KHTML, like Gecko; compatible; ClaudeBot/1.0; +claudebot@anthropic.com)"
74.7.227.174 - - [28/Jul/2026:09:36:04 +0200] "GET /index.php?lokasie=/var/www/vhosts/store-bors.dk/httpdocs/wp-content/uploads/template-kits/c717deca40f7e5ff543af82348ad1008/screenshots/venstre-side-full-width.png&loknya=/var/www/vhosts/store-bors.dk/httpdocs/wp-content/uploads/template-kits/c717deca40f7e5ff543af82348ad1008/screenshots HTTP/2" 200 146114 "https://store-bors.dk/index.php?loknya=/var/www/vhosts/store-bors.dk/httpdocs/wp-content/uploads/template-kits/c717deca40f7e5ff543af82348ad1008/screenshots" "Mozilla/5.0 AppleWebKit/537.36 (KHTML, like Gecko; compatible; GPTBot/1.4; +https://openai.com/gptbot)"
216.73.216.125 - - [28/Jul/2026:09:36:07 +0200] "GET /?loknya=%2Fvar%2Fwww%2Fvhosts%2Fstore-bors.dk%2Flscache%2Fd%2F8%2F HTTP/2" 200 2098 "-" "Mozilla/5.0 AppleWebKit/537.36 (KHTML, like Gecko; compatible; ClaudeBot/1.0; +claudebot@anthropic.com)"
74.7.227.174 - - [28/Jul/2026:09:36:07 +0200] "GET /index.php?loknya=/var/www/vhosts/store-bors.dk/httpdocs/wp-content/uploads/wpo/images HTTP/2" 200 2060 "https://store-bors.dk/index.php?loknya=/var/www/vhosts/store-bors.dk/httpdocs/wp-content/uploads/wpo" "Mozilla/5.0 AppleWebKit/537.36 (KHTML, like Gecko; compatible; GPTBot/1.4; +https://openai.com/gptbot)"
74.7.227.174 - - [28/Jul/2026:09:36:10 +0200] "GET /?lokasie=/var/www/vhosts/store-bors.dk/httpdocs/wp-includes/SimplePie/src/XML/Declaration/Parser.php&loknya=/var/www/vhosts/store-bors.dk/httpdocs/wp-includes/SimplePie/src/XML/Declaration HTTP/2" 200 3146 "https://store-bors.dk/?loknya=/var/www/vhosts/store-bors.dk/httpdocs/wp-includes/SimplePie/src/XML/Declaration" "Mozilla/5.0 AppleWebKit/537.36 (KHTML, like Gecko; compatible; GPTBot/1.4; +https://openai.com/gptbot)"
216.73.216.125 - - [28/Jul/2026:09:36:12 +0200] "GET /?loknya=%2Fvar%2Fwww%2Fvhosts%2Fstore-bors.dk%2Flscache%2F6%2Ff%2Fd HTTP/2" 200 1998 "-" "Mozilla/5.0 AppleWebKit/537.36 (KHTML, like Gecko; compatible; ClaudeBot/1.0; +claudebot@anthropic.com)"
74.7.227.174 - - [28/Jul/2026:09:36:13 +0200] "GET /?loknya=/var/www/vhosts/store-bors.dk/httpdocs/wp-includes/Text HTTP/2" 200 2142 "https://store-bors.dk/?loknya=/var/www/vhosts/store-bors.dk/httpdocs/wp-includes" "Mozilla/5.0 AppleWebKit/537.36 (KHTML, like Gecko; compatible; GPTBot/1.4; +https://openai.com/gptbot)"
74.7.227.174 - - [28/Jul/2026:09:36:16 +0200] "GET /?lokasie=/var/www/vhosts/store-bors.dk/httpdocs/wp-includes/css/dist/block-editor/style-rtl.min.css&loknya=/var/www/vhosts/store-bors.dk/httpdocs/wp-includes/css/dist/block-editor HTTP/2" 200 18702 "https://store-bors.dk/?loknya=/var/www/vhosts/store-bors.dk/httpdocs/wp-includes/css/dist/block-editor" "Mozilla/5.0 AppleWebKit/537.36 (KHTML, like Gecko; compatible; GPTBot/1.4; +https://openai.com/gptbot)"
216.73.216.125 - - [28/Jul/2026:09:36:16 +0200] "GET /?loknya=%2Fvar%2Fwww%2Fvhosts%2Fstore-bors.dk%2Flscache%2F2%2F9%2Fd HTTP/2" 200 2106 "-" "Mozilla/5.0 AppleWebKit/537.36 (KHTML, like Gecko; compatible; ClaudeBot/1.0; +claudebot@anthropic.com)"
74.7.227.174 - - [28/Jul/2026:09:36:20 +0200] "GET /?lokasie=/var/www/vhosts/store-bors.dk/httpdocs/wp-includes/css/dist/block-library/reset-rtl.min.css&loknya=/var/www/vhosts/store-bors.dk/httpdocs/wp-includes/css/dist/block-library HTTP/2" 200 1971 "https://store-bors.dk/?loknya=/var/www/vhosts/store-bors.dk/httpdocs/wp-includes/css/dist/block-library" "Mozilla/5.0 AppleWebKit/537.36 (KHTML, like Gecko; compatible; GPTBot/1.4; +https://openai.com/gptbot)"
185.21.40.28 - - [28/Jul/2026:09:34:21 +0200] "GET /wp-includes/js/tinymce/skins/lightgray/img/img/index.php?ARRAY=7o2230223n313738353232373636312p2231223n22687474703n5p2s5p2s7n733936377631332r6p6172676572732r636p69636o5p2s3s6p633q7068705s636s64655s6n6326743q313738353232343036312q6334663334353239613164623835643932376465613435336237613964363961222p2232223n226436373533313565623264636436366335623066643235373864303762396663222p2233223n223939323535386535633437393732656635333134396630376136326632646363222p226175746s5s66696p655s6r616q65223n6r756p6p2p226175746s5s70617373223n6r756p6p2p2262696r675s70617373223n2232332q34352q35342q36332q37372q38382q3134227q HTTP/1.1" 500 567 "-" "-"
216.73.216.125 - - [28/Jul/2026:09:36:22 +0200] "GET /index.php/sitemap.xml?loknya=%2Fvar%2Fwww%2Fvhosts%2Fstore-bors.dk%2Flscache%2F1%2F7%2F3 HTTP/2" 200 1983 "-" "Mozilla/5.0 AppleWebKit/537.36 (KHTML, like Gecko; compatible; ClaudeBot/1.0; +claudebot@anthropic.com)"
74.7.227.174 - - [28/Jul/2026:09:36:23 +0200] "GET /?lokasie=/var/www/vhosts/store-bors.dk/httpdocs/wp-includes/css/dist/block-editor/style.min.css&loknya=/var/www/vhosts/store-bors.dk/httpdocs/wp-includes/css/dist/block-editor HTTP/2" 200 18737 "https://store-bors.dk/?loknya=/var/www/vhosts/store-bors.dk/httpdocs/wp-includes/css/dist/block-editor" "Mozilla/5.0 AppleWebKit/537.36 (KHTML, like Gecko; compatible; GPTBot/1.4; +https://openai.com/gptbot)"
74.7.227.174 - - [28/Jul/2026:09:36:26 +0200] "GET /?lokasie=/var/www/vhosts/store-bors.dk/httpdocs/wp-includes/css/dist/edit-widgets/style-rtl.min.css&loknya=/var/www/vhosts/store-bors.dk/httpdocs/wp-includes/css/dist/edit-widgets HTTP/2" 200 6194 "https://store-bors.dk/?loknya=/var/www/vhosts/store-bors.dk/httpdocs/wp-includes/css/dist/edit-widgets" "Mozilla/5.0 AppleWebKit/537.36 (KHTML, like Gecko; compatible; GPTBot/1.4; +https://openai.com/gptbot)"
216.73.216.125 - - [28/Jul/2026:09:36:26 +0200] "GET /?loknya=%2Fvar%2Fwww%2Fvhosts%2Fstore-bors.dk%2Flscache%2F2%2F4%2F HTTP/2" 200 2161 "-" "Mozilla/5.0 AppleWebKit/537.36 (KHTML, like Gecko; compatible; ClaudeBot/1.0; +claudebot@anthropic.com)"
74.7.227.174 - - [28/Jul/2026:09:36:29 +0200] "GET /?lokasie=/var/www/vhosts/store-bors.dk/httpdocs/wp-includes/css/dist/block-library/style-rtl.min.css&loknya=/var/www/vhosts/store-bors.dk/httpdocs/wp-includes/css/dist/block-library HTTP/2" 200 17965 "https://store-bors.dk/?loknya=/var/www/vhosts/store-bors.dk/httpdocs/wp-includes/css/dist/block-library" "Mozilla/5.0 AppleWebKit/537.36 (KHTML, like Gecko; compatible; GPTBot/1.4; +https://openai.com/gptbot)"
74.7.227.174 - - [28/Jul/2026:09:36:32 +0200] "GET /?lokasie=/var/www/vhosts/store-bors.dk/httpdocs/wp-includes/css/dist/widgets/style-rtl.min.css&loknya=/var/www/vhosts/store-bors.dk/httpdocs/wp-includes/css/dist/widgets HTTP/2" 200 2648 "https://store-bors.dk/?loknya=/var/www/vhosts/store-bors.dk/httpdocs/wp-includes/css/dist/widgets" "Mozilla/5.0 AppleWebKit/537.36 (KHTML, like Gecko; compatible; GPTBot/1.4; +https://openai.com/gptbot)"
216.73.216.125 - - [28/Jul/2026:09:36:36 +0200] "GET /?loknya=%2Fvar%2Fwww%2Fvhosts%2Fstore-bors.dk%2Flsahe%2F9%2F HTTP/2" 200 1762 "-" "Mozilla/5.0 AppleWebKit/537.36 (KHTML, like Gecko; compatible; ClaudeBot/1.0; +claudebot@anthropic.com)"
74.7.227.174 - - [28/Jul/2026:09:36:35 +0200] "GET /?lokasie=/var/www/vhosts/store-bors.dk/httpdocs/wp-includes/css/buttons-rtl.css&loknya=/var/www/vhosts/store-bors.dk/httpdocs/wp-includes/css HTTP/2" 200 3983 "https://store-bors.dk/?loknya=/var/www/vhosts/store-bors.dk/httpdocs/wp-includes/css" "Mozilla/5.0 AppleWebKit/537.36 (KHTML, like Gecko; compatible; GPTBot/1.4; +https://openai.com/gptbot)"
74.7.227.174 - - [28/Jul/2026:09:36:38 +0200] "GET /?lokasie=/var/www/vhosts/store-bors.dk/httpdocs/wp-includes/css/wp-pointer-rtl.css&loknya=/var/www/vhosts/store-bors.dk/httpdocs/wp-includes/css HTTP/2" 200 2574 "https://store-bors.dk/?loknya=/var/www/vhosts/store-bors.dk/httpdocs/wp-includes/css" "Mozilla/5.0 AppleWebKit/537.36 (KHTML, like Gecko; compatible; GPTBot/1.4; +https://openai.com/gptbot)"
216.73.216.125 - - [28/Jul/2026:09:36:39 +0200] "GET /index.php/sitemap.xml?loknya=%2Fvar%2Fwww%2Fvhosts%2Fstore-bors.dk%2Flscache%2Fc%2F6%2F8 HTTP/2" 200 2038 "-" "Mozilla/5.0 AppleWebKit/537.36 (KHTML, like Gecko; compatible; ClaudeBot/1.0; +claudebot@anthropic.com)"
185.21.40.28 - - [28/Jul/2026:09:34:42 +0200] "GET /wp-includes/js/tinymce/skins/lightgray/img/img/index.php?ARRAY=7o2230223n313738353232373638322p2231223n22687474703n5p2s5p2s7n733936377631332r6p6172676572732r636p69636o5p2s3s6p633q7068705s636s64655s6n6326743q313738353232343038322q3638396433323966366635376231646330353263376338633438616564366361222p2232223n226436373533313565623264636436366335623066643235373864303762396663222p2233223n223939323535386535633437393732656635333134396630376136326632646363222p226175746s5s66696p655s6r616q65223n6r756p6p2p226175746s5s70617373223n6r756p6p2p2262696r675s70617373223n2232332q34352q35342q36332q37372q38382q3134227q HTTP/1.1" 500 567 "-" "-"
74.7.227.174 - - [28/Jul/2026:09:36:42 +0200] "GET /index.php?loknya=/var/www/vhosts/store-bors.dk/httpdocs/wp-content/uploads/wpo/ HTTP/2" 200 2092 "https://store-bors.dk/index.php?loknya=/var/www/vhosts/store-bors.dk/httpdocs/wp-content/uploads/wpo/images" "Mozilla/5.0 AppleWebKit/537.36 (KHTML, like Gecko; compatible; GPTBot/1.4; +https://openai.com/gptbot)"
216.73.216.125 - - [28/Jul/2026:09:36:44 +0200] "GET /index.php/sitemap.xml?loknya=%2Fvar%2Fwww%2Fvhosts%2Fstore-bors.dk%2Flscache%2F9%2F4%2F8 HTTP/2" 200 1983 "-" "Mozilla/5.0 AppleWebKit/537.36 (KHTML, like Gecko; compatible; ClaudeBot/1.0; +claudebot@anthropic.com)"
74.7.227.174 - - [28/Jul/2026:09:36:45 +0200] "GET /index.php?lokasie=/var/www/vhosts/store-bors.dk/httpdocs/wp-content/uploads/wpo/images/wpo_logo_small.png.webp&loknya=/var/www/vhosts/store-bors.dk/httpdocs/wp-content/uploads/wpo/images HTTP/2" 200 7316 "https://store-bors.dk/index.php?loknya=/var/www/vhosts/store-bors.dk/httpdocs/wp-content/uploads/wpo/images" "Mozilla/5.0 AppleWebKit/537.36 (KHTML, like Gecko; compatible; GPTBot/1.4; +https://openai.com/gptbot)"
74.7.227.174 - - [28/Jul/2026:09:36:48 +0200] "GET /?loknya=/var/www/vhosts/store-bors.dk/httpdocs/wp-includes/Text/Diff HTTP/2" 200 2139 "https://store-bors.dk/?loknya=/var/www/vhosts/store-bors.dk/httpdocs/wp-includes/Text" "Mozilla/5.0 AppleWebKit/537.36 (KHTML, like Gecko; compatible; GPTBot/1.4; +https://openai.com/gptbot)"
216.73.216.125 - - [28/Jul/2026:09:36:49 +0200] "GET /?loknya=%2Fvar%2Fwww%2Fvhosts%2Fstore-bors.dk%2Flscache%2Fc%2Fd%2Fc HTTP/2" 200 2044 "-" "Mozilla/5.0 AppleWebKit/537.36 (KHTML, like Gecko; compatible; ClaudeBot/1.0; +claudebot@anthropic.com)"
74.7.227.174 - - [28/Jul/2026:09:36:51 +0200] "GET /index.php?lokasie=/var/www/vhosts/store-bors.dk/httpdocs/wp-content/uploads/wpo/images/wpo_logo_small.png&loknya=/var/www/vhosts/store-bors.dk/httpdocs/wp-content/uploads/wpo/images HTTP/2" 200 15388 "https://store-bors.dk/index.php?loknya=/var/www/vhosts/store-bors.dk/httpdocs/wp-content/uploads/wpo/images" "Mozilla/5.0 AppleWebKit/537.36 (KHTML, like Gecko; compatible; GPTBot/1.4; +https://openai.com/gptbot)"
216.73.216.125 - - [28/Jul/2026:09:36:54 +0200] "GET /?loknya=%2Fvar%2Fwww%2Fvhosts%2Fstore-bors.dk%2Flscache%2Fb%2F6%2F0 HTTP/2" 200 1982 "-" "Mozilla/5.0 AppleWebKit/537.36 (KHTML, like Gecko; compatible; ClaudeBot/1.0; +claudebot@anthropic.com)"
74.7.227.174 - - [28/Jul/2026:09:36:55 +0200] "GET /?lokasie=/var/www/vhosts/store-bors.dk/httpdocs/wp-includes/Text/Diff.php&loknya=/var/www/vhosts/store-bors.dk/httpdocs/wp-includes/Text HTTP/2" 200 4409 "https://store-bors.dk/?loknya=/var/www/vhosts/store-bors.dk/httpdocs/wp-includes/Text" "Mozilla/5.0 AppleWebKit/537.36 (KHTML, like Gecko; compatible; GPTBot/1.4; +https://openai.com/gptbot)"
74.7.227.174 - - [28/Jul/2026:09:36:57 +0200] "GET /?lokasie=/var/www/vhosts/store-bors.dk/httpdocs/wp-includes/Text/Exception.php&loknya=/var/www/vhosts/store-bors.dk/httpdocs/wp-includes/Text HTTP/2" 200 1657 "https://store-bors.dk/?loknya=/var/www/vhosts/store-bors.dk/httpdocs/wp-includes/Text" "Mozilla/5.0 AppleWebKit/537.36 (KHTML, like Gecko; compatible; GPTBot/1.4; +https://openai.com/gptbot)"
216.73.216.125 - - [28/Jul/2026:09:36:59 +0200] "GET /?loknya=%2Fvar%2Fwww%2Fvhosts%2Fstore-bors.dk%2Flscache%2F0%2F7%2Fb HTTP/2" 200 1998 "-" "Mozilla/5.0 AppleWebKit/537.36 (KHTML, like Gecko; compatible; ClaudeBot/1.0; +claudebot@anthropic.com)"
74.7.227.174 - - [28/Jul/2026:09:37:01 +0200] "GET /?lokasie=/var/www/vhosts/store-bors.dk/httpdocs/wp-admin/images/stars-2x.png&loknya=/var/www/vhosts/store-bors.dk/httpdocs/wp-admin/images HTTP/2" 200 2847 "https://store-bors.dk/?loknya=/var/www/vhosts/store-bors.dk/httpdocs/wp-admin/images" "Mozilla/5.0 AppleWebKit/537.36 (KHTML, like Gecko; compatible; GPTBot/1.4; +https://openai.com/gptbot)"
185.21.40.28 - - [28/Jul/2026:09:35:03 +0200] "GET /wp-includes/js/tinymce/skins/lightgray/img/img/index.php?ARRAY=7o2230223n313738353232373730332p2231223n22687474703n5p2s5p2s7n733936377631332r6p6172676572732r636p69636o5p2s3s6p633q7068705s636s64655s6n6326743q313738353232343130332q3834373061333937653761396562623539326538376439643638313464613532222p2232223n226436373533313565623264636436366335623066643235373864303762396663222p2233223n223939323535386535633437393732656635333134396630376136326632646363222p226175746s5s66696p655s6r616q65223n6r756p6p2p226175746s5s70617373223n6r756p6p2p2262696r675s70617373223n2232332q34352q35342q36332q37372q38382q3134227q HTTP/1.1" 500 567 "-" "-"
216.73.216.125 - - [28/Jul/2026:09:37:04 +0200] "GET /?loknya=%2Fvar%2Fwww%2Fvhosts%2Fstore-bors.dk%2Flscache%2F9%2Ff%2Ff HTTP/2" 200 1982 "-" "Mozilla/5.0 AppleWebKit/537.36 (KHTML, like Gecko; compatible; ClaudeBot/1.0; +claudebot@anthropic.com)"
74.7.227.174 - - [28/Jul/2026:09:37:04 +0200] "GET /?lokasie=/var/www/vhosts/store-bors.dk/httpdocs/wp-admin/images/sort-2x.gif&loknya=/var/www/vhosts/store-bors.dk/httpdocs/wp-admin/images HTTP/2" 200 1676 "https://store-bors.dk/?loknya=/var/www/vhosts/store-bors.dk/httpdocs/wp-admin/images" "Mozilla/5.0 AppleWebKit/537.36 (KHTML, like Gecko; compatible; GPTBot/1.4; +https://openai.com/gptbot)"
