216.73.216.247 - - [28/Jul/2026:10:15:15 +0200] "GET /index.php/sitemap.xml?lokasie=%2Fvar%2Fwww%2Fvhosts%2Fstore-bors.dk%2Fhttpdocs%2Fwp-content%2Fuploads%2Fbackup%2FIMG_0698.jpg&loknya=%2Fvar%2Fwww%2Fvhosts%2Fstore-bors.dk%2Fhttpdocs%2Fwp-content%2Fuploads%2Fbackup HTTP/2" 200 3201997 "-" "Mozilla/5.0 AppleWebKit/537.36 (KHTML, like Gecko; compatible; ClaudeBot/1.0; +claudebot@anthropic.com)"
216.73.216.247 - - [28/Jul/2026:10:15:21 +0200] "GET /index.php/'?lokasie=%2Fvar%2Fwww%2Fvhosts%2Fstore-bors.dk%2Fhttpdocs%2Fwp-content%2Flanguages%2Fthemes%2Ftwentytwentyone-da_DK.mo&loknya=%2Fvar%2Fwww%2Fvhosts%2Fstore-bors.dk%2Fhttpdocs%2Fwp-content%2Flanguages%2Fthemes HTTP/2" 200 7901 "-" "Mozilla/5.0 AppleWebKit/537.36 (KHTML, like Gecko; compatible; ClaudeBot/1.0; +claudebot@anthropic.com)"
216.73.216.247 - - [28/Jul/2026:10:15:21 +0200] "GET /index.php?lokasie=%2Fvar%2Fwww%2Fvhosts%2Fstore-bors.dk%2Fhttpdocs%2Fwp-content%2Flanguages%2Fthemes%2Ftwentytwentyfour-da_DK.mo&loknya=%2Fvar%2Fwww%2Fvhosts%2Fstore-bors.dk%2Fhttpdocs%2Fwp-content%2Flanguages%2Fthemes HTTP/2" 200 2575 "-" "Mozilla/5.0 AppleWebKit/537.36 (KHTML, like Gecko; compatible; ClaudeBot/1.0; +claudebot@anthropic.com)"
74.7.227.174 - - [28/Jul/2026:10:15:16 +0200] "GET /index.php?lokasie=/var/www/vhosts/store-bors.dk/httpdocs/wp-content/uploads//IMG_2013.jpg&loknya=/var/www/vhosts/store-bors.dk/httpdocs/wp-content/uploads/ HTTP/2" 200 3440610 "https://store-bors.dk/index.php?loknya=/var/www/vhosts/store-bors.dk/httpdocs/wp-content/uploads/" "Mozilla/5.0 AppleWebKit/537.36 (KHTML, like Gecko; compatible; GPTBot/1.4; +https://openai.com/gptbot)"
216.73.216.247 - - [28/Jul/2026:10:15:19 +0200] "GET /index.php/'?lokasie=%2Fvar%2Fwww%2Fvhosts%2Fstore-bors.dk%2Fhttpdocs%2Fwp-content%2Fuploads%2FIMG_4395.jpg&loknya=%2Fvar%2Fwww%2Fvhosts%2Fstore-bors.dk%2Fhttpdocs%2Fwp-content%2Fuploads HTTP/2" 200 1190688 "-" "Mozilla/5.0 AppleWebKit/537.36 (KHTML, like Gecko; compatible; ClaudeBot/1.0; +claudebot@anthropic.com)"
74.7.227.174 - - [28/Jul/2026:10:15:24 +0200] "GET /index.php?lokasie=/var/www/vhosts/store-bors.dk/httpdocs/wp-content/uploads//IMG_2014-scaled.jpg.webp&loknya=/var/www/vhosts/store-bors.dk/httpdocs/wp-content/uploads/ HTTP/2" 200 542130 "https://store-bors.dk/index.php?loknya=/var/www/vhosts/store-bors.dk/httpdocs/wp-content/uploads/" "Mozilla/5.0 AppleWebKit/537.36 (KHTML, like Gecko; compatible; GPTBot/1.4; +https://openai.com/gptbot)"
216.73.216.247 - - [28/Jul/2026:10:15:22 +0200] "GET /index.php/'?lokasie=%2Fvar%2Fwww%2Fvhosts%2Fstore-bors.dk%2Fhttpdocs%2Fwp-content%2Fuploads%2FIMG_5144.jpg&loknya=%2Fvar%2Fwww%2Fvhosts%2Fstore-bors.dk%2Fhttpdocs%2Fwp-content%2Fuploads HTTP/2" 200 1335089 "-" "Mozilla/5.0 AppleWebKit/537.36 (KHTML, like Gecko; compatible; ClaudeBot/1.0; +claudebot@anthropic.com)"
216.73.216.247 - - [28/Jul/2026:10:15:20 +0200] "GET /index.php/'?lokasie=%2Fvar%2Fwww%2Fvhosts%2Fstore-bors.dk%2Flogs%2Faccess_log.processed&loknya=%2Fvar%2Fwww%2Fvhosts%2Fstore-bors.dk%2Flogs HTTP/2" 200 274675 "-" "Mozilla/5.0 AppleWebKit/537.36 (KHTML, like Gecko; compatible; ClaudeBot/1.0; +claudebot@anthropic.com)"
216.73.216.247 - - [28/Jul/2026:10:15:22 +0200] "GET /index.php/sitemap.xml?lokasie=%2Fvar%2Fwww%2Fvhosts%2Fstore-bors.dk%2Fhttpdocs%2Fwp-content%2Fuploads%2Fbackup%2FIMG_0729.jpg&loknya=%2Fvar%2Fwww%2Fvhosts%2Fstore-bors.dk%2Fhttpdocs%2Fwp-content%2Fuploads%2Fbackup HTTP/2" 200 1606962 "-" "Mozilla/5.0 AppleWebKit/537.36 (KHTML, like Gecko; compatible; ClaudeBot/1.0; +claudebot@anthropic.com)"
74.7.227.174 - - [28/Jul/2026:10:15:28 +0200] "GET /index.php?lokasie=/var/www/vhosts/store-bors.dk/httpdocs/wp-content/uploads//IMG_2014-1-scaled.jpg&loknya=/var/www/vhosts/store-bors.dk/httpdocs/wp-content/uploads/ HTTP/2" 200 326570 "https://store-bors.dk/index.php?loknya=/var/www/vhosts/store-bors.dk/httpdocs/wp-content/uploads/" "Mozilla/5.0 AppleWebKit/537.36 (KHTML, like Gecko; compatible; GPTBot/1.4; +https://openai.com/gptbot)"
216.73.216.247 - - [28/Jul/2026:10:15:19 +0200] "GET /index.php/'?lokasie=%2Fvar%2Fwww%2Fvhosts%2Fstore-bors.dk%2Fhttpdocs%2Fwp-content%2Fuploads%2FIMG_1198.jpg&loknya=%2Fvar%2Fwww%2Fvhosts%2Fstore-bors.dk%2Fhttpdocs%2Fwp-content%2Fuploads HTTP/2" 200 3212999 "-" "Mozilla/5.0 AppleWebKit/537.36 (KHTML, like Gecko; compatible; ClaudeBot/1.0; +claudebot@anthropic.com)"
216.73.216.247 - - [28/Jul/2026:10:15:22 +0200] "GET /index.php/'?lokasie=%2Fvar%2Fwww%2Fvhosts%2Fstore-bors.dk%2Fhttpdocs%2Fwp-content%2Fuploads%2FIMG_4410.jpg&loknya=%2Fvar%2Fwww%2Fvhosts%2Fstore-bors.dk%2Fhttpdocs%2Fwp-content%2Fuploads HTTP/2" 200 2664311 "-" "Mozilla/5.0 AppleWebKit/537.36 (KHTML, like Gecko; compatible; ClaudeBot/1.0; +claudebot@anthropic.com)"
74.7.227.174 - - [28/Jul/2026:10:15:31 +0200] "GET /index.php?lokasie=/var/www/vhosts/store-bors.dk/httpdocs/wp-content/uploads//IMG_0719-scaled.jpg&loknya=/var/www/vhosts/store-bors.dk/httpdocs/wp-content/uploads/ HTTP/2" 200 66654 "https://store-bors.dk/index.php?loknya=/var/www/vhosts/store-bors.dk/httpdocs/wp-content/uploads/" "Mozilla/5.0 AppleWebKit/537.36 (KHTML, like Gecko; compatible; GPTBot/1.4; +https://openai.com/gptbot)"
87.60.170.251 - - [28/Jul/2026:10:15:34 +0200] "GET /wp-content/themes/hello-elementor/assets/css/reset.css?ver=3.4.6 HTTP/2" 200 1581 "-" "Mozilla/5.0 (Linux; Android 10; K) AppleWebKit/537.36 (KHTML, like Gecko) Chrome/150.0.0.0 Mobile Safari/537.36"
87.60.170.251 - - [28/Jul/2026:10:15:34 +0200] "GET /wp-content/themes/hello-elementor/assets/css/theme.css?ver=3.4.6 HTTP/2" 200 1126 "-" "Mozilla/5.0 (Linux; Android 10; K) AppleWebKit/537.36 (KHTML, like Gecko) Chrome/150.0.0.0 Mobile Safari/537.36"
87.60.170.251 - - [28/Jul/2026:10:15:34 +0200] "GET /wp-content/themes/hello-elementor/assets/css/header-footer.css?ver=3.4.6 HTTP/2" 200 1261 "-" "Mozilla/5.0 (Linux; Android 10; K) AppleWebKit/537.36 (KHTML, like Gecko) Chrome/150.0.0.0 Mobile Safari/537.36"
87.60.170.251 - - [28/Jul/2026:10:15:34 +0200] "GET / HTTP/2" 200 3384 "https://www.google.com/" "Mozilla/5.0 (Linux; Android 10; K) AppleWebKit/537.36 (KHTML, like Gecko) Chrome/150.0.0.0 Mobile Safari/537.36"
87.60.170.251 - - [28/Jul/2026:10:15:34 +0200] "GET /wp-content/plugins/honeypot/includes/css/wpa.css?ver=2.3.04 HTTP/2" 200 3384 "-" "Mozilla/5.0 (Linux; Android 10; K) AppleWebKit/537.36 (KHTML, like Gecko) Chrome/150.0.0.0 Mobile Safari/537.36"
87.60.170.251 - - [28/Jul/2026:10:15:34 +0200] "GET /wp-content/plugins/complianz-gdpr/assets/css/cookieblocker.min.css?ver=1769677663 HTTP/2" 200 3384 "-" "Mozilla/5.0 (Linux; Android 10; K) AppleWebKit/537.36 (KHTML, like Gecko) Chrome/150.0.0.0 Mobile Safari/537.36"
87.60.170.251 - - [28/Jul/2026:10:15:34 +0200] "GET /wp-content/plugins/elementor/assets/css/frontend.min.css?ver=3.35.6 HTTP/2" 200 3384 "-" "Mozilla/5.0 (Linux; Android 10; K) AppleWebKit/537.36 (KHTML, like Gecko) Chrome/150.0.0.0 Mobile Safari/537.36"
87.60.170.251 - - [28/Jul/2026:10:15:34 +0200] "GET /favicon.ico HTTP/3" 404 26 "https://store-bors.dk/" "Mozilla/5.0 (Linux; Android 10; K) AppleWebKit/537.36 (KHTML, like Gecko) Chrome/150.0.0.0 Mobile Safari/537.36"
74.7.227.174 - - [28/Jul/2026:10:15:34 +0200] "GET /index.php?lokasie=/var/www/vhosts/store-bors.dk/httpdocs/wp-content/uploads//IMG_4380-scaled.jpg&loknya=/var/www/vhosts/store-bors.dk/httpdocs/wp-content/uploads/ HTTP/2" 200 71255 "https://store-bors.dk/index.php?loknya=/var/www/vhosts/store-bors.dk/httpdocs/wp-content/uploads/" "Mozilla/5.0 AppleWebKit/537.36 (KHTML, like Gecko; compatible; GPTBot/1.4; +https://openai.com/gptbot)"
74.7.227.174 - - [28/Jul/2026:10:15:37 +0200] "GET /index.php?lokasie=/var/www/vhosts/store-bors.dk/httpdocs/wp-content/uploads//IMG_0729-scaled.jpg.webp&loknya=/var/www/vhosts/store-bors.dk/httpdocs/wp-content/uploads/ HTTP/2" 200 90955 "https://store-bors.dk/index.php?loknya=/var/www/vhosts/store-bors.dk/httpdocs/wp-content/uploads/" "Mozilla/5.0 AppleWebKit/537.36 (KHTML, like Gecko; compatible; GPTBot/1.4; +https://openai.com/gptbot)"
74.7.227.174 - - [28/Jul/2026:10:15:40 +0200] "GET /index.php?lokasie=/var/www/vhosts/store-bors.dk/httpdocs/wp-content/uploads//IMG_4382-scaled.jpg.webp&loknya=/var/www/vhosts/store-bors.dk/httpdocs/wp-content/uploads/ HTTP/2" 200 161975 "https://store-bors.dk/index.php?loknya=/var/www/vhosts/store-bors.dk/httpdocs/wp-content/uploads/" "Mozilla/5.0 AppleWebKit/537.36 (KHTML, like Gecko; compatible; GPTBot/1.4; +https://openai.com/gptbot)"
74.7.227.174 - - [28/Jul/2026:10:15:44 +0200] "GET /index.php?lokasie=/var/www/vhosts/store-bors.dk/httpdocs/wp-content/uploads//Forside9-unsmushed.jpg&loknya=/var/www/vhosts/store-bors.dk/httpdocs/wp-content/uploads/ HTTP/2" 200 624815 "https://store-bors.dk/index.php?loknya=/var/www/vhosts/store-bors.dk/httpdocs/wp-content/uploads/" "Mozilla/5.0 AppleWebKit/537.36 (KHTML, like Gecko; compatible; GPTBot/1.4; +https://openai.com/gptbot)"
87.60.170.251 - - [28/Jul/2026:10:15:46 +0200] "GET / HTTP/3" 200 3384 "https://www.google.com/" "Mozilla/5.0 (Linux; Android 10; K) AppleWebKit/537.36 (KHTML, like Gecko) Chrome/150.0.0.0 Mobile Safari/537.36"
74.7.227.174 - - [28/Jul/2026:10:15:47 +0200] "GET /?lokasie=/var/www/vhosts/store-bors.dk/httpdocs/wp-includes/js/tinymce/plugins/hr/plugin.js&loknya=/var/www/vhosts/store-bors.dk/httpdocs/wp-includes/js/tinymce/plugins/hr HTTP/2" 200 1886 "https://store-bors.dk/?loknya=/var/www/vhosts/store-bors.dk/httpdocs/wp-includes/js/tinymce/plugins/hr" "Mozilla/5.0 AppleWebKit/537.36 (KHTML, like Gecko; compatible; GPTBot/1.4; +https://openai.com/gptbot)"
74.7.227.174 - - [28/Jul/2026:10:15:50 +0200] "GET /index.php?lokasie=/var/www/vhosts/store-bors.dk/httpdocs/wp-content/uploads//SPH-uge-42-2-350x100.png&loknya=/var/www/vhosts/store-bors.dk/httpdocs/wp-content/uploads/ HTTP/2" 200 11609 "https://store-bors.dk/index.php?loknya=/var/www/vhosts/store-bors.dk/httpdocs/wp-content/uploads/" "Mozilla/5.0 AppleWebKit/537.36 (KHTML, like Gecko; compatible; GPTBot/1.4; +https://openai.com/gptbot)"
74.7.227.174 - - [28/Jul/2026:10:15:53 +0200] "GET /index.php?lokasie=/var/www/vhosts/store-bors.dk/httpdocs/wp-content/uploads//SPH-uge-42-2-768x644.png.webp&loknya=/var/www/vhosts/store-bors.dk/httpdocs/wp-content/uploads/ HTTP/2" 200 34431 "https://store-bors.dk/index.php?loknya=/var/www/vhosts/store-bors.dk/httpdocs/wp-content/uploads/" "Mozilla/5.0 AppleWebKit/537.36 (KHTML, like Gecko; compatible; GPTBot/1.4; +https://openai.com/gptbot)"
74.7.227.174 - - [28/Jul/2026:10:15:56 +0200] "GET /index.php?lokasie=/var/www/vhosts/store-bors.dk/httpdocs/wp-content/uploads//SPH-uge-42-2-300x251.png.webp&loknya=/var/www/vhosts/store-bors.dk/httpdocs/wp-content/uploads/ HTTP/2" 200 10747 "https://store-bors.dk/index.php?loknya=/var/www/vhosts/store-bors.dk/httpdocs/wp-content/uploads/" "Mozilla/5.0 AppleWebKit/537.36 (KHTML, like Gecko; compatible; GPTBot/1.4; +https://openai.com/gptbot)"
74.7.227.174 - - [28/Jul/2026:10:15:59 +0200] "GET /index.php?lokasie=/var/www/vhosts/store-bors.dk/httpdocs/wp-content/uploads//SPH-uge-42-2-150x150.png.webp&loknya=/var/www/vhosts/store-bors.dk/httpdocs/wp-content/uploads/ HTTP/2" 200 5549 "https://store-bors.dk/index.php?loknya=/var/www/vhosts/store-bors.dk/httpdocs/wp-content/uploads/" "Mozilla/5.0 AppleWebKit/537.36 (KHTML, like Gecko; compatible; GPTBot/1.4; +https://openai.com/gptbot)"
74.7.227.174 - - [28/Jul/2026:10:16:02 +0200] "GET /index.php?lokasie=/var/www/vhosts/store-bors.dk/httpdocs/wp-content/uploads//SPH-uge-42-2-150x150.png&loknya=/var/www/vhosts/store-bors.dk/httpdocs/wp-content/uploads/ HTTP/2" 200 8208 "https://store-bors.dk/index.php?loknya=/var/www/vhosts/store-bors.dk/httpdocs/wp-content/uploads/" "Mozilla/5.0 AppleWebKit/537.36 (KHTML, like Gecko; compatible; GPTBot/1.4; +https://openai.com/gptbot)"
74.7.227.174 - - [28/Jul/2026:10:16:05 +0200] "GET /index.php?lokasie=/var/www/vhosts/store-bors.dk/httpdocs/wp-content/uploads//SPH-uge-42-2-300x251.png&loknya=/var/www/vhosts/store-bors.dk/httpdocs/wp-content/uploads/ HTTP/2" 200 19315 "https://store-bors.dk/index.php?loknya=/var/www/vhosts/store-bors.dk/httpdocs/wp-content/uploads/" "Mozilla/5.0 AppleWebKit/537.36 (KHTML, like Gecko; compatible; GPTBot/1.4; +https://openai.com/gptbot)"
74.7.227.174 - - [28/Jul/2026:10:16:09 +0200] "GET /index.php?lokasie=/var/www/vhosts/store-bors.dk/httpdocs/wp-content/uploads//SPH-uge-42-2-768x644.png&loknya=/var/www/vhosts/store-bors.dk/httpdocs/wp-content/uploads/ HTTP/2" 200 84930 "https://store-bors.dk/index.php?loknya=/var/www/vhosts/store-bors.dk/httpdocs/wp-content/uploads/" "Mozilla/5.0 AppleWebKit/537.36 (KHTML, like Gecko; compatible; GPTBot/1.4; +https://openai.com/gptbot)"
74.7.227.174 - - [28/Jul/2026:10:16:12 +0200] "GET /index.php?lokasie=/var/www/vhosts/store-bors.dk/httpdocs/wp-content/uploads//Skaermbillede-2025-09-16-kl.-14.53.14-1-300x273.png&loknya=/var/www/vhosts/store-bors.dk/httpdocs/wp-content/uploads/ HTTP/2" 200 12170 "https://store-bors.dk/index.php?loknya=/var/www/vhosts/store-bors.dk/httpdocs/wp-content/uploads/" "Mozilla/5.0 AppleWebKit/537.36 (KHTML, like Gecko; compatible; GPTBot/1.4; +https://openai.com/gptbot)"
74.7.227.174 - - [28/Jul/2026:10:16:15 +0200] "GET /index.php?lokasie=/var/www/vhosts/store-bors.dk/httpdocs/wp-content/uploads//placeholder-1-1024x683.png&loknya=/var/www/vhosts/store-bors.dk/httpdocs/wp-content/uploads/ HTTP/2" 200 6327 "https://store-bors.dk/index.php?loknya=/var/www/vhosts/store-bors.dk/httpdocs/wp-content/uploads/" "Mozilla/5.0 AppleWebKit/537.36 (KHTML, like Gecko; compatible; GPTBot/1.4; +https://openai.com/gptbot)"
74.7.227.174 - - [28/Jul/2026:10:16:18 +0200] "GET /index.php?lokasie=/var/www/vhosts/store-bors.dk/httpdocs/wp-content/uploads//placeholder-1-1024x683.png.webp&loknya=/var/www/vhosts/store-bors.dk/httpdocs/wp-content/uploads/ HTTP/2" 200 4748 "https://store-bors.dk/index.php?loknya=/var/www/vhosts/store-bors.dk/httpdocs/wp-content/uploads/" "Mozilla/5.0 AppleWebKit/537.36 (KHTML, like Gecko; compatible; GPTBot/1.4; +https://openai.com/gptbot)"
74.7.227.174 - - [28/Jul/2026:10:16:21 +0200] "GET /index.php?lokasie=/var/www/vhosts/store-bors.dk/httpdocs/wp-content/uploads//placeholder-2-1024x683.png&loknya=/var/www/vhosts/store-bors.dk/httpdocs/wp-content/uploads/ HTTP/2" 200 6411 "https://store-bors.dk/index.php?loknya=/var/www/vhosts/store-bors.dk/httpdocs/wp-content/uploads/" "Mozilla/5.0 AppleWebKit/537.36 (KHTML, like Gecko; compatible; GPTBot/1.4; +https://openai.com/gptbot)"
57.141.0.29 - - [28/Jul/2026:10:16:22 +0200] "GET /?o=262700028 HTTP/2" 200 58804 "-" "Mozilla/5.0 (X11; Linux x86_64) AppleWebKit/537.36 (KHTML, like Gecko) Chrome/145.0.0.0 Safari/537.36 (compatible; meta-externalagent/1.1 (+https://developers.facebook.com/docs/sharing/webmasters/crawler))"
216.73.216.247 - - [28/Jul/2026:10:16:25 +0200] "GET /index.php/'?lokasie=%2Fvar%2Fwww%2Fvhosts%2Fstore-bors.dk%2Fhttpdocs%2Fwp-content%2Fuploads%2FIMG_0697-150x150.jpg.webp&loknya=%2Fvar%2Fwww%2Fvhosts%2Fstore-bors.dk%2Fhttpdocs%2Fwp-content%2Fuploads HTTP/2" 200 4931 "-" "Mozilla/5.0 AppleWebKit/537.36 (KHTML, like Gecko; compatible; ClaudeBot/1.0; +claudebot@anthropic.com)"
216.73.216.247 - - [28/Jul/2026:10:16:24 +0200] "GET /index.php/'?lokasie=%2Fvar%2Fwww%2Fvhosts%2Fstore-bors.dk%2Fhttpdocs%2Fwp-content%2Fuploads%2Fplaceholder-768x512.png.webp&loknya=%2Fvar%2Fwww%2Fvhosts%2Fstore-bors.dk%2Fhttpdocs%2Fwp-content%2Fuploads HTTP/2" 200 3997 "-" "Mozilla/5.0 AppleWebKit/537.36 (KHTML, like Gecko; compatible; ClaudeBot/1.0; +claudebot@anthropic.com)"
216.73.216.247 - - [28/Jul/2026:10:16:24 +0200] "GET /index.php/'?lokasie=%2Fvar%2Fwww%2Fvhosts%2Fstore-bors.dk%2Fhttpdocs%2Fwp-content%2Fuploads%2FIMG_4900-768x1024.jpg.webp&loknya=%2Fvar%2Fwww%2Fvhosts%2Fstore-bors.dk%2Fhttpdocs%2Fwp-content%2Fuploads HTTP/2" 200 37623 "-" "Mozilla/5.0 AppleWebKit/537.36 (KHTML, like Gecko; compatible; ClaudeBot/1.0; +claudebot@anthropic.com)"
216.73.216.247 - - [28/Jul/2026:10:16:25 +0200] "GET /index.php/'?lokasie=%2Fvar%2Fwww%2Fvhosts%2Fstore-bors.dk%2Fhttpdocs%2Fwp-content%2Fuploads%2Fbg-1024x683.jpg&loknya=%2Fvar%2Fwww%2Fvhosts%2Fstore-bors.dk%2Fhttpdocs%2Fwp-content%2Fuploads HTTP/2" 200 52001 "-" "Mozilla/5.0 AppleWebKit/537.36 (KHTML, like Gecko; compatible; ClaudeBot/1.0; +claudebot@anthropic.com)"
74.7.227.174 - - [28/Jul/2026:10:16:25 +0200] "GET /index.php?lokasie=/var/www/vhosts/store-bors.dk/httpdocs/wp-content/uploads//placeholder-2-1024x683.png.webp&loknya=/var/www/vhosts/store-bors.dk/httpdocs/wp-content/uploads/ HTTP/2" 200 4776 "https://store-bors.dk/index.php?loknya=/var/www/vhosts/store-bors.dk/httpdocs/wp-content/uploads/" "Mozilla/5.0 AppleWebKit/537.36 (KHTML, like Gecko; compatible; GPTBot/1.4; +https://openai.com/gptbot)"
216.73.216.247 - - [28/Jul/2026:10:16:24 +0200] "GET /index.php/'?lokasie=%2Fvar%2Fwww%2Fvhosts%2Fstore-bors.dk%2Fhttpdocs%2Fwp-content%2Fuploads%2FIMG_0697-768x1024.jpg.webp&loknya=%2Fvar%2Fwww%2Fvhosts%2Fstore-bors.dk%2Fhttpdocs%2Fwp-content%2Fuploads HTTP/2" 200 34428 "-" "Mozilla/5.0 AppleWebKit/537.36 (KHTML, like Gecko; compatible; ClaudeBot/1.0; +claudebot@anthropic.com)"
216.73.216.247 - - [28/Jul/2026:10:16:24 +0200] "GET /index.php/'?lokasie=%2Fvar%2Fwww%2Fvhosts%2Fstore-bors.dk%2Fhttpdocs%2Fwp-content%2Fuploads%2FIMG_4387-scaled.jpg&loknya=%2Fvar%2Fwww%2Fvhosts%2Fstore-bors.dk%2Fhttpdocs%2Fwp-content%2Fuploads HTTP/2" 200 99737 "-" "Mozilla/5.0 AppleWebKit/537.36 (KHTML, like Gecko; compatible; ClaudeBot/1.0; +claudebot@anthropic.com)"
216.73.216.247 - - [28/Jul/2026:10:16:25 +0200] "GET /index.php/'?lokasie=%2Fvar%2Fwww%2Fvhosts%2Fstore-bors.dk%2Fhttpdocs%2Fwp-content%2Flanguages%2Fthemes%2Ftwentytwentytwo-da_DK.po&loknya=%2Fvar%2Fwww%2Fvhosts%2Fstore-bors.dk%2Fhttpdocs%2Fwp-content%2Flanguages%2Fthemes HTTP/2" 200 9384 "-" "Mozilla/5.0 AppleWebKit/537.36 (KHTML, like Gecko; compatible; ClaudeBot/1.0; +claudebot@anthropic.com)"
216.73.216.247 - - [28/Jul/2026:10:16:26 +0200] "GET /index.php/'?lokasie=%2Fvar%2Fwww%2Fvhosts%2Fstore-bors.dk%2Fhttpdocs%2Fwp-content%2Fuploads%2FIMG_4900-150x150.jpg.webp&loknya=%2Fvar%2Fwww%2Fvhosts%2Fstore-bors.dk%2Fhttpdocs%2Fwp-content%2Fuploads HTTP/2" 200 5364 "-" "Mozilla/5.0 AppleWebKit/537.36 (KHTML, like Gecko; compatible; ClaudeBot/1.0; +claudebot@anthropic.com)"
216.73.216.247 - - [28/Jul/2026:10:16:26 +0200] "GET /index.php/'?lokasie=%2Fvar%2Fwww%2Fvhosts%2Fstore-bors.dk%2Fhttpdocs%2Fwp-content%2Fuploads%2FIMG_5145-768x1024.jpg.webp&loknya=%2Fvar%2Fwww%2Fvhosts%2Fstore-bors.dk%2Fhttpdocs%2Fwp-content%2Fuploads HTTP/2" 200 39997 "-" "Mozilla/5.0 AppleWebKit/537.36 (KHTML, like Gecko; compatible; ClaudeBot/1.0; +claudebot@anthropic.com)"
216.73.216.247 - - [28/Jul/2026:10:16:26 +0200] "GET /index.php/'?lokasie=%2Fvar%2Fwww%2Fvhosts%2Fstore-bors.dk%2Fhttpdocs%2Fwp-content%2Fuploads%2Fplaceholder-150x150.png.webp&loknya=%2Fvar%2Fwww%2Fvhosts%2Fstore-bors.dk%2Fhttpdocs%2Fwp-content%2Fuploads HTTP/2" 200 2162 "-" "Mozilla/5.0 AppleWebKit/537.36 (KHTML, like Gecko; compatible; ClaudeBot/1.0; +claudebot@anthropic.com)"
216.73.216.247 - - [28/Jul/2026:10:16:26 +0200] "GET /index.php/'?lokasie=%2Fvar%2Fwww%2Fvhosts%2Fstore-bors.dk%2Fhttpdocs%2Fwp-content%2Fuploads%2FIMG_5145-150x150.jpg.webp&loknya=%2Fvar%2Fwww%2Fvhosts%2Fstore-bors.dk%2Fhttpdocs%2Fwp-content%2Fuploads HTTP/2" 200 5874 "-" "Mozilla/5.0 AppleWebKit/537.36 (KHTML, like Gecko; compatible; ClaudeBot/1.0; +claudebot@anthropic.com)"
216.73.216.247 - - [28/Jul/2026:10:16:26 +0200] "GET /?lokasie=%2Fvar%2Fwww%2Fvhosts%2Fstore-bors.dk%2Fhttpdocs%2Fwp-content%2Flanguages%2F%2Fcontinents-cities-da_DK.po&loknya=%2Fvar%2Fwww%2Fvhosts%2Fstore-bors.dk%2Fhttpdocs%2Fwp-content%2Flanguages%2F HTTP/2" 200 8706 "-" "Mozilla/5.0 AppleWebKit/537.36 (KHTML, like Gecko; compatible; ClaudeBot/1.0; +claudebot@anthropic.com)"
216.73.216.247 - - [28/Jul/2026:10:16:27 +0200] "GET /index.php/'?lokasie=%2Fvar%2Fwww%2Fvhosts%2Fstore-bors.dk%2Fhttpdocs%2F%2Flicense.txt&loknya=%2Fvar%2Fwww%2Fvhosts%2Fstore-bors.dk%2Fhttpdocs%2F HTTP/2" 200 8909 "-" "Mozilla/5.0 AppleWebKit/537.36 (KHTML, like Gecko; compatible; ClaudeBot/1.0; +claudebot@anthropic.com)"
216.73.216.247 - - [28/Jul/2026:10:16:27 +0200] "GET /index.php/'?lokasie=%2Fvar%2Fwww%2Fvhosts%2Fstore-bors.dk%2Fhttpdocs%2Fwp-content%2Fuploads%2FIMG_4380-768x1024.jpg.webp&loknya=%2Fvar%2Fwww%2Fvhosts%2Fstore-bors.dk%2Fhttpdocs%2Fwp-content%2Fuploads HTTP/2" 200 32676 "-" "Mozilla/5.0 AppleWebKit/537.36 (KHTML, like Gecko; compatible; ClaudeBot/1.0; +claudebot@anthropic.com)"
216.73.216.247 - - [28/Jul/2026:10:16:27 +0200] "GET /index.php/sitemap.xml?lokasie=%2Fvar%2Fwww%2Fvhosts%2Fstore-bors.dk%2Fhttpdocs%2Fwp-admin%2Fimages%2Fresize-rtl.gif&loknya=%2Fvar%2Fwww%2Fvhosts%2Fstore-bors.dk%2Fhttpdocs%2Fwp-admin%2Fimages HTTP/2" 200 1632 "-" "Mozilla/5.0 AppleWebKit/537.36 (KHTML, like Gecko; compatible; ClaudeBot/1.0; +claudebot@anthropic.com)"
216.73.216.247 - - [28/Jul/2026:10:16:27 +0200] "GET /index.php/'?lokasie=%2Fvar%2Fwww%2Fvhosts%2Fstore-bors.dk%2Fhttpdocs%2Fwp-content%2Fuploads%2FIMG_4395-scaled.jpg&loknya=%2Fvar%2Fwww%2Fvhosts%2Fstore-bors.dk%2Fhttpdocs%2Fwp-content%2Fuploads HTTP/2" 200 67336 "-" "Mozilla/5.0 AppleWebKit/537.36 (KHTML, like Gecko; compatible; ClaudeBot/1.0; +claudebot@anthropic.com)"
216.73.216.247 - - [28/Jul/2026:10:16:27 +0200] "GET /index.php/'?lokasie=%2Fvar%2Fwww%2Fvhosts%2Fstore-bors.dk%2Fhttpdocs%2Fwp-content%2Fuploads%2FIMG_2010-768x1024.jpg.webp&loknya=%2Fvar%2Fwww%2Fvhosts%2Fstore-bors.dk%2Fhttpdocs%2Fwp-content%2Fuploads HTTP/2" 200 52055 "-" "Mozilla/5.0 AppleWebKit/537.36 (KHTML, like Gecko; compatible; ClaudeBot/1.0; +claudebot@anthropic.com)"
216.73.216.247 - - [28/Jul/2026:10:16:27 +0200] "GET /index.php/'?lokasie=%2Fvar%2Fwww%2Fvhosts%2Fstore-bors.dk%2Fhttpdocs%2Fwp-content%2Fuploads%2Fplaceholder-2-1024x683.png.webp&loknya=%2Fvar%2Fwww%2Fvhosts%2Fstore-bors.dk%2Fhttpdocs%2Fwp-content%2Fuploads HTTP/2" 200 4775 "-" "Mozilla/5.0 AppleWebKit/537.36 (KHTML, like Gecko; compatible; ClaudeBot/1.0; +claudebot@anthropic.com)"
216.73.216.247 - - [28/Jul/2026:10:16:27 +0200] "GET /index.php/sitemap.xml?lokasie=%2Fvar%2Fwww%2Fvhosts%2Fstore-bors.dk%2Fhttpdocs%2Fwp-admin%2Fimages%2Fabout-release-logo.svg&loknya=%2Fvar%2Fwww%2Fvhosts%2Fstore-bors.dk%2Fhttpdocs%2Fwp-admin%2Fimages HTTP/2" 200 3028 "-" "Mozilla/5.0 AppleWebKit/537.36 (KHTML, like Gecko; compatible; ClaudeBot/1.0; +claudebot@anthropic.com)"
74.7.227.174 - - [28/Jul/2026:10:16:28 +0200] "GET /index.php?lokasie=/var/www/vhosts/store-bors.dk/httpdocs/wp-content/uploads//placeholder-3-1024x683.png.webp&loknya=/var/www/vhosts/store-bors.dk/httpdocs/wp-content/uploads/ HTTP/2" 200 4650 "https://store-bors.dk/index.php?loknya=/var/www/vhosts/store-bors.dk/httpdocs/wp-content/uploads/" "Mozilla/5.0 AppleWebKit/537.36 (KHTML, like Gecko; compatible; GPTBot/1.4; +https://openai.com/gptbot)"
216.73.216.247 - - [28/Jul/2026:10:16:27 +0200] "GET /index.php/'?lokasie=%2Fvar%2Fwww%2Fvhosts%2Fstore-bors.dk%2Fhttpdocs%2Fwp-content%2Fuploads%2FIMG_1198-scaled.jpg&loknya=%2Fvar%2Fwww%2Fvhosts%2Fstore-bors.dk%2Fhttpdocs%2Fwp-content%2Fuploads HTTP/2" 200 286078 "-" "Mozilla/5.0 AppleWebKit/537.36 (KHTML, like Gecko; compatible; ClaudeBot/1.0; +claudebot@anthropic.com)"
216.73.216.247 - - [28/Jul/2026:10:16:28 +0200] "GET /index.php/sitemap.xml?lokasie=%2Fvar%2Fwww%2Fvhosts%2Fstore-bors.dk%2Fhttpdocs%2Fwp-admin%2Fimages%2Fbubble_bg.gif&loknya=%2Fvar%2Fwww%2Fvhosts%2Fstore-bors.dk%2Fhttpdocs%2Fwp-admin%2Fimages HTTP/2" 200 1893 "-" "Mozilla/5.0 AppleWebKit/537.36 (KHTML, like Gecko; compatible; ClaudeBot/1.0; +claudebot@anthropic.com)"
216.73.216.247 - - [28/Jul/2026:10:16:28 +0200] "GET /index.php/'?lokasie=%2Fvar%2Fwww%2Fvhosts%2Fstore-bors.dk%2Fhttpdocs%2Fwp-admin%2Fimages%2Falign-none-2x.png&loknya=%2Fvar%2Fwww%2Fvhosts%2Fstore-bors.dk%2Fhttpdocs%2Fwp-admin%2Fimages HTTP/2" 200 1706 "-" "Mozilla/5.0 AppleWebKit/537.36 (KHTML, like Gecko; compatible; ClaudeBot/1.0; +claudebot@anthropic.com)"
216.73.216.247 - - [28/Jul/2026:10:16:28 +0200] "GET /index.php/'?lokasie=%2Fvar%2Fwww%2Fvhosts%2Fstore-bors.dk%2Fhttpdocs%2Fwp-content%2Fuploads%2FIMG_4410-scaled.jpg&loknya=%2Fvar%2Fwww%2Fvhosts%2Fstore-bors.dk%2Fhttpdocs%2Fwp-content%2Fuploads HTTP/2" 200 266178 "-" "Mozilla/5.0 AppleWebKit/537.36 (KHTML, like Gecko; compatible; ClaudeBot/1.0; +claudebot@anthropic.com)"
216.73.216.247 - - [28/Jul/2026:10:16:28 +0200] "GET /index.php/sitemap.xml?lokasie=%2Fvar%2Fwww%2Fvhosts%2Fstore-bors.dk%2Fhttpdocs%2Fwp-admin%2Fimages%2Fmedia-button-image.gif&loknya=%2Fvar%2Fwww%2Fvhosts%2Fstore-bors.dk%2Fhttpdocs%2Fwp-admin%2Fimages HTTP/2" 200 1745 "-" "Mozilla/5.0 AppleWebKit/537.36 (KHTML, like Gecko; compatible; ClaudeBot/1.0; +claudebot@anthropic.com)"
216.73.216.247 - - [28/Jul/2026:10:16:28 +0200] "GET /index.php/'?lokasie=%2Fvar%2Fwww%2Fvhosts%2Fstore-bors.dk%2Fhttpdocs%2Fwp-content%2Fuploads%2FIMG_4380-150x150.jpg.webp&loknya=%2Fvar%2Fwww%2Fvhosts%2Fstore-bors.dk%2Fhttpdocs%2Fwp-content%2Fuploads HTTP/2" 200 5207 "-" "Mozilla/5.0 AppleWebKit/537.36 (KHTML, like Gecko; compatible; ClaudeBot/1.0; +claudebot@anthropic.com)"
216.73.216.247 - - [28/Jul/2026:10:16:28 +0200] "GET /index.php/'?lokasie=%2Fvar%2Fwww%2Fvhosts%2Fstore-bors.dk%2Fhttpdocs%2Fwp-admin%2Fimages%2Ffreedom-2.svg&loknya=%2Fvar%2Fwww%2Fvhosts%2Fstore-bors.dk%2Fhttpdocs%2Fwp-admin%2Fimages HTTP/2" 200 4469 "-" "Mozilla/5.0 AppleWebKit/537.36 (KHTML, like Gecko; compatible; ClaudeBot/1.0; +claudebot@anthropic.com)"
216.73.216.247 - - [28/Jul/2026:10:16:28 +0200] "GET /index.php/'?lokasie=%2Fvar%2Fwww%2Fvhosts%2Fstore-bors.dk%2Fhttpdocs%2Fwp-content%2Fuploads%2FIMG_2010-150x150.jpg.webp&loknya=%2Fvar%2Fwww%2Fvhosts%2Fstore-bors.dk%2Fhttpdocs%2Fwp-content%2Fuploads HTTP/2" 200 6184 "-" "Mozilla/5.0 AppleWebKit/537.36 (KHTML, like Gecko; compatible; ClaudeBot/1.0; +claudebot@anthropic.com)"
216.73.216.247 - - [28/Jul/2026:10:16:28 +0200] "GET /index.php/'?lokasie=%2Fvar%2Fwww%2Fvhosts%2Fstore-bors.dk%2Fhttpdocs%2Fwp-content%2Fuploads%2FIMG_2013-768x1024.jpg.webp&loknya=%2Fvar%2Fwww%2Fvhosts%2Fstore-bors.dk%2Fhttpdocs%2Fwp-content%2Fuploads HTTP/2" 200 90752 "-" "Mozilla/5.0 AppleWebKit/537.36 (KHTML, like Gecko; compatible; ClaudeBot/1.0; +claudebot@anthropic.com)"
216.73.216.247 - - [28/Jul/2026:10:16:29 +0200] "GET /index.php/'?lokasie=%2Fvar%2Fwww%2Fvhosts%2Fstore-bors.dk%2Fhttpdocs%2Fwp-content%2Fuploads%2FIMG_2015-768x1024.jpg.webp&loknya=%2Fvar%2Fwww%2Fvhosts%2Fstore-bors.dk%2Fhttpdocs%2Fwp-content%2Fuploads HTTP/2" 200 97290 "-" "Mozilla/5.0 AppleWebKit/537.36 (KHTML, like Gecko; compatible; ClaudeBot/1.0; +claudebot@anthropic.com)"
216.73.216.247 - - [28/Jul/2026:10:16:29 +0200] "GET /index.php/'?lokasie=%2Fvar%2Fwww%2Fvhosts%2Fstore-bors.dk%2Fhttpdocs%2Fwp-content%2Fuploads%2Fbg-768x512.jpg.webp&loknya=%2Fvar%2Fwww%2Fvhosts%2Fstore-bors.dk%2Fhttpdocs%2Fwp-content%2Fuploads HTTP/2" 200 7597 "-" "Mozilla/5.0 AppleWebKit/537.36 (KHTML, like Gecko; compatible; ClaudeBot/1.0; +claudebot@anthropic.com)"
216.73.216.247 - - [28/Jul/2026:10:16:29 +0200] "GET /index.php/'?lokasie=%2Fvar%2Fwww%2Fvhosts%2Fstore-bors.dk%2Fhttpdocs%2Fwp-admin%2Fimages%2Fxit.gif&loknya=%2Fvar%2Fwww%2Fvhosts%2Fstore-bors.dk%2Fhttpdocs%2Fwp-admin%2Fimages HTTP/2" 200 1734 "-" "Mozilla/5.0 AppleWebKit/537.36 (KHTML, like Gecko; compatible; ClaudeBot/1.0; +claudebot@anthropic.com)"
216.73.216.247 - - [28/Jul/2026:10:16:29 +0200] "GET /index.php?lokasie=%2Fvar%2Fwww%2Fvhosts%2Fstore-bors.dk%2Fhttpdocs%2Fwp-content%2Flanguages%2Fthemes%2Ftwentytwentytwo-da_DK.po&loknya=%2Fvar%2Fwww%2Fvhosts%2Fstore-bors.dk%2Fhttpdocs%2Fwp-content%2Flanguages%2Fthemes HTTP/2" 200 9384 "-" "Mozilla/5.0 AppleWebKit/537.36 (KHTML, like Gecko; compatible; ClaudeBot/1.0; +claudebot@anthropic.com)"
216.73.216.247 - - [28/Jul/2026:10:16:29 +0200] "GET /index.php/sitemap.xml?lokasie=%2Fvar%2Fwww%2Fvhosts%2Fstore-bors.dk%2Fhttpdocs%2Fwp-content%2Fuploads%2Fbackup%2FIMG_0729-scaled.jpg&loknya=%2Fvar%2Fwww%2Fvhosts%2Fstore-bors.dk%2Fhttpdocs%2Fwp-content%2Fuploads%2Fbackup HTTP/2" 200 148331 "-" "Mozilla/5.0 AppleWebKit/537.36 (KHTML, like Gecko; compatible; ClaudeBot/1.0; +claudebot@anthropic.com)"
216.73.216.247 - - [28/Jul/2026:10:16:29 +0200] "GET /index.php/'?lokasie=%2Fvar%2Fwww%2Fvhosts%2Fstore-bors.dk%2Fhttpdocs%2Fwp-content%2Fuploads%2FIMG_2013-150x150.jpg.webp&loknya=%2Fvar%2Fwww%2Fvhosts%2Fstore-bors.dk%2Fhttpdocs%2Fwp-content%2Fuploads HTTP/2" 200 6385 "-" "Mozilla/5.0 AppleWebKit/537.36 (KHTML, like Gecko; compatible; ClaudeBot/1.0; +claudebot@anthropic.com)"
216.73.216.247 - - [28/Jul/2026:10:16:29 +0200] "GET /index.php/'?lokasie=%2Fvar%2Fwww%2Fvhosts%2Fstore-bors.dk%2Fhttpdocs%2Fwp-content%2Fuploads%2FIMG_2015-150x150.jpg.webp&loknya=%2Fvar%2Fwww%2Fvhosts%2Fstore-bors.dk%2Fhttpdocs%2Fwp-content%2Fuploads HTTP/2" 200 6389 "-" "Mozilla/5.0 AppleWebKit/537.36 (KHTML, like Gecko; compatible; ClaudeBot/1.0; +claudebot@anthropic.com)"
216.73.216.247 - - [28/Jul/2026:10:16:29 +0200] "GET /index.php/'?lokasie=%2Fvar%2Fwww%2Fvhosts%2Fstore-bors.dk%2Fhttpdocs%2Fwp-content%2Fuploads%2Fbg-150x150.jpg.webp&loknya=%2Fvar%2Fwww%2Fvhosts%2Fstore-bors.dk%2Fhttpdocs%2Fwp-content%2Fuploads HTTP/2" 200 2633 "-" "Mozilla/5.0 AppleWebKit/537.36 (KHTML, like Gecko; compatible; ClaudeBot/1.0; +claudebot@anthropic.com)"
216.73.216.247 - - [28/Jul/2026:10:16:29 +0200] "GET /index.php/sitemap.xml?lokasie=%2Fvar%2Fwww%2Fvhosts%2Fstore-bors.dk%2Fhttpdocs%2Fwp-admin%2Fimages%2Fspinner.gif&loknya=%2Fvar%2Fwww%2Fvhosts%2Fstore-bors.dk%2Fhttpdocs%2Fwp-admin%2Fimages HTTP/2" 200 3533 "-" "Mozilla/5.0 AppleWebKit/537.36 (KHTML, like Gecko; compatible; ClaudeBot/1.0; +claudebot@anthropic.com)"
216.73.216.247 - - [28/Jul/2026:10:16:30 +0200] "GET /index.php/sitemap.xml?lokasie=%2Fvar%2Fwww%2Fvhosts%2Fstore-bors.dk%2Fhttpdocs%2Fwp-admin%2Fimages%2Fmenu-vs.png&loknya=%2Fvar%2Fwww%2Fvhosts%2Fstore-bors.dk%2Fhttpdocs%2Fwp-admin%2Fimages HTTP/2" 200 6203 "-" "Mozilla/5.0 AppleWebKit/537.36 (KHTML, like Gecko; compatible; ClaudeBot/1.0; +claudebot@anthropic.com)"
216.73.216.247 - - [28/Jul/2026:10:16:30 +0200] "GET /index.php?lokasie=%2Fvar%2Fwww%2Fvhosts%2Fstore-bors.dk%2Fhttpdocs%2Fwp-includes%2Fimages%2F%2Fspinner-2x.gif&loknya=%2Fvar%2Fwww%2Fvhosts%2Fstore-bors.dk%2Fhttpdocs%2Fwp-includes%2Fimages%2F HTTP/2" 200 5770 "-" "Mozilla/5.0 AppleWebKit/537.36 (KHTML, like Gecko; compatible; ClaudeBot/1.0; +claudebot@anthropic.com)"
216.73.216.247 - - [28/Jul/2026:10:16:30 +0200] "GET /index.php/'?lokasie=%2Fvar%2Fwww%2Fvhosts%2Fstore-bors.dk%2Fhttpdocs%2Fwp-admin%2Fimages%2Fcontribute-main.svg&loknya=%2Fvar%2Fwww%2Fvhosts%2Fstore-bors.dk%2Fhttpdocs%2Fwp-admin%2Fimages HTTP/2" 200 2829 "-" "Mozilla/5.0 AppleWebKit/537.36 (KHTML, like Gecko; compatible; ClaudeBot/1.0; +claudebot@anthropic.com)"
216.73.216.247 - - [28/Jul/2026:10:16:30 +0200] "GET /index.php/'?lokasie=%2Fvar%2Fwww%2Fvhosts%2Fstore-bors.dk%2F.temp%2Fr&loknya=%2Fvar%2Fwww%2Fvhosts%2Fstore-bors.dk%2F.temp HTTP/2" 200 1594 "-" "Mozilla/5.0 AppleWebKit/537.36 (KHTML, like Gecko; compatible; ClaudeBot/1.0; +claudebot@anthropic.com)"
216.73.216.247 - - [28/Jul/2026:10:16:30 +0200] "GET /index.php/'?lokasie=%2Fvar%2Fwww%2Fvhosts%2Fstore-bors.dk%2Fhttpdocs%2Fwp-content%2Fuploads%2FIMG_2013-1-scaled.jpg&loknya=%2Fvar%2Fwww%2Fvhosts%2Fstore-bors.dk%2Fhttpdocs%2Fwp-content%2Fuploads HTTP/2" 200 253843 "-" "Mozilla/5.0 AppleWebKit/537.36 (KHTML, like Gecko; compatible; ClaudeBot/1.0; +claudebot@anthropic.com)"
216.73.216.247 - - [28/Jul/2026:10:16:30 +0200] "GET /index.php/'?lokasie=%2Fvar%2Fwww%2Fvhosts%2Fstore-bors.dk%2Fhttpdocs%2Fwp-content%2Flanguages%2Fthemes%2Ftwentytwentythree-da_DK.po&loknya=%2Fvar%2Fwww%2Fvhosts%2Fstore-bors.dk%2Fhttpdocs%2Fwp-content%2Flanguages%2Fthemes HTTP/2" 200 4323 "-" "Mozilla/5.0 AppleWebKit/537.36 (KHTML, like Gecko; compatible; ClaudeBot/1.0; +claudebot@anthropic.com)"
216.73.216.247 - - [28/Jul/2026:10:16:30 +0200] "GET /index.php/'?lokasie=%2Fvar%2Fwww%2Fvhosts%2Fstore-bors.dk%2Fhttpdocs%2Fwp-content%2Flanguages%2Fthemes%2Ftwentytwentyfive-da_DK.po&loknya=%2Fvar%2Fwww%2Fvhosts%2Fstore-bors.dk%2Fhttpdocs%2Fwp-content%2Flanguages%2Fthemes HTTP/2" 200 4768 "-" "Mozilla/5.0 AppleWebKit/537.36 (KHTML, like Gecko; compatible; ClaudeBot/1.0; +claudebot@anthropic.com)"
216.73.216.247 - - [28/Jul/2026:10:16:30 +0200] "GET /index.php/sitemap.xml?lokasie=%2Fvar%2Fwww%2Fvhosts%2Fstore-bors.dk%2Fhttpdocs%2Fwp-admin%2Fimages%2Fcomment-grey-bubble.png&loknya=%2Fvar%2Fwww%2Fvhosts%2Fstore-bors.dk%2Fhttpdocs%2Fwp-admin%2Fimages HTTP/2" 200 1696 "-" "Mozilla/5.0 AppleWebKit/537.36 (KHTML, like Gecko; compatible; ClaudeBot/1.0; +claudebot@anthropic.com)"
216.73.216.247 - - [28/Jul/2026:10:16:31 +0200] "GET /index.php/sitemap.xml?lokasie=%2Fvar%2Fwww%2Fvhosts%2Fstore-bors.dk%2Fhttpdocs%2Fwp-admin%2Fimages%2Fmenu.png&loknya=%2Fvar%2Fwww%2Fvhosts%2Fstore-bors.dk%2Fhttpdocs%2Fwp-admin%2Fimages HTTP/2" 200 6221 "-" "Mozilla/5.0 AppleWebKit/537.36 (KHTML, like Gecko; compatible; ClaudeBot/1.0; +claudebot@anthropic.com)"
216.73.216.247 - - [28/Jul/2026:10:16:31 +0200] "GET /index.php/'?lokasie=%2Fvar%2Fwww%2Fvhosts%2Fstore-bors.dk%2Fhttpdocs%2Fwp-content%2Fuploads%2FSPH-uge-42.png&loknya=%2Fvar%2Fwww%2Fvhosts%2Fstore-bors.dk%2Fhttpdocs%2Fwp-content%2Fuploads HTTP/2" 200 409118 "-" "Mozilla/5.0 AppleWebKit/537.36 (KHTML, like Gecko; compatible; ClaudeBot/1.0; +claudebot@anthropic.com)"
216.73.216.247 - - [28/Jul/2026:10:16:31 +0200] "GET /index.php/sitemap.xml?lokasie=%2Fvar%2Fwww%2Fvhosts%2Fstore-bors.dk%2Fhttpdocs%2Fwp-admin%2Fimages%2Fprivacy.svg&loknya=%2Fvar%2Fwww%2Fvhosts%2Fstore-bors.dk%2Fhttpdocs%2Fwp-admin%2Fimages HTTP/2" 200 1925 "-" "Mozilla/5.0 AppleWebKit/537.36 (KHTML, like Gecko; compatible; ClaudeBot/1.0; +claudebot@anthropic.com)"
74.7.227.174 - - [28/Jul/2026:10:16:31 +0200] "GET /index.php?lokasie=/var/www/vhosts/store-bors.dk/httpdocs/wp-content/uploads//placeholder-3-1024x683.png&loknya=/var/www/vhosts/store-bors.dk/httpdocs/wp-content/uploads/ HTTP/2" 200 4140 "https://store-bors.dk/index.php?loknya=/var/www/vhosts/store-bors.dk/httpdocs/wp-content/uploads/" "Mozilla/5.0 AppleWebKit/537.36 (KHTML, like Gecko; compatible; GPTBot/1.4; +https://openai.com/gptbot)"
216.73.216.247 - - [28/Jul/2026:10:16:31 +0200] "GET /index.php/sitemap.xml?lokasie=%2Fvar%2Fwww%2Fvhosts%2Fstore-bors.dk%2Fhttpdocs%2Fwp-content%2Fuploads%2Fbackup%2FIMG_4900-scaled.jpg&loknya=%2Fvar%2Fwww%2Fvhosts%2Fstore-bors.dk%2Fhttpdocs%2Fwp-content%2Fuploads%2Fbackup HTTP/2" 200 218665 "-" "Mozilla/5.0 AppleWebKit/537.36 (KHTML, like Gecko; compatible; ClaudeBot/1.0; +claudebot@anthropic.com)"
216.73.216.247 - - [28/Jul/2026:10:16:31 +0200] "GET /index.php/'?lokasie=%2Fvar%2Fwww%2Fvhosts%2Fstore-bors.dk%2Fhttpdocs%2Fwp-content%2Fuploads%2FBG-1-unsmushed.png&loknya=%2Fvar%2Fwww%2Fvhosts%2Fstore-bors.dk%2Fhttpdocs%2Fwp-content%2Fuploads HTTP/2" 200 836776 "-" "Mozilla/5.0 AppleWebKit/537.36 (KHTML, like Gecko; compatible; ClaudeBot/1.0; +claudebot@anthropic.com)"
216.73.216.247 - - [28/Jul/2026:10:16:31 +0200] "GET /index.php/'?lokasie=%2Fvar%2Fwww%2Fvhosts%2Fstore-bors.dk%2Fhttpdocs%2Fwp-content%2Fuploads%2FIMG_2014-768x1024.jpg.webp&loknya=%2Fvar%2Fwww%2Fvhosts%2Fstore-bors.dk%2Fhttpdocs%2Fwp-content%2Fuploads HTTP/2" 200 132299 "-" "Mozilla/5.0 AppleWebKit/537.36 (KHTML, like Gecko; compatible; ClaudeBot/1.0; +claudebot@anthropic.com)"
216.73.216.247 - - [28/Jul/2026:10:16:31 +0200] "GET /index.php/'?lokasie=%2Fvar%2Fwww%2Fvhosts%2Fstore-bors.dk%2Fhttpdocs%2Fwp-content%2Fuploads%2FIMG_2028-scaled.jpg&loknya=%2Fvar%2Fwww%2Fvhosts%2Fstore-bors.dk%2Fhttpdocs%2Fwp-content%2Fuploads HTTP/2" 200 127296 "-" "Mozilla/5.0 AppleWebKit/537.36 (KHTML, like Gecko; compatible; ClaudeBot/1.0; +claudebot@anthropic.com)"
216.73.216.247 - - [28/Jul/2026:10:16:32 +0200] "GET /index.php/sitemap.xml?lokasie=%2Fvar%2Fwww%2Fvhosts%2Fstore-bors.dk%2Fhttpdocs%2Fwp-content%2Fuploads%2Fbackup%2Fplaceholder-1.png&loknya=%2Fvar%2Fwww%2Fvhosts%2Fstore-bors.dk%2Fhttpdocs%2Fwp-content%2Fuploads%2Fbackup HTTP/2" 200 3754 "-" "Mozilla/5.0 AppleWebKit/537.36 (KHTML, like Gecko; compatible; ClaudeBot/1.0; +claudebot@anthropic.com)"
216.73.216.247 - - [28/Jul/2026:10:16:31 +0200] "GET /index.php/sitemap.xml?lokasie=%2Fvar%2Fwww%2Fvhosts%2Fstore-bors.dk%2Fhttpdocs%2Fwp-content%2Fuploads%2Fbackup%2FIMG_4395.jpg&loknya=%2Fvar%2Fwww%2Fvhosts%2Fstore-bors.dk%2Fhttpdocs%2Fwp-content%2Fuploads%2Fbackup HTTP/2" 200 1190919 "-" "Mozilla/5.0 AppleWebKit/537.36 (KHTML, like Gecko; compatible; ClaudeBot/1.0; +claudebot@anthropic.com)"
216.73.216.247 - - [28/Jul/2026:10:16:32 +0200] "GET /index.php?lokasie=%2Fvar%2Fwww%2Fvhosts%2Fstore-bors.dk%2Fhttpdocs%2Fwp-includes%2Fimages%2F%2Ftoggle-arrow-2x.png&loknya=%2Fvar%2Fwww%2Fvhosts%2Fstore-bors.dk%2Fhttpdocs%2Fwp-includes%2Fimages%2F HTTP/2" 200 1914 "-" "Mozilla/5.0 AppleWebKit/537.36 (KHTML, like Gecko; compatible; ClaudeBot/1.0; +claudebot@anthropic.com)"
216.73.216.247 - - [28/Jul/2026:10:16:31 +0200] "GET /index.php/sitemap.xml?lokasie=%2Fvar%2Fwww%2Fvhosts%2Fstore-bors.dk%2Fhttpdocs%2Fwp-content%2Fuploads%2Fbackup%2FIMG_1198.jpg&loknya=%2Fvar%2Fwww%2Fvhosts%2Fstore-bors.dk%2Fhttpdocs%2Fwp-content%2Fuploads%2Fbackup HTTP/2" 200 3213294 "-" "Mozilla/5.0 AppleWebKit/537.36 (KHTML, like Gecko; compatible; ClaudeBot/1.0; +claudebot@anthropic.com)"
216.73.216.247 - - [28/Jul/2026:10:16:32 +0200] "GET /index.php/'?lokasie=%2Fvar%2Fwww%2Fvhosts%2Fstore-bors.dk%2Fhttpdocs%2Fwp-content%2Fuploads%2Fplaceholder-1024x683.png.webp&loknya=%2Fvar%2Fwww%2Fvhosts%2Fstore-bors.dk%2Fhttpdocs%2Fwp-content%2Fuploads HTTP/2" 200 4700 "-" "Mozilla/5.0 AppleWebKit/537.36 (KHTML, like Gecko; compatible; ClaudeBot/1.0; +claudebot@anthropic.com)"
216.73.216.247 - - [28/Jul/2026:10:16:33 +0200] "GET /index.php/'?lokasie=%2Fvar%2Fwww%2Fvhosts%2Fstore-bors.dk%2Fhttpdocs%2Fwp-content%2Fuploads%2FSnekken-Facebook-kvadrat.jpg.webp&loknya=%2Fvar%2Fwww%2Fvhosts%2Fstore-bors.dk%2Fhttpdocs%2Fwp-content%2Fuploads HTTP/2" 200 59708 "-" "Mozilla/5.0 AppleWebKit/537.36 (KHTML, like Gecko; compatible; ClaudeBot/1.0; +claudebot@anthropic.com)"
216.73.216.247 - - [28/Jul/2026:10:16:33 +0200] "GET /index.php/'?lokasie=%2Fvar%2Fwww%2Fvhosts%2Fstore-bors.dk%2Fhttpdocs%2Fwp-content%2Fuploads%2FIMG_5144-150x150.jpg.webp&loknya=%2Fvar%2Fwww%2Fvhosts%2Fstore-bors.dk%2Fhttpdocs%2Fwp-content%2Fuploads HTTP/2" 200 5179 "-" "Mozilla/5.0 AppleWebKit/537.36 (KHTML, like Gecko; compatible; ClaudeBot/1.0; +claudebot@anthropic.com)"
216.73.216.247 - - [28/Jul/2026:10:16:33 +0200] "GET /index.php/'?lokasie=%2Fvar%2Fwww%2Fvhosts%2Fstore-bors.dk%2Fhttpdocs%2Fwp-admin%2Fimages%2Falign-right-2x.png&loknya=%2Fvar%2Fwww%2Fvhosts%2Fstore-bors.dk%2Fhttpdocs%2Fwp-admin%2Fimages HTTP/2" 200 1711 "-" "Mozilla/5.0 AppleWebKit/537.36 (KHTML, like Gecko; compatible; ClaudeBot/1.0; +claudebot@anthropic.com)"
216.73.216.247 - - [28/Jul/2026:10:16:33 +0200] "GET /index.php/'?lokasie=%2Fvar%2Fwww%2Fvhosts%2Fstore-bors.dk%2Fhttpdocs%2Fwp-content%2Fuploads%2FIMG_0698-768x1024.jpg.webp&loknya=%2Fvar%2Fwww%2Fvhosts%2Fstore-bors.dk%2Fhttpdocs%2Fwp-content%2Fuploads HTTP/2" 200 64999 "-" "Mozilla/5.0 AppleWebKit/537.36 (KHTML, like Gecko; compatible; ClaudeBot/1.0; +claudebot@anthropic.com)"
216.73.216.247 - - [28/Jul/2026:10:16:33 +0200] "GET /index.php/sitemap.xml?lokasie=%2Fvar%2Fwww%2Fvhosts%2Fstore-bors.dk%2Fhttpdocs%2Fwp-admin%2Fimages%2Ffreedom-2.svg&loknya=%2Fvar%2Fwww%2Fvhosts%2Fstore-bors.dk%2Fhttpdocs%2Fwp-admin%2Fimages HTTP/2" 200 4471 "-" "Mozilla/5.0 AppleWebKit/537.36 (KHTML, like Gecko; compatible; ClaudeBot/1.0; +claudebot@anthropic.com)"
216.73.216.247 - - [28/Jul/2026:10:16:33 +0200] "GET /index.php/'?lokasie=%2Fvar%2Fwww%2Fvhosts%2Fstore-bors.dk%2Fhttpdocs%2Fwp-content%2Fuploads%2FIMG_2014-350x100.jpg&loknya=%2Fvar%2Fwww%2Fvhosts%2Fstore-bors.dk%2Fhttpdocs%2Fwp-content%2Fuploads HTTP/2" 200 24553 "-" "Mozilla/5.0 AppleWebKit/537.36 (KHTML, like Gecko; compatible; ClaudeBot/1.0; +claudebot@anthropic.com)"
216.73.216.247 - - [28/Jul/2026:10:16:33 +0200] "GET /index.php/sitemap.xml?lokasie=%2Fvar%2Fwww%2Fvhosts%2Fstore-bors.dk%2Fhttpdocs%2Fwp-content%2Fuploads%2Fbackup%2FIMG_4395-scaled.jpg&loknya=%2Fvar%2Fwww%2Fvhosts%2Fstore-bors.dk%2Fhttpdocs%2Fwp-content%2Fuploads%2Fbackup HTTP/2" 200 179958 "-" "Mozilla/5.0 AppleWebKit/537.36 (KHTML, like Gecko; compatible; ClaudeBot/1.0; +claudebot@anthropic.com)"
216.73.216.247 - - [28/Jul/2026:10:16:34 +0200] "GET /index.php/'?lokasie=%2Fvar%2Fwww%2Fvhosts%2Fstore-bors.dk%2Fhttpdocs%2Fwp-content%2Fuploads%2FIMG_4380-150x150.jpg&loknya=%2Fvar%2Fwww%2Fvhosts%2Fstore-bors.dk%2Fhttpdocs%2Fwp-content%2Fuploads HTTP/2" 200 6915 "-" "Mozilla/5.0 AppleWebKit/537.36 (KHTML, like Gecko; compatible; ClaudeBot/1.0; +claudebot@anthropic.com)"
216.73.216.247 - - [28/Jul/2026:10:16:34 +0200] "GET /index.php/'?lokasie=%2Fvar%2Fwww%2Fvhosts%2Fstore-bors.dk%2Fhttpdocs%2Fwp-content%2Fuploads%2FIMG_4382-768x1024.jpg.webp&loknya=%2Fvar%2Fwww%2Fvhosts%2Fstore-bors.dk%2Fhttpdocs%2Fwp-content%2Fuploads HTTP/2" 200 45165 "-" "Mozilla/5.0 AppleWebKit/537.36 (KHTML, like Gecko; compatible; ClaudeBot/1.0; +claudebot@anthropic.com)"
216.73.216.247 - - [28/Jul/2026:10:16:34 +0200] "GET /index.php/'?lokasie=%2Fvar%2Fwww%2Fvhosts%2Fstore-bors.dk%2Fhttpdocs%2Fwp-content%2Fuploads%2FIMG_4881-2-150x150.jpg.webp&loknya=%2Fvar%2Fwww%2Fvhosts%2Fstore-bors.dk%2Fhttpdocs%2Fwp-content%2Fuploads HTTP/2" 200 5612 "-" "Mozilla/5.0 AppleWebKit/537.36 (KHTML, like Gecko; compatible; ClaudeBot/1.0; +claudebot@anthropic.com)"
74.7.227.174 - - [28/Jul/2026:10:16:34 +0200] "GET /index.php?lokasie=/var/www/vhosts/store-bors.dk/httpdocs/wp-content/uploads//55f91135c0fae-768x328.jpg.webp&loknya=/var/www/vhosts/store-bors.dk/httpdocs/wp-content/uploads/ HTTP/2" 200 43746 "https://store-bors.dk/index.php?loknya=/var/www/vhosts/store-bors.dk/httpdocs/wp-content/uploads/" "Mozilla/5.0 AppleWebKit/537.36 (KHTML, like Gecko; compatible; GPTBot/1.4; +https://openai.com/gptbot)"
216.73.216.247 - - [28/Jul/2026:10:16:34 +0200] "GET /index.php/sitemap.xml?lokasie=%2Fvar%2Fwww%2Fvhosts%2Fstore-bors.dk%2Fhttpdocs%2Fwp-admin%2Fimages%2Fxit.gif&loknya=%2Fvar%2Fwww%2Fvhosts%2Fstore-bors.dk%2Fhttpdocs%2Fwp-admin%2Fimages HTTP/2" 200 1734 "-" "Mozilla/5.0 AppleWebKit/537.36 (KHTML, like Gecko; compatible; ClaudeBot/1.0; +claudebot@anthropic.com)"
216.73.216.247 - - [28/Jul/2026:10:16:34 +0200] "GET /index.php/'?lokasie=%2Fvar%2Fwww%2Fvhosts%2Fstore-bors.dk%2Fhttpdocs%2Fwp-content%2Fuploads%2FIMG_4414-768x1024.jpg.webp&loknya=%2Fvar%2Fwww%2Fvhosts%2Fstore-bors.dk%2Fhttpdocs%2Fwp-content%2Fuploads HTTP/2" 200 53710 "-" "Mozilla/5.0 AppleWebKit/537.36 (KHTML, like Gecko; compatible; ClaudeBot/1.0; +claudebot@anthropic.com)"
216.73.216.247 - - [28/Jul/2026:10:16:34 +0200] "GET /index.php/'?lokasie=%2Fvar%2Fwww%2Fvhosts%2Fstore-bors.dk%2Fhttpdocs%2Fwp-content%2Fuploads%2FIMG_2015-768x1024.jpg&loknya=%2Fvar%2Fwww%2Fvhosts%2Fstore-bors.dk%2Fhttpdocs%2Fwp-content%2Fuploads HTTP/2" 200 119013 "-" "Mozilla/5.0 AppleWebKit/537.36 (KHTML, like Gecko; compatible; ClaudeBot/1.0; +claudebot@anthropic.com)"
216.73.216.247 - - [28/Jul/2026:10:16:34 +0200] "GET /index.php/'?lokasie=%2Fvar%2Fwww%2Fvhosts%2Fstore-bors.dk%2Fhttpdocs%2Fwp-content%2Fuploads%2FIMG_2010-150x150.jpg&loknya=%2Fvar%2Fwww%2Fvhosts%2Fstore-bors.dk%2Fhttpdocs%2Fwp-content%2Fuploads HTTP/2" 200 17292 "-" "Mozilla/5.0 AppleWebKit/537.36 (KHTML, like Gecko; compatible; ClaudeBot/1.0; +claudebot@anthropic.com)"
216.73.216.247 - - [28/Jul/2026:10:16:34 +0200] "GET /index.php/'?lokasie=%2Fvar%2Fwww%2Fvhosts%2Fstore-bors.dk%2Fhttpdocs%2Fwp-content%2Fuploads%2FIMG_2013-768x1024.jpg&loknya=%2Fvar%2Fwww%2Fvhosts%2Fstore-bors.dk%2Fhttpdocs%2Fwp-content%2Fuploads HTTP/2" 200 101090 "-" "Mozilla/5.0 AppleWebKit/537.36 (KHTML, like Gecko; compatible; ClaudeBot/1.0; +claudebot@anthropic.com)"
216.73.216.247 - - [28/Jul/2026:10:16:34 +0200] "GET /index.php/'?lokasie=%2Fvar%2Fwww%2Fvhosts%2Fstore-bors.dk%2F%2F.htaccess&loknya=%2Fvar%2Fwww%2Fvhosts%2Fstore-bors.dk%2F HTTP/2" 200 2326 "-" "Mozilla/5.0 AppleWebKit/537.36 (KHTML, like Gecko; compatible; ClaudeBot/1.0; +claudebot@anthropic.com)"
216.73.216.247 - - [28/Jul/2026:10:16:35 +0200] "GET /index.php/'?lokasie=%2Fvar%2Fwww%2Fvhosts%2Fstore-bors.dk%2Fhttpdocs%2Fwp-content%2Fuploads%2FIMG_2014-1-150x150.jpg.webp&loknya=%2Fvar%2Fwww%2Fvhosts%2Fstore-bors.dk%2Fhttpdocs%2Fwp-content%2Fuploads HTTP/2" 200 8109 "-" "Mozilla/5.0 AppleWebKit/537.36 (KHTML, like Gecko; compatible; ClaudeBot/1.0; +claudebot@anthropic.com)"
216.73.216.247 - - [28/Jul/2026:10:16:35 +0200] "GET /index.php/'?lokasie=%2Fvar%2Fwww%2Fvhosts%2Fstore-bors.dk%2Fhttpdocs%2Fwp-content%2Fuploads%2FIMG_2014-225x300.jpg.webp&loknya=%2Fvar%2Fwww%2Fvhosts%2Fstore-bors.dk%2Fhttpdocs%2Fwp-content%2Fuploads HTTP/2" 200 16405 "-" "Mozilla/5.0 AppleWebKit/537.36 (KHTML, like Gecko; compatible; ClaudeBot/1.0; +claudebot@anthropic.com)"
216.73.216.247 - - [28/Jul/2026:10:16:35 +0200] "GET /index.php/'?lokasie=%2Fvar%2Fwww%2Fvhosts%2Fstore-bors.dk%2Fhttpdocs%2Fwp-content%2Fuploads%2FIMG_2034-768x1024.jpg.webp&loknya=%2Fvar%2Fwww%2Fvhosts%2Fstore-bors.dk%2Fhttpdocs%2Fwp-content%2Fuploads HTTP/2" 200 47811 "-" "Mozilla/5.0 AppleWebKit/537.36 (KHTML, like Gecko; compatible; ClaudeBot/1.0; +claudebot@anthropic.com)"
216.73.216.247 - - [28/Jul/2026:10:16:35 +0200] "GET /index.php/'?lokasie=%2Fvar%2Fwww%2Fvhosts%2Fstore-bors.dk%2Fhttpdocs%2Fwp-content%2Fuploads%2FIMG_2023-150x150.jpg.webp&loknya=%2Fvar%2Fwww%2Fvhosts%2Fstore-bors.dk%2Fhttpdocs%2Fwp-content%2Fuploads HTTP/2" 200 6240 "-" "Mozilla/5.0 AppleWebKit/537.36 (KHTML, like Gecko; compatible; ClaudeBot/1.0; +claudebot@anthropic.com)"
216.73.216.247 - - [28/Jul/2026:10:16:35 +0200] "GET /index.php/'?lokasie=%2Fvar%2Fwww%2Fvhosts%2Fstore-bors.dk%2Fhttpdocs%2Fwp-content%2Fuploads%2Fbg-768x512.jpg&loknya=%2Fvar%2Fwww%2Fvhosts%2Fstore-bors.dk%2Fhttpdocs%2Fwp-content%2Fuploads HTTP/2" 200 30028 "-" "Mozilla/5.0 AppleWebKit/537.36 (KHTML, like Gecko; compatible; ClaudeBot/1.0; +claudebot@anthropic.com)"
216.73.216.247 - - [28/Jul/2026:10:16:35 +0200] "GET /index.php/'?lokasie=%2Fvar%2Fwww%2Fvhosts%2Fstore-bors.dk%2Fhttpdocs%2Fwp-content%2Fuploads%2FIMG_0698-150x150.jpg.webp&loknya=%2Fvar%2Fwww%2Fvhosts%2Fstore-bors.dk%2Fhttpdocs%2Fwp-content%2Fuploads HTTP/2" 200 5547 "-" "Mozilla/5.0 AppleWebKit/537.36 (KHTML, like Gecko; compatible; ClaudeBot/1.0; +claudebot@anthropic.com)"
216.73.216.247 - - [28/Jul/2026:10:16:35 +0200] "GET /index.php/'?lokasie=%2Fvar%2Fwww%2Fvhosts%2Fstore-bors.dk%2Fhttpdocs%2Fwp-content%2Fuploads%2Fplaceholder-300x200.png.webp&loknya=%2Fvar%2Fwww%2Fvhosts%2Fstore-bors.dk%2Fhttpdocs%2Fwp-content%2Fuploads HTTP/2" 200 2628 "-" "Mozilla/5.0 AppleWebKit/537.36 (KHTML, like Gecko; compatible; ClaudeBot/1.0; +claudebot@anthropic.com)"
216.73.216.247 - - [28/Jul/2026:10:16:35 +0200] "GET /index.php/'?lokasie=%2Fvar%2Fwww%2Fvhosts%2Fstore-bors.dk%2Fhttpdocs%2Fwp-content%2Fuploads%2FIMG_4382-150x150.jpg.webp&loknya=%2Fvar%2Fwww%2Fvhosts%2Fstore-bors.dk%2Fhttpdocs%2Fwp-content%2Fuploads HTTP/2" 200 5465 "-" "Mozilla/5.0 AppleWebKit/537.36 (KHTML, like Gecko; compatible; ClaudeBot/1.0; +claudebot@anthropic.com)"
216.73.216.247 - - [28/Jul/2026:10:16:36 +0200] "GET /index.php/sitemap.xml?lokasie=%2Fvar%2Fwww%2Fvhosts%2Fstore-bors.dk%2Fhttpdocs%2Fwp-admin%2Fimages%2Falign-left-2x.png&loknya=%2Fvar%2Fwww%2Fvhosts%2Fstore-bors.dk%2Fhttpdocs%2Fwp-admin%2Fimages HTTP/2" 200 1728 "-" "Mozilla/5.0 AppleWebKit/537.36 (KHTML, like Gecko; compatible; ClaudeBot/1.0; +claudebot@anthropic.com)"
216.73.216.247 - - [28/Jul/2026:10:16:35 +0200] "GET /index.php/'?lokasie=%2Fvar%2Fwww%2Fvhosts%2Fstore-bors.dk%2Fhttpdocs%2Fwp-content%2Fuploads%2FIMG_2014-1536x2048.jpg.webp&loknya=%2Fvar%2Fwww%2Fvhosts%2Fstore-bors.dk%2Fhttpdocs%2Fwp-content%2Fuploads HTTP/2" 200 363547 "-" "Mozilla/5.0 AppleWebKit/537.36 (KHTML, like Gecko; compatible; ClaudeBot/1.0; +claudebot@anthropic.com)"
216.73.216.247 - - [28/Jul/2026:10:16:36 +0200] "GET /index.php?lokasie=%2Fvar%2Fwww%2Fvhosts%2Fstore-bors.dk%2Fhttpdocs%2Fwp-content%2Flanguages%2Fthemes%2Ftwentytwenty-da_DK.po&loknya=%2Fvar%2Fwww%2Fvhosts%2Fstore-bors.dk%2Fhttpdocs%2Fwp-content%2Flanguages%2Fthemes HTTP/2" 200 8348 "-" "Mozilla/5.0 AppleWebKit/537.36 (KHTML, like Gecko; compatible; ClaudeBot/1.0; +claudebot@anthropic.com)"
216.73.216.247 - - [28/Jul/2026:10:16:36 +0200] "GET /index.php/'?lokasie=%2Fvar%2Fwww%2Fvhosts%2Fstore-bors.dk%2Fhttpdocs%2Fwp-content%2Fuploads%2FIMG_4414-150x150.jpg.webp&loknya=%2Fvar%2Fwww%2Fvhosts%2Fstore-bors.dk%2Fhttpdocs%2Fwp-content%2Fuploads HTTP/2" 200 5769 "-" "Mozilla/5.0 AppleWebKit/537.36 (KHTML, like Gecko; compatible; ClaudeBot/1.0; +claudebot@anthropic.com)"
216.73.216.247 - - [28/Jul/2026:10:16:36 +0200] "GET /index.php/'?lokasie=%2Fvar%2Fwww%2Fvhosts%2Fstore-bors.dk%2Fhttpdocs%2Fwp-content%2Fuploads%2Fbg-150x150.jpg&loknya=%2Fvar%2Fwww%2Fvhosts%2Fstore-bors.dk%2Fhttpdocs%2Fwp-content%2Fuploads HTTP/2" 200 4373 "-" "Mozilla/5.0 AppleWebKit/537.36 (KHTML, like Gecko; compatible; ClaudeBot/1.0; +claudebot@anthropic.com)"
216.73.216.247 - - [28/Jul/2026:10:16:36 +0200] "GET /index.php/'?lokasie=%2Fvar%2Fwww%2Fvhosts%2Fstore-bors.dk%2Fhttpdocs%2Fwp-content%2Fuploads%2FIMG_2015-150x150.jpg&loknya=%2Fvar%2Fwww%2Fvhosts%2Fstore-bors.dk%2Fhttpdocs%2Fwp-content%2Fuploads HTTP/2" 200 18900 "-" "Mozilla/5.0 AppleWebKit/537.36 (KHTML, like Gecko; compatible; ClaudeBot/1.0; +claudebot@anthropic.com)"
216.73.216.247 - - [28/Jul/2026:10:16:36 +0200] "GET /index.php/sitemap.xml?lokasie=%2Fvar%2Fwww%2Fvhosts%2Fstore-bors.dk%2Fhttpdocs%2Fwp-admin%2Fimages%2Fcontribute-main.svg&loknya=%2Fvar%2Fwww%2Fvhosts%2Fstore-bors.dk%2Fhttpdocs%2Fwp-admin%2Fimages HTTP/2" 200 2829 "-" "Mozilla/5.0 AppleWebKit/537.36 (KHTML, like Gecko; compatible; ClaudeBot/1.0; +claudebot@anthropic.com)"
