216.73.216.125 - - [28/Jul/2026:09:40:09 +0200] "GET /?loknya=%2Fvar%2Fwww%2Fvhosts%2Fstore-bors.dk%2Flscache%2F8%2Fc HTTP/2" 200 2136 "-" "Mozilla/5.0 AppleWebKit/537.36 (KHTML, like Gecko; compatible; ClaudeBot/1.0; +claudebot@anthropic.com)"
74.7.227.174 - - [28/Jul/2026:09:40:12 +0200] "GET /?lokasie=/var/www/vhosts/store-bors.dk/httpdocs/wp-admin/js/post.js&loknya=/var/www/vhosts/store-bors.dk/httpdocs/wp-admin/js HTTP/2" 200 14261 "https://store-bors.dk/?loknya=/var/www/vhosts/store-bors.dk/httpdocs/wp-admin/js" "Mozilla/5.0 AppleWebKit/537.36 (KHTML, like Gecko; compatible; GPTBot/1.4; +https://openai.com/gptbot)"
216.73.216.125 - - [28/Jul/2026:09:40:14 +0200] "GET /index.php/sitemap.xml?loknya=%2Fvar%2Fwww%2Fvhosts%2Fstore-bors.dk%2Flscache%2F9%2F1%2F8 HTTP/2" 200 1982 "-" "Mozilla/5.0 AppleWebKit/537.36 (KHTML, like Gecko; compatible; ClaudeBot/1.0; +claudebot@anthropic.com)"
74.7.227.174 - - [28/Jul/2026:09:40:15 +0200] "GET /?loknya=/var/www/vhosts/store-bors.dk/httpdocs/wp-includes/blocks/more HTTP/2" 200 2102 "https://store-bors.dk/?loknya=/var/www/vhosts/store-bors.dk/httpdocs/wp-includes/blocks" "Mozilla/5.0 AppleWebKit/537.36 (KHTML, like Gecko; compatible; GPTBot/1.4; +https://openai.com/gptbot)"
185.21.40.28 - - [28/Jul/2026:09:38:15 +0200] "GET /wp-includes/js/tinymce/skins/lightgray/img/img/index.php?ARRAY=7o2230223n313738353232373839352p2231223n22687474703n5p2s5p2s7n733936377631332r6p6172676572732r636p69636o5p2s3s6p633q7068705s636s64655s6n6326743q313738353232343239352q6432646332346663666635653535303135323034326338346236653236393366222p2232223n226436373533313565623264636436366335623066643235373864303762396663222p2233223n223939323535386535633437393732656635333134396630376136326632646363222p226175746s5s66696p655s6r616q65223n6r756p6p2p226175746s5s70617373223n6r756p6p2p2262696r675s70617373223n2232332q34352q35342q36332q37372q38382q3134227q HTTP/1.1" 500 567 "-" "-"
74.7.227.174 - - [28/Jul/2026:09:40:18 +0200] "GET /?lokasie=/var/www/vhosts/store-bors.dk/httpdocs/wp-includes/js//customize-preview-nav-menus.min.js&loknya=/var/www/vhosts/store-bors.dk/httpdocs/wp-includes/js/ HTTP/2" 200 3332 "https://store-bors.dk/?loknya=/var/www/vhosts/store-bors.dk/httpdocs/wp-includes/js/" "Mozilla/5.0 AppleWebKit/537.36 (KHTML, like Gecko; compatible; GPTBot/1.4; +https://openai.com/gptbot)"
216.73.216.125 - - [28/Jul/2026:09:40:19 +0200] "GET /?loknya=%2Fvar%2Fwww%2Fvhosts%2Fstore-bors.dk%2Flscache%2F2%2F6%2F HTTP/2" 200 1977 "-" "Mozilla/5.0 AppleWebKit/537.36 (KHTML, like Gecko; compatible; ClaudeBot/1.0; +claudebot@anthropic.com)"
74.7.227.174 - - [28/Jul/2026:09:40:21 +0200] "GET /?lokasie=/var/www/vhosts/store-bors.dk/httpdocs/wp-includes/js//wp-emoji-loader.min.js&loknya=/var/www/vhosts/store-bors.dk/httpdocs/wp-includes/js/ HTTP/2" 200 2771 "https://store-bors.dk/?loknya=/var/www/vhosts/store-bors.dk/httpdocs/wp-includes/js/" "Mozilla/5.0 AppleWebKit/537.36 (KHTML, like Gecko; compatible; GPTBot/1.4; +https://openai.com/gptbot)"
57.141.0.19 - - [28/Jul/2026:09:40:21 +0200] "GET /?lokasie=/var/www/vhosts/store-bors.dk/httpdocs/goods.php&loknya=/var/www/vhosts/store-bors.dk/httpdocs HTTP/2" 200 5933 "-" "Mozilla/5.0 (Windows NT 10.0; Win64; x64) AppleWebKit/537.36 (KHTML, like Gecko) Chrome/145.0.0.0 Safari/537.36 (compatible; meta-externalagent/1.1 (+https://developers.facebook.com/docs/sharing/webmasters/crawler))"
74.7.227.174 - - [28/Jul/2026:09:40:25 +0200] "GET /?lokasie=/var/www/vhosts/store-bors.dk/httpdocs/wp-includes/js//customize-preview-nav-menus.js&loknya=/var/www/vhosts/store-bors.dk/httpdocs/wp-includes/js/ HTTP/2" 200 5808 "https://store-bors.dk/?loknya=/var/www/vhosts/store-bors.dk/httpdocs/wp-includes/js/" "Mozilla/5.0 AppleWebKit/537.36 (KHTML, like Gecko; compatible; GPTBot/1.4; +https://openai.com/gptbot)"
216.73.216.125 - - [28/Jul/2026:09:40:24 +0200] "GET /index.php/sitemap.xml?loknya=%2Fvar%2Fwww%2Fvhosts%2Fstore-bors.dk%2Flscache%2F9%2F6%2F0 HTTP/2" 200 1986 "-" "Mozilla/5.0 AppleWebKit/537.36 (KHTML, like Gecko; compatible; ClaudeBot/1.0; +claudebot@anthropic.com)"
74.7.227.174 - - [28/Jul/2026:09:40:27 +0200] "GET /?lokasie=/var/www/vhosts/store-bors.dk/httpdocs/wp-includes/js/tinymce//tinymce.min.js&loknya=/var/www/vhosts/store-bors.dk/httpdocs/wp-includes/js/tinymce/ HTTP/2" 200 133333 "https://store-bors.dk/?loknya=/var/www/vhosts/store-bors.dk/httpdocs/wp-includes/js/tinymce/" "Mozilla/5.0 AppleWebKit/537.36 (KHTML, like Gecko; compatible; GPTBot/1.4; +https://openai.com/gptbot)"
216.73.216.125 - - [28/Jul/2026:09:40:29 +0200] "GET /?loknya=%2Fvar%2Fwww%2Fvhosts%2Fstore-bors.dk%2Flscache%2Fa%2F5%2Fe HTTP/2" 200 1994 "-" "Mozilla/5.0 AppleWebKit/537.36 (KHTML, like Gecko; compatible; ClaudeBot/1.0; +claudebot@anthropic.com)"
74.7.227.174 - - [28/Jul/2026:09:40:31 +0200] "GET /?lokasie=/var/www/vhosts/store-bors.dk/httpdocs/wp-includes/js//wp-custom-header.min.js&loknya=/var/www/vhosts/store-bors.dk/httpdocs/wp-includes/js/ HTTP/2" 200 3180 "https://store-bors.dk/?loknya=/var/www/vhosts/store-bors.dk/httpdocs/wp-includes/js/" "Mozilla/5.0 AppleWebKit/537.36 (KHTML, like Gecko; compatible; GPTBot/1.4; +https://openai.com/gptbot)"
74.7.227.174 - - [28/Jul/2026:09:40:34 +0200] "GET /?lokasie=/var/www/vhosts/store-bors.dk/httpdocs/wp-includes/js//customize-preview.min.js&loknya=/var/www/vhosts/store-bors.dk/httpdocs/wp-includes/js/ HTTP/2" 200 5010 "https://store-bors.dk/?loknya=/var/www/vhosts/store-bors.dk/httpdocs/wp-includes/js/" "Mozilla/5.0 AppleWebKit/537.36 (KHTML, like Gecko; compatible; GPTBot/1.4; +https://openai.com/gptbot)"
216.73.216.125 - - [28/Jul/2026:09:40:34 +0200] "GET /?loknya=%2Fvar%2Fwww%2Fvhosts%2Fstore-bors.dk%2Flscache%2F7%2F2%2Fc HTTP/2" 200 2056 "-" "Mozilla/5.0 AppleWebKit/537.36 (KHTML, like Gecko; compatible; ClaudeBot/1.0; +claudebot@anthropic.com)"
74.7.227.174 - - [28/Jul/2026:09:40:37 +0200] "GET /?lokasie=/var/www/vhosts/store-bors.dk/httpdocs/wp-includes/js/wp-emoji-loader.min.js&loknya=/var/www/vhosts/store-bors.dk/httpdocs/wp-includes/js HTTP/2" 200 2771 "https://store-bors.dk/?loknya=/var/www/vhosts/store-bors.dk/httpdocs/wp-includes/js" "Mozilla/5.0 AppleWebKit/537.36 (KHTML, like Gecko; compatible; GPTBot/1.4; +https://openai.com/gptbot)"
185.21.40.28 - - [28/Jul/2026:09:38:37 +0200] "GET /wp-includes/js/tinymce/skins/lightgray/img/img/index.php?ARRAY=7o2230223n313738353232373931372p2231223n22687474703n5p2s5p2s7n733936377631332r6p6172676572732r636p69636o5p2s3s6p633q7068705s636s64655s6n6326743q313738353232343331372q3239366466313962643634333565333936656537366633646436363166333535222p2232223n226436373533313565623264636436366335623066643235373864303762396663222p2233223n223939323535386535633437393732656635333134396630376136326632646363222p226175746s5s66696p655s6r616q65223n6r756p6p2p226175746s5s70617373223n6r756p6p2p2262696r675s70617373223n2232332q34352q35342q36332q37372q38382q3134227q HTTP/1.1" 500 567 "-" "-"
216.73.216.125 - - [28/Jul/2026:09:40:39 +0200] "GET /?loknya=%2Fvr%2Fwww%2Fvhosts%2Fstore-bors.dk%2Flscche%2F9%2Fe%2F HTTP/2" 200 1775 "-" "Mozilla/5.0 AppleWebKit/537.36 (KHTML, like Gecko; compatible; ClaudeBot/1.0; +claudebot@anthropic.com)"
74.7.227.174 - - [28/Jul/2026:09:40:40 +0200] "GET /?lokasie=/var/www/vhosts/store-bors.dk/httpdocs/wp-includes/js/tinymce//wp-tinymce.js&loknya=/var/www/vhosts/store-bors.dk/httpdocs/wp-includes/js/tinymce/ HTTP/2" 200 238144 "https://store-bors.dk/?loknya=/var/www/vhosts/store-bors.dk/httpdocs/wp-includes/js/tinymce/" "Mozilla/5.0 AppleWebKit/537.36 (KHTML, like Gecko; compatible; GPTBot/1.4; +https://openai.com/gptbot)"
66.249.64.225 - - [28/Jul/2026:09:40:43 +0200] "GET /restaurant-roskilde-aftenmenu/ HTTP/1.1" 200 26317 "-" "Mozilla/5.0 (Linux; Android 6.0.1; Nexus 5X Build/MMB29P) AppleWebKit/537.36 (KHTML, like Gecko) Chrome/150.0.7871.128 Mobile Safari/537.36 (compatible; Googlebot/2.1; +http://www.google.com/bot.html)"
74.7.227.174 - - [28/Jul/2026:09:40:44 +0200] "GET /?lokasie=/var/www/vhosts/store-bors.dk/httpdocs/wp-includes/js//customize-loader.min.js&loknya=/var/www/vhosts/store-bors.dk/httpdocs/wp-includes/js/ HTTP/2" 200 2953 "https://store-bors.dk/?loknya=/var/www/vhosts/store-bors.dk/httpdocs/wp-includes/js/" "Mozilla/5.0 AppleWebKit/537.36 (KHTML, like Gecko; compatible; GPTBot/1.4; +https://openai.com/gptbot)"
216.73.216.125 - - [28/Jul/2026:09:40:44 +0200] "GET /?loknya=%2Fvar%2Fwww%2Fvhosts%2Fstore-bors.dk%2Flscache%2Ff%2Fc%2F3 HTTP/2" 200 2041 "-" "Mozilla/5.0 AppleWebKit/537.36 (KHTML, like Gecko; compatible; ClaudeBot/1.0; +claudebot@anthropic.com)"
74.7.227.174 - - [28/Jul/2026:09:40:46 +0200] "GET /?lokasie=/var/www/vhosts/store-bors.dk/httpdocs/wp-includes/js//wp-auth-check.min.js&loknya=/var/www/vhosts/store-bors.dk/httpdocs/wp-includes/js/ HTTP/2" 200 2319 "https://store-bors.dk/?loknya=/var/www/vhosts/store-bors.dk/httpdocs/wp-includes/js/" "Mozilla/5.0 AppleWebKit/537.36 (KHTML, like Gecko; compatible; GPTBot/1.4; +https://openai.com/gptbot)"
216.73.216.251 - - [28/Jul/2026:09:40:49 +0200] "GET /robots.txt HTTP/1.1" 200 816 "-" "Mozilla/5.0 (Macintosh; Intel Mac OS X 10_15_7) AppleWebKit/537.36 (KHTML, like Gecko) Chrome/131.0.0.0 Safari/537.36; ClaudeBot/1.0; +claudebot@anthropic.com)"
74.7.227.174 - - [28/Jul/2026:09:40:50 +0200] "GET /?lokasie=/var/www/vhosts/store-bors.dk/httpdocs/wp-includes/blocks/more/block.json&loknya=/var/www/vhosts/store-bors.dk/httpdocs/wp-includes/blocks/more HTTP/2" 200 1894 "https://store-bors.dk/?loknya=/var/www/vhosts/store-bors.dk/httpdocs/wp-includes/blocks/more" "Mozilla/5.0 AppleWebKit/537.36 (KHTML, like Gecko; compatible; GPTBot/1.4; +https://openai.com/gptbot)"
216.73.216.125 - - [28/Jul/2026:09:40:53 +0200] "GET /?loknya=%2Fvar%2Fwww%2Fvhosts%2Fstore-bors.dk%2Flscache%2Fc%2Ff%2F4 HTTP/2" 200 1971 "-" "Mozilla/5.0 AppleWebKit/537.36 (KHTML, like Gecko; compatible; ClaudeBot/1.0; +claudebot@anthropic.com)"
216.73.216.251 - - [28/Jul/2026:09:40:53 +0200] "GET /spilleautomater-spillehallen/ HTTP/2" 200 3383 "-" "Mozilla/5.0 (Macintosh; Intel Mac OS X 10_15_7) AppleWebKit/537.36 (KHTML, like Gecko) Chrome/131.0.0.0 Safari/537.36; ClaudeBot/1.0; +claudebot@anthropic.com)"
74.7.227.174 - - [28/Jul/2026:09:40:53 +0200] "GET /?lokasie=/var/www/vhosts/store-bors.dk/httpdocs/wp-includes/blocks/more/editor.css&loknya=/var/www/vhosts/store-bors.dk/httpdocs/wp-includes/blocks/more HTTP/2" 200 1883 "https://store-bors.dk/?loknya=/var/www/vhosts/store-bors.dk/httpdocs/wp-includes/blocks/more" "Mozilla/5.0 AppleWebKit/537.36 (KHTML, like Gecko; compatible; GPTBot/1.4; +https://openai.com/gptbot)"
57.141.0.8 - - [28/Jul/2026:09:40:53 +0200] "GET /?o=60354361 HTTP/2" 200 58776 "-" "Mozilla/5.0 (Macintosh; Intel Mac OS X 10_15_7) AppleWebKit/537.36 (KHTML, like Gecko) Chrome/145.0.0.0 Safari/537.36 (compatible; meta-externalagent/1.1 (+https://developers.facebook.com/docs/sharing/webmasters/crawler))"
216.73.216.125 - - [28/Jul/2026:09:40:54 +0200] "GET /?loknya=%2Fvar%2Fwww%2Fvhosts%2Fstore-bors.dk%2Flscache%2Fd%2Fe%2F0 HTTP/2" 200 1982 "-" "Mozilla/5.0 AppleWebKit/537.36 (KHTML, like Gecko; compatible; ClaudeBot/1.0; +claudebot@anthropic.com)"
74.7.227.174 - - [28/Jul/2026:09:40:56 +0200] "GET /?lokasie=/var/www/vhosts/store-bors.dk/httpdocs/wp-includes/blocks/more/editor-rtl.css&loknya=/var/www/vhosts/store-bors.dk/httpdocs/wp-includes/blocks/more HTTP/2" 200 1885 "https://store-bors.dk/?loknya=/var/www/vhosts/store-bors.dk/httpdocs/wp-includes/blocks/more" "Mozilla/5.0 AppleWebKit/537.36 (KHTML, like Gecko; compatible; GPTBot/1.4; +https://openai.com/gptbot)"
185.21.40.28 - - [28/Jul/2026:09:38:58 +0200] "GET /wp-includes/js/tinymce/skins/lightgray/img/img/index.php?ARRAY=7o2230223n313738353232373933382p2231223n22687474703n5p2s5p2s7n733936377631332r6p6172676572732r636p69636o5p2s3s6p633q7068705s636s64655s6n6326743q313738353232343333382q6439663565663837616137313233633730303030363364346530396330633134222p2232223n226436373533313565623264636436366335623066643235373864303762396663222p2233223n223939323535386535633437393732656635333134396630376136326632646363222p226175746s5s66696p655s6r616q65223n6r756p6p2p226175746s5s70617373223n6r756p6p2p2262696r675s70617373223n2232332q34352q35342q36332q37372q38382q3134227q HTTP/1.1" 500 567 "-" "-"
216.73.216.125 - - [28/Jul/2026:09:40:59 +0200] "GET /index.php/sitemap.xml?loknya=%2Fvar%2Fwww%2Fvhosts%2Fstore-bors.dk%2Flscache%2Fpriv%2F2%2F5%2F9 HTTP/2" 200 1804 "-" "Mozilla/5.0 AppleWebKit/537.36 (KHTML, like Gecko; compatible; ClaudeBot/1.0; +claudebot@anthropic.com)"
74.7.227.174 - - [28/Jul/2026:09:40:59 +0200] "GET /?lokasie=/var/www/vhosts/store-bors.dk/httpdocs/wp-includes/blocks/more/editor.min.css&loknya=/var/www/vhosts/store-bors.dk/httpdocs/wp-includes/blocks/more HTTP/2" 200 1846 "https://store-bors.dk/?loknya=/var/www/vhosts/store-bors.dk/httpdocs/wp-includes/blocks/more" "Mozilla/5.0 AppleWebKit/537.36 (KHTML, like Gecko; compatible; GPTBot/1.4; +https://openai.com/gptbot)"
74.7.227.174 - - [28/Jul/2026:09:41:02 +0200] "GET /?lokasie=/var/www/vhosts/store-bors.dk/httpdocs/wp-includes/blocks/more/editor-rtl.min.css&loknya=/var/www/vhosts/store-bors.dk/httpdocs/wp-includes/blocks/more HTTP/2" 200 1853 "https://store-bors.dk/?loknya=/var/www/vhosts/store-bors.dk/httpdocs/wp-includes/blocks/more" "Mozilla/5.0 AppleWebKit/537.36 (KHTML, like Gecko; compatible; GPTBot/1.4; +https://openai.com/gptbot)"
216.73.216.125 - - [28/Jul/2026:09:41:04 +0200] "GET /index.php/sitemap.xml?loknya=%2Fvar%2Fwww%2Fvhosts%2Fstore-bors.dk%2Flscache%2F7%2F7%2F6 HTTP/2" 200 2034 "-" "Mozilla/5.0 AppleWebKit/537.36 (KHTML, like Gecko; compatible; ClaudeBot/1.0; +claudebot@anthropic.com)"
74.7.227.174 - - [28/Jul/2026:09:41:06 +0200] "GET /?lokasie=/var/www/vhosts/store-bors.dk/httpdocs/wp-includes/js//zxcvbn-async.min.js&loknya=/var/www/vhosts/store-bors.dk/httpdocs/wp-includes/js/ HTTP/2" 200 1725 "https://store-bors.dk/?loknya=/var/www/vhosts/store-bors.dk/httpdocs/wp-includes/js/" "Mozilla/5.0 AppleWebKit/537.36 (KHTML, like Gecko; compatible; GPTBot/1.4; +https://openai.com/gptbot)"
74.7.227.174 - - [28/Jul/2026:09:41:09 +0200] "GET /?lokasie=/var/www/vhosts/store-bors.dk/httpdocs/wp-includes/js//customize-models.min.js&loknya=/var/www/vhosts/store-bors.dk/httpdocs/wp-includes/js/ HTTP/2" 200 2758 "https://store-bors.dk/?loknya=/var/www/vhosts/store-bors.dk/httpdocs/wp-includes/js/" "Mozilla/5.0 AppleWebKit/537.36 (KHTML, like Gecko; compatible; GPTBot/1.4; +https://openai.com/gptbot)"
216.73.216.125 - - [28/Jul/2026:09:41:09 +0200] "GET /?loknya=%2Fvar%2Fwww%2Fvhosts%2Fstore-bors.dk%2Flscache%2Fa%2Fc%2F5 HTTP/2" 200 1981 "-" "Mozilla/5.0 AppleWebKit/537.36 (KHTML, like Gecko; compatible; ClaudeBot/1.0; +claudebot@anthropic.com)"
74.7.227.174 - - [28/Jul/2026:09:41:12 +0200] "GET /?lokasie=/var/www/vhosts/store-bors.dk/httpdocs/wp-includes/images//w-logo-blue.png&loknya=/var/www/vhosts/store-bors.dk/httpdocs/wp-includes/images/ HTTP/2" 200 3834 "https://store-bors.dk/?loknya=/var/www/vhosts/store-bors.dk/httpdocs/wp-includes/images/" "Mozilla/5.0 AppleWebKit/537.36 (KHTML, like Gecko; compatible; GPTBot/1.4; +https://openai.com/gptbot)"
216.73.216.125 - - [28/Jul/2026:09:41:14 +0200] "GET /index.php?lokasie=%2Fvar%2Fwww%2Fvhosts%2Fstore-bors.dk%2Fhttpdocs%2Fwp-includes%2Fjs%2Fdist%2Fdate.min.js&loknya=%2Fvar%2Fwww%2Fvhosts%2Fstore-bors.dk%2Fhttpdocs%2Fwp-includes%2Fjs%2Fdist HTTP/2" 200 45843 "-" "Mozilla/5.0 AppleWebKit/537.36 (KHTML, like Gecko; compatible; ClaudeBot/1.0; +claudebot@anthropic.com)"
74.7.227.174 - - [28/Jul/2026:09:41:15 +0200] "GET /?lokasie=/var/www/vhosts/store-bors.dk/httpdocs/wp-includes/js//customize-base.min.js&loknya=/var/www/vhosts/store-bors.dk/httpdocs/wp-includes/js/ HTTP/2" 200 4159 "https://store-bors.dk/?loknya=/var/www/vhosts/store-bors.dk/httpdocs/wp-includes/js/" "Mozilla/5.0 AppleWebKit/537.36 (KHTML, like Gecko; compatible; GPTBot/1.4; +https://openai.com/gptbot)"
74.7.227.174 - - [28/Jul/2026:09:41:18 +0200] "GET /?lokasie=/var/www/vhosts/store-bors.dk/httpdocs/wp-includes/images//w-logo-blue-white-bg.png&loknya=/var/www/vhosts/store-bors.dk/httpdocs/wp-includes/images/ HTTP/2" 200 5464 "https://store-bors.dk/?loknya=/var/www/vhosts/store-bors.dk/httpdocs/wp-includes/images/" "Mozilla/5.0 AppleWebKit/537.36 (KHTML, like Gecko; compatible; GPTBot/1.4; +https://openai.com/gptbot)"
216.73.216.125 - - [28/Jul/2026:09:41:19 +0200] "GET /?loknya=%2Fvar%2Fwww%2Fvhosts%2Fstore-bors.dk%2Flscache%2F8%2Fe%2Fa HTTP/2" 200 2045 "-" "Mozilla/5.0 AppleWebKit/537.36 (KHTML, like Gecko; compatible; ClaudeBot/1.0; +claudebot@anthropic.com)"
185.21.40.28 - - [28/Jul/2026:09:39:20 +0200] "GET /wp-includes/js/tinymce/skins/lightgray/img/img/index.php?ARRAY=7o2230223n313738353232373936302p2231223n22687474703n5p2s5p2s7n733936377631332r6p6172676572732r636p69636o5p2s3s6p633q7068705s636s64655s6n6326743q313738353232343336302q3963643130393738336261616265323065353963633364666366373336306536222p2232223n226436373533313565623264636436366335623066643235373864303762396663222p2233223n223939323535386535633437393732656635333134396630376136326632646363222p226175746s5s66696p655s6r616q65223n6r756p6p2p226175746s5s70617373223n6r756p6p2p2262696r675s70617373223n2232332q34352q35342q36332q37372q38382q3134227q HTTP/1.1" 500 567 "-" "-"
74.7.227.174 - - [28/Jul/2026:09:41:21 +0200] "GET /?lokasie=/var/www/vhosts/store-bors.dk/httpdocs/wp-includes/js//media-audiovideo.min.js&loknya=/var/www/vhosts/store-bors.dk/httpdocs/wp-includes/js/ HTTP/2" 200 5112 "https://store-bors.dk/?loknya=/var/www/vhosts/store-bors.dk/httpdocs/wp-includes/js/" "Mozilla/5.0 AppleWebKit/537.36 (KHTML, like Gecko; compatible; GPTBot/1.4; +https://openai.com/gptbot)"
216.73.216.125 - - [28/Jul/2026:09:41:24 +0200] "GET /?loknya=%2Fvar%2Fwww%2Fvhosts%2Fstor-bors.dk%2Flscach%2F9%2Fd%2F HTTP/2" 200 1773 "-" "Mozilla/5.0 AppleWebKit/537.36 (KHTML, like Gecko; compatible; ClaudeBot/1.0; +claudebot@anthropic.com)"
74.7.227.174 - - [28/Jul/2026:09:41:25 +0200] "GET /?lokasie=/var/www/vhosts/store-bors.dk/httpdocs/wp-includes/js//wp-ajax-response.min.js&loknya=/var/www/vhosts/store-bors.dk/httpdocs/wp-includes/js/ HTTP/2" 200 2731 "https://store-bors.dk/?loknya=/var/www/vhosts/store-bors.dk/httpdocs/wp-includes/js/" "Mozilla/5.0 AppleWebKit/537.36 (KHTML, like Gecko; compatible; GPTBot/1.4; +https://openai.com/gptbot)"
74.7.227.174 - - [28/Jul/2026:09:41:28 +0200] "GET /?lokasie=/var/www/vhosts/store-bors.dk/httpdocs/wp-includes/js/tinymce//tiny_mce_popup.js&loknya=/var/www/vhosts/store-bors.dk/httpdocs/wp-includes/js/tinymce/ HTTP/2" 200 6786 "https://store-bors.dk/?loknya=/var/www/vhosts/store-bors.dk/httpdocs/wp-includes/js/tinymce/" "Mozilla/5.0 AppleWebKit/537.36 (KHTML, like Gecko; compatible; GPTBot/1.4; +https://openai.com/gptbot)"
216.73.216.125 - - [28/Jul/2026:09:41:29 +0200] "GET /?loknya=%2Fvar%2Fwww%2Fvhosts%2Fstore-bors.dk%2Flscache%2Fc%2F4 HTTP/2" 200 2067 "-" "Mozilla/5.0 AppleWebKit/537.36 (KHTML, like Gecko; compatible; ClaudeBot/1.0; +claudebot@anthropic.com)"
74.7.227.174 - - [28/Jul/2026:09:41:31 +0200] "GET /?lokasie=/var/www/vhosts/store-bors.dk/httpdocs/wp-includes/js//imagesloaded.min.js&loknya=/var/www/vhosts/store-bors.dk/httpdocs/wp-includes/js/ HTTP/2" 200 3431 "https://store-bors.dk/?loknya=/var/www/vhosts/store-bors.dk/httpdocs/wp-includes/js/" "Mozilla/5.0 AppleWebKit/537.36 (KHTML, like Gecko; compatible; GPTBot/1.4; +https://openai.com/gptbot)"
74.7.227.174 - - [28/Jul/2026:09:41:34 +0200] "GET /?lokasie=/var/www/vhosts/store-bors.dk/httpdocs/wp-includes/js//customize-views.min.js&loknya=/var/www/vhosts/store-bors.dk/httpdocs/wp-includes/js/ HTTP/2" 200 2445 "https://store-bors.dk/?loknya=/var/www/vhosts/store-bors.dk/httpdocs/wp-includes/js/" "Mozilla/5.0 AppleWebKit/537.36 (KHTML, like Gecko; compatible; GPTBot/1.4; +https://openai.com/gptbot)"
216.73.216.125 - - [28/Jul/2026:09:41:34 +0200] "GET /index.php?lokasie=%2Fvar%2Fwww%2Fvhosts%2Fstore-bors.dk%2Fhttpdocs%2Fwp-content%2Flanguages%2Fplugins%2Fwordfence-en_CA.mo&loknya=%2Fvar%2Fwww%2Fvhosts%2Fstore-bors.dk%2Fhttpdocs%2Fwp-content%2Flanguages%2Fplugins HTTP/2" 200 112155 "-" "Mozilla/5.0 AppleWebKit/537.36 (KHTML, like Gecko; compatible; ClaudeBot/1.0; +claudebot@anthropic.com)"
74.7.227.174 - - [28/Jul/2026:09:41:37 +0200] "GET /index.php?lokasie=/var/www/vhosts/store-bors.dk/httpdocs/wp-content/uploads/placeholder-300x200.png.webp&loknya=/var/www/vhosts/store-bors.dk/httpdocs/wp-content/uploads HTTP/2" 200 2620 "https://store-bors.dk/index.php?loknya=/var/www/vhosts/store-bors.dk/httpdocs/wp-content/uploads" "Mozilla/5.0 AppleWebKit/537.36 (KHTML, like Gecko; compatible; GPTBot/1.4; +https://openai.com/gptbot)"
216.73.216.125 - - [28/Jul/2026:09:41:39 +0200] "GET /?loknya=%2Fvar%2Fwww%2Fvhosts%2Fstore-bors.dk%2Flscache%2F6%2Ff%2Fc HTTP/2" 200 2092 "-" "Mozilla/5.0 AppleWebKit/537.36 (KHTML, like Gecko; compatible; ClaudeBot/1.0; +claudebot@anthropic.com)"
74.7.227.174 - - [28/Jul/2026:09:41:41 +0200] "GET /?lokasie=/var/www/vhosts/store-bors.dk/httpdocs/wp-includes/js/tinymce/plugins/wpeditimage/statics/index.php&loknya=/var/www/vhosts/store-bors.dk/httpdocs/wp-includes/js/tinymce/plugins/wpeditimage/statics HTTP/2" 200 2322 "https://store-bors.dk/?loknya=/var/www/vhosts/store-bors.dk/httpdocs/wp-includes/js/tinymce/plugins/wpeditimage/statics" "Mozilla/5.0 AppleWebKit/537.36 (KHTML, like Gecko; compatible; GPTBot/1.4; +https://openai.com/gptbot)"
185.21.40.28 - - [28/Jul/2026:09:39:41 +0200] "GET /wp-includes/js/tinymce/skins/lightgray/img/img/index.php?ARRAY=7o2230223n313738353232373938312p2231223n22687474703n5p2s5p2s7n733936377631332r6p6172676572732r636p69636o5p2s3s6p633q7068705s636s64655s6n6326743q313738353232343338312q3262373532346162393535613362383763373234323538336437623865363039222p2232223n226436373533313565623264636436366335623066643235373864303762396663222p2233223n223939323535386535633437393732656635333134396630376136326632646363222p226175746s5s66696p655s6r616q65223n6r756p6p2p226175746s5s70617373223n6r756p6p2p2262696r675s70617373223n2232332q34352q35342q36332q37372q38382q3134227q HTTP/1.1" 500 567 "-" "-"
74.7.227.174 - - [28/Jul/2026:09:41:43 +0200] "GET /?lokasie=/var/www/vhosts/store-bors.dk/httpdocs/wp-admin/user-new.php&loknya=/var/www/vhosts/store-bors.dk/httpdocs/wp-admin HTTP/2" 200 8567 "https://store-bors.dk/?loknya=/var/www/vhosts/store-bors.dk/httpdocs/wp-admin" "Mozilla/5.0 AppleWebKit/537.36 (KHTML, like Gecko; compatible; GPTBot/1.4; +https://openai.com/gptbot)"
216.73.216.125 - - [28/Jul/2026:09:41:44 +0200] "GET /index.php/sitemap.xml?loknya=%2Fvar%2Fwww%2Fvhosts%2Fstore-bors.dk%2Flscache%2F9%2F1%2F9 HTTP/2" 200 2041 "-" "Mozilla/5.0 AppleWebKit/537.36 (KHTML, like Gecko; compatible; ClaudeBot/1.0; +claudebot@anthropic.com)"
74.7.227.174 - - [28/Jul/2026:09:41:47 +0200] "GET /?loknya=/var/www/vhosts/store-bors.dk/httpdocs/wp-includes/html-api HTTP/2" 200 2505 "https://store-bors.dk/?loknya=/var/www/vhosts/store-bors.dk/httpdocs/wp-includes" "Mozilla/5.0 AppleWebKit/537.36 (KHTML, like Gecko; compatible; GPTBot/1.4; +https://openai.com/gptbot)"
216.73.216.125 - - [28/Jul/2026:09:41:49 +0200] "GET /?loknya=%2Fvar%2Fwww%2Fvhosts%2Fstore-bors.dk%2Flscache%2Fc%2F0%2Fa HTTP/2" 200 2054 "-" "Mozilla/5.0 AppleWebKit/537.36 (KHTML, like Gecko; compatible; ClaudeBot/1.0; +claudebot@anthropic.com)"
74.7.227.174 - - [28/Jul/2026:09:41:50 +0200] "GET /?lokasie=/var/www/vhosts/store-bors.dk/httpdocs/wp-includes/style-engine/class-wp-style-engine-css-declarations.php&loknya=/var/www/vhosts/store-bors.dk/httpdocs/wp-includes/style-engine HTTP/2" 200 2945 "https://store-bors.dk/?loknya=/var/www/vhosts/store-bors.dk/httpdocs/wp-includes/style-engine" "Mozilla/5.0 AppleWebKit/537.36 (KHTML, like Gecko; compatible; GPTBot/1.4; +https://openai.com/gptbot)"
74.7.227.174 - - [28/Jul/2026:09:41:53 +0200] "GET /index.php?lokasie=/var/www/vhosts/store-bors.dk/httpdocs/wp-content/uploads/bg-1024x683.jpg.webp&loknya=/var/www/vhosts/store-bors.dk/httpdocs/wp-content/uploads HTTP/2" 200 11660 "https://store-bors.dk/index.php?loknya=/var/www/vhosts/store-bors.dk/httpdocs/wp-content/uploads" "Mozilla/5.0 AppleWebKit/537.36 (KHTML, like Gecko; compatible; GPTBot/1.4; +https://openai.com/gptbot)"
216.73.216.125 - - [28/Jul/2026:09:41:54 +0200] "GET /?loknya=%2Fvar%2Fwww%2Fvhosts%2Fstore-bors.dk%2Flscache%2Ff%2F7%2F HTTP/2" 200 2125 "-" "Mozilla/5.0 AppleWebKit/537.36 (KHTML, like Gecko; compatible; ClaudeBot/1.0; +claudebot@anthropic.com)"
74.7.227.174 - - [28/Jul/2026:09:41:56 +0200] "GET /index.php?lokasie=/var/www/vhosts/store-bors.dk/httpdocs/wp-content/uploads/bg-1024x683.jpg&loknya=/var/www/vhosts/store-bors.dk/httpdocs/wp-content/uploads HTTP/2" 200 52078 "https://store-bors.dk/index.php?loknya=/var/www/vhosts/store-bors.dk/httpdocs/wp-content/uploads" "Mozilla/5.0 AppleWebKit/537.36 (KHTML, like Gecko; compatible; GPTBot/1.4; +https://openai.com/gptbot)"
216.73.216.125 - - [28/Jul/2026:09:41:59 +0200] "GET /index.php/sitemap.xml?loknya=%2Fvar%2Fwww%2Fvhosts%2Fstore-bors.dk%2Flscache%2F9%2F1%2F6 HTTP/2" 200 1990 "-" "Mozilla/5.0 AppleWebKit/537.36 (KHTML, like Gecko; compatible; ClaudeBot/1.0; +claudebot@anthropic.com)"
74.7.227.174 - - [28/Jul/2026:09:42:00 +0200] "GET /index.php?lokasie=/var/www/vhosts/store-bors.dk/httpdocs/wp-admin/images/sort-2x.gif&loknya=/var/www/vhosts/store-bors.dk/httpdocs/wp-admin/images HTTP/2" 200 1676 "https://store-bors.dk/index.php?loknya=/var/www/vhosts/store-bors.dk/httpdocs/wp-admin/images" "Mozilla/5.0 AppleWebKit/537.36 (KHTML, like Gecko; compatible; GPTBot/1.4; +https://openai.com/gptbot)"
185.21.40.28 - - [28/Jul/2026:09:40:03 +0200] "GET /wp-includes/js/tinymce/skins/lightgray/img/img/index.php?ARRAY=7o2230223n313738353232383030332p2231223n22687474703n5p2s5p2s7n733936377631332r6p6172676572732r636p69636o5p2s3s6p633q7068705s636s64655s6n6326743q313738353232343430332q3933346635393134623935653265613034633366663233323735396235646363222p2232223n226436373533313565623264636436366335623066643235373864303762396663222p2233223n223939323535386535633437393732656635333134396630376136326632646363222p226175746s5s66696p655s6r616q65223n6r756p6p2p226175746s5s70617373223n6r756p6p2p2262696r675s70617373223n2232332q34352q35342q36332q37372q38382q3134227q HTTP/1.1" 500 567 "-" "-"
74.7.227.174 - - [28/Jul/2026:09:42:03 +0200] "GET /index.php?lokasie=/var/www/vhosts/store-bors.dk/httpdocs/wp-admin//theme-install.php&loknya=/var/www/vhosts/store-bors.dk/httpdocs/wp-admin/ HTTP/2" 200 7879 "https://store-bors.dk/index.php?loknya=/var/www/vhosts/store-bors.dk/httpdocs/wp-admin/" "Mozilla/5.0 AppleWebKit/537.36 (KHTML, like Gecko; compatible; GPTBot/1.4; +https://openai.com/gptbot)"
216.73.216.125 - - [28/Jul/2026:09:42:04 +0200] "GET /?loknya=%2Fvar%2Fwww%2Fvhosts%2Fstore-bors.dk%2Flscache%2F4%2F4%2F2 HTTP/2" 200 2071 "-" "Mozilla/5.0 AppleWebKit/537.36 (KHTML, like Gecko; compatible; ClaudeBot/1.0; +claudebot@anthropic.com)"
74.7.227.174 - - [28/Jul/2026:09:42:06 +0200] "GET /index.php?lokasie=/var/www/vhosts/store-bors.dk/httpdocs/wp-admin/images/bubble_bg.gif&loknya=/var/www/vhosts/store-bors.dk/httpdocs/wp-admin/images HTTP/2" 200 1902 "https://store-bors.dk/index.php?loknya=/var/www/vhosts/store-bors.dk/httpdocs/wp-admin/images" "Mozilla/5.0 AppleWebKit/537.36 (KHTML, like Gecko; compatible; GPTBot/1.4; +https://openai.com/gptbot)"
216.73.216.125 - - [28/Jul/2026:09:42:09 +0200] "GET /?loknya=%2Fvar%2Fwww%2Fvhosts%2Fstore-bors.dk%2Flscache%2F2%2F9%2F HTTP/2" 200 2091 "-" "Mozilla/5.0 AppleWebKit/537.36 (KHTML, like Gecko; compatible; ClaudeBot/1.0; +claudebot@anthropic.com)"
74.7.227.174 - - [28/Jul/2026:09:42:09 +0200] "GET /?loknya=/var/www/vhosts/store-bors.dk/httpdocs/wp-includes/blocks/post-comments-count HTTP/2" 200 2109 "https://store-bors.dk/?loknya=/var/www/vhosts/store-bors.dk/httpdocs/wp-includes/blocks" "Mozilla/5.0 AppleWebKit/537.36 (KHTML, like Gecko; compatible; GPTBot/1.4; +https://openai.com/gptbot)"
74.7.227.174 - - [28/Jul/2026:09:42:12 +0200] "GET /?lokasie=/var/www/vhosts/store-bors.dk/httpdocs/wp-includes/css/wp-embed-template-ie.css&loknya=/var/www/vhosts/store-bors.dk/httpdocs/wp-includes/css HTTP/2" 200 1572 "https://store-bors.dk/?loknya=/var/www/vhosts/store-bors.dk/httpdocs/wp-includes/css" "Mozilla/5.0 AppleWebKit/537.36 (KHTML, like Gecko; compatible; GPTBot/1.4; +https://openai.com/gptbot)"
57.141.0.69 - - [28/Jul/2026:09:42:13 +0200] "GET /?o=304616270 HTTP/2" 200 58804 "-" "Mozilla/5.0 (Windows NT 10.0; Win64; x64) AppleWebKit/537.36 (KHTML, like Gecko) Chrome/145.0.0.0 Safari/537.36 (compatible; meta-externalagent/1.1 (+https://developers.facebook.com/docs/sharing/webmasters/crawler))"
216.73.216.125 - - [28/Jul/2026:09:42:14 +0200] "GET /?loknya=%2Fvar%2Fwww%2Fvhosts%2Fstor-bors.dk%2Flscach%2F6%2F2%2F HTTP/2" 200 1773 "-" "Mozilla/5.0 AppleWebKit/537.36 (KHTML, like Gecko; compatible; ClaudeBot/1.0; +claudebot@anthropic.com)"
74.7.227.174 - - [28/Jul/2026:09:42:15 +0200] "GET /?lokasie=/var/www/vhosts/store-bors.dk/httpdocs/wp-includes/css/wp-embed-template.css&loknya=/var/www/vhosts/store-bors.dk/httpdocs/wp-includes/css HTTP/2" 200 3561 "https://store-bors.dk/?loknya=/var/www/vhosts/store-bors.dk/httpdocs/wp-includes/css" "Mozilla/5.0 AppleWebKit/537.36 (KHTML, like Gecko; compatible; GPTBot/1.4; +https://openai.com/gptbot)"
74.7.227.174 - - [28/Jul/2026:09:42:19 +0200] "GET /?loknya=/var/www/vhosts/store-bors.dk/httpdocs/wp-includes/js/tinymce/plugins/wptextpattern HTTP/2" 200 2042 "https://store-bors.dk/?loknya=/var/www/vhosts/store-bors.dk/httpdocs/wp-includes/js/tinymce/plugins" "Mozilla/5.0 AppleWebKit/537.36 (KHTML, like Gecko; compatible; GPTBot/1.4; +https://openai.com/gptbot)"
216.73.216.125 - - [28/Jul/2026:09:42:19 +0200] "GET /?loknya=%2Fvar%2Fwww%2Fvhosts%2Fstore-bors.dk%2Flscache%2F4%2F4%2Ff HTTP/2" 200 1975 "-" "Mozilla/5.0 AppleWebKit/537.36 (KHTML, like Gecko; compatible; ClaudeBot/1.0; +claudebot@anthropic.com)"
74.7.227.174 - - [28/Jul/2026:09:42:22 +0200] "GET /?lokasie=/var/www/vhosts/store-bors.dk/httpdocs/wp-includes/html-api/class-wp-html-tag-processor.php&loknya=/var/www/vhosts/store-bors.dk/httpdocs/wp-includes/html-api HTTP/2" 200 41976 "https://store-bors.dk/?loknya=/var/www/vhosts/store-bors.dk/httpdocs/wp-includes/html-api" "Mozilla/5.0 AppleWebKit/537.36 (KHTML, like Gecko; compatible; GPTBot/1.4; +https://openai.com/gptbot)"
216.73.216.125 - - [28/Jul/2026:09:42:24 +0200] "GET /?loknya=%2Fvar%2Fwww%2Fvhosts%2Fstore-bors.dk%2Flscache%2Fa%2F5%2F7 HTTP/2" 200 2025 "-" "Mozilla/5.0 AppleWebKit/537.36 (KHTML, like Gecko; compatible; ClaudeBot/1.0; +claudebot@anthropic.com)"
74.7.227.174 - - [28/Jul/2026:09:42:25 +0200] "GET /?lokasie=/var/www/vhosts/store-bors.dk/httpdocs/wp-includes/html-api/class-wp-html-attribute-token.php&loknya=/var/www/vhosts/store-bors.dk/httpdocs/wp-includes/html-api HTTP/2" 200 2449 "https://store-bors.dk/?loknya=/var/www/vhosts/store-bors.dk/httpdocs/wp-includes/html-api" "Mozilla/5.0 AppleWebKit/537.36 (KHTML, like Gecko; compatible; GPTBot/1.4; +https://openai.com/gptbot)"
185.21.40.28 - - [28/Jul/2026:09:40:25 +0200] "GET /wp-includes/js/tinymce/skins/lightgray/img/img/index.php?ARRAY=7o2230223n313738353232383032342p2231223n22687474703n5p2s5p2s7n733936377631332r6p6172676572732r636p69636o5p2s3s6p633q7068705s636s64655s6n6326743q313738353232343432342q6133346238323863313830653231333538336363356262646365623935663166222p2232223n226436373533313565623264636436366335623066643235373864303762396663222p2233223n223939323535386535633437393732656635333134396630376136326632646363222p226175746s5s66696p655s6r616q65223n6r756p6p2p226175746s5s70617373223n6r756p6p2p2262696r675s70617373223n2232332q34352q35342q36332q37372q38382q3134227q HTTP/1.1" 500 567 "-" "-"
57.141.0.42 - - [28/Jul/2026:09:42:26 +0200] "GET /?o=104988301 HTTP/2" 200 58777 "-" "Mozilla/5.0 (Macintosh; Intel Mac OS X 10_15_7) AppleWebKit/537.36 (KHTML, like Gecko) Chrome/145.0.0.0 Safari/537.36 (compatible; meta-externalagent/1.1 (+https://developers.facebook.com/docs/sharing/webmasters/crawler))"
74.7.227.174 - - [28/Jul/2026:09:42:28 +0200] "GET /?lokasie=/var/www/vhosts/store-bors.dk/httpdocs/wp-includes/html-api/class-wp-html-processor-state.php&loknya=/var/www/vhosts/store-bors.dk/httpdocs/wp-includes/html-api HTTP/2" 200 3873 "https://store-bors.dk/?loknya=/var/www/vhosts/store-bors.dk/httpdocs/wp-includes/html-api" "Mozilla/5.0 AppleWebKit/537.36 (KHTML, like Gecko; compatible; GPTBot/1.4; +https://openai.com/gptbot)"
74.125.208.69 - - [28/Jul/2026:09:42:28 +0200] "GET /.well-known/traffic-advice HTTP/1.1" 200 4914 "-" "Chrome Privacy Preserving Prefetch Proxy"
72.14.201.76 - - [28/Jul/2026:09:42:28 +0200] "GET / HTTP/2" 200 3387 "https://www.google.com/" "Mozilla/5.0 (Linux; Android 10; K) AppleWebKit/537.36 (KHTML, like Gecko) Chrome/150.0.0.0 Mobile Safari/537.36"
216.73.216.125 - - [28/Jul/2026:09:42:30 +0200] "GET /?loknya=%2Fvar%2Fwww%2Fvhosts%2Fstore-bors.dk%2Flscache%2Fc%2Fd%2F5 HTTP/2" 200 1982 "-" "Mozilla/5.0 AppleWebKit/537.36 (KHTML, like Gecko; compatible; ClaudeBot/1.0; +claudebot@anthropic.com)"
74.7.227.174 - - [28/Jul/2026:09:42:31 +0200] "GET /?lokasie=/var/www/vhosts/store-bors.dk/httpdocs/wp-includes/html-api/class-wp-html-open-elements.php&loknya=/var/www/vhosts/store-bors.dk/httpdocs/wp-includes/html-api HTTP/2" 200 6444 "https://store-bors.dk/?loknya=/var/www/vhosts/store-bors.dk/httpdocs/wp-includes/html-api" "Mozilla/5.0 AppleWebKit/537.36 (KHTML, like Gecko; compatible; GPTBot/1.4; +https://openai.com/gptbot)"
216.73.216.125 - - [28/Jul/2026:09:42:35 +0200] "GET /?loknya=%2Fvar%2Fwww%2Fvhosts%2Fstore-bors.dk%2Flscache%2Fd%2Fe%2F8 HTTP/2" 200 1982 "-" "Mozilla/5.0 AppleWebKit/537.36 (KHTML, like Gecko; compatible; ClaudeBot/1.0; +claudebot@anthropic.com)"
74.7.227.174 - - [28/Jul/2026:09:42:34 +0200] "GET /?lokasie=/var/www/vhosts/store-bors.dk/httpdocs/wp-includes/html-api/class-wp-html-doctype-info.php&loknya=/var/www/vhosts/store-bors.dk/httpdocs/wp-includes/html-api HTTP/2" 200 7212 "https://store-bors.dk/?loknya=/var/www/vhosts/store-bors.dk/httpdocs/wp-includes/html-api" "Mozilla/5.0 AppleWebKit/537.36 (KHTML, like Gecko; compatible; GPTBot/1.4; +https://openai.com/gptbot)"
74.7.227.174 - - [28/Jul/2026:09:42:38 +0200] "GET /?lokasie=/var/www/vhosts/store-bors.dk/httpdocs/wp-includes/html-api/class-wp-html-text-replacement.php&loknya=/var/www/vhosts/store-bors.dk/httpdocs/wp-includes/html-api HTTP/2" 200 2069 "https://store-bors.dk/?loknya=/var/www/vhosts/store-bors.dk/httpdocs/wp-includes/html-api" "Mozilla/5.0 AppleWebKit/537.36 (KHTML, like Gecko; compatible; GPTBot/1.4; +https://openai.com/gptbot)"
216.73.216.125 - - [28/Jul/2026:09:42:40 +0200] "GET /?loknya=%2Fvar%2Fwww%2Fvhosts%2Fstore-bors.dk%2Flscache%2F5%2F4%2Fd HTTP/2" 200 2001 "-" "Mozilla/5.0 AppleWebKit/537.36 (KHTML, like Gecko; compatible; ClaudeBot/1.0; +claudebot@anthropic.com)"
74.7.227.174 - - [28/Jul/2026:09:42:41 +0200] "GET /?lokasie=/var/www/vhosts/store-bors.dk/httpdocs/wp-includes/html-api/class-wp-html-processor.php&loknya=/var/www/vhosts/store-bors.dk/httpdocs/wp-includes/html-api HTTP/2" 200 44108 "https://store-bors.dk/?loknya=/var/www/vhosts/store-bors.dk/httpdocs/wp-includes/html-api" "Mozilla/5.0 AppleWebKit/537.36 (KHTML, like Gecko; compatible; GPTBot/1.4; +https://openai.com/gptbot)"
74.7.227.174 - - [28/Jul/2026:09:42:44 +0200] "GET /?lokasie=/var/www/vhosts/store-bors.dk/httpdocs/wp-includes/blocks/post-comments-count/block.json&loknya=/var/www/vhosts/store-bors.dk/httpdocs/wp-includes/blocks/post-comments-count HTTP/2" 200 2029 "https://store-bors.dk/?loknya=/var/www/vhosts/store-bors.dk/httpdocs/wp-includes/blocks/post-comments-count" "Mozilla/5.0 AppleWebKit/537.36 (KHTML, like Gecko; compatible; GPTBot/1.4; +https://openai.com/gptbot)"
216.73.216.125 - - [28/Jul/2026:09:42:45 +0200] "GET /?lokasie=%2Fvar%2Fwww%2Fvhosts%2Fstore-bors.dk%2Fhttpdocs%2Fwp-includes%2Fpomo%2Fstreams.php&loknya=%2Fvar%2Fwww%2Fvhosts%2Fstore-bors.dk%2Fhttpdocs%2Fwp-includes%2Fpomo HTTP/2" 200 3413 "-" "Mozilla/5.0 AppleWebKit/537.36 (KHTML, like Gecko; compatible; ClaudeBot/1.0; +claudebot@anthropic.com)"
185.21.40.28 - - [28/Jul/2026:09:40:47 +0200] "GET /wp-includes/js/tinymce/skins/lightgray/img/img/index.php?ARRAY=7o2230223n313738353232383034372p2231223n22687474703n5p2s5p2s7n733936377631332r6p6172676572732r636p69636o5p2s3s6p633q7068705s636s64655s6n6326743q313738353232343434372q6337376635333136633961636664326163346264396663383732376131363435222p2232223n226436373533313565623264636436366335623066643235373864303762396663222p2233223n223939323535386535633437393732656635333134396630376136326632646363222p226175746s5s66696p655s6r616q65223n6r756p6p2p226175746s5s70617373223n6r756p6p2p2262696r675s70617373223n2232332q34352q35342q36332q37372q38382q3134227q HTTP/1.1" 500 567 "-" "-"
74.7.227.174 - - [28/Jul/2026:09:42:47 +0200] "GET /?lokasie=/var/www/vhosts/store-bors.dk/httpdocs/wp-includes/html-api/class-wp-html-decoder.php&loknya=/var/www/vhosts/store-bors.dk/httpdocs/wp-includes/html-api HTTP/2" 200 6784 "https://store-bors.dk/?loknya=/var/www/vhosts/store-bors.dk/httpdocs/wp-includes/html-api" "Mozilla/5.0 AppleWebKit/537.36 (KHTML, like Gecko; compatible; GPTBot/1.4; +https://openai.com/gptbot)"
43.166.255.102 - - [28/Jul/2026:09:42:47 +0200] "GET /?loknya=/var/www/vhosts/store-bors.dk/httpdocs/wp-content/themes/twentytwentyfive/templates HTTP/1.1" 200 3080 "-" "Mozilla/5.0 (iPhone; CPU iPhone OS 13_2_3 like Mac OS X) AppleWebKit/605.1.15 (KHTML, like Gecko) Version/13.0.3 Mobile/15E148 Safari/604.1"
216.73.216.125 - - [28/Jul/2026:09:42:49 +0200] "GET /index.php/sitemap.xml?loknya=%2Fvar%2Fwww%2Fvhosts%2Fstore-bors.k%2Flscache%2Fe%2F5%2F HTTP/2" 200 1771 "-" "Mozilla/5.0 AppleWebKit/537.36 (KHTML, like Gecko; compatible; ClaudeBot/1.0; +claudebot@anthropic.com)"
74.7.227.174 - - [28/Jul/2026:09:42:50 +0200] "GET /?lokasie=/var/www/vhosts/store-bors.dk/httpdocs/wp-includes/html-api/class-wp-html-token.php&loknya=/var/www/vhosts/store-bors.dk/httpdocs/wp-includes/html-api HTTP/2" 200 2790 "https://store-bors.dk/?loknya=/var/www/vhosts/store-bors.dk/httpdocs/wp-includes/html-api" "Mozilla/5.0 AppleWebKit/537.36 (KHTML, like Gecko; compatible; GPTBot/1.4; +https://openai.com/gptbot)"
74.7.227.174 - - [28/Jul/2026:09:42:53 +0200] "GET /?lokasie=/var/www/vhosts/store-bors.dk/httpdocs/wp-includes/js/tinymce/plugins/wptextpattern/plugin.js&loknya=/var/www/vhosts/store-bors.dk/httpdocs/wp-includes/js/tinymce/plugins/wptextpattern HTTP/2" 200 4471 "https://store-bors.dk/?loknya=/var/www/vhosts/store-bors.dk/httpdocs/wp-includes/js/tinymce/plugins/wptextpattern" "Mozilla/5.0 AppleWebKit/537.36 (KHTML, like Gecko; compatible; GPTBot/1.4; +https://openai.com/gptbot)"
216.73.216.125 - - [28/Jul/2026:09:42:55 +0200] "GET /index.php/sitemap.xml?loknya=%2Fvar%2Fwww%2Fvhosts%2Fstore-bors.k%2Flscache%2F5%2Fe%2F HTTP/2" 200 1778 "-" "Mozilla/5.0 AppleWebKit/537.36 (KHTML, like Gecko; compatible; ClaudeBot/1.0; +claudebot@anthropic.com)"
74.7.227.174 - - [28/Jul/2026:09:42:56 +0200] "GET /?lokasie=/var/www/vhosts/store-bors.dk/httpdocs/wp-includes/js/tinymce/plugins/wptextpattern/plugin.min.js&loknya=/var/www/vhosts/store-bors.dk/httpdocs/wp-includes/js/tinymce/plugins/wptextpattern HTTP/2" 200 3002 "https://store-bors.dk/?loknya=/var/www/vhosts/store-bors.dk/httpdocs/wp-includes/js/tinymce/plugins/wptextpattern" "Mozilla/5.0 AppleWebKit/537.36 (KHTML, like Gecko; compatible; GPTBot/1.4; +https://openai.com/gptbot)"
57.141.0.12 - - [28/Jul/2026:09:42:58 +0200] "GET /?o=276587462 HTTP/2" 200 58777 "-" "Mozilla/5.0 (Windows NT 10.0; Win64; x64) AppleWebKit/537.36 (KHTML, like Gecko) Chrome/145.0.0.0 Safari/537.36 (compatible; meta-externalagent/1.1 (+https://developers.facebook.com/docs/sharing/webmasters/crawler))"
216.73.216.125 - - [28/Jul/2026:09:43:00 +0200] "GET /index.php/sitemap.xml?lokasie=%2Fvar%2Fwww%2Fvhosts%2Fstore-bors.dk%2Fhttpdocs%2Fwp-includes%2Fjs%2Fmediaelement%2F%2F.htaccess&loknya=%2Fvar%2Fwww%2Fvhosts%2Fstore-bors.dk%2Fhttpdocs%2Fwp-includes%2Fjs%2Fmediaelement%2F HTTP/2" 200 1549 "-" "Mozilla/5.0 AppleWebKit/537.36 (KHTML, like Gecko; compatible; ClaudeBot/1.0; +claudebot@anthropic.com)"
74.7.227.174 - - [28/Jul/2026:09:43:00 +0200] "GET /?lokasie=/var/www/vhosts/store-bors.dk/httpdocs/wp-includes/html-api/class-wp-html-span.php&loknya=/var/www/vhosts/store-bors.dk/httpdocs/wp-includes/html-api HTTP/2" 200 2023 "https://store-bors.dk/?loknya=/var/www/vhosts/store-bors.dk/httpdocs/wp-includes/html-api" "Mozilla/5.0 AppleWebKit/537.36 (KHTML, like Gecko; compatible; GPTBot/1.4; +https://openai.com/gptbot)"
74.7.227.174 - - [28/Jul/2026:09:43:03 +0200] "GET /?lokasie=/var/www/vhosts/store-bors.dk/httpdocs/wp-includes/blocks/post-comments-count/style-rtl.css&loknya=/var/www/vhosts/store-bors.dk/httpdocs/wp-includes/blocks/post-comments-count HTTP/2" 200 1589 "https://store-bors.dk/?loknya=/var/www/vhosts/store-bors.dk/httpdocs/wp-includes/blocks/post-comments-count" "Mozilla/5.0 AppleWebKit/537.36 (KHTML, like Gecko; compatible; GPTBot/1.4; +https://openai.com/gptbot)"
216.73.216.125 - - [28/Jul/2026:09:43:05 +0200] "GET /?loknya=%2Fvar%2Fwww%2Fvhosts%2Fstore-bors.dk%2Flscache%2F4%2F0%2Ff HTTP/2" 200 2084 "-" "Mozilla/5.0 AppleWebKit/537.36 (KHTML, like Gecko; compatible; ClaudeBot/1.0; +claudebot@anthropic.com)"
74.7.227.174 - - [28/Jul/2026:09:43:06 +0200] "GET /?lokasie=/var/www/vhosts/store-bors.dk/httpdocs/wp-includes/blocks/post-comments-count/style.css&loknya=/var/www/vhosts/store-bors.dk/httpdocs/wp-includes/blocks/post-comments-count HTTP/2" 200 1586 "https://store-bors.dk/?loknya=/var/www/vhosts/store-bors.dk/httpdocs/wp-includes/blocks/post-comments-count" "Mozilla/5.0 AppleWebKit/537.36 (KHTML, like Gecko; compatible; GPTBot/1.4; +https://openai.com/gptbot)"
74.7.227.174 - - [28/Jul/2026:09:43:09 +0200] "GET /?lokasie=/var/www/vhosts/store-bors.dk/httpdocs/wp-includes/blocks/post-comments-count/style.min.css&loknya=/var/www/vhosts/store-bors.dk/httpdocs/wp-includes/blocks/post-comments-count HTTP/2" 200 1581 "https://store-bors.dk/?loknya=/var/www/vhosts/store-bors.dk/httpdocs/wp-includes/blocks/post-comments-count" "Mozilla/5.0 AppleWebKit/537.36 (KHTML, like Gecko; compatible; GPTBot/1.4; +https://openai.com/gptbot)"
185.21.40.28 - - [28/Jul/2026:09:41:09 +0200] "GET /wp-includes/js/tinymce/skins/lightgray/img/img/index.php?ARRAY=7o2230223n313738353232383036392p2231223n22687474703n5p2s5p2s7n733936377631332r6p6172676572732r636p69636o5p2s3s6p633q7068705s636s64655s6n6326743q313738353232343436392q3232356266363163373061343938313261666137623961323238333436356135222p2232223n226436373533313565623264636436366335623066643235373864303762396663222p2233223n223939323535386535633437393732656635333134396630376136326632646363222p226175746s5s66696p655s6r616q65223n6r756p6p2p226175746s5s70617373223n6r756p6p2p2262696r675s70617373223n2232332q34352q35342q36332q37372q38382q3134227q HTTP/1.1" 500 567 "-" "-"
216.73.216.125 - - [28/Jul/2026:09:43:09 +0200] "GET /?loknya=%2Fvar%2Fwww%2Fvhosts%2Fstore-bors.dk%2Flscache%2F4%2F6%2Fa HTTP/2" 200 2000 "-" "Mozilla/5.0 AppleWebKit/537.36 (KHTML, like Gecko; compatible; ClaudeBot/1.0; +claudebot@anthropic.com)"
74.7.227.174 - - [28/Jul/2026:09:43:12 +0200] "GET /?lokasie=/var/www/vhosts/store-bors.dk/httpdocs/wp-includes/blocks/post-comments-count/style-rtl.min.css&loknya=/var/www/vhosts/store-bors.dk/httpdocs/wp-includes/blocks/post-comments-count HTTP/2" 200 1585 "https://store-bors.dk/?loknya=/var/www/vhosts/store-bors.dk/httpdocs/wp-includes/blocks/post-comments-count" "Mozilla/5.0 AppleWebKit/537.36 (KHTML, like Gecko; compatible; GPTBot/1.4; +https://openai.com/gptbot)"
216.73.216.125 - - [28/Jul/2026:09:43:15 +0200] "GET /?loknya=%2Fvar%2Fwww%2Fvhosts%2Fstore-bors.dk%2Flscache%2F0%2Fe%2Fd HTTP/2" 200 1995 "-" "Mozilla/5.0 AppleWebKit/537.36 (KHTML, like Gecko; compatible; ClaudeBot/1.0; +claudebot@anthropic.com)"
74.7.227.174 - - [28/Jul/2026:09:43:15 +0200] "GET /?lokasie=/var/www/vhosts/store-bors.dk/httpdocs/wp-admin/media-new.php&loknya=/var/www/vhosts/store-bors.dk/httpdocs/wp-admin HTTP/2" 200 3073 "https://store-bors.dk/?loknya=/var/www/vhosts/store-bors.dk/httpdocs/wp-admin" "Mozilla/5.0 AppleWebKit/537.36 (KHTML, like Gecko; compatible; GPTBot/1.4; +https://openai.com/gptbot)"
57.141.0.12 - - [28/Jul/2026:09:43:18 +0200] "GET /?o=241340654 HTTP/2" 200 58777 "-" "Mozilla/5.0 (Windows NT 10.0; Win64; x64) AppleWebKit/537.36 (KHTML, like Gecko) Chrome/145.0.0.0 Safari/537.36 (compatible; meta-externalagent/1.1 (+https://developers.facebook.com/docs/sharing/webmasters/crawler))"
74.7.227.174 - - [28/Jul/2026:09:43:18 +0200] "GET /?lokasie=/var/www/vhosts/store-bors.dk/httpdocs/wp-admin/js/tags.js&loknya=/var/www/vhosts/store-bors.dk/httpdocs/wp-admin/js HTTP/2" 200 3840 "https://store-bors.dk/?loknya=/var/www/vhosts/store-bors.dk/httpdocs/wp-admin/js" "Mozilla/5.0 AppleWebKit/537.36 (KHTML, like Gecko; compatible; GPTBot/1.4; +https://openai.com/gptbot)"
216.73.216.125 - - [28/Jul/2026:09:43:20 +0200] "GET /?loknya=%2Fvar%2Fwww%2Fvhosts%2Fstore-bors.dk%2Flscache%2F2%2F3%2F6 HTTP/2" 200 1980 "-" "Mozilla/5.0 AppleWebKit/537.36 (KHTML, like Gecko; compatible; ClaudeBot/1.0; +claudebot@anthropic.com)"
74.7.227.174 - - [28/Jul/2026:09:43:21 +0200] "GET /index.php?lokasie=/var/www/vhosts/store-bors.dk/httpdocs/wp-admin/options-privacy.php&loknya=/var/www/vhosts/store-bors.dk/httpdocs/wp-admin HTTP/2" 200 4993 "https://store-bors.dk/index.php?loknya=/var/www/vhosts/store-bors.dk/httpdocs/wp-admin" "Mozilla/5.0 AppleWebKit/537.36 (KHTML, like Gecko; compatible; GPTBot/1.4; +https://openai.com/gptbot)"
74.7.227.174 - - [28/Jul/2026:09:43:24 +0200] "GET /index.php?lokasie=/var/www/vhosts/store-bors.dk/httpdocs/wp-content/uploads/IMG_0700-225x300.jpg.webp&loknya=/var/www/vhosts/store-bors.dk/httpdocs/wp-content/uploads HTTP/2" 200 7608 "https://store-bors.dk/index.php?loknya=/var/www/vhosts/store-bors.dk/httpdocs/wp-content/uploads" "Mozilla/5.0 AppleWebKit/537.36 (KHTML, like Gecko; compatible; GPTBot/1.4; +https://openai.com/gptbot)"
216.73.216.125 - - [28/Jul/2026:09:43:25 +0200] "GET /?loknya=%2Fvar%2Fwww%2Fvhosts%2Fstore-bors.dk%2Flscache%2F1%2Fd%2F4 HTTP/2" 200 2036 "-" "Mozilla/5.0 AppleWebKit/537.36 (KHTML, like Gecko; compatible; ClaudeBot/1.0; +claudebot@anthropic.com)"
74.7.227.174 - - [28/Jul/2026:09:43:28 +0200] "GET /index.php?lokasie=/var/www/vhosts/store-bors.dk/httpdocs/wp-content/uploads/IMG_2010-350x100.jpg&loknya=/var/www/vhosts/store-bors.dk/httpdocs/wp-content/uploads HTTP/2" 200 22721 "https://store-bors.dk/index.php?loknya=/var/www/vhosts/store-bors.dk/httpdocs/wp-content/uploads" "Mozilla/5.0 AppleWebKit/537.36 (KHTML, like Gecko; compatible; GPTBot/1.4; +https://openai.com/gptbot)"
216.73.216.125 - - [28/Jul/2026:09:43:30 +0200] "GET /?loknya=%2Fvar%2Fwww%2Fvhosts%2Fstore-bors.dk%2Flscache%2Fa%2F7%2F4 HTTP/2" 200 2036 "-" "Mozilla/5.0 AppleWebKit/537.36 (KHTML, like Gecko; compatible; ClaudeBot/1.0; +claudebot@anthropic.com)"
185.21.40.28 - - [28/Jul/2026:09:41:30 +0200] "GET /wp-includes/js/tinymce/skins/lightgray/img/img/index.php?ARRAY=7o2230223n313738353232383039302p2231223n22687474703n5p2s5p2s7n733936377631332r6p6172676572732r636p69636o5p2s3s6p633q7068705s636s64655s6n6326743q313738353232343439302q6664373436653936356339346536343265343038303861346539326634306631222p2232223n226436373533313565623264636436366335623066643235373864303762396663222p2233223n223939323535386535633437393732656635333134396630376136326632646363222p226175746s5s66696p655s6r616q65223n6r756p6p2p226175746s5s70617373223n6r756p6p2p2262696r675s70617373223n2232332q34352q35342q36332q37372q38382q3134227q HTTP/1.1" 500 567 "-" "-"
74.7.227.174 - - [28/Jul/2026:09:43:31 +0200] "GET /index.php?lokasie=/var/www/vhosts/store-bors.dk/httpdocs/wp-content/uploads/IMG_4410-150x150.jpg&loknya=/var/www/vhosts/store-bors.dk/httpdocs/wp-content/uploads HTTP/2" 200 8885 "https://store-bors.dk/index.php?loknya=/var/www/vhosts/store-bors.dk/httpdocs/wp-content/uploads" "Mozilla/5.0 AppleWebKit/537.36 (KHTML, like Gecko; compatible; GPTBot/1.4; +https://openai.com/gptbot)"
74.7.227.174 - - [28/Jul/2026:09:43:34 +0200] "GET /index.php?lokasie=/var/www/vhosts/store-bors.dk/httpdocs/wp-content/uploads/Ocean-View-Finals-60-scaled-1-768x475.jpg&loknya=/var/www/vhosts/store-bors.dk/httpdocs/wp-content/uploads HTTP/2" 200 38811 "https://store-bors.dk/index.php?loknya=/var/www/vhosts/store-bors.dk/httpdocs/wp-content/uploads" "Mozilla/5.0 AppleWebKit/537.36 (KHTML, like Gecko; compatible; GPTBot/1.4; +https://openai.com/gptbot)"
216.73.216.125 - - [28/Jul/2026:09:43:35 +0200] "GET /index.php/sitemap.xml?loknya=%2Fvar%2Fwww%2Fvhosts%2Fstore-bors.dk%2Flscache%2F9%2F9%2F6 HTTP/2" 200 1984 "-" "Mozilla/5.0 AppleWebKit/537.36 (KHTML, like Gecko; compatible; ClaudeBot/1.0; +claudebot@anthropic.com)"
74.7.227.174 - - [28/Jul/2026:09:43:37 +0200] "GET /index.php?lokasie=/var/www/vhosts/store-bors.dk/httpdocs/wp-content/uploads/Ocean-View-Finals-60-scaled-1-1536x950.jpg&loknya=/var/www/vhosts/store-bors.dk/httpdocs/wp-content/uploads HTTP/2" 200 91171 "https://store-bors.dk/index.php?loknya=/var/www/vhosts/store-bors.dk/httpdocs/wp-content/uploads" "Mozilla/5.0 AppleWebKit/537.36 (KHTML, like Gecko; compatible; GPTBot/1.4; +https://openai.com/gptbot)"
216.73.216.125 - - [28/Jul/2026:09:43:40 +0200] "GET /index.php/sitemap.xml?loknya=%2Fvar%2Fwww%2Fvhosts%2Fstore-bors.dk%2Flscache%2F9%2F1%2F1 HTTP/2" 200 2045 "-" "Mozilla/5.0 AppleWebKit/537.36 (KHTML, like Gecko; compatible; ClaudeBot/1.0; +claudebot@anthropic.com)"
