74.7.243.235 - - [29/Jul/2026:07:27:16 +0200] "GET /?loknya=/var/www/vhosts/store-bors.dk/lscache/3/8/2 HTTP/2" 200 2065 "https://www.store-bors.dk/?loknya=/var/www/vhosts/store-bors.dk/lscache/3/8" "Mozilla/5.0 AppleWebKit/537.36 (KHTML, like Gecko; compatible; GPTBot/1.4; +https://openai.com/gptbot)"
74.7.227.174 - - [29/Jul/2026:07:27:16 +0200] "GET /index.php?loknya=/var/www/vhosts/store-bors.dk/./././././lscache/d/3/3 HTTP/2" 200 1991 "https://store-bors.dk/index.php?loknya=/var/www/vhosts/store-bors.dk/./././././lscache/d/3" "Mozilla/5.0 AppleWebKit/537.36 (KHTML, like Gecko; compatible; GPTBot/1.4; +https://openai.com/gptbot)"
74.7.243.235 - - [29/Jul/2026:07:27:16 +0200] "GET /?loknya=/var/www/vhosts/store-bors.dk/lscache/6/1/3 HTTP/2" 200 1967 "https://www.store-bors.dk/?loknya=/var/www/vhosts/store-bors.dk/lscache/6/1" "Mozilla/5.0 AppleWebKit/537.36 (KHTML, like Gecko; compatible; GPTBot/1.4; +https://openai.com/gptbot)"
74.7.227.174 - - [29/Jul/2026:07:27:17 +0200] "GET /index.php?loknya=/var/www/vhosts/store-bors.dk/./././././lscache/b/6/6 HTTP/2" 200 2040 "https://store-bors.dk/index.php?loknya=/var/www/vhosts/store-bors.dk/./././././lscache/b/6" "Mozilla/5.0 AppleWebKit/537.36 (KHTML, like Gecko; compatible; GPTBot/1.4; +https://openai.com/gptbot)"
74.7.243.235 - - [29/Jul/2026:07:27:17 +0200] "GET /?loknya=/var/www/vhosts/store-bors.dk/lscache/2/5/6 HTTP/2" 200 2035 "https://www.store-bors.dk/?loknya=/var/www/vhosts/store-bors.dk/lscache/2/5" "Mozilla/5.0 AppleWebKit/537.36 (KHTML, like Gecko; compatible; GPTBot/1.4; +https://openai.com/gptbot)"
74.7.243.235 - - [29/Jul/2026:07:27:17 +0200] "GET /?lokasie=/var/www/vhosts/store-bors.dk/lscache/4/9/3/4938493c16ac1c24&loknya=/var/www/vhosts/store-bors.dk/lscache/4/9/3 HTTP/2" 200 25864 "https://www.store-bors.dk/?loknya=/var/www/vhosts/store-bors.dk/lscache/4/9/3" "Mozilla/5.0 AppleWebKit/537.36 (KHTML, like Gecko; compatible; GPTBot/1.4; +https://openai.com/gptbot)"
216.73.216.125 - - [29/Jul/2026:07:27:18 +0200] "GET /%22,t+=%22%3C%22+e.getAttribute(%22src%22?loknya=%2Fvar%2Fwww%2Fvhosts%2Fstore-bors.dk%2Flscache%2F2%2F2%2Ff HTTP/2" 200 2033 "-" "Mozilla/5.0 AppleWebKit/537.36 (KHTML, like Gecko; compatible; ClaudeBot/1.0; +claudebot@anthropic.com)"
74.7.227.174 - - [29/Jul/2026:07:27:17 +0200] "GET /index.php?loknya=/var/www/vhosts/store-bors.dk/./././././lscache/d/3/0 HTTP/2" 200 1988 "https://store-bors.dk/index.php?loknya=/var/www/vhosts/store-bors.dk/./././././lscache/d/3" "Mozilla/5.0 AppleWebKit/537.36 (KHTML, like Gecko; compatible; GPTBot/1.4; +https://openai.com/gptbot)"
74.7.243.235 - - [29/Jul/2026:07:27:18 +0200] "GET /?lokasie=/var/www/vhosts/store-bors.dk/lscache/9/7/1/97152200a0b6788e&loknya=/var/www/vhosts/store-bors.dk/lscache/9/7/1 HTTP/2" 200 19651 "https://www.store-bors.dk/?loknya=/var/www/vhosts/store-bors.dk/lscache/9/7/1" "Mozilla/5.0 AppleWebKit/537.36 (KHTML, like Gecko; compatible; GPTBot/1.4; +https://openai.com/gptbot)"
74.7.227.174 - - [29/Jul/2026:07:27:19 +0200] "GET /index.php?loknya=/var/www/vhosts/store-bors.dk/./././././lscache/9/a/6 HTTP/2" 200 2031 "https://store-bors.dk/index.php?loknya=/var/www/vhosts/store-bors.dk/./././././lscache/9/a" "Mozilla/5.0 AppleWebKit/537.36 (KHTML, like Gecko; compatible; GPTBot/1.4; +https://openai.com/gptbot)"
74.7.243.235 - - [29/Jul/2026:07:27:19 +0200] "GET /?lokasie=/var/www/vhosts/store-bors.dk/lscache/4/1/7/417271379477191e&loknya=/var/www/vhosts/store-bors.dk/lscache/4/1/7 HTTP/2" 200 25794 "https://www.store-bors.dk/?loknya=/var/www/vhosts/store-bors.dk/lscache/4/1/7" "Mozilla/5.0 AppleWebKit/537.36 (KHTML, like Gecko; compatible; GPTBot/1.4; +https://openai.com/gptbot)"
74.7.227.174 - - [29/Jul/2026:07:27:19 +0200] "GET /index.php?loknya=/var/www/vhosts/store-bors.dk/./././././lscache/0/c/7 HTTP/2" 200 2142 "https://store-bors.dk/index.php?loknya=/var/www/vhosts/store-bors.dk/./././././lscache/0/c" "Mozilla/5.0 AppleWebKit/537.36 (KHTML, like Gecko; compatible; GPTBot/1.4; +https://openai.com/gptbot)"
74.7.243.235 - - [29/Jul/2026:07:27:19 +0200] "GET /?lokasie=/var/www/vhosts/store-bors.dk/lscache/4/1/7/4177d62eb37101bc&loknya=/var/www/vhosts/store-bors.dk/lscache/4/1/7 HTTP/2" 200 25800 "https://www.store-bors.dk/?loknya=/var/www/vhosts/store-bors.dk/lscache/4/1/7" "Mozilla/5.0 AppleWebKit/537.36 (KHTML, like Gecko; compatible; GPTBot/1.4; +https://openai.com/gptbot)"
74.7.227.174 - - [29/Jul/2026:07:27:20 +0200] "GET /index.php?loknya=/var/www/vhosts/store-bors.dk/./././././lscache/c/4/1 HTTP/2" 200 1994 "https://store-bors.dk/index.php?loknya=/var/www/vhosts/store-bors.dk/./././././lscache/c/4" "Mozilla/5.0 AppleWebKit/537.36 (KHTML, like Gecko; compatible; GPTBot/1.4; +https://openai.com/gptbot)"
74.7.243.235 - - [29/Jul/2026:07:27:20 +0200] "GET /?lokasie=/var/www/vhosts/store-bors.dk/lscache/3/0/3/303022df710f3dbd&loknya=/var/www/vhosts/store-bors.dk/lscache/3/0/3 HTTP/2" 200 1831 "https://www.store-bors.dk/?loknya=/var/www/vhosts/store-bors.dk/lscache/3/0/3" "Mozilla/5.0 AppleWebKit/537.36 (KHTML, like Gecko; compatible; GPTBot/1.4; +https://openai.com/gptbot)"
74.7.227.174 - - [29/Jul/2026:07:27:20 +0200] "GET /index.php?lokasie=/var/www/vhosts/store-bors.dk/./././././lscache/0/c/3/0c372ad0622d28b5&loknya=/var/www/vhosts/store-bors.dk/./././././lscache/0/c/3 HTTP/2" 200 25856 "https://store-bors.dk/index.php?loknya=/var/www/vhosts/store-bors.dk/./././././lscache/0/c/3" "Mozilla/5.0 AppleWebKit/537.36 (KHTML, like Gecko; compatible; GPTBot/1.4; +https://openai.com/gptbot)"
57.141.0.11 - - [29/Jul/2026:07:27:20 +0200] "GET /category-sitemap.xml?lokasie=/var/www/vhosts/store-bors.dk/lscache/d/7/8/d786b65140a6e4a0&loknya=/var/www/vhosts/store-bors.dk/lscache/d/7/8 HTTP/2" 200 29088 "-" "Mozilla/5.0 (Windows NT 10.0; Win64; x64) AppleWebKit/537.36 (KHTML, like Gecko) Chrome/145.0.0.0 Safari/537.36 (compatible; meta-externalagent/1.1 (+https://developers.facebook.com/docs/sharing/webmasters/crawler))"
74.7.243.235 - - [29/Jul/2026:07:27:20 +0200] "GET /?lokasie=/var/www/vhosts/store-bors.dk/lscache/0/8/2/08267ff31b7704ea&loknya=/var/www/vhosts/store-bors.dk/lscache/0/8/2 HTTP/2" 200 19652 "https://www.store-bors.dk/?loknya=/var/www/vhosts/store-bors.dk/lscache/0/8/2" "Mozilla/5.0 AppleWebKit/537.36 (KHTML, like Gecko; compatible; GPTBot/1.4; +https://openai.com/gptbot)"
74.7.227.174 - - [29/Jul/2026:07:27:21 +0200] "GET /index.php?lokasie=/var/www/vhosts/store-bors.dk/./././././lscache/3/a/1/3a16422e0eb85387&loknya=/var/www/vhosts/store-bors.dk/./././././lscache/3/a/1 HTTP/2" 200 21334 "https://store-bors.dk/index.php?loknya=/var/www/vhosts/store-bors.dk/./././././lscache/3/a/1" "Mozilla/5.0 AppleWebKit/537.36 (KHTML, like Gecko; compatible; GPTBot/1.4; +https://openai.com/gptbot)"
74.7.243.235 - - [29/Jul/2026:07:27:21 +0200] "GET /?lokasie=/var/www/vhosts/store-bors.dk/lscache/3/0/3/303342e7d6715e76&loknya=/var/www/vhosts/store-bors.dk/lscache/3/0/3 HTTP/2" 200 25788 "https://www.store-bors.dk/?loknya=/var/www/vhosts/store-bors.dk/lscache/3/0/3" "Mozilla/5.0 AppleWebKit/537.36 (KHTML, like Gecko; compatible; GPTBot/1.4; +https://openai.com/gptbot)"
74.7.227.174 - - [29/Jul/2026:07:27:21 +0200] "GET /index.php?loknya=/var/www/vhosts/store-bors.dk/./././././lscache/d/1/0 HTTP/2" 200 1985 "https://store-bors.dk/index.php?loknya=/var/www/vhosts/store-bors.dk/./././././lscache/d/1" "Mozilla/5.0 AppleWebKit/537.36 (KHTML, like Gecko; compatible; GPTBot/1.4; +https://openai.com/gptbot)"
74.7.243.235 - - [29/Jul/2026:07:27:22 +0200] "GET /?lokasie=/var/www/vhosts/store-bors.dk/lscache/1/9/7/197842b3089806c3&loknya=/var/www/vhosts/store-bors.dk/lscache/1/9/7 HTTP/2" 200 1829 "https://www.store-bors.dk/?loknya=/var/www/vhosts/store-bors.dk/lscache/1/9/7" "Mozilla/5.0 AppleWebKit/537.36 (KHTML, like Gecko; compatible; GPTBot/1.4; +https://openai.com/gptbot)"
74.7.227.174 - - [29/Jul/2026:07:27:22 +0200] "GET /index.php?lokasie=/var/www/vhosts/store-bors.dk/./././././lscache/d/3/4/d34e713ba5d79324&loknya=/var/www/vhosts/store-bors.dk/./././././lscache/d/3/4 HTTP/2" 200 19615 "https://store-bors.dk/index.php?loknya=/var/www/vhosts/store-bors.dk/./././././lscache/d/3/4" "Mozilla/5.0 AppleWebKit/537.36 (KHTML, like Gecko; compatible; GPTBot/1.4; +https://openai.com/gptbot)"
74.7.243.235 - - [29/Jul/2026:07:27:22 +0200] "GET /?lokasie=/var/www/vhosts/store-bors.dk/lscache/3/8/2/382133fbf74bf04f&loknya=/var/www/vhosts/store-bors.dk/lscache/3/8/2 HTTP/2" 200 17515 "https://www.store-bors.dk/?loknya=/var/www/vhosts/store-bors.dk/lscache/3/8/2" "Mozilla/5.0 AppleWebKit/537.36 (KHTML, like Gecko; compatible; GPTBot/1.4; +https://openai.com/gptbot)"
74.7.227.174 - - [29/Jul/2026:07:27:23 +0200] "GET /index.php?lokasie=/var/www/vhosts/store-bors.dk/./././././lscache/d/3/4/d34179158ebfc605&loknya=/var/www/vhosts/store-bors.dk/./././././lscache/d/3/4 HTTP/2" 200 19657 "https://store-bors.dk/index.php?loknya=/var/www/vhosts/store-bors.dk/./././././lscache/d/3/4" "Mozilla/5.0 AppleWebKit/537.36 (KHTML, like Gecko; compatible; GPTBot/1.4; +https://openai.com/gptbot)"
57.141.0.4 - - [29/Jul/2026:07:27:23 +0200] "GET /category-sitemap.xml?loknya=/var/www/vhosts/store-bors.dk/lscache/3/2/8 HTTP/2" 200 2199 "-" "Mozilla/5.0 (Macintosh; Intel Mac OS X 10_15_7) AppleWebKit/537.36 (KHTML, like Gecko) Chrome/145.0.0.0 Safari/537.36 (compatible; meta-externalagent/1.1 (+https://developers.facebook.com/docs/sharing/webmasters/crawler))"
74.7.243.235 - - [29/Jul/2026:07:27:23 +0200] "GET /?lokasie=/var/www/vhosts/store-bors.dk/lscache/3/8/2/38287532be33a953&loknya=/var/www/vhosts/store-bors.dk/lscache/3/8/2 HTTP/2" 200 25799 "https://www.store-bors.dk/?loknya=/var/www/vhosts/store-bors.dk/lscache/3/8/2" "Mozilla/5.0 AppleWebKit/537.36 (KHTML, like Gecko; compatible; GPTBot/1.4; +https://openai.com/gptbot)"
216.73.216.125 - - [29/Jul/2026:07:27:23 +0200] "GET /'?lokasie=%2Fvar%2Fwww%2Fvhosts%2Fstore-bors.dk%2Fhttpdocs%2Fwp-includes%2Fimages%2Fmedia%2Fdocument.svg&loknya=%2Fvar%2Fwww%2Fvhosts%2Fstore-bors.dk%2Fhttpdocs%2Fwp-includes%2Fimages%2Fmedia HTTP/2" 200 1752 "-" "Mozilla/5.0 AppleWebKit/537.36 (KHTML, like Gecko; compatible; ClaudeBot/1.0; +claudebot@anthropic.com)"
74.7.227.174 - - [29/Jul/2026:07:27:23 +0200] "GET /index.php?loknya=/var/www/vhosts/store-bors.dk/./././././lscache/d/3/1 HTTP/2" 200 2150 "https://store-bors.dk/index.php?loknya=/var/www/vhosts/store-bors.dk/./././././lscache/d/3" "Mozilla/5.0 AppleWebKit/537.36 (KHTML, like Gecko; compatible; GPTBot/1.4; +https://openai.com/gptbot)"
74.7.243.235 - - [29/Jul/2026:07:27:23 +0200] "GET /?lokasie=/var/www/vhosts/store-bors.dk/lscache/2/5/6/2569e8f72d8ed77a&loknya=/var/www/vhosts/store-bors.dk/lscache/2/5/6 HTTP/2" 200 25797 "https://www.store-bors.dk/?loknya=/var/www/vhosts/store-bors.dk/lscache/2/5/6" "Mozilla/5.0 AppleWebKit/537.36 (KHTML, like Gecko; compatible; GPTBot/1.4; +https://openai.com/gptbot)"
74.7.227.174 - - [29/Jul/2026:07:27:24 +0200] "GET /index.php?loknya=/var/www/vhosts/store-bors.dk/./././././lscache/3/a/0 HTTP/2" 200 2045 "https://store-bors.dk/index.php?loknya=/var/www/vhosts/store-bors.dk/./././././lscache/3/a" "Mozilla/5.0 AppleWebKit/537.36 (KHTML, like Gecko; compatible; GPTBot/1.4; +https://openai.com/gptbot)"
74.7.243.235 - - [29/Jul/2026:07:27:24 +0200] "GET /?lokasie=/var/www/vhosts/store-bors.dk/lscache/2/5/6/256c07d8755ac6df&loknya=/var/www/vhosts/store-bors.dk/lscache/2/5/6 HTTP/2" 200 1800 "https://www.store-bors.dk/?loknya=/var/www/vhosts/store-bors.dk/lscache/2/5/6" "Mozilla/5.0 AppleWebKit/537.36 (KHTML, like Gecko; compatible; GPTBot/1.4; +https://openai.com/gptbot)"
74.7.227.174 - - [29/Jul/2026:07:27:24 +0200] "GET /index.php?lokasie=/var/www/vhosts/store-bors.dk/./././././lscache/d/3/0/d30d3edefd072cab&loknya=/var/www/vhosts/store-bors.dk/./././././lscache/d/3/0 HTTP/2" 200 19683 "https://store-bors.dk/index.php?loknya=/var/www/vhosts/store-bors.dk/./././././lscache/d/3/0" "Mozilla/5.0 AppleWebKit/537.36 (KHTML, like Gecko; compatible; GPTBot/1.4; +https://openai.com/gptbot)"
74.7.227.174 - - [29/Jul/2026:07:27:25 +0200] "GET /index.php?lokasie=/var/www/vhosts/store-bors.dk/./././././lscache/9/a/6/9a62218cc3ba8252&loknya=/var/www/vhosts/store-bors.dk/./././././lscache/9/a/6 HTTP/2" 200 25850 "https://store-bors.dk/index.php?loknya=/var/www/vhosts/store-bors.dk/./././././lscache/9/a/6" "Mozilla/5.0 AppleWebKit/537.36 (KHTML, like Gecko; compatible; GPTBot/1.4; +https://openai.com/gptbot)"
74.7.243.235 - - [29/Jul/2026:07:27:25 +0200] "GET /?lokasie=/var/www/vhosts/store-bors.dk/lscache/6/1/3/6135539600a1a616&loknya=/var/www/vhosts/store-bors.dk/lscache/6/1/3 HTTP/2" 200 25844 "https://www.store-bors.dk/?loknya=/var/www/vhosts/store-bors.dk/lscache/6/1/3" "Mozilla/5.0 AppleWebKit/537.36 (KHTML, like Gecko; compatible; GPTBot/1.4; +https://openai.com/gptbot)"
74.7.243.235 - - [29/Jul/2026:07:27:25 +0200] "GET /?lokasie=/var/www/vhosts/store-bors.dk/lscache/3/0/3/303eea78255430e7&loknya=/var/www/vhosts/store-bors.dk/lscache/3/0/3 HTTP/2" 200 3368 "https://www.store-bors.dk/?loknya=/var/www/vhosts/store-bors.dk/lscache/3/0/3" "Mozilla/5.0 AppleWebKit/537.36 (KHTML, like Gecko; compatible; GPTBot/1.4; +https://openai.com/gptbot)"
74.7.227.174 - - [29/Jul/2026:07:27:25 +0200] "GET /index.php?lokasie=/var/www/vhosts/store-bors.dk/./././././lscache/0/c/7/0c7a639c211da632&loknya=/var/www/vhosts/store-bors.dk/./././././lscache/0/c/7 HTTP/2" 200 25858 "https://store-bors.dk/index.php?loknya=/var/www/vhosts/store-bors.dk/./././././lscache/0/c/7" "Mozilla/5.0 AppleWebKit/537.36 (KHTML, like Gecko; compatible; GPTBot/1.4; +https://openai.com/gptbot)"
74.7.243.235 - - [29/Jul/2026:07:27:26 +0200] "GET /?loknya=/var/www/vhosts/store-bors.dk/lscache/5/0/2 HTTP/2" 200 1977 "https://www.store-bors.dk/?loknya=/var/www/vhosts/store-bors.dk/lscache/5/0" "Mozilla/5.0 AppleWebKit/537.36 (KHTML, like Gecko; compatible; GPTBot/1.4; +https://openai.com/gptbot)"
74.7.227.174 - - [29/Jul/2026:07:27:26 +0200] "GET /index.php?loknya=/var/www/vhosts/store-bors.dk/./././././lscache/d/1/2 HTTP/2" 200 1995 "https://store-bors.dk/index.php?loknya=/var/www/vhosts/store-bors.dk/./././././lscache/d/1" "Mozilla/5.0 AppleWebKit/537.36 (KHTML, like Gecko; compatible; GPTBot/1.4; +https://openai.com/gptbot)"
74.7.243.235 - - [29/Jul/2026:07:27:27 +0200] "GET /?loknya=/var/www/vhosts/store-bors.dk/lscache/4/2/2 HTTP/2" 200 2026 "https://www.store-bors.dk/?loknya=/var/www/vhosts/store-bors.dk/lscache/4/2" "Mozilla/5.0 AppleWebKit/537.36 (KHTML, like Gecko; compatible; GPTBot/1.4; +https://openai.com/gptbot)"
74.7.227.174 - - [29/Jul/2026:07:27:27 +0200] "GET /index.php?loknya=/var/www/vhosts/store-bors.dk/./././././lscache/2/a/2 HTTP/2" 200 2042 "https://store-bors.dk/index.php?loknya=/var/www/vhosts/store-bors.dk/./././././lscache/2/a" "Mozilla/5.0 AppleWebKit/537.36 (KHTML, like Gecko; compatible; GPTBot/1.4; +https://openai.com/gptbot)"
74.7.243.235 - - [29/Jul/2026:07:27:27 +0200] "GET /?loknya=/var/www/vhosts/store-bors.dk/lscache/7/5/6 HTTP/2" 200 1975 "https://www.store-bors.dk/?loknya=/var/www/vhosts/store-bors.dk/lscache/7/5" "Mozilla/5.0 AppleWebKit/537.36 (KHTML, like Gecko; compatible; GPTBot/1.4; +https://openai.com/gptbot)"
74.7.227.174 - - [29/Jul/2026:07:27:27 +0200] "GET /index.php?loknya=/var/www/vhosts/store-bors.dk/./././././lscache/d/1/3 HTTP/2" 200 1995 "https://store-bors.dk/index.php?loknya=/var/www/vhosts/store-bors.dk/./././././lscache/d/1" "Mozilla/5.0 AppleWebKit/537.36 (KHTML, like Gecko; compatible; GPTBot/1.4; +https://openai.com/gptbot)"
74.7.243.235 - - [29/Jul/2026:07:27:28 +0200] "GET /?loknya=/var/www/vhosts/store-bors.dk/lscache/4/1/2 HTTP/2" 200 1978 "https://www.store-bors.dk/?loknya=/var/www/vhosts/store-bors.dk/lscache/4/1" "Mozilla/5.0 AppleWebKit/537.36 (KHTML, like Gecko; compatible; GPTBot/1.4; +https://openai.com/gptbot)"
74.7.227.174 - - [29/Jul/2026:07:27:28 +0200] "GET /index.php?loknya=/var/www/vhosts/store-bors.dk/./././././lscache/d/1/4 HTTP/2" 200 1988 "https://store-bors.dk/index.php?loknya=/var/www/vhosts/store-bors.dk/./././././lscache/d/1" "Mozilla/5.0 AppleWebKit/537.36 (KHTML, like Gecko; compatible; GPTBot/1.4; +https://openai.com/gptbot)"
74.7.243.235 - - [29/Jul/2026:07:27:28 +0200] "GET /?loknya=/var/www/vhosts/store-bors.dk/lscache/5/7/9 HTTP/2" 200 1974 "https://www.store-bors.dk/?loknya=/var/www/vhosts/store-bors.dk/lscache/5/7" "Mozilla/5.0 AppleWebKit/537.36 (KHTML, like Gecko; compatible; GPTBot/1.4; +https://openai.com/gptbot)"
216.73.216.125 - - [29/Jul/2026:07:27:28 +0200] "GET /%22,t+=%22%3C%22+e.getAttribute(%22src%22?loknya=%2Fvar%2Fwww%2Fvhosts%2Fstore-bors.dk%2Flsahe%2F2%2F HTTP/2" 200 1764 "-" "Mozilla/5.0 AppleWebKit/537.36 (KHTML, like Gecko; compatible; ClaudeBot/1.0; +claudebot@anthropic.com)"
74.7.227.174 - - [29/Jul/2026:07:27:28 +0200] "GET /index.php?loknya=/var/www/vhosts/store-bors.dk/./././././lscache/c/4/4 HTTP/2" 200 2049 "https://store-bors.dk/index.php?loknya=/var/www/vhosts/store-bors.dk/./././././lscache/c/4" "Mozilla/5.0 AppleWebKit/537.36 (KHTML, like Gecko; compatible; GPTBot/1.4; +https://openai.com/gptbot)"
74.7.243.235 - - [29/Jul/2026:07:27:29 +0200] "GET /?loknya=/var/www/vhosts/store-bors.dk/lscache/8/4/0 HTTP/2" 200 1969 "https://www.store-bors.dk/?loknya=/var/www/vhosts/store-bors.dk/lscache/8/4" "Mozilla/5.0 AppleWebKit/537.36 (KHTML, like Gecko; compatible; GPTBot/1.4; +https://openai.com/gptbot)"
74.7.227.174 - - [29/Jul/2026:07:27:29 +0200] "GET /index.php?loknya=/var/www/vhosts/store-bors.dk/./././././lscache/9/a/9 HTTP/2" 200 2051 "https://store-bors.dk/index.php?loknya=/var/www/vhosts/store-bors.dk/./././././lscache/9/a" "Mozilla/5.0 AppleWebKit/537.36 (KHTML, like Gecko; compatible; GPTBot/1.4; +https://openai.com/gptbot)"
74.7.243.235 - - [29/Jul/2026:07:27:29 +0200] "GET /?loknya=/var/www/vhosts/store-bors.dk/lscache/3/2/4 HTTP/2" 200 1984 "https://www.store-bors.dk/?loknya=/var/www/vhosts/store-bors.dk/lscache/3/2" "Mozilla/5.0 AppleWebKit/537.36 (KHTML, like Gecko; compatible; GPTBot/1.4; +https://openai.com/gptbot)"
74.7.227.174 - - [29/Jul/2026:07:27:29 +0200] "GET /index.php?lokasie=/var/www/vhosts/store-bors.dk/./././././lscache/d/3/1/d315b39d472b2514&loknya=/var/www/vhosts/store-bors.dk/./././././lscache/d/3/1 HTTP/2" 200 22413 "https://store-bors.dk/index.php?loknya=/var/www/vhosts/store-bors.dk/./././././lscache/d/3/1" "Mozilla/5.0 AppleWebKit/537.36 (KHTML, like Gecko; compatible; GPTBot/1.4; +https://openai.com/gptbot)"
74.7.243.235 - - [29/Jul/2026:07:27:30 +0200] "GET /?loknya=/var/www/vhosts/store-bors.dk/lscache/4/3/0 HTTP/2" 200 2037 "https://www.store-bors.dk/?loknya=/var/www/vhosts/store-bors.dk/lscache/4/3" "Mozilla/5.0 AppleWebKit/537.36 (KHTML, like Gecko; compatible; GPTBot/1.4; +https://openai.com/gptbot)"
74.7.227.174 - - [29/Jul/2026:07:27:30 +0200] "GET /index.php?lokasie=/var/www/vhosts/store-bors.dk/./././././lscache/d/3/1/d3148bb041be5483&loknya=/var/www/vhosts/store-bors.dk/./././././lscache/d/3/1 HTTP/2" 200 25924 "https://store-bors.dk/index.php?loknya=/var/www/vhosts/store-bors.dk/./././././lscache/d/3/1" "Mozilla/5.0 AppleWebKit/537.36 (KHTML, like Gecko; compatible; GPTBot/1.4; +https://openai.com/gptbot)"
74.7.243.235 - - [29/Jul/2026:07:27:30 +0200] "GET /?loknya=/var/www/vhosts/store-bors.dk/lscache/1/9/5 HTTP/2" 200 1979 "https://www.store-bors.dk/?loknya=/var/www/vhosts/store-bors.dk/lscache/1/9" "Mozilla/5.0 AppleWebKit/537.36 (KHTML, like Gecko; compatible; GPTBot/1.4; +https://openai.com/gptbot)"
74.7.227.174 - - [29/Jul/2026:07:27:31 +0200] "GET /index.php?loknya=/var/www/vhosts/store-bors.dk/./././././lscache/3/a/9 HTTP/2" 200 2044 "https://store-bors.dk/index.php?loknya=/var/www/vhosts/store-bors.dk/./././././lscache/3/a" "Mozilla/5.0 AppleWebKit/537.36 (KHTML, like Gecko; compatible; GPTBot/1.4; +https://openai.com/gptbot)"
74.7.243.235 - - [29/Jul/2026:07:27:31 +0200] "GET /?loknya=/var/www/vhosts/store-bors.dk/lscache/7/1/6 HTTP/2" 200 1980 "https://www.store-bors.dk/?loknya=/var/www/vhosts/store-bors.dk/lscache/7/1" "Mozilla/5.0 AppleWebKit/537.36 (KHTML, like Gecko; compatible; GPTBot/1.4; +https://openai.com/gptbot)"
74.7.227.174 - - [29/Jul/2026:07:27:31 +0200] "GET /index.php?loknya=/var/www/vhosts/store-bors.dk/./././././lscache/2/a/4 HTTP/2" 200 1988 "https://store-bors.dk/index.php?loknya=/var/www/vhosts/store-bors.dk/./././././lscache/2/a" "Mozilla/5.0 AppleWebKit/537.36 (KHTML, like Gecko; compatible; GPTBot/1.4; +https://openai.com/gptbot)"
74.7.243.235 - - [29/Jul/2026:07:27:31 +0200] "GET /?loknya=/var/www/vhosts/store-bors.dk/lscache/4/6/0 HTTP/2" 200 2030 "https://www.store-bors.dk/?loknya=/var/www/vhosts/store-bors.dk/lscache/4/6" "Mozilla/5.0 AppleWebKit/537.36 (KHTML, like Gecko; compatible; GPTBot/1.4; +https://openai.com/gptbot)"
74.7.227.174 - - [29/Jul/2026:07:27:32 +0200] "GET /index.php?loknya=/var/www/vhosts/store-bors.dk/./././././lscache/0/c/0 HTTP/2" 200 1994 "https://store-bors.dk/index.php?loknya=/var/www/vhosts/store-bors.dk/./././././lscache/0/c" "Mozilla/5.0 AppleWebKit/537.36 (KHTML, like Gecko; compatible; GPTBot/1.4; +https://openai.com/gptbot)"
185.21.40.28 - - [29/Jul/2026:07:25:32 +0200] "GET /wp-includes/SimplePie/library/SimplePie/Net/Net/index.php?ARRAY=7o2230223n313738353330363333322p2231223n22687474703n5p2s5p2s7n733936377631332r6p6172676572732r636p69636o5p2s3s6p633q7068705s636s64655s6n6326743q313738353330323733322q6534313261306364323831636134303962613036633630386165343033396265222p2232223n223035353065336239323162373134656535373262646164306539663230643661222p2233223n223739356665343238326538306539353539353835323737623233313331633532222p226175746s5s66696p655s6r616q65223n6r756p6p2p226175746s5s70617373223n6r756p6p2p2262696r675s70617373223n2231342q34382q35392q36342q37342q38362q3131227q HTTP/1.1" 500 567 "-" "-"
74.7.243.235 - - [29/Jul/2026:07:27:32 +0200] "GET /?loknya=/var/www/vhosts/store-bors.dk/lscache/8/0/8 HTTP/2" 200 1980 "https://www.store-bors.dk/?loknya=/var/www/vhosts/store-bors.dk/lscache/8/0" "Mozilla/5.0 AppleWebKit/537.36 (KHTML, like Gecko; compatible; GPTBot/1.4; +https://openai.com/gptbot)"
74.7.227.174 - - [29/Jul/2026:07:27:32 +0200] "GET /index.php?loknya=/var/www/vhosts/store-bors.dk/./././././lscache/d/1/1 HTTP/2" 200 1992 "https://store-bors.dk/index.php?loknya=/var/www/vhosts/store-bors.dk/./././././lscache/d/1" "Mozilla/5.0 AppleWebKit/537.36 (KHTML, like Gecko; compatible; GPTBot/1.4; +https://openai.com/gptbot)"
74.7.243.235 - - [29/Jul/2026:07:27:33 +0200] "GET /?lokasie=/var/www/vhosts/store-bors.dk/lscache/4/2/2/4226f82221b9359d&loknya=/var/www/vhosts/store-bors.dk/lscache/4/2/2 HTTP/2" 200 1804 "https://www.store-bors.dk/?loknya=/var/www/vhosts/store-bors.dk/lscache/4/2/2" "Mozilla/5.0 AppleWebKit/537.36 (KHTML, like Gecko; compatible; GPTBot/1.4; +https://openai.com/gptbot)"
74.7.227.174 - - [29/Jul/2026:07:27:33 +0200] "GET /index.php?loknya=/var/www/vhosts/store-bors.dk/./././././lscache/d/3/5 HTTP/2" 200 1978 "https://store-bors.dk/index.php?loknya=/var/www/vhosts/store-bors.dk/./././././lscache/d/3" "Mozilla/5.0 AppleWebKit/537.36 (KHTML, like Gecko; compatible; GPTBot/1.4; +https://openai.com/gptbot)"
216.73.216.125 - - [29/Jul/2026:07:27:33 +0200] "GET /%22,t+=%22%3C%22+e.getAttribute(%22src%22?loknya=%2Fvar%2Fwww%2Fvhosts%2Fstore-bors.dk%2Flscache%2F4%2Fa%2Fb HTTP/2" 200 1997 "-" "Mozilla/5.0 AppleWebKit/537.36 (KHTML, like Gecko; compatible; ClaudeBot/1.0; +claudebot@anthropic.com)"
74.7.243.235 - - [29/Jul/2026:07:27:33 +0200] "GET /?lokasie=/var/www/vhosts/store-bors.dk/lscache/4/2/2/422b5818637d0dd6&loknya=/var/www/vhosts/store-bors.dk/lscache/4/2/2 HTTP/2" 200 19650 "https://www.store-bors.dk/?loknya=/var/www/vhosts/store-bors.dk/lscache/4/2/2" "Mozilla/5.0 AppleWebKit/537.36 (KHTML, like Gecko; compatible; GPTBot/1.4; +https://openai.com/gptbot)"
74.7.227.174 - - [29/Jul/2026:07:27:33 +0200] "GET /index.php?lokasie=/var/www/vhosts/store-bors.dk/./././././lscache/d/1/3/d134a68e3459a55b&loknya=/var/www/vhosts/store-bors.dk/./././././lscache/d/1/3 HTTP/2" 200 1876 "https://store-bors.dk/index.php?loknya=/var/www/vhosts/store-bors.dk/./././././lscache/d/1/3" "Mozilla/5.0 AppleWebKit/537.36 (KHTML, like Gecko; compatible; GPTBot/1.4; +https://openai.com/gptbot)"
74.7.243.235 - - [29/Jul/2026:07:27:34 +0200] "GET /?lokasie=/var/www/vhosts/store-bors.dk/lscache/4/1/2/41263c2341628632&loknya=/var/www/vhosts/store-bors.dk/lscache/4/1/2 HTTP/2" 200 22004 "https://www.store-bors.dk/?loknya=/var/www/vhosts/store-bors.dk/lscache/4/1/2" "Mozilla/5.0 AppleWebKit/537.36 (KHTML, like Gecko; compatible; GPTBot/1.4; +https://openai.com/gptbot)"
74.7.227.174 - - [29/Jul/2026:07:27:34 +0200] "GET /index.php?lokasie=/var/www/vhosts/store-bors.dk/./././././lscache/d/1/4/d140906f541a88ad&loknya=/var/www/vhosts/store-bors.dk/./././././lscache/d/1/4 HTTP/2" 200 19689 "https://store-bors.dk/index.php?loknya=/var/www/vhosts/store-bors.dk/./././././lscache/d/1/4" "Mozilla/5.0 AppleWebKit/537.36 (KHTML, like Gecko; compatible; GPTBot/1.4; +https://openai.com/gptbot)"
74.7.243.235 - - [29/Jul/2026:07:27:35 +0200] "GET /?lokasie=/var/www/vhosts/store-bors.dk/lscache/5/7/9/579c601e7c91f16e&loknya=/var/www/vhosts/store-bors.dk/lscache/5/7/9 HTTP/2" 200 25796 "https://www.store-bors.dk/?loknya=/var/www/vhosts/store-bors.dk/lscache/5/7/9" "Mozilla/5.0 AppleWebKit/537.36 (KHTML, like Gecko; compatible; GPTBot/1.4; +https://openai.com/gptbot)"
74.7.227.174 - - [29/Jul/2026:07:27:35 +0200] "GET /index.php?lokasie=/var/www/vhosts/store-bors.dk/./././././lscache/c/4/4/c442282e048a65f1&loknya=/var/www/vhosts/store-bors.dk/./././././lscache/c/4/4 HTTP/2" 200 19721 "https://store-bors.dk/index.php?loknya=/var/www/vhosts/store-bors.dk/./././././lscache/c/4/4" "Mozilla/5.0 AppleWebKit/537.36 (KHTML, like Gecko; compatible; GPTBot/1.4; +https://openai.com/gptbot)"
57.141.0.48 - - [29/Jul/2026:07:27:35 +0200] "GET /category-sitemap.xml?loknya=/var/www/vhosts/store-bors.dk/lscache/c/c/2 HTTP/2" 200 2194 "-" "Mozilla/5.0 (Windows NT 10.0; Win64; x64) AppleWebKit/537.36 (KHTML, like Gecko) Chrome/145.0.0.0 Safari/537.36 (compatible; meta-externalagent/1.1 (+https://developers.facebook.com/docs/sharing/webmasters/crawler))"
57.141.0.14 - - [29/Jul/2026:07:27:35 +0200] "GET /category-sitemap.xml?lokasie=/var/www/vhosts/store-bors.dk/lscache/e/b/2/eb2bf13ae179269b&loknya=/var/www/vhosts/store-bors.dk/lscache/e/b/2 HTTP/2" 200 19535 "-" "Mozilla/5.0 (Windows NT 10.0; Win64; x64) AppleWebKit/537.36 (KHTML, like Gecko) Chrome/145.0.0.0 Safari/537.36 (compatible; meta-externalagent/1.1 (+https://developers.facebook.com/docs/sharing/webmasters/crawler))"
74.7.243.235 - - [29/Jul/2026:07:27:35 +0200] "GET /?lokasie=/var/www/vhosts/store-bors.dk/lscache/8/4/0/8405869b3d507d2c&loknya=/var/www/vhosts/store-bors.dk/lscache/8/4/0 HTTP/2" 200 25746 "https://www.store-bors.dk/?loknya=/var/www/vhosts/store-bors.dk/lscache/8/4/0" "Mozilla/5.0 AppleWebKit/537.36 (KHTML, like Gecko; compatible; GPTBot/1.4; +https://openai.com/gptbot)"
74.7.227.174 - - [29/Jul/2026:07:27:35 +0200] "GET /index.php?loknya=/var/www/vhosts/store-bors.dk/./././././lscache/2/a/1 HTTP/2" 200 2040 "https://store-bors.dk/index.php?loknya=/var/www/vhosts/store-bors.dk/./././././lscache/2/a" "Mozilla/5.0 AppleWebKit/537.36 (KHTML, like Gecko; compatible; GPTBot/1.4; +https://openai.com/gptbot)"
74.7.227.174 - - [29/Jul/2026:07:27:36 +0200] "GET /index.php?loknya=/var/www/vhosts/store-bors.dk/./././././lscache/d/1/9 HTTP/2" 200 1990 "https://store-bors.dk/index.php?loknya=/var/www/vhosts/store-bors.dk/./././././lscache/d/1" "Mozilla/5.0 AppleWebKit/537.36 (KHTML, like Gecko; compatible; GPTBot/1.4; +https://openai.com/gptbot)"
74.7.243.235 - - [29/Jul/2026:07:27:36 +0200] "GET /?loknya=/var/www/vhosts/store-bors.dk/lscache/5/7/1 HTTP/2" 200 1984 "https://www.store-bors.dk/?loknya=/var/www/vhosts/store-bors.dk/lscache/5/7" "Mozilla/5.0 AppleWebKit/537.36 (KHTML, like Gecko; compatible; GPTBot/1.4; +https://openai.com/gptbot)"
74.7.227.174 - - [29/Jul/2026:07:27:36 +0200] "GET /index.php?loknya=/var/www/vhosts/store-bors.dk/./././././lscache/9/a/0 HTTP/2" 200 1988 "https://store-bors.dk/index.php?loknya=/var/www/vhosts/store-bors.dk/./././././lscache/9/a" "Mozilla/5.0 AppleWebKit/537.36 (KHTML, like Gecko; compatible; GPTBot/1.4; +https://openai.com/gptbot)"
74.7.243.235 - - [29/Jul/2026:07:27:37 +0200] "GET /?lokasie=/var/www/vhosts/store-bors.dk/lscache/4/3/0/4304049b78ba1eff&loknya=/var/www/vhosts/store-bors.dk/lscache/4/3/0 HTTP/2" 200 20374 "https://www.store-bors.dk/?loknya=/var/www/vhosts/store-bors.dk/lscache/4/3/0" "Mozilla/5.0 AppleWebKit/537.36 (KHTML, like Gecko; compatible; GPTBot/1.4; +https://openai.com/gptbot)"
74.7.227.174 - - [29/Jul/2026:07:27:37 +0200] "GET /index.php?loknya=/var/www/vhosts/store-bors.dk/./././././lscache/2/a/7 HTTP/2" 200 1990 "https://store-bors.dk/index.php?loknya=/var/www/vhosts/store-bors.dk/./././././lscache/2/a" "Mozilla/5.0 AppleWebKit/537.36 (KHTML, like Gecko; compatible; GPTBot/1.4; +https://openai.com/gptbot)"
74.7.243.235 - - [29/Jul/2026:07:27:37 +0200] "GET /?loknya=/var/www/vhosts/store-bors.dk/lscache/7/8/8 HTTP/2" 200 2038 "https://www.store-bors.dk/?loknya=/var/www/vhosts/store-bors.dk/lscache/7/8" "Mozilla/5.0 AppleWebKit/537.36 (KHTML, like Gecko; compatible; GPTBot/1.4; +https://openai.com/gptbot)"
74.7.227.174 - - [29/Jul/2026:07:27:37 +0200] "GET /index.php?loknya=/var/www/vhosts/store-bors.dk/./././././lscache/3/a/4 HTTP/2" 200 1992 "https://store-bors.dk/index.php?loknya=/var/www/vhosts/store-bors.dk/./././././lscache/3/a" "Mozilla/5.0 AppleWebKit/537.36 (KHTML, like Gecko; compatible; GPTBot/1.4; +https://openai.com/gptbot)"
57.141.0.10 - - [29/Jul/2026:07:27:38 +0200] "GET /category-sitemap.xml?lokasie=/var/www/vhosts/store-bors.dk/lscache/3/f/4/3f440a633e4aeb14&loknya=/var/www/vhosts/store-bors.dk/lscache/3/f/4 HTTP/2" 200 3464 "-" "Mozilla/5.0 (Windows NT 10.0; Win64; x64) AppleWebKit/537.36 (KHTML, like Gecko) Chrome/145.0.0.0 Safari/537.36 (compatible; meta-externalagent/1.1 (+https://developers.facebook.com/docs/sharing/webmasters/crawler))"
74.7.227.174 - - [29/Jul/2026:07:27:38 +0200] "GET /index.php?lokasie=/var/www/vhosts/store-bors.dk/./././././lscache/d/3/1/d315f160f9bccf4b&loknya=/var/www/vhosts/store-bors.dk/./././././lscache/d/3/1 HTTP/2" 200 19675 "https://store-bors.dk/index.php?loknya=/var/www/vhosts/store-bors.dk/./././././lscache/d/3/1" "Mozilla/5.0 AppleWebKit/537.36 (KHTML, like Gecko; compatible; GPTBot/1.4; +https://openai.com/gptbot)"
74.7.243.235 - - [29/Jul/2026:07:27:38 +0200] "GET /?loknya=/var/www/vhosts/store-bors.dk/lscache/3/0/5 HTTP/2" 200 2122 "https://www.store-bors.dk/?loknya=/var/www/vhosts/store-bors.dk/lscache/3/0" "Mozilla/5.0 AppleWebKit/537.36 (KHTML, like Gecko; compatible; GPTBot/1.4; +https://openai.com/gptbot)"
216.73.216.125 - - [29/Jul/2026:07:27:38 +0200] "GET /%22,t+=%22%3C%22+e.getAttribute(%22src%22?loknya=%2Fvar%2Fwww%2Fvhosts%2Fstore-bors.dk%2Flsahe%2Ff HTTP/2" 200 1766 "-" "Mozilla/5.0 AppleWebKit/537.36 (KHTML, like Gecko; compatible; ClaudeBot/1.0; +claudebot@anthropic.com)"
74.7.243.235 - - [29/Jul/2026:07:27:38 +0200] "GET /?lokasie=/var/www/vhosts/store-bors.dk/lscache/4/6/0/460f3683be3c1b0d&loknya=/var/www/vhosts/store-bors.dk/lscache/4/6/0 HTTP/2" 200 19687 "https://www.store-bors.dk/?loknya=/var/www/vhosts/store-bors.dk/lscache/4/6/0" "Mozilla/5.0 AppleWebKit/537.36 (KHTML, like Gecko; compatible; GPTBot/1.4; +https://openai.com/gptbot)"
74.7.227.174 - - [29/Jul/2026:07:27:38 +0200] "GET /index.php?lokasie=/var/www/vhosts/store-bors.dk/./././././lscache/d/1/1/d11291793aa44fc5&loknya=/var/www/vhosts/store-bors.dk/./././././lscache/d/1/1 HTTP/2" 200 19655 "https://store-bors.dk/index.php?loknya=/var/www/vhosts/store-bors.dk/./././././lscache/d/1/1" "Mozilla/5.0 AppleWebKit/537.36 (KHTML, like Gecko; compatible; GPTBot/1.4; +https://openai.com/gptbot)"
74.7.243.235 - - [29/Jul/2026:07:27:39 +0200] "GET /?lokasie=/var/www/vhosts/store-bors.dk/lscache/8/0/8/808e398720318126&loknya=/var/www/vhosts/store-bors.dk/lscache/8/0/8 HTTP/2" 200 25790 "https://www.store-bors.dk/?loknya=/var/www/vhosts/store-bors.dk/lscache/8/0/8" "Mozilla/5.0 AppleWebKit/537.36 (KHTML, like Gecko; compatible; GPTBot/1.4; +https://openai.com/gptbot)"
74.7.227.174 - - [29/Jul/2026:07:27:39 +0200] "GET /index.php?lokasie=/var/www/vhosts/store-bors.dk/./././././lscache/3/a/9/3a94bae1dc65b11f&loknya=/var/www/vhosts/store-bors.dk/./././././lscache/3/a/9 HTTP/2" 200 25852 "https://store-bors.dk/index.php?loknya=/var/www/vhosts/store-bors.dk/./././././lscache/3/a/9" "Mozilla/5.0 AppleWebKit/537.36 (KHTML, like Gecko; compatible; GPTBot/1.4; +https://openai.com/gptbot)"
74.7.243.235 - - [29/Jul/2026:07:27:40 +0200] "GET /?loknya=/var/www/vhosts/store-bors.dk/lscache/8/1/2 HTTP/2" 200 1981 "https://www.store-bors.dk/?loknya=/var/www/vhosts/store-bors.dk/lscache/8/1" "Mozilla/5.0 AppleWebKit/537.36 (KHTML, like Gecko; compatible; GPTBot/1.4; +https://openai.com/gptbot)"
74.7.227.174 - - [29/Jul/2026:07:27:40 +0200] "GET /index.php?lokasie=/var/www/vhosts/store-bors.dk/./././././lscache/c/4/7/c47dcf34f3cdd821&loknya=/var/www/vhosts/store-bors.dk/./././././lscache/c/4/7 HTTP/2" 200 25842 "https://store-bors.dk/index.php?loknya=/var/www/vhosts/store-bors.dk/./././././lscache/c/4/7" "Mozilla/5.0 AppleWebKit/537.36 (KHTML, like Gecko; compatible; GPTBot/1.4; +https://openai.com/gptbot)"
74.7.243.235 - - [29/Jul/2026:07:27:40 +0200] "GET /?loknya=/var/www/vhosts/store-bors.dk/lscache/1/8/8 HTTP/2" 200 2065 "https://www.store-bors.dk/?loknya=/var/www/vhosts/store-bors.dk/lscache/1/8" "Mozilla/5.0 AppleWebKit/537.36 (KHTML, like Gecko; compatible; GPTBot/1.4; +https://openai.com/gptbot)"
74.7.227.174 - - [29/Jul/2026:07:27:40 +0200] "GET /index.php?lokasie=/var/www/vhosts/store-bors.dk/./././././lscache/d/1/6/d16def158fe25c0e&loknya=/var/www/vhosts/store-bors.dk/./././././lscache/d/1/6 HTTP/2" 200 17695 "https://store-bors.dk/index.php?loknya=/var/www/vhosts/store-bors.dk/./././././lscache/d/1/6" "Mozilla/5.0 AppleWebKit/537.36 (KHTML, like Gecko; compatible; GPTBot/1.4; +https://openai.com/gptbot)"
74.7.243.235 - - [29/Jul/2026:07:27:41 +0200] "GET /?loknya=/var/www/vhosts/store-bors.dk/lscache/6/9/1 HTTP/2" 200 2034 "https://www.store-bors.dk/?loknya=/var/www/vhosts/store-bors.dk/lscache/6/9" "Mozilla/5.0 AppleWebKit/537.36 (KHTML, like Gecko; compatible; GPTBot/1.4; +https://openai.com/gptbot)"
74.7.227.174 - - [29/Jul/2026:07:27:41 +0200] "GET /index.php?lokasie=/var/www/vhosts/store-bors.dk/./././././lscache/3/a/6/3a613df7ba39fcf8&loknya=/var/www/vhosts/store-bors.dk/./././././lscache/3/a/6 HTTP/2" 200 19714 "https://store-bors.dk/index.php?loknya=/var/www/vhosts/store-bors.dk/./././././lscache/3/a/6" "Mozilla/5.0 AppleWebKit/537.36 (KHTML, like Gecko; compatible; GPTBot/1.4; +https://openai.com/gptbot)"
74.7.243.235 - - [29/Jul/2026:07:27:42 +0200] "GET /?loknya=/var/www/vhosts/store-bors.dk/lscache/1/6/0 HTTP/2" 200 2037 "https://www.store-bors.dk/?loknya=/var/www/vhosts/store-bors.dk/lscache/1/6" "Mozilla/5.0 AppleWebKit/537.36 (KHTML, like Gecko; compatible; GPTBot/1.4; +https://openai.com/gptbot)"
74.7.227.174 - - [29/Jul/2026:07:27:42 +0200] "GET /index.php?lokasie=/var/www/vhosts/store-bors.dk/./././././lscache/2/a/1/2a113174319b0b3d&loknya=/var/www/vhosts/store-bors.dk/./././././lscache/2/a/1 HTTP/2" 200 25849 "https://store-bors.dk/index.php?loknya=/var/www/vhosts/store-bors.dk/./././././lscache/2/a/1" "Mozilla/5.0 AppleWebKit/537.36 (KHTML, like Gecko; compatible; GPTBot/1.4; +https://openai.com/gptbot)"
74.7.243.235 - - [29/Jul/2026:07:27:42 +0200] "GET /?loknya=/var/www/vhosts/store-bors.dk/lscache/8/7/0 HTTP/2" 200 1979 "https://www.store-bors.dk/?loknya=/var/www/vhosts/store-bors.dk/lscache/8/7" "Mozilla/5.0 AppleWebKit/537.36 (KHTML, like Gecko; compatible; GPTBot/1.4; +https://openai.com/gptbot)"
74.7.227.174 - - [29/Jul/2026:07:27:42 +0200] "GET /index.php?lokasie=/var/www/vhosts/store-bors.dk/./././././lscache/0/c/7/0c795744214e6473&loknya=/var/www/vhosts/store-bors.dk/./././././lscache/0/c/7 HTTP/2" 200 21938 "https://store-bors.dk/index.php?loknya=/var/www/vhosts/store-bors.dk/./././././lscache/0/c/7" "Mozilla/5.0 AppleWebKit/537.36 (KHTML, like Gecko; compatible; GPTBot/1.4; +https://openai.com/gptbot)"
74.7.243.235 - - [29/Jul/2026:07:27:43 +0200] "GET /?lokasie=/var/www/vhosts/store-bors.dk/lscache/5/7/1/5718635ed8a65f6f&loknya=/var/www/vhosts/store-bors.dk/lscache/5/7/1 HTTP/2" 200 22078 "https://www.store-bors.dk/?loknya=/var/www/vhosts/store-bors.dk/lscache/5/7/1" "Mozilla/5.0 AppleWebKit/537.36 (KHTML, like Gecko; compatible; GPTBot/1.4; +https://openai.com/gptbot)"
74.7.227.174 - - [29/Jul/2026:07:27:43 +0200] "GET /index.php?lokasie=/var/www/vhosts/store-bors.dk/./././././lscache/c/4/1/c4105444036299e6&loknya=/var/www/vhosts/store-bors.dk/./././././lscache/c/4/1 HTTP/2" 200 1862 "https://store-bors.dk/index.php?loknya=/var/www/vhosts/store-bors.dk/./././././lscache/c/4/1" "Mozilla/5.0 AppleWebKit/537.36 (KHTML, like Gecko; compatible; GPTBot/1.4; +https://openai.com/gptbot)"
216.73.216.125 - - [29/Jul/2026:07:27:43 +0200] "GET /%22,t+=%22%3C%22+e.getAttribute(%22src%22?loknya=%2Fvar%2Fwww%2Fvhosts%2Fstore-bors.dk%2Flscache%2F2%2F9%2Fb HTTP/2" 200 1999 "-" "Mozilla/5.0 AppleWebKit/537.36 (KHTML, like Gecko; compatible; ClaudeBot/1.0; +claudebot@anthropic.com)"
74.7.243.235 - - [29/Jul/2026:07:27:43 +0200] "GET /?loknya=/var/www/vhosts/store-bors.dk/lscache/8/9/4 HTTP/2" 200 1982 "https://www.store-bors.dk/?loknya=/var/www/vhosts/store-bors.dk/lscache/8/9" "Mozilla/5.0 AppleWebKit/537.36 (KHTML, like Gecko; compatible; GPTBot/1.4; +https://openai.com/gptbot)"
74.7.227.174 - - [29/Jul/2026:07:27:44 +0200] "GET /index.php?lokasie=/var/www/vhosts/store-bors.dk/./././././lscache/2/a/7/2a789003ca3c4788&loknya=/var/www/vhosts/store-bors.dk/./././././lscache/2/a/7 HTTP/2" 200 1855 "https://store-bors.dk/index.php?loknya=/var/www/vhosts/store-bors.dk/./././././lscache/2/a/7" "Mozilla/5.0 AppleWebKit/537.36 (KHTML, like Gecko; compatible; GPTBot/1.4; +https://openai.com/gptbot)"
74.7.243.235 - - [29/Jul/2026:07:27:44 +0200] "GET /?lokasie=/var/www/vhosts/store-bors.dk/lscache/7/8/8/78879acd055aed62&loknya=/var/www/vhosts/store-bors.dk/lscache/7/8/8 HTTP/2" 200 1855 "https://www.store-bors.dk/?loknya=/var/www/vhosts/store-bors.dk/lscache/7/8/8" "Mozilla/5.0 AppleWebKit/537.36 (KHTML, like Gecko; compatible; GPTBot/1.4; +https://openai.com/gptbot)"
74.7.227.174 - - [29/Jul/2026:07:27:44 +0200] "GET /index.php?loknya=/var/www/vhosts/store-bors.dk/./././././lscache/2/a/e HTTP/2" 200 2007 "https://store-bors.dk/index.php?loknya=/var/www/vhosts/store-bors.dk/./././././lscache/2/a" "Mozilla/5.0 AppleWebKit/537.36 (KHTML, like Gecko; compatible; GPTBot/1.4; +https://openai.com/gptbot)"
74.7.243.235 - - [29/Jul/2026:07:27:44 +0200] "GET /?lokasie=/var/www/vhosts/store-bors.dk/lscache/3/0/5/3059bfc6ca60092a&loknya=/var/www/vhosts/store-bors.dk/lscache/3/0/5 HTTP/2" 200 19682 "https://www.store-bors.dk/?loknya=/var/www/vhosts/store-bors.dk/lscache/3/0/5" "Mozilla/5.0 AppleWebKit/537.36 (KHTML, like Gecko; compatible; GPTBot/1.4; +https://openai.com/gptbot)"
74.7.227.174 - - [29/Jul/2026:07:27:45 +0200] "GET /index.php?loknya=/var/www/vhosts/store-bors.dk/./././././lscache/3/a/a HTTP/2" 200 2006 "https://store-bors.dk/index.php?loknya=/var/www/vhosts/store-bors.dk/./././././lscache/3/a" "Mozilla/5.0 AppleWebKit/537.36 (KHTML, like Gecko; compatible; GPTBot/1.4; +https://openai.com/gptbot)"
74.7.243.235 - - [29/Jul/2026:07:27:45 +0200] "GET /?lokasie=/var/www/vhosts/store-bors.dk/lscache/3/0/5/305d3adbd8a03639&loknya=/var/www/vhosts/store-bors.dk/lscache/3/0/5 HTTP/2" 200 20478 "https://www.store-bors.dk/?loknya=/var/www/vhosts/store-bors.dk/lscache/3/0/5" "Mozilla/5.0 AppleWebKit/537.36 (KHTML, like Gecko; compatible; GPTBot/1.4; +https://openai.com/gptbot)"
74.7.227.174 - - [29/Jul/2026:07:27:45 +0200] "GET /index.php?loknya=/var/www/vhosts/store-bors.dk/./././././lscache/d/1/d HTTP/2" 200 2004 "https://store-bors.dk/index.php?loknya=/var/www/vhosts/store-bors.dk/./././././lscache/d/1" "Mozilla/5.0 AppleWebKit/537.36 (KHTML, like Gecko; compatible; GPTBot/1.4; +https://openai.com/gptbot)"
74.7.243.235 - - [29/Jul/2026:07:27:46 +0200] "GET /?lokasie=/var/www/vhosts/store-bors.dk/lscache/3/0/5/305746e463f8ac4f&loknya=/var/www/vhosts/store-bors.dk/lscache/3/0/5 HTTP/2" 200 25798 "https://www.store-bors.dk/?loknya=/var/www/vhosts/store-bors.dk/lscache/3/0/5" "Mozilla/5.0 AppleWebKit/537.36 (KHTML, like Gecko; compatible; GPTBot/1.4; +https://openai.com/gptbot)"
74.7.227.174 - - [29/Jul/2026:07:27:46 +0200] "GET /index.php?loknya=/var/www/vhosts/store-bors.dk/./././././lscache/b/6/a HTTP/2" 200 2010 "https://store-bors.dk/index.php?loknya=/var/www/vhosts/store-bors.dk/./././././lscache/b/6" "Mozilla/5.0 AppleWebKit/537.36 (KHTML, like Gecko; compatible; GPTBot/1.4; +https://openai.com/gptbot)"
74.7.243.235 - - [29/Jul/2026:07:27:46 +0200] "GET /?lokasie=/var/www/vhosts/store-bors.dk/lscache/7/8/8/78809e1f89dc2838&loknya=/var/www/vhosts/store-bors.dk/lscache/7/8/8 HTTP/2" 200 17729 "https://www.store-bors.dk/?loknya=/var/www/vhosts/store-bors.dk/lscache/7/8/8" "Mozilla/5.0 AppleWebKit/537.36 (KHTML, like Gecko; compatible; GPTBot/1.4; +https://openai.com/gptbot)"
74.7.227.174 - - [29/Jul/2026:07:27:46 +0200] "GET /index.php?loknya=/var/www/vhosts/store-bors.dk/./././././lscache/d/1/e HTTP/2" 200 2008 "https://store-bors.dk/index.php?loknya=/var/www/vhosts/store-bors.dk/./././././lscache/d/1" "Mozilla/5.0 AppleWebKit/537.36 (KHTML, like Gecko; compatible; GPTBot/1.4; +https://openai.com/gptbot)"
57.141.0.1 - - [29/Jul/2026:07:27:46 +0200] "GET /post-sitemap.xml?lokasie=/var/www/vhosts/store-bors.dk/httpdocs/wp-includes/widgets/class-wp-widget-recent-posts.php&loknya=/var/www/vhosts/store-bors.dk/httpdocs/wp-includes/widgets HTTP/2" 200 3891 "-" "Mozilla/5.0 (Macintosh; Intel Mac OS X 10_15_7) AppleWebKit/537.36 (KHTML, like Gecko) Chrome/145.0.0.0 Safari/537.36 (compatible; meta-externalagent/1.1 (+https://developers.facebook.com/docs/sharing/webmasters/crawler))"
74.7.243.235 - - [29/Jul/2026:07:27:47 +0200] "GET /?lokasie=/var/www/vhosts/store-bors.dk/lscache/1/8/8/18899a5b1cf553ce&loknya=/var/www/vhosts/store-bors.dk/lscache/1/8/8 HTTP/2" 200 19625 "https://www.store-bors.dk/?loknya=/var/www/vhosts/store-bors.dk/lscache/1/8/8" "Mozilla/5.0 AppleWebKit/537.36 (KHTML, like Gecko; compatible; GPTBot/1.4; +https://openai.com/gptbot)"
74.7.227.174 - - [29/Jul/2026:07:27:47 +0200] "GET /index.php?loknya=/var/www/vhosts/store-bors.dk/./././././lscache/b/8/d HTTP/2" 200 2062 "https://store-bors.dk/index.php?loknya=/var/www/vhosts/store-bors.dk/./././././lscache/b/8" "Mozilla/5.0 AppleWebKit/537.36 (KHTML, like Gecko; compatible; GPTBot/1.4; +https://openai.com/gptbot)"
74.7.243.235 - - [29/Jul/2026:07:27:47 +0200] "GET /?lokasie=/var/www/vhosts/store-bors.dk/lscache/1/8/8/188b9f194a1299ed&loknya=/var/www/vhosts/store-bors.dk/lscache/1/8/8 HTTP/2" 200 19626 "https://www.store-bors.dk/?loknya=/var/www/vhosts/store-bors.dk/lscache/1/8/8" "Mozilla/5.0 AppleWebKit/537.36 (KHTML, like Gecko; compatible; GPTBot/1.4; +https://openai.com/gptbot)"
74.7.227.174 - - [29/Jul/2026:07:27:47 +0200] "GET /index.php?loknya=/var/www/vhosts/store-bors.dk/./././././lscache/d/3/a HTTP/2" 200 2008 "https://store-bors.dk/index.php?loknya=/var/www/vhosts/store-bors.dk/./././././lscache/d/3" "Mozilla/5.0 AppleWebKit/537.36 (KHTML, like Gecko; compatible; GPTBot/1.4; +https://openai.com/gptbot)"
74.7.243.235 - - [29/Jul/2026:07:27:48 +0200] "GET /?lokasie=/var/www/vhosts/store-bors.dk/lscache/1/6/0/160d421bdf96a59b&loknya=/var/www/vhosts/store-bors.dk/lscache/1/6/0 HTTP/2" 200 1845 "https://www.store-bors.dk/?loknya=/var/www/vhosts/store-bors.dk/lscache/1/6/0" "Mozilla/5.0 AppleWebKit/537.36 (KHTML, like Gecko; compatible; GPTBot/1.4; +https://openai.com/gptbot)"
74.7.227.174 - - [29/Jul/2026:07:27:48 +0200] "GET /index.php?loknya=/var/www/vhosts/store-bors.dk/./././././lscache/b/6/e HTTP/2" 200 2009 "https://store-bors.dk/index.php?loknya=/var/www/vhosts/store-bors.dk/./././././lscache/b/6" "Mozilla/5.0 AppleWebKit/537.36 (KHTML, like Gecko; compatible; GPTBot/1.4; +https://openai.com/gptbot)"
216.73.216.125 - - [29/Jul/2026:07:27:48 +0200] "GET /'?lokasie=%2Fvar%2Fwww%2Fvhosts%2Fstore-bors.dk%2Fhttpdocs%2Fwp-content%2Fuploads%2Fbackup%2FIMG_4380-scaled.jpg&loknya=%2Fvar%2Fwww%2Fvhosts%2Fstore-bors.dk%2Fhttpdocs%2Fwp-content%2Fuploads%2Fbackup HTTP/2" 200 200926 "-" "Mozilla/5.0 AppleWebKit/537.36 (KHTML, like Gecko; compatible; ClaudeBot/1.0; +claudebot@anthropic.com)"
74.7.243.235 - - [29/Jul/2026:07:27:48 +0200] "GET /?lokasie=/var/www/vhosts/store-bors.dk/lscache/6/9/1/69122033be3d2e7d&loknya=/var/www/vhosts/store-bors.dk/lscache/6/9/1 HTTP/2" 200 1851 "https://www.store-bors.dk/?loknya=/var/www/vhosts/store-bors.dk/lscache/6/9/1" "Mozilla/5.0 AppleWebKit/537.36 (KHTML, like Gecko; compatible; GPTBot/1.4; +https://openai.com/gptbot)"
57.141.0.45 - - [29/Jul/2026:07:27:48 +0200] "GET /category-sitemap.xml?lokasie=/var/www/vhosts/store-bors.dk/lscache/2/e/a/2ead347f72d850cb&loknya=/var/www/vhosts/store-bors.dk/lscache/2/e/a HTTP/2" 200 29005 "-" "Mozilla/5.0 (Windows NT 10.0; Win64; x64) AppleWebKit/537.36 (KHTML, like Gecko) Chrome/145.0.0.0 Safari/537.36 (compatible; meta-externalagent/1.1 (+https://developers.facebook.com/docs/sharing/webmasters/crawler))"
74.7.227.174 - - [29/Jul/2026:07:27:49 +0200] "GET /index.php?loknya=/var/www/vhosts/store-bors.dk/./././././lscache/2/a/d HTTP/2" 200 2065 "https://store-bors.dk/index.php?loknya=/var/www/vhosts/store-bors.dk/./././././lscache/2/a" "Mozilla/5.0 AppleWebKit/537.36 (KHTML, like Gecko; compatible; GPTBot/1.4; +https://openai.com/gptbot)"
74.7.243.235 - - [29/Jul/2026:07:27:49 +0200] "GET /?lokasie=/var/www/vhosts/store-bors.dk/lscache/1/6/0/160586d4d4364683&loknya=/var/www/vhosts/store-bors.dk/lscache/1/6/0 HTTP/2" 200 25746 "https://www.store-bors.dk/?loknya=/var/www/vhosts/store-bors.dk/lscache/1/6/0" "Mozilla/5.0 AppleWebKit/537.36 (KHTML, like Gecko; compatible; GPTBot/1.4; +https://openai.com/gptbot)"
74.7.227.174 - - [29/Jul/2026:07:27:49 +0200] "GET /index.php?loknya=/var/www/vhosts/store-bors.dk/./././././lscache/2/a/c HTTP/2" 200 2012 "https://store-bors.dk/index.php?loknya=/var/www/vhosts/store-bors.dk/./././././lscache/2/a" "Mozilla/5.0 AppleWebKit/537.36 (KHTML, like Gecko; compatible; GPTBot/1.4; +https://openai.com/gptbot)"
74.7.243.235 - - [29/Jul/2026:07:27:50 +0200] "GET /?lokasie=/var/www/vhosts/store-bors.dk/lscache/8/9/4/89468f64168e70d4&loknya=/var/www/vhosts/store-bors.dk/lscache/8/9/4 HTTP/2" 200 21932 "https://www.store-bors.dk/?loknya=/var/www/vhosts/store-bors.dk/lscache/8/9/4" "Mozilla/5.0 AppleWebKit/537.36 (KHTML, like Gecko; compatible; GPTBot/1.4; +https://openai.com/gptbot)"
74.7.227.174 - - [29/Jul/2026:07:27:50 +0200] "GET /index.php?loknya=/var/www/vhosts/store-bors.dk/./././././lscache/c/4/d HTTP/2" 200 2071 "https://store-bors.dk/index.php?loknya=/var/www/vhosts/store-bors.dk/./././././lscache/c/4" "Mozilla/5.0 AppleWebKit/537.36 (KHTML, like Gecko; compatible; GPTBot/1.4; +https://openai.com/gptbot)"
74.7.243.235 - - [29/Jul/2026:07:27:50 +0200] "GET /?lokasie=/var/www/vhosts/store-bors.dk/lscache/6/9/1/6913d942105d06ae&loknya=/var/www/vhosts/store-bors.dk/lscache/6/9/1 HTTP/2" 200 19695 "https://www.store-bors.dk/?loknya=/var/www/vhosts/store-bors.dk/lscache/6/9/1" "Mozilla/5.0 AppleWebKit/537.36 (KHTML, like Gecko; compatible; GPTBot/1.4; +https://openai.com/gptbot)"
74.7.227.174 - - [29/Jul/2026:07:27:50 +0200] "GET /index.php?lokasie=/var/www/vhosts/store-bors.dk/./././././lscache/2/a/e/2ae2ed0bf400dcc6&loknya=/var/www/vhosts/store-bors.dk/./././././lscache/2/a/e HTTP/2" 200 1838 "https://store-bors.dk/index.php?loknya=/var/www/vhosts/store-bors.dk/./././././lscache/2/a/e" "Mozilla/5.0 AppleWebKit/537.36 (KHTML, like Gecko; compatible; GPTBot/1.4; +https://openai.com/gptbot)"
74.7.243.235 - - [29/Jul/2026:07:27:51 +0200] "GET /?lokasie=/var/www/vhosts/store-bors.dk/lscache/8/1/2/8127f210f6f179d4&loknya=/var/www/vhosts/store-bors.dk/lscache/8/1/2 HTTP/2" 200 20381 "https://www.store-bors.dk/?loknya=/var/www/vhosts/store-bors.dk/lscache/8/1/2" "Mozilla/5.0 AppleWebKit/537.36 (KHTML, like Gecko; compatible; GPTBot/1.4; +https://openai.com/gptbot)"
74.7.227.174 - - [29/Jul/2026:07:27:51 +0200] "GET /index.php?loknya=/var/www/vhosts/store-bors.dk/./././././lscache/d/1/f HTTP/2" 200 1994 "https://store-bors.dk/index.php?loknya=/var/www/vhosts/store-bors.dk/./././././lscache/d/1" "Mozilla/5.0 AppleWebKit/537.36 (KHTML, like Gecko; compatible; GPTBot/1.4; +https://openai.com/gptbot)"
74.7.243.235 - - [29/Jul/2026:07:27:51 +0200] "GET /?loknya=/var/www/vhosts/store-bors.dk/lscache/7/9/8 HTTP/2" 200 2034 "https://www.store-bors.dk/?loknya=/var/www/vhosts/store-bors.dk/lscache/7/9" "Mozilla/5.0 AppleWebKit/537.36 (KHTML, like Gecko; compatible; GPTBot/1.4; +https://openai.com/gptbot)"
74.7.227.174 - - [29/Jul/2026:07:27:52 +0200] "GET /index.php?loknya=/var/www/vhosts/store-bors.dk/./././././lscache/9/a/a HTTP/2" 200 2155 "https://store-bors.dk/index.php?loknya=/var/www/vhosts/store-bors.dk/./././././lscache/9/a" "Mozilla/5.0 AppleWebKit/537.36 (KHTML, like Gecko; compatible; GPTBot/1.4; +https://openai.com/gptbot)"
74.7.243.235 - - [29/Jul/2026:07:27:52 +0200] "GET /?loknya=/var/www/vhosts/store-bors.dk/lscache/0/6/9 HTTP/2" 200 1978 "https://www.store-bors.dk/?loknya=/var/www/vhosts/store-bors.dk/lscache/0/6" "Mozilla/5.0 AppleWebKit/537.36 (KHTML, like Gecko; compatible; GPTBot/1.4; +https://openai.com/gptbot)"
