74.7.227.174 - - [29/Jul/2026:07:39:59 +0200] "GET /index.php?loknya=/var/www/vhosts/store-bors.dk/./././././lscache/b/3/ HTTP/2" 200 2087 "https://store-bors.dk/index.php?loknya=/var/www/vhosts/store-bors.dk/./././././lscache/b/3/7" "Mozilla/5.0 AppleWebKit/537.36 (KHTML, like Gecko; compatible; GPTBot/1.4; +https://openai.com/gptbot)"
216.73.216.125 - - [29/Jul/2026:07:39:59 +0200] "GET /xmlrpc.php?loknya=%2Fvar%2Fwww%2Fvhosts%2Fstore-bors.dk%2Flscache%2F1%2F1 HTTP/2" 200 2116 "-" "Mozilla/5.0 AppleWebKit/537.36 (KHTML, like Gecko; compatible; ClaudeBot/1.0; +claudebot@anthropic.com)"
216.73.216.125 - - [29/Jul/2026:07:39:59 +0200] "GET /xmlrpc.php?loknya=%2Fvar%2Fwww%2Fvhosts%2Fstore-bors.dk%2Flscache%2F5%2F0%2F2 HTTP/2" 200 1984 "-" "Mozilla/5.0 AppleWebKit/537.36 (KHTML, like Gecko; compatible; ClaudeBot/1.0; +claudebot@anthropic.com)"
77.241.136.34 - - [29/Jul/2026:07:39:59 +0200] "GET / HTTP/3" 200 3391 "https://www.google.com/" "Mozilla/5.0 (iPhone; CPU iPhone OS 18_7 like Mac OS X) AppleWebKit/605.1.15 (KHTML, like Gecko) Version/26.5.2 Mobile/15E148 Safari/604.1"
185.21.40.28 - - [29/Jul/2026:07:37:59 +0200] "GET /wp-includes/SimplePie/library/SimplePie/Net/Net/index.php?ARRAY=7o2230223n313738353330373037392p2231223n22687474703n5p2s5p2s7n733936377631332r6p6172676572732r636p69636o5p2s3s6p633q7068705s636s64655s6n6326743q313738353330333437392q3230643062643036643733366432386233613161346666346663333432303936222p2232223n223035353065336239323162373134656535373262646164306539663230643661222p2233223n223739356665343238326538306539353539353835323737623233313331633532222p226175746s5s66696p655s6r616q65223n6r756p6p2p226175746s5s70617373223n6r756p6p2p2262696r675s70617373223n2231342q34382q35392q36342q37342q38362q3131227q HTTP/1.1" 500 567 "-" "-"
216.73.216.125 - - [29/Jul/2026:07:40:00 +0200] "GET /xmlrpc.php?loknya=%2Fvar%2Fwww%2Fvhosts%2Fstore-bors.dk%2Flscache%2Fe%2F2%2F1 HTTP/2" 200 1982 "-" "Mozilla/5.0 AppleWebKit/537.36 (KHTML, like Gecko; compatible; ClaudeBot/1.0; +claudebot@anthropic.com)"
74.7.227.174 - - [29/Jul/2026:07:39:59 +0200] "GET /index.php?loknya=/var/www/vhosts/store-bors.dk/./././././lscache/1/b/ HTTP/2" 200 2175 "https://store-bors.dk/index.php?loknya=/var/www/vhosts/store-bors.dk/./././././lscache/1/b/8" "Mozilla/5.0 AppleWebKit/537.36 (KHTML, like Gecko; compatible; GPTBot/1.4; +https://openai.com/gptbot)"
216.73.216.125 - - [29/Jul/2026:07:40:00 +0200] "GET /xmlrpc.php?loknya=%2Fvar%2Fwww%2Fvhosts%2Fstore-bors.dk%2Flscache%2F1%2Fd%2F0 HTTP/2" 200 2026 "-" "Mozilla/5.0 AppleWebKit/537.36 (KHTML, like Gecko; compatible; ClaudeBot/1.0; +claudebot@anthropic.com)"
74.7.243.235 - - [29/Jul/2026:07:40:00 +0200] "GET /?lokasie=/var/www/vhosts/store-bors.dk/lscache/f/1/f/f1fdfe8cc34b41b7&loknya=/var/www/vhosts/store-bors.dk/lscache/f/1/f HTTP/2" 200 22090 "https://www.store-bors.dk/?loknya=/var/www/vhosts/store-bors.dk/lscache/f/1/f" "Mozilla/5.0 AppleWebKit/537.36 (KHTML, like Gecko; compatible; GPTBot/1.4; +https://openai.com/gptbot)"
74.7.227.174 - - [29/Jul/2026:07:40:00 +0200] "GET /index.php?loknya=/var/www/vhosts/store-bors.dk/./././././lscache/6/b/7 HTTP/2" 200 1989 "https://store-bors.dk/index.php?loknya=/var/www/vhosts/store-bors.dk/./././././lscache/6/b" "Mozilla/5.0 AppleWebKit/537.36 (KHTML, like Gecko; compatible; GPTBot/1.4; +https://openai.com/gptbot)"
57.141.0.10 - - [29/Jul/2026:07:40:00 +0200] "GET /category-sitemap.xml?lokasie=/var/www/vhosts/store-bors.dk/lscache/3/8/3/383ff0970306dfaa&loknya=/var/www/vhosts/store-bors.dk/lscache/3/8/3 HTTP/2" 200 21871 "-" "Mozilla/5.0 (Windows NT 10.0; Win64; x64) AppleWebKit/537.36 (KHTML, like Gecko) Chrome/145.0.0.0 Safari/537.36 (compatible; meta-externalagent/1.1 (+https://developers.facebook.com/docs/sharing/webmasters/crawler))"
74.7.243.235 - - [29/Jul/2026:07:40:00 +0200] "GET /?lokasie=/var/www/vhosts/store-bors.dk/lscache/5/f/e/5feccb49d57a12bb&loknya=/var/www/vhosts/store-bors.dk/lscache/5/f/e HTTP/2" 200 25834 "https://www.store-bors.dk/?loknya=/var/www/vhosts/store-bors.dk/lscache/5/f/e" "Mozilla/5.0 AppleWebKit/537.36 (KHTML, like Gecko; compatible; GPTBot/1.4; +https://openai.com/gptbot)"
57.141.0.9 - - [29/Jul/2026:07:40:01 +0200] "GET /category-sitemap.xml?lokasie=/var/www/vhosts/store-bors.dk/lscache/a/7/7/a77c2c69bccf7838&loknya=/var/www/vhosts/store-bors.dk/lscache/a/7/7 HTTP/2" 200 19512 "-" "Mozilla/5.0 (Windows NT 10.0; Win64; x64) AppleWebKit/537.36 (KHTML, like Gecko) Chrome/145.0.0.0 Safari/537.36 (compatible; meta-externalagent/1.1 (+https://developers.facebook.com/docs/sharing/webmasters/crawler))"
74.7.227.174 - - [29/Jul/2026:07:40:01 +0200] "GET /index.php?loknya=/var/www/vhosts/store-bors.dk/./././././lscache/1/b/3 HTTP/2" 200 1977 "https://store-bors.dk/index.php?loknya=/var/www/vhosts/store-bors.dk/./././././lscache/1/b" "Mozilla/5.0 AppleWebKit/537.36 (KHTML, like Gecko; compatible; GPTBot/1.4; +https://openai.com/gptbot)"
74.7.243.235 - - [29/Jul/2026:07:40:01 +0200] "GET /?lokasie=/var/www/vhosts/store-bors.dk/lscache/d/2/b/d2be4fba64bc235f&loknya=/var/www/vhosts/store-bors.dk/lscache/d/2/b HTTP/2" 200 19684 "https://www.store-bors.dk/?loknya=/var/www/vhosts/store-bors.dk/lscache/d/2/b" "Mozilla/5.0 AppleWebKit/537.36 (KHTML, like Gecko; compatible; GPTBot/1.4; +https://openai.com/gptbot)"
74.7.227.174 - - [29/Jul/2026:07:40:02 +0200] "GET /index.php?loknya=/var/www/vhosts/store-bors.dk/./././././lscache/b/3/2 HTTP/2" 200 1990 "https://store-bors.dk/index.php?loknya=/var/www/vhosts/store-bors.dk/./././././lscache/b/3" "Mozilla/5.0 AppleWebKit/537.36 (KHTML, like Gecko; compatible; GPTBot/1.4; +https://openai.com/gptbot)"
74.7.243.235 - - [29/Jul/2026:07:40:02 +0200] "GET /?lokasie=/var/www/vhosts/store-bors.dk/lscache/5/b/f/5bfd8fcc6e297ee6&loknya=/var/www/vhosts/store-bors.dk/lscache/5/b/f HTTP/2" 200 25798 "https://www.store-bors.dk/?loknya=/var/www/vhosts/store-bors.dk/lscache/5/b/f" "Mozilla/5.0 AppleWebKit/537.36 (KHTML, like Gecko; compatible; GPTBot/1.4; +https://openai.com/gptbot)"
74.7.227.174 - - [29/Jul/2026:07:40:02 +0200] "GET /index.php?loknya=/var/www/vhosts/store-bors.dk/./././././lscache/6/b/2 HTTP/2" 200 2048 "https://store-bors.dk/index.php?loknya=/var/www/vhosts/store-bors.dk/./././././lscache/6/b" "Mozilla/5.0 AppleWebKit/537.36 (KHTML, like Gecko; compatible; GPTBot/1.4; +https://openai.com/gptbot)"
74.7.243.235 - - [29/Jul/2026:07:40:03 +0200] "GET /?lokasie=/var/www/vhosts/store-bors.dk/lscache/d/e/b/deb33c2846d98c7c&loknya=/var/www/vhosts/store-bors.dk/lscache/d/e/b HTTP/2" 200 25794 "https://www.store-bors.dk/?loknya=/var/www/vhosts/store-bors.dk/lscache/d/e/b" "Mozilla/5.0 AppleWebKit/537.36 (KHTML, like Gecko; compatible; GPTBot/1.4; +https://openai.com/gptbot)"
216.73.216.125 - - [29/Jul/2026:07:40:03 +0200] "GET /?lokasie=%2Fvar%2Fwww%2Fvhosts%2Fstore-bors.dk%2F.%2Fhttpdocs%2Fwp-includes%2FRequests%2Fsrc%2FException%2FTransport.php&loknya=%2Fvar%2Fwww%2Fvhosts%2Fstore-bors.dk%2F.%2Fhttpdocs%2Fwp-includes%2FRequests%2Fsrc%2FException HTTP/2" 200 1648 "-" "Mozilla/5.0 AppleWebKit/537.36 (KHTML, like Gecko; compatible; ClaudeBot/1.0; +claudebot@anthropic.com)"
74.7.227.174 - - [29/Jul/2026:07:40:03 +0200] "GET /index.php?loknya=/var/www/vhosts/store-bors.dk/./././././lscache/1/b/6 HTTP/2" 200 2086 "https://store-bors.dk/index.php?loknya=/var/www/vhosts/store-bors.dk/./././././lscache/1/b" "Mozilla/5.0 AppleWebKit/537.36 (KHTML, like Gecko; compatible; GPTBot/1.4; +https://openai.com/gptbot)"
216.73.216.125 - - [29/Jul/2026:07:40:03 +0200] "GET /?lokasie=%2Fvar%2Fwww%2Fvhosts%2Fstore-bors.dk%2F.%2Fhttpdocs%2Fwp-includes%2Fblock-patterns%2Fquery-grid-posts.php&loknya=%2Fvar%2Fwww%2Fvhosts%2Fstore-bors.dk%2F.%2Fhttpdocs%2Fwp-includes%2Fblock-patterns HTTP/2" 200 2045 "-" "Mozilla/5.0 AppleWebKit/537.36 (KHTML, like Gecko; compatible; ClaudeBot/1.0; +claudebot@anthropic.com)"
216.73.216.125 - - [29/Jul/2026:07:40:03 +0200] "GET /?loknya=%2Fvar%2Fwww%2Fvhosts%2Fstore-bors.dk%2F.%2Fhttpdocs%2Fwp-content%2Flanguages%2Floco HTTP/2" 200 1950 "-" "Mozilla/5.0 AppleWebKit/537.36 (KHTML, like Gecko; compatible; ClaudeBot/1.0; +claudebot@anthropic.com)"
216.73.216.125 - - [29/Jul/2026:07:40:03 +0200] "GET /xmlrpc.php?loknya=%2Fvar%2Fwww%2Fvhosts%2Fstore-bors.dk%2Flscache%2F5%2F7%2Fd HTTP/2" 200 2049 "-" "Mozilla/5.0 AppleWebKit/537.36 (KHTML, like Gecko; compatible; ClaudeBot/1.0; +claudebot@anthropic.com)"
216.73.216.125 - - [29/Jul/2026:07:40:03 +0200] "GET /xmlrpc.php?loknya=%2Fvar%2Fwww%2Fvhosts%2Fstore-bors.dk%2Flscache%2F9%2F1 HTTP/2" 200 2185 "-" "Mozilla/5.0 AppleWebKit/537.36 (KHTML, like Gecko; compatible; ClaudeBot/1.0; +claudebot@anthropic.com)"
216.73.216.125 - - [29/Jul/2026:07:40:03 +0200] "GET /xmlrpc.php?loknya=%2Fvar%2Fwww%2Fvhosts%2Fstore-bors.dk%2Flscache%2Fc%2Ff%2F9 HTTP/2" 200 2030 "-" "Mozilla/5.0 AppleWebKit/537.36 (KHTML, like Gecko; compatible; ClaudeBot/1.0; +claudebot@anthropic.com)"
216.73.216.125 - - [29/Jul/2026:07:40:03 +0200] "GET /index.php/'?lokasie=%2Fvar%2Fwww%2Fvhosts%2Fstore-bors.dk%2F.%2Fhttpdocs%2Fwp-admin%2Fcss%2Fcommon.min.css&loknya=%2Fvar%2Fwww%2Fvhosts%2Fstore-bors.dk%2F.%2Fhttpdocs%2Fwp-admin%2Fcss HTTP/2" 200 15244 "-" "Mozilla/5.0 AppleWebKit/537.36 (KHTML, like Gecko; compatible; ClaudeBot/1.0; +claudebot@anthropic.com)"
74.7.243.235 - - [29/Jul/2026:07:40:03 +0200] "GET /?lokasie=/var/www/vhosts/store-bors.dk/lscache/f/a/5/fa5ece0b943e3ab7&loknya=/var/www/vhosts/store-bors.dk/lscache/f/a/5 HTTP/2" 200 20413 "https://www.store-bors.dk/?loknya=/var/www/vhosts/store-bors.dk/lscache/f/a/5" "Mozilla/5.0 AppleWebKit/537.36 (KHTML, like Gecko; compatible; GPTBot/1.4; +https://openai.com/gptbot)"
216.73.216.125 - - [29/Jul/2026:07:40:04 +0200] "GET /xmlrpc.php?loknya=%2Fvar%2Fwww%2Fvhosts%2Fstore-bors.dk%2Flscache%2F8%2Ff%2F8 HTTP/2" 200 1987 "-" "Mozilla/5.0 AppleWebKit/537.36 (KHTML, like Gecko; compatible; ClaudeBot/1.0; +claudebot@anthropic.com)"
74.7.227.174 - - [29/Jul/2026:07:40:04 +0200] "GET /index.php?lokasie=/var/www/vhosts/store-bors.dk/./././././lscache/8/c/b/8cb681c4c8745d3a&loknya=/var/www/vhosts/store-bors.dk/./././././lscache/8/c/b HTTP/2" 200 1856 "https://store-bors.dk/index.php?loknya=/var/www/vhosts/store-bors.dk/./././././lscache/8/c/b" "Mozilla/5.0 AppleWebKit/537.36 (KHTML, like Gecko; compatible; GPTBot/1.4; +https://openai.com/gptbot)"
216.73.216.125 - - [29/Jul/2026:07:40:04 +0200] "GET /xmlrpc.php?loknya=%2Fvar%2Fwww%2Fvhosts%2Fstore-bors.dk%2Flscache%2Fe%2Fc%2Fc HTTP/2" 200 1993 "-" "Mozilla/5.0 AppleWebKit/537.36 (KHTML, like Gecko; compatible; ClaudeBot/1.0; +claudebot@anthropic.com)"
216.73.216.125 - - [29/Jul/2026:07:40:04 +0200] "GET /xmlrpc.php?loknya=%2Fvar%2Fwww%2Fvhosts%2Fstore-bors.dk%2Flscache%2Fpriv%2F9 HTTP/2" 200 1796 "-" "Mozilla/5.0 AppleWebKit/537.36 (KHTML, like Gecko; compatible; ClaudeBot/1.0; +claudebot@anthropic.com)"
216.73.216.125 - - [29/Jul/2026:07:40:04 +0200] "GET /xmlrpc.php?lokasie=%2Fvar%2Fwww%2Fvhosts%2Fstore-bors.dk%2Fhttpdocs%2Fwp-admin%2Fuser%2Fcredits.php&loknya=%2Fvar%2Fwww%2Fvhosts%2Fstore-bors.dk%2Fhttpdocs%2Fwp-admin%2Fuser HTTP/2" 200 1692 "-" "Mozilla/5.0 AppleWebKit/537.36 (KHTML, like Gecko; compatible; ClaudeBot/1.0; +claudebot@anthropic.com)"
74.7.227.174 - - [29/Jul/2026:07:40:04 +0200] "GET /index.php?lokasie=/var/www/vhosts/store-bors.dk/./././././lscache/6/b/a/6ba6358275d7fad6&loknya=/var/www/vhosts/store-bors.dk/./././././lscache/6/b/a HTTP/2" 200 22124 "https://store-bors.dk/index.php?loknya=/var/www/vhosts/store-bors.dk/./././././lscache/6/b/a" "Mozilla/5.0 AppleWebKit/537.36 (KHTML, like Gecko; compatible; GPTBot/1.4; +https://openai.com/gptbot)"
74.7.243.235 - - [29/Jul/2026:07:40:04 +0200] "GET /?lokasie=/var/www/vhosts/store-bors.dk/lscache/f/1/e/f1ee9b49fbe68b7b&loknya=/var/www/vhosts/store-bors.dk/lscache/f/1/e HTTP/2" 200 19642 "https://www.store-bors.dk/?loknya=/var/www/vhosts/store-bors.dk/lscache/f/1/e" "Mozilla/5.0 AppleWebKit/537.36 (KHTML, like Gecko; compatible; GPTBot/1.4; +https://openai.com/gptbot)"
216.73.216.125 - - [29/Jul/2026:07:40:05 +0200] "GET /xmlrpc.php?loknya=%2Fvar%2Fwww%2Fvhosts%2Fstore-bors.dk%2Flscache%2F7%2Ff%2F0 HTTP/2" 200 2044 "-" "Mozilla/5.0 AppleWebKit/537.36 (KHTML, like Gecko; compatible; ClaudeBot/1.0; +claudebot@anthropic.com)"
216.73.216.125 - - [29/Jul/2026:07:40:05 +0200] "GET /xmlrpc.php?loknya=%2Fvar%2Fwww%2Fvhosts%2Fstore-bors.dk%2Flscache%2F6%2Fd%2F8 HTTP/2" 200 2045 "-" "Mozilla/5.0 AppleWebKit/537.36 (KHTML, like Gecko; compatible; ClaudeBot/1.0; +claudebot@anthropic.com)"
216.73.216.125 - - [29/Jul/2026:07:40:05 +0200] "GET /xmlrpc.php?loknya=%2Fvar%2Fwww%2Fvhosts%2Fstore-bors.dk%2Flscache%2F0%2Ff%2F6 HTTP/2" 200 1973 "-" "Mozilla/5.0 AppleWebKit/537.36 (KHTML, like Gecko; compatible; ClaudeBot/1.0; +claudebot@anthropic.com)"
216.73.216.125 - - [29/Jul/2026:07:40:05 +0200] "GET /xmlrpc.php?loknya=%2Fvar%2Fwww%2Fvhosts%2Fstore-bors.dk%2Flscache%2F6%2Fc%2F2 HTTP/2" 200 1982 "-" "Mozilla/5.0 AppleWebKit/537.36 (KHTML, like Gecko; compatible; ClaudeBot/1.0; +claudebot@anthropic.com)"
74.7.243.235 - - [29/Jul/2026:07:40:05 +0200] "GET /?lokasie=/var/www/vhosts/store-bors.dk/lscache/e/a/b/eab47d4a6425cf01&loknya=/var/www/vhosts/store-bors.dk/lscache/e/a/b HTTP/2" 200 19645 "https://www.store-bors.dk/?loknya=/var/www/vhosts/store-bors.dk/lscache/e/a/b" "Mozilla/5.0 AppleWebKit/537.36 (KHTML, like Gecko; compatible; GPTBot/1.4; +https://openai.com/gptbot)"
216.73.216.125 - - [29/Jul/2026:07:40:05 +0200] "GET /xmlrpc.php?lokasie=%2Fvar%2Fwww%2Fvhosts%2Fstore-bors.dk%2Fhttpdocs%2Fwp-content%2Fwflogs%2Fips.php&loknya=%2Fvar%2Fwww%2Fvhosts%2Fstore-bors.dk%2Fhttpdocs%2Fwp-content%2Fwflogs HTTP/2" 200 1594 "-" "Mozilla/5.0 AppleWebKit/537.36 (KHTML, like Gecko; compatible; ClaudeBot/1.0; +claudebot@anthropic.com)"
74.7.227.174 - - [29/Jul/2026:07:40:05 +0200] "GET /index.php?lokasie=/var/www/vhosts/store-bors.dk/./././././lscache/d/4/e/d4e88c2a03e49e61&loknya=/var/www/vhosts/store-bors.dk/./././././lscache/d/4/e HTTP/2" 200 20335 "https://store-bors.dk/index.php?loknya=/var/www/vhosts/store-bors.dk/./././././lscache/d/4/e" "Mozilla/5.0 AppleWebKit/537.36 (KHTML, like Gecko; compatible; GPTBot/1.4; +https://openai.com/gptbot)"
216.73.216.125 - - [29/Jul/2026:07:40:06 +0200] "GET /xmlrpc.php?loknya=%2Fvar%2Fwww%2Fvhosts%2Fstore-bors.dk%2Flscache%2F7%2Fd%2F8 HTTP/2" 200 1990 "-" "Mozilla/5.0 AppleWebKit/537.36 (KHTML, like Gecko; compatible; ClaudeBot/1.0; +claudebot@anthropic.com)"
216.73.216.125 - - [29/Jul/2026:07:40:06 +0200] "GET /xmlrpc.php?loknya=%2Fvar%2Fwww%2Fvhosts%2Fstore-bors.dk%2Flscache%2F1%2F5%2F2 HTTP/2" 200 1989 "-" "Mozilla/5.0 AppleWebKit/537.36 (KHTML, like Gecko; compatible; ClaudeBot/1.0; +claudebot@anthropic.com)"
216.73.216.125 - - [29/Jul/2026:07:40:06 +0200] "GET /xmlrpc.php?loknya=%2Fvar%2Fwww%2Fvhosts%2Fstore-bors.dk%2Flscache%2F6%2Fa%2F1 HTTP/2" 200 1991 "-" "Mozilla/5.0 AppleWebKit/537.36 (KHTML, like Gecko; compatible; ClaudeBot/1.0; +claudebot@anthropic.com)"
216.73.216.125 - - [29/Jul/2026:07:40:07 +0200] "GET /xmlrpc.php?loknya=%2Fvar%2Fwww%2Fvhosts%2Fstore-bors.k%2Flscache%2Fe%2F HTTP/2" 200 1776 "-" "Mozilla/5.0 AppleWebKit/537.36 (KHTML, like Gecko; compatible; ClaudeBot/1.0; +claudebot@anthropic.com)"
74.7.243.235 - - [29/Jul/2026:07:40:06 +0200] "GET /?lokasie=/var/www/vhosts/store-bors.dk/lscache/c/8/d/c8dafd25314bcfa5&loknya=/var/www/vhosts/store-bors.dk/lscache/c/8/d HTTP/2" 200 25775 "https://www.store-bors.dk/?loknya=/var/www/vhosts/store-bors.dk/lscache/c/8/d" "Mozilla/5.0 AppleWebKit/537.36 (KHTML, like Gecko; compatible; GPTBot/1.4; +https://openai.com/gptbot)"
216.73.216.125 - - [29/Jul/2026:07:40:07 +0200] "GET /xmlrpc.php?loknya=%2Fvar%2Fwww%2Fvhosts%2Fstore-bors.dk%2Flscache%2F9%2F4%2F2 HTTP/2" 200 1992 "-" "Mozilla/5.0 AppleWebKit/537.36 (KHTML, like Gecko; compatible; ClaudeBot/1.0; +claudebot@anthropic.com)"
216.73.216.125 - - [29/Jul/2026:07:40:07 +0200] "GET /xmlrpc.php?loknya=%2Fvar%2Fwww%2Fvhosts%2Fstore-bors.dk%2Flscache%2F5%2F2%2F9 HTTP/2" 200 1992 "-" "Mozilla/5.0 AppleWebKit/537.36 (KHTML, like Gecko; compatible; ClaudeBot/1.0; +claudebot@anthropic.com)"
74.7.227.174 - - [29/Jul/2026:07:40:07 +0200] "GET /index.php?lokasie=/var/www/vhosts/store-bors.dk/./././././lscache/1/b/b/1bb9c64100ca37e7&loknya=/var/www/vhosts/store-bors.dk/./././././lscache/1/b/b HTTP/2" 200 25848 "https://store-bors.dk/index.php?loknya=/var/www/vhosts/store-bors.dk/./././././lscache/1/b/b" "Mozilla/5.0 AppleWebKit/537.36 (KHTML, like Gecko; compatible; GPTBot/1.4; +https://openai.com/gptbot)"
216.73.216.125 - - [29/Jul/2026:07:40:08 +0200] "GET /xmlrpc.php?loknya=%2Fvar%2Fwww%2Fvhosts%2Fstore-bors.dk%2Flscache%2Fe%2Fe%2F3 HTTP/2" 200 1979 "-" "Mozilla/5.0 AppleWebKit/537.36 (KHTML, like Gecko; compatible; ClaudeBot/1.0; +claudebot@anthropic.com)"
74.7.243.235 - - [29/Jul/2026:07:40:07 +0200] "GET /?lokasie=/var/www/vhosts/store-bors.dk/lscache/7/d/c/7dc6fea913fbc2c4&loknya=/var/www/vhosts/store-bors.dk/lscache/7/d/c HTTP/2" 200 19683 "https://www.store-bors.dk/?loknya=/var/www/vhosts/store-bors.dk/lscache/7/d/c" "Mozilla/5.0 AppleWebKit/537.36 (KHTML, like Gecko; compatible; GPTBot/1.4; +https://openai.com/gptbot)"
216.73.216.125 - - [29/Jul/2026:07:40:08 +0200] "GET /index.php/'?lokasie=%2Fvar%2Fwww%2Fvhosts%2Fstore-bors.dk%2F.%2Fhttpdocs%2Fwp-admin%2Fincludes%2Fclass-wp-filesystem-ssh2.php&loknya=%2Fvar%2Fwww%2Fvhosts%2Fstore-bors.dk%2F.%2Fhttpdocs%2Fwp-admin%2Fincludes HTTP/2" 200 7157 "-" "Mozilla/5.0 AppleWebKit/537.36 (KHTML, like Gecko; compatible; ClaudeBot/1.0; +claudebot@anthropic.com)"
216.73.216.125 - - [29/Jul/2026:07:40:08 +0200] "GET /xmlrpc.php?loknya=%2Fvar%2Fwww%2Fvhosts%2Fstore-bors.dk%2Flscache%2F7%2Fa%2F1 HTTP/2" 200 2044 "-" "Mozilla/5.0 AppleWebKit/537.36 (KHTML, like Gecko; compatible; ClaudeBot/1.0; +claudebot@anthropic.com)"
74.7.227.174 - - [29/Jul/2026:07:40:08 +0200] "GET /index.php?lokasie=/var/www/vhosts/store-bors.dk/./././././lscache/8/c/4/8c4e2b2ce22bc1d9&loknya=/var/www/vhosts/store-bors.dk/./././././lscache/8/c/4 HTTP/2" 200 19667 "https://store-bors.dk/index.php?loknya=/var/www/vhosts/store-bors.dk/./././././lscache/8/c/4" "Mozilla/5.0 AppleWebKit/537.36 (KHTML, like Gecko; compatible; GPTBot/1.4; +https://openai.com/gptbot)"
74.7.243.235 - - [29/Jul/2026:07:40:08 +0200] "GET /?lokasie=/var/www/vhosts/store-bors.dk/lscache/3/b/f/3bf01f85dbbbd04d&loknya=/var/www/vhosts/store-bors.dk/lscache/3/b/f HTTP/2" 200 25785 "https://www.store-bors.dk/?loknya=/var/www/vhosts/store-bors.dk/lscache/3/b/f" "Mozilla/5.0 AppleWebKit/537.36 (KHTML, like Gecko; compatible; GPTBot/1.4; +https://openai.com/gptbot)"
216.73.216.125 - - [29/Jul/2026:07:40:08 +0200] "GET /index.php/'?lokasie=%2Fvar%2Fwww%2Fvhosts%2Fstore-bors.dk%2F.%2Fhttpdocs%2Fwp-admin%2Fincludes%2Fplugin-install.php&loknya=%2Fvar%2Fwww%2Fvhosts%2Fstore-bors.dk%2F.%2Fhttpdocs%2Fwp-admin%2Fincludes HTTP/2" 200 12406 "-" "Mozilla/5.0 AppleWebKit/537.36 (KHTML, like Gecko; compatible; ClaudeBot/1.0; +claudebot@anthropic.com)"
216.73.216.125 - - [29/Jul/2026:07:40:08 +0200] "GET /bep/m/'?loknya=%2Fvar%2Fwww%2Fvhosts%2Fstore-bors.dk%2Fhttpdocs%2Fwp-includes%2Fcertificates HTTP/2" 200 1987 "-" "Mozilla/5.0 AppleWebKit/537.36 (KHTML, like Gecko; compatible; ClaudeBot/1.0; +claudebot@anthropic.com)"
216.73.216.125 - - [29/Jul/2026:07:40:09 +0200] "GET /xmlrpc.php?loknya=%2Fvar%2Fwww%2Fvhosts%2Fstore-bors.dk%2Flscache%2F6%2Fc%2Ff HTTP/2" 200 2049 "-" "Mozilla/5.0 AppleWebKit/537.36 (KHTML, like Gecko; compatible; ClaudeBot/1.0; +claudebot@anthropic.com)"
216.73.216.125 - - [29/Jul/2026:07:40:09 +0200] "GET /xmlrpc.php?loknya=%2Fvar%2Fwww%2Fvhosts%2Fstore-bors.dk%2Flscache%2Fc%2Ff%2F6 HTTP/2" 200 1988 "-" "Mozilla/5.0 AppleWebKit/537.36 (KHTML, like Gecko; compatible; ClaudeBot/1.0; +claudebot@anthropic.com)"
216.73.216.125 - - [29/Jul/2026:07:40:09 +0200] "GET /index.php?loknya=%2Fvr%2Fwww%2Fvhosts%2Fstor-borsdk%2F%2F HTTP/2" 200 1744 "-" "Mozilla/5.0 AppleWebKit/537.36 (KHTML, like Gecko; compatible; ClaudeBot/1.0; +claudebot@anthropic.com)"
74.7.243.235 - - [29/Jul/2026:07:40:09 +0200] "GET /?lokasie=/var/www/vhosts/store-bors.dk/lscache/f/c/d/fcd0d7e2834e2c36&loknya=/var/www/vhosts/store-bors.dk/lscache/f/c/d HTTP/2" 200 1853 "https://www.store-bors.dk/?loknya=/var/www/vhosts/store-bors.dk/lscache/f/c/d" "Mozilla/5.0 AppleWebKit/537.36 (KHTML, like Gecko; compatible; GPTBot/1.4; +https://openai.com/gptbot)"
74.7.227.174 - - [29/Jul/2026:07:40:09 +0200] "GET /index.php?lokasie=/var/www/vhosts/store-bors.dk/./././././lscache/d/4/d/d4d6dc82594be022&loknya=/var/www/vhosts/store-bors.dk/./././././lscache/d/4/d HTTP/2" 200 19732 "https://store-bors.dk/index.php?loknya=/var/www/vhosts/store-bors.dk/./././././lscache/d/4/d" "Mozilla/5.0 AppleWebKit/537.36 (KHTML, like Gecko; compatible; GPTBot/1.4; +https://openai.com/gptbot)"
216.73.216.125 - - [29/Jul/2026:07:40:10 +0200] "GET /xmlrpc.php?loknya=%2Fvar%2Fwww%2Fvhosts%2Fstore-bors.dk%2Flscache%2F6%2Fc%2Fd HTTP/2" 200 2053 "-" "Mozilla/5.0 AppleWebKit/537.36 (KHTML, like Gecko; compatible; ClaudeBot/1.0; +claudebot@anthropic.com)"
216.73.216.125 - - [29/Jul/2026:07:40:10 +0200] "GET /xmlrpc.php?lokasie=%2Fvar%2Fwww%2Fvhosts%2Fstore-bors.dk%2Fhttpdocs%2Fwp-admin%2Fcss%2Fdeprecated-media-rtl.min.css&loknya=%2Fvar%2Fwww%2Fvhosts%2Fstore-bors.dk%2Fhttpdocs%2Fwp-admin%2Fcss HTTP/2" 200 3137 "-" "Mozilla/5.0 AppleWebKit/537.36 (KHTML, like Gecko; compatible; ClaudeBot/1.0; +claudebot@anthropic.com)"
216.73.216.125 - - [29/Jul/2026:07:40:10 +0200] "GET /xmlrpc.php?loknya=%2Fvar%2Fwww%2Fvhosts%2Fstore-bors.dk%2Flscache%2F3%2Fe%2Fe HTTP/2" 200 1994 "-" "Mozilla/5.0 AppleWebKit/537.36 (KHTML, like Gecko; compatible; ClaudeBot/1.0; +claudebot@anthropic.com)"
216.73.216.125 - - [29/Jul/2026:07:40:11 +0200] "GET /xmlrpc.php?lokasie=%2Fvar%2Fwww%2Fvhosts%2Fstore-bors.dk%2Fhttpdocs%2Fwp-admin%2Fincludes%2Fclass-theme-installer-skin.php&loknya=%2Fvar%2Fwww%2Fvhosts%2Fstore-bors.dk%2Fhttpdocs%2Fwp-admin%2Fincludes HTTP/2" 200 5408 "-" "Mozilla/5.0 AppleWebKit/537.36 (KHTML, like Gecko; compatible; ClaudeBot/1.0; +claudebot@anthropic.com)"
216.73.216.125 - - [29/Jul/2026:07:40:11 +0200] "GET /xmlrpc.php?loknya=%2Fvar%2Fwww%2Fvhosts%2Fstore-bors.dk%2Flscache%2F9%2Fa%2F9 HTTP/2" 200 2042 "-" "Mozilla/5.0 AppleWebKit/537.36 (KHTML, like Gecko; compatible; ClaudeBot/1.0; +claudebot@anthropic.com)"
74.7.243.235 - - [29/Jul/2026:07:40:11 +0200] "GET /?lokasie=/var/www/vhosts/store-bors.dk/lscache/a/f/d/afdb9103b6ea0307&loknya=/var/www/vhosts/store-bors.dk/lscache/a/f/d HTTP/2" 200 20357 "https://www.store-bors.dk/?loknya=/var/www/vhosts/store-bors.dk/lscache/a/f/d" "Mozilla/5.0 AppleWebKit/537.36 (KHTML, like Gecko; compatible; GPTBot/1.4; +https://openai.com/gptbot)"
216.73.216.125 - - [29/Jul/2026:07:40:11 +0200] "GET /bep/m/'?loknya=%2Fvar%2Fwww%2Fvhosts%2Fstore-bors.dk%2Fhttpdocs%2F HTTP/2" 200 3380 "-" "Mozilla/5.0 AppleWebKit/537.36 (KHTML, like Gecko; compatible; ClaudeBot/1.0; +claudebot@anthropic.com)"
216.73.216.125 - - [29/Jul/2026:07:40:11 +0200] "GET /xmlrpc.php?loknya=%2Fvar%2Fwww%2Fvhosts%2Fstore-bors.dk%2Flscache%2F9%2F4%2Ff HTTP/2" 200 1990 "-" "Mozilla/5.0 AppleWebKit/537.36 (KHTML, like Gecko; compatible; ClaudeBot/1.0; +claudebot@anthropic.com)"
216.73.216.125 - - [29/Jul/2026:07:40:12 +0200] "GET /xmlrpc.php?loknya=%2Fvar%2Fwww%2Fvhosts%2Fstore-bors.dk%2Flscache%2F1%2F0%2F2 HTTP/2" 200 1981 "-" "Mozilla/5.0 AppleWebKit/537.36 (KHTML, like Gecko; compatible; ClaudeBot/1.0; +claudebot@anthropic.com)"
74.7.227.174 - - [29/Jul/2026:07:40:11 +0200] "GET /index.php?lokasie=/var/www/vhosts/store-bors.dk/./././././lscache/8/c/9/8c9fc5c50ac46de5&loknya=/var/www/vhosts/store-bors.dk/./././././lscache/8/c/9 HTTP/2" 200 25852 "https://store-bors.dk/index.php?loknya=/var/www/vhosts/store-bors.dk/./././././lscache/8/c/9" "Mozilla/5.0 AppleWebKit/537.36 (KHTML, like Gecko; compatible; GPTBot/1.4; +https://openai.com/gptbot)"
216.73.216.125 - - [29/Jul/2026:07:40:12 +0200] "GET /xmlrpc.php?loknya=%2Fvar%2Fwww%2Fvhosts%2Fstore-bors.dk%2Flscache%2Fe%2F3%2F3 HTTP/2" 200 1982 "-" "Mozilla/5.0 AppleWebKit/537.36 (KHTML, like Gecko; compatible; ClaudeBot/1.0; +claudebot@anthropic.com)"
216.73.216.125 - - [29/Jul/2026:07:40:12 +0200] "GET /xmlrpc.php?loknya=%2Fvar%2Fwww%2Fvhosts%2Fstore-bors.dk%2Flscache%2F5%2Fd%2F9 HTTP/2" 200 1975 "-" "Mozilla/5.0 AppleWebKit/537.36 (KHTML, like Gecko; compatible; ClaudeBot/1.0; +claudebot@anthropic.com)"
216.73.216.125 - - [29/Jul/2026:07:40:13 +0200] "GET /xmlrpc.php?loknya=%2Fvar%2Fwww%2Fvhosts%2Fstore-bors.k%2Flscache%2F3%2F HTTP/2" 200 1769 "-" "Mozilla/5.0 AppleWebKit/537.36 (KHTML, like Gecko; compatible; ClaudeBot/1.0; +claudebot@anthropic.com)"
216.73.216.125 - - [29/Jul/2026:07:40:13 +0200] "GET /xmlrpc.php?loknya=%2Fvar%2Fwww%2Fvhosts%2Fstore-bors.dk%2Flscache%2Fpriv%2F6 HTTP/2" 200 1795 "-" "Mozilla/5.0 AppleWebKit/537.36 (KHTML, like Gecko; compatible; ClaudeBot/1.0; +claudebot@anthropic.com)"
216.73.216.125 - - [29/Jul/2026:07:40:13 +0200] "GET /xmlrpc.php?loknya=%2Fvar%2Fwww%2Fvhosts%2Fstore-bors.dk%2Flscache%2F0%2F2%2F9 HTTP/2" 200 1983 "-" "Mozilla/5.0 AppleWebKit/537.36 (KHTML, like Gecko; compatible; ClaudeBot/1.0; +claudebot@anthropic.com)"
74.7.243.235 - - [29/Jul/2026:07:40:13 +0200] "GET /?lokasie=/var/www/vhosts/store-bors.dk/lscache/f/c/4/fc41f8ef82ed16bd&loknya=/var/www/vhosts/store-bors.dk/lscache/f/c/4 HTTP/2" 200 1830 "https://www.store-bors.dk/?loknya=/var/www/vhosts/store-bors.dk/lscache/f/c/4" "Mozilla/5.0 AppleWebKit/537.36 (KHTML, like Gecko; compatible; GPTBot/1.4; +https://openai.com/gptbot)"
216.73.216.125 - - [29/Jul/2026:07:40:14 +0200] "GET /xmlrpc.php?loknya=%2Fvar%2Fwww%2Fvhosts%2Fstore-ors.dk%2Flscache%2Fe%2Fe%2F HTTP/2" 200 1780 "-" "Mozilla/5.0 AppleWebKit/537.36 (KHTML, like Gecko; compatible; ClaudeBot/1.0; +claudebot@anthropic.com)"
216.73.216.125 - - [29/Jul/2026:07:40:14 +0200] "GET /xmlrpc.php?lokasie=%2Fvar%2Fwww%2Fvhosts%2Fstore-bors.dk%2Fhttpdocs%2Fwp-includes%2Fwidgets%2Fclass-wp-widget-media-audio.php&loknya=%2Fvar%2Fwww%2Fvhosts%2Fstore-bors.dk%2Fhttpdocs%2Fwp-includes%2Fwidgets HTTP/2" 200 3795 "-" "Mozilla/5.0 AppleWebKit/537.36 (KHTML, like Gecko; compatible; ClaudeBot/1.0; +claudebot@anthropic.com)"
74.7.227.174 - - [29/Jul/2026:07:40:13 +0200] "GET /index.php?lokasie=/var/www/vhosts/store-bors.dk/./././././lscache/1/b/3/1b3bafd157bedb9e&loknya=/var/www/vhosts/store-bors.dk/./././././lscache/1/b/3 HTTP/2" 200 25807 "https://store-bors.dk/index.php?loknya=/var/www/vhosts/store-bors.dk/./././././lscache/1/b/3" "Mozilla/5.0 AppleWebKit/537.36 (KHTML, like Gecko; compatible; GPTBot/1.4; +https://openai.com/gptbot)"
216.73.216.125 - - [29/Jul/2026:07:40:14 +0200] "GET /xmlrpc.php?loknya=%2Fvar%2Fwww%2Fvhosts%2Fstore-bors.dk%2Flscache%2F1%2Ff%2F0 HTTP/2" 200 2028 "-" "Mozilla/5.0 AppleWebKit/537.36 (KHTML, like Gecko; compatible; ClaudeBot/1.0; +claudebot@anthropic.com)"
74.7.243.235 - - [29/Jul/2026:07:40:15 +0200] "GET /?lokasie=/var/www/vhosts/store-bors.dk/lscache/e/a/f/eaf9a392cc710a40&loknya=/var/www/vhosts/store-bors.dk/lscache/e/a/f HTTP/2" 200 22237 "https://www.store-bors.dk/?loknya=/var/www/vhosts/store-bors.dk/lscache/e/a/f" "Mozilla/5.0 AppleWebKit/537.36 (KHTML, like Gecko; compatible; GPTBot/1.4; +https://openai.com/gptbot)"
216.73.216.125 - - [29/Jul/2026:07:40:15 +0200] "GET /'?loknya=%2Fvar%2Fwww%2Fvhosts%2Fstore-bors.dk%2F.%2Fhttpdocs%2Fwp-content%2Fuploads%2F2020%2F10 HTTP/2" 200 1824 "-" "Mozilla/5.0 AppleWebKit/537.36 (KHTML, like Gecko; compatible; ClaudeBot/1.0; +claudebot@anthropic.com)"
216.73.216.125 - - [29/Jul/2026:07:40:15 +0200] "GET /xmlrpc.php?loknya=%2Fvar%2Fwww%2Fvhosts%2Fstore-bors.dk%2Flscache%2F9%2Ff%2F4 HTTP/2" 200 1985 "-" "Mozilla/5.0 AppleWebKit/537.36 (KHTML, like Gecko; compatible; ClaudeBot/1.0; +claudebot@anthropic.com)"
216.73.216.125 - - [29/Jul/2026:07:40:15 +0200] "GET /index.php/'?lokasie=%2Fvar%2Fwww%2Fvhosts%2Fstore-bors.dk%2F.%2Fhttpdocs%2Fwp-admin%2Fcss%2Fwidgets.min.css&loknya=%2Fvar%2Fwww%2Fvhosts%2Fstore-bors.dk%2F.%2Fhttpdocs%2Fwp-admin%2Fcss HTTP/2" 200 4895 "-" "Mozilla/5.0 AppleWebKit/537.36 (KHTML, like Gecko; compatible; ClaudeBot/1.0; +claudebot@anthropic.com)"
74.7.227.174 - - [29/Jul/2026:07:40:15 +0200] "GET /index.php?lokasie=/var/www/vhosts/store-bors.dk/./././././lscache/b/3/2/b32f45726c39c365&loknya=/var/www/vhosts/store-bors.dk/./././././lscache/b/3/2 HTTP/2" 200 19589 "https://store-bors.dk/index.php?loknya=/var/www/vhosts/store-bors.dk/./././././lscache/b/3/2" "Mozilla/5.0 AppleWebKit/537.36 (KHTML, like Gecko; compatible; GPTBot/1.4; +https://openai.com/gptbot)"
216.73.216.125 - - [29/Jul/2026:07:40:17 +0200] "GET /xmlrpc.php?lokasie=%2Fvar%2Fwww%2Fvhosts%2Fstore-bors.dk%2Fhttpdocs%2Fwp-includes%2Fblocks%2Fcomment-author-name.php&loknya=%2Fvar%2Fwww%2Fvhosts%2Fstore-bors.dk%2Fhttpdocs%2Fwp-includes%2Fblocks HTTP/2" 200 2345 "-" "Mozilla/5.0 AppleWebKit/537.36 (KHTML, like Gecko; compatible; ClaudeBot/1.0; +claudebot@anthropic.com)"
216.73.216.125 - - [29/Jul/2026:07:40:17 +0200] "GET /xmlrpc.php?lokasie=%2Fvar%2Fwww%2Fvhosts%2Fstore-bors.dk%2Fhttpdocs%2Fwp-admin%2Fcss%2Frevisions-rtl.min.css&loknya=%2Fvar%2Fwww%2Fvhosts%2Fstore-bors.dk%2Fhttpdocs%2Fwp-admin%2Fcss HTTP/2" 200 3791 "-" "Mozilla/5.0 AppleWebKit/537.36 (KHTML, like Gecko; compatible; ClaudeBot/1.0; +claudebot@anthropic.com)"
216.73.216.125 - - [29/Jul/2026:07:40:17 +0200] "GET /xmlrpc.php?loknya=%2Fvar%2Fwww%2Fvhosts%2Fstore-bors.dk%2Flscache%2F6%2F2%2F5 HTTP/2" 200 1976 "-" "Mozilla/5.0 AppleWebKit/537.36 (KHTML, like Gecko; compatible; ClaudeBot/1.0; +claudebot@anthropic.com)"
74.7.243.235 - - [29/Jul/2026:07:40:17 +0200] "GET /?lokasie=/var/www/vhosts/store-bors.dk/lscache/f/a/9/fa913b3cf5cd8ea8&loknya=/var/www/vhosts/store-bors.dk/lscache/f/a/9 HTTP/2" 200 1855 "https://www.store-bors.dk/?loknya=/var/www/vhosts/store-bors.dk/lscache/f/a/9" "Mozilla/5.0 AppleWebKit/537.36 (KHTML, like Gecko; compatible; GPTBot/1.4; +https://openai.com/gptbot)"
216.73.216.125 - - [29/Jul/2026:07:40:17 +0200] "GET /xmlrpc.php?loknya=%2Fvar%2Fwww%2Fvhosts%2Fstore-bors.dk%2F.cagefs%2Fvar%2Fspool%2Fcron HTTP/2" 200 1989 "-" "Mozilla/5.0 AppleWebKit/537.36 (KHTML, like Gecko; compatible; ClaudeBot/1.0; +claudebot@anthropic.com)"
74.7.227.174 - - [29/Jul/2026:07:40:17 +0200] "GET /index.php?lokasie=/var/www/vhosts/store-bors.dk/./././././lscache/6/b/2/6b28641972795131&loknya=/var/www/vhosts/store-bors.dk/./././././lscache/6/b/2 HTTP/2" 200 1870 "https://store-bors.dk/index.php?loknya=/var/www/vhosts/store-bors.dk/./././././lscache/6/b/2" "Mozilla/5.0 AppleWebKit/537.36 (KHTML, like Gecko; compatible; GPTBot/1.4; +https://openai.com/gptbot)"
216.73.216.125 - - [29/Jul/2026:07:40:18 +0200] "GET /xmlrpc.php?loknya=%2Fvar%2Fwww%2Fvhosts%2Fstore-bors.dk%2Flscache%2F5%2F2%2F6 HTTP/2" 200 2049 "-" "Mozilla/5.0 AppleWebKit/537.36 (KHTML, like Gecko; compatible; ClaudeBot/1.0; +claudebot@anthropic.com)"
216.73.216.125 - - [29/Jul/2026:07:40:18 +0200] "GET /xmlrpc.php?loknya=%2Fvar%2Fwww%2Fvhosts%2Fstore-bors.dk%2Flscache%2F7%2F2%2F5 HTTP/2" 200 2042 "-" "Mozilla/5.0 AppleWebKit/537.36 (KHTML, like Gecko; compatible; ClaudeBot/1.0; +claudebot@anthropic.com)"
74.7.243.235 - - [29/Jul/2026:07:40:18 +0200] "GET /?lokasie=/var/www/vhosts/store-bors.dk/lscache/b/b/2/bb2147daf0f0a4de&loknya=/var/www/vhosts/store-bors.dk/lscache/b/b/2 HTTP/2" 200 1824 "https://www.store-bors.dk/?loknya=/var/www/vhosts/store-bors.dk/lscache/b/b/2" "Mozilla/5.0 AppleWebKit/537.36 (KHTML, like Gecko; compatible; GPTBot/1.4; +https://openai.com/gptbot)"
216.73.216.125 - - [29/Jul/2026:07:40:18 +0200] "GET /xmlrpc.php?loknya=%2Fvar%2Fwww%2Fvhosts%2Fstore-bors.dk%2Flscache%2F1%2Fd%2F8 HTTP/2" 200 1992 "-" "Mozilla/5.0 AppleWebKit/537.36 (KHTML, like Gecko; compatible; ClaudeBot/1.0; +claudebot@anthropic.com)"
74.7.227.174 - - [29/Jul/2026:07:40:18 +0200] "GET /index.php?lokasie=/var/www/vhosts/store-bors.dk/./././././lscache/1/b/6/1b68654c23bd0221&loknya=/var/www/vhosts/store-bors.dk/./././././lscache/1/b/6 HTTP/2" 200 25859 "https://store-bors.dk/index.php?loknya=/var/www/vhosts/store-bors.dk/./././././lscache/1/b/6" "Mozilla/5.0 AppleWebKit/537.36 (KHTML, like Gecko; compatible; GPTBot/1.4; +https://openai.com/gptbot)"
74.7.243.235 - - [29/Jul/2026:07:40:18 +0200] "GET /?lokasie=/var/www/vhosts/store-bors.dk/lscache/7/f/e/7fea2b089aaf6d2b&loknya=/var/www/vhosts/store-bors.dk/lscache/7/f/e HTTP/2" 200 25923 "https://www.store-bors.dk/?loknya=/var/www/vhosts/store-bors.dk/lscache/7/f/e" "Mozilla/5.0 AppleWebKit/537.36 (KHTML, like Gecko; compatible; GPTBot/1.4; +https://openai.com/gptbot)"
216.73.216.125 - - [29/Jul/2026:07:40:19 +0200] "GET /xmlrpc.php?loknya=%2Fvar%2Fwww%2Fvhosts%2Fstore-bors.dk%2Flscache%2F3%2F3%2F3 HTTP/2" 200 2042 "-" "Mozilla/5.0 AppleWebKit/537.36 (KHTML, like Gecko; compatible; ClaudeBot/1.0; +claudebot@anthropic.com)"
216.73.216.125 - - [29/Jul/2026:07:40:18 +0200] "GET /index.php/'?lokasie=%2Fvar%2Fwww%2Fvhosts%2Fstore-bors.dk%2F.%2Fhttpdocs%2Fwp-includes%2Fblocks%2Fpattern.php&loknya=%2Fvar%2Fwww%2Fvhosts%2Fstore-bors.dk%2F.%2Fhttpdocs%2Fwp-includes%2Fblocks HTTP/2" 200 2358 "-" "Mozilla/5.0 AppleWebKit/537.36 (KHTML, like Gecko; compatible; ClaudeBot/1.0; +claudebot@anthropic.com)"
74.7.243.235 - - [29/Jul/2026:07:40:19 +0200] "GET /?lokasie=/var/www/vhosts/store-bors.dk/lscache/c/d/f/cdf52f84176b4cf3&loknya=/var/www/vhosts/store-bors.dk/lscache/c/d/f HTTP/2" 200 19548 "https://www.store-bors.dk/?loknya=/var/www/vhosts/store-bors.dk/lscache/c/d/f" "Mozilla/5.0 AppleWebKit/537.36 (KHTML, like Gecko; compatible; GPTBot/1.4; +https://openai.com/gptbot)"
74.7.227.174 - - [29/Jul/2026:07:40:19 +0200] "GET /index.php?lokasie=/var/www/vhosts/store-bors.dk/./././././lscache/1/b/6/1b6ee98eb7f7ddfc&loknya=/var/www/vhosts/store-bors.dk/./././././lscache/1/b/6 HTTP/2" 200 1848 "https://store-bors.dk/index.php?loknya=/var/www/vhosts/store-bors.dk/./././././lscache/1/b/6" "Mozilla/5.0 AppleWebKit/537.36 (KHTML, like Gecko; compatible; GPTBot/1.4; +https://openai.com/gptbot)"
216.73.216.125 - - [29/Jul/2026:07:40:19 +0200] "GET /index.php/'?loknya=%2Fvar%2Fwww%2Fvhosts%2Fstore-bors.dk%2F.%2Fhttpdocs%2Fwp-content%2Fuploads%2Felementor%2Fscreenshots HTTP/2" 200 2014 "-" "Mozilla/5.0 AppleWebKit/537.36 (KHTML, like Gecko; compatible; ClaudeBot/1.0; +claudebot@anthropic.com)"
216.73.216.125 - - [29/Jul/2026:07:40:20 +0200] "GET /xmlrpc.php?loknya=%2Fvar%2Fwww%2Fvhosts%2Fstore-bors.dk%2Flscache%2F4%2F2%2F1 HTTP/2" 200 1987 "-" "Mozilla/5.0 AppleWebKit/537.36 (KHTML, like Gecko; compatible; ClaudeBot/1.0; +claudebot@anthropic.com)"
216.73.216.125 - - [29/Jul/2026:07:40:20 +0200] "GET /xmlrpc.php?loknya=%2Fvar%2Fwww%2Fvhosts%2Fstore-bors.dk%2Flscache%2F1%2F0%2Fd HTTP/2" 200 1998 "-" "Mozilla/5.0 AppleWebKit/537.36 (KHTML, like Gecko; compatible; ClaudeBot/1.0; +claudebot@anthropic.com)"
216.73.216.125 - - [29/Jul/2026:07:40:20 +0200] "GET /bep/m/'?loknya=%2Fvar%2Fwww%2Fvhosts%2Fstore-bors.dk%2F.wp-cli HTTP/2" 200 1909 "-" "Mozilla/5.0 AppleWebKit/537.36 (KHTML, like Gecko; compatible; ClaudeBot/1.0; +claudebot@anthropic.com)"
216.73.216.125 - - [29/Jul/2026:07:40:20 +0200] "GET /xmlrpc.php?loknya=%2Fvar%2Fwww%2Fvhosts%2Fstore-bors.dk%2Flscache%2F8%2Ff%2F5 HTTP/2" 200 2095 "-" "Mozilla/5.0 AppleWebKit/537.36 (KHTML, like Gecko; compatible; ClaudeBot/1.0; +claudebot@anthropic.com)"
74.7.227.174 - - [29/Jul/2026:07:40:21 +0200] "GET /index.php?lokasie=/var/www/vhosts/store-bors.dk/./././././lscache/8/c/8/8c8ab4e9f3fc237f&loknya=/var/www/vhosts/store-bors.dk/./././././lscache/8/c/8 HTTP/2" 200 25852 "https://store-bors.dk/index.php?loknya=/var/www/vhosts/store-bors.dk/./././././lscache/8/c/8" "Mozilla/5.0 AppleWebKit/537.36 (KHTML, like Gecko; compatible; GPTBot/1.4; +https://openai.com/gptbot)"
185.21.40.28 - - [29/Jul/2026:07:38:21 +0200] "GET /wp-includes/SimplePie/library/SimplePie/Net/Net/index.php?ARRAY=7o2230223n313738353330373130312p2231223n22687474703n5p2s5p2s7n733936377631332r6p6172676572732r636p69636o5p2s3s6p633q7068705s636s64655s6n6326743q313738353330333530312q3034383333623735633261326537633138336433623563313838376234393533222p2232223n223035353065336239323162373134656535373262646164306539663230643661222p2233223n223739356665343238326538306539353539353835323737623233313331633532222p226175746s5s66696p655s6r616q65223n6r756p6p2p226175746s5s70617373223n6r756p6p2p2262696r675s70617373223n2231342q34382q35392q36342q37342q38362q3131227q HTTP/1.1" 500 567 "-" "-"
216.73.216.125 - - [29/Jul/2026:07:40:21 +0200] "GET /index.php/'?lokasie=%2Fvar%2Fwww%2Fvhosts%2Fstore-bors.dk%2F.%2Fhttpdocs%2Fwp-includes%2F%2Fclass-wp-block-processor.php&loknya=%2Fvar%2Fwww%2Fvhosts%2Fstore-bors.dk%2F.%2Fhttpdocs%2Fwp-includes%2F HTTP/2" 200 19308 "-" "Mozilla/5.0 AppleWebKit/537.36 (KHTML, like Gecko; compatible; ClaudeBot/1.0; +claudebot@anthropic.com)"
216.73.216.125 - - [29/Jul/2026:07:40:21 +0200] "GET /index.php/'?lokasie=%2Fvar%2Fwww%2Fvhosts%2Fstore-bors.dk%2F.%2Fhttpdocs%2Fwp-includes%2Fcss%2Fwp-empty-template-alert.css&loknya=%2Fvar%2Fwww%2Fvhosts%2Fstore-bors.dk%2F.%2Fhttpdocs%2Fwp-includes%2Fcss HTTP/2" 200 1724 "-" "Mozilla/5.0 AppleWebKit/537.36 (KHTML, like Gecko; compatible; ClaudeBot/1.0; +claudebot@anthropic.com)"
74.7.243.235 - - [29/Jul/2026:07:40:21 +0200] "GET /?lokasie=/var/www/vhosts/store-bors.dk/lscache/d/c/f/dcfb968d527778fe&loknya=/var/www/vhosts/store-bors.dk/lscache/d/c/f HTTP/2" 200 25815 "https://www.store-bors.dk/?loknya=/var/www/vhosts/store-bors.dk/lscache/d/c/f" "Mozilla/5.0 AppleWebKit/537.36 (KHTML, like Gecko; compatible; GPTBot/1.4; +https://openai.com/gptbot)"
216.73.216.125 - - [29/Jul/2026:07:40:21 +0200] "GET /xmlrpc.php?loknya=%2Fvar%2Fwww%2Fvhosts%2Fstore-bors.dk%2Flscache%2F0%2Fd%2F9 HTTP/2" 200 2041 "-" "Mozilla/5.0 AppleWebKit/537.36 (KHTML, like Gecko; compatible; ClaudeBot/1.0; +claudebot@anthropic.com)"
57.141.0.39 - - [29/Jul/2026:07:40:22 +0200] "GET /category-sitemap.xml?loknya=/var/www/vhosts/store-bors.dk/lscache/c/c/f HTTP/2" 200 2192 "-" "Mozilla/5.0 (Windows NT 10.0; Win64; x64) AppleWebKit/537.36 (KHTML, like Gecko) Chrome/145.0.0.0 Safari/537.36 (compatible; meta-externalagent/1.1 (+https://developers.facebook.com/docs/sharing/webmasters/crawler))"
216.73.216.125 - - [29/Jul/2026:07:40:21 +0200] "GET /index.php/'?loknya=%2Fvar%2Fwww%2Fvhosts%2Fstore-bors.dk%2F.%2Fhttpdocs%2Fwp-includes%2Fimages%2Fcrystal HTTP/2" 200 2281 "-" "Mozilla/5.0 AppleWebKit/537.36 (KHTML, like Gecko; compatible; ClaudeBot/1.0; +claudebot@anthropic.com)"
216.73.216.125 - - [29/Jul/2026:07:40:23 +0200] "GET /xmlrpc.php?loknya=%2Fvar%2Fwww%2Fvhosts%2Fstore-bors.dk%2Flscache%2F9%2Fa%2F6 HTTP/2" 200 2031 "-" "Mozilla/5.0 AppleWebKit/537.36 (KHTML, like Gecko; compatible; ClaudeBot/1.0; +claudebot@anthropic.com)"
216.73.216.125 - - [29/Jul/2026:07:40:23 +0200] "GET /xmlrpc.php?loknya=%2Fvar%2Fwww%2Fvhosts%2Fstore-ors.dk%2Flscache%2F3%2Fe%2F HTTP/2" 200 1785 "-" "Mozilla/5.0 AppleWebKit/537.36 (KHTML, like Gecko; compatible; ClaudeBot/1.0; +claudebot@anthropic.com)"
74.7.227.174 - - [29/Jul/2026:07:40:23 +0200] "GET /index.php?lokasie=/var/www/vhosts/store-bors.dk/./././././lscache/d/4/a/d4a75275612dacd3&loknya=/var/www/vhosts/store-bors.dk/./././././lscache/d/4/a HTTP/2" 200 19720 "https://store-bors.dk/index.php?loknya=/var/www/vhosts/store-bors.dk/./././././lscache/d/4/a" "Mozilla/5.0 AppleWebKit/537.36 (KHTML, like Gecko; compatible; GPTBot/1.4; +https://openai.com/gptbot)"
216.73.216.125 - - [29/Jul/2026:07:40:24 +0200] "GET /xmlrpc.php?loknya=%2Fvar%2Fwww%2Fvhosts%2Fstore-ors.dk%2Flscache%2Fe%2F3%2F HTTP/2" 200 1778 "-" "Mozilla/5.0 AppleWebKit/537.36 (KHTML, like Gecko; compatible; ClaudeBot/1.0; +claudebot@anthropic.com)"
216.73.216.125 - - [29/Jul/2026:07:40:25 +0200] "GET /xmlrpc.php?loknya=%2Fvar%2Fwww%2Fvhosts%2Fstore-bors.dk%2Flscache%2F1%2Fa%2F1 HTTP/2" 200 1984 "-" "Mozilla/5.0 AppleWebKit/537.36 (KHTML, like Gecko; compatible; ClaudeBot/1.0; +claudebot@anthropic.com)"
74.7.243.235 - - [29/Jul/2026:07:40:25 +0200] "GET /?lokasie=/var/www/vhosts/store-bors.dk/lscache/c/b/0/cb05cefe412ffb39&loknya=/var/www/vhosts/store-bors.dk/lscache/c/b/0 HTTP/2" 200 22070 "https://www.store-bors.dk/?loknya=/var/www/vhosts/store-bors.dk/lscache/c/b/0" "Mozilla/5.0 AppleWebKit/537.36 (KHTML, like Gecko; compatible; GPTBot/1.4; +https://openai.com/gptbot)"
216.73.216.125 - - [29/Jul/2026:07:40:25 +0200] "GET /'?loknya=%2Fvar%2Fwww%2Fvhosts%2Fstore-bors.dk%2F.%2Fhttpdocs%2Fwp-content%2Fuploads%2F2020%2F05 HTTP/2" 200 1825 "-" "Mozilla/5.0 AppleWebKit/537.36 (KHTML, like Gecko; compatible; ClaudeBot/1.0; +claudebot@anthropic.com)"
216.73.216.125 - - [29/Jul/2026:07:40:25 +0200] "GET /xmlrpc.php?loknya=%2Fvar%2Fwww%2Fvhosts%2Fstore-bors.dk%2Flscache%2F8%2F2%2F8 HTTP/2" 200 1982 "-" "Mozilla/5.0 AppleWebKit/537.36 (KHTML, like Gecko; compatible; ClaudeBot/1.0; +claudebot@anthropic.com)"
216.73.216.125 - - [29/Jul/2026:07:40:25 +0200] "GET /xmlrpc.php?loknya=%2Fvar%2Fwww%2Fvhosts%2Fstore-bors.dk%2Flscache%2F6%2Fd%2F5 HTTP/2" 200 1991 "-" "Mozilla/5.0 AppleWebKit/537.36 (KHTML, like Gecko; compatible; ClaudeBot/1.0; +claudebot@anthropic.com)"
216.73.216.125 - - [29/Jul/2026:07:40:25 +0200] "GET /xmlrpc.php?loknya=%2Fvar%2Fwww%2Fvhosts%2Fstore-bors.dk%2Flscache%2F5%2Fd%2F6 HTTP/2" 200 1988 "-" "Mozilla/5.0 AppleWebKit/537.36 (KHTML, like Gecko; compatible; ClaudeBot/1.0; +claudebot@anthropic.com)"
216.73.216.125 - - [29/Jul/2026:07:40:26 +0200] "GET /xmlrpc.php?loknya=%2Fvar%2Fwww%2Fvhosts%2Fstore-bors.dk%2Flscache%2F1%2Fc%2Ff HTTP/2" 200 1986 "-" "Mozilla/5.0 AppleWebKit/537.36 (KHTML, like Gecko; compatible; ClaudeBot/1.0; +claudebot@anthropic.com)"
74.7.227.174 - - [29/Jul/2026:07:40:26 +0200] "GET /index.php?loknya=/var/www/vhosts/store-bors.dk/./././././lscache/6/b/f HTTP/2" 200 1983 "https://store-bors.dk/index.php?loknya=/var/www/vhosts/store-bors.dk/./././././lscache/6/b" "Mozilla/5.0 AppleWebKit/537.36 (KHTML, like Gecko; compatible; GPTBot/1.4; +https://openai.com/gptbot)"
57.141.0.36 - - [29/Jul/2026:07:40:26 +0200] "GET /category-sitemap.xml?loknya=/var/www/vhosts/store-bors.dk/lscache/8/1/1 HTTP/2" 200 2329 "-" "Mozilla/5.0 (Macintosh; Intel Mac OS X 10_15_7) AppleWebKit/537.36 (KHTML, like Gecko) Chrome/145.0.0.0 Safari/537.36 (compatible; meta-externalagent/1.1 (+https://developers.facebook.com/docs/sharing/webmasters/crawler))"
216.73.216.125 - - [29/Jul/2026:07:40:26 +0200] "GET /xmlrpc.php?loknya=%2Fvar%2Fwww%2Fvhosts%2Fstore-bors.dk%2Flscache%2F8%2Ff%2F0 HTTP/2" 200 1982 "-" "Mozilla/5.0 AppleWebKit/537.36 (KHTML, like Gecko; compatible; ClaudeBot/1.0; +claudebot@anthropic.com)"
216.73.216.125 - - [29/Jul/2026:07:40:26 +0200] "GET /xmlrpc.php?loknya=%2Fvar%2Fwww%2Fvhosts%2Fstore-bors.dk%2Flscache%2F1%2Fc%2Fd HTTP/2" 200 2108 "-" "Mozilla/5.0 AppleWebKit/537.36 (KHTML, like Gecko; compatible; ClaudeBot/1.0; +claudebot@anthropic.com)"
216.73.216.125 - - [29/Jul/2026:07:40:26 +0200] "GET /xmlrpc.php?loknya=%2Fvar%2Fwww%2Fvhosts%2Fstore-bors.dk%2Flscache%2Fc%2Fd%2F9 HTTP/2" 200 1991 "-" "Mozilla/5.0 AppleWebKit/537.36 (KHTML, like Gecko; compatible; ClaudeBot/1.0; +claudebot@anthropic.com)"
216.73.216.125 - - [29/Jul/2026:07:40:26 +0200] "GET /xmlrpc.php?loknya=%2Fvar%2Fwww%2Fvhosts%2Fstore-bors.dk%2Flscache%2F3%2Ff%2F1 HTTP/2" 200 1991 "-" "Mozilla/5.0 AppleWebKit/537.36 (KHTML, like Gecko; compatible; ClaudeBot/1.0; +claudebot@anthropic.com)"
74.7.243.235 - - [29/Jul/2026:07:40:26 +0200] "GET /?lokasie=/var/www/vhosts/store-bors.dk/lscache/a/d/a/ada6b2348f709dc2&loknya=/var/www/vhosts/store-bors.dk/lscache/a/d/a HTTP/2" 200 1834 "https://www.store-bors.dk/?loknya=/var/www/vhosts/store-bors.dk/lscache/a/d/a" "Mozilla/5.0 AppleWebKit/537.36 (KHTML, like Gecko; compatible; GPTBot/1.4; +https://openai.com/gptbot)"
216.73.216.125 - - [29/Jul/2026:07:40:27 +0200] "GET /xmlrpc.php?loknya=%2Fvar%2Fwww%2Fvhosts%2Fstore-bors.dk%2Flscache%2F6%2F1 HTTP/2" 200 2145 "-" "Mozilla/5.0 AppleWebKit/537.36 (KHTML, like Gecko; compatible; ClaudeBot/1.0; +claudebot@anthropic.com)"
74.7.227.174 - - [29/Jul/2026:07:40:26 +0200] "GET /index.php?loknya=/var/www/vhosts/store-bors.dk/./././././lscache/1/b/f HTTP/2" 200 1990 "https://store-bors.dk/index.php?loknya=/var/www/vhosts/store-bors.dk/./././././lscache/1/b" "Mozilla/5.0 AppleWebKit/537.36 (KHTML, like Gecko; compatible; GPTBot/1.4; +https://openai.com/gptbot)"
57.141.0.49 - - [29/Jul/2026:07:40:26 +0200] "GET /post-sitemap.xml?lokasie=/var/www/vhosts/store-bors.dk/logs/access_log.processed.6.gz&loknya=/var/www/vhosts/store-bors.dk/logs HTTP/2" 200 774173 "-" "Mozilla/5.0 (Windows NT 10.0; Win64; x64) AppleWebKit/537.36 (KHTML, like Gecko) Chrome/145.0.0.0 Safari/537.36 (compatible; meta-externalagent/1.1 (+https://developers.facebook.com/docs/sharing/webmasters/crawler))"
74.7.243.235 - - [29/Jul/2026:07:40:27 +0200] "GET /?lokasie=/var/www/vhosts/store-bors.dk/lscache/c/6/f/c6fceae0357cc4d8&loknya=/var/www/vhosts/store-bors.dk/lscache/c/6/f HTTP/2" 200 20409 "https://www.store-bors.dk/?loknya=/var/www/vhosts/store-bors.dk/lscache/c/6/f" "Mozilla/5.0 AppleWebKit/537.36 (KHTML, like Gecko; compatible; GPTBot/1.4; +https://openai.com/gptbot)"
74.7.227.174 - - [29/Jul/2026:07:40:27 +0200] "GET /index.php?lokasie=/var/www/vhosts/store-bors.dk/./././././lscache/a/3/8/a38a90dd37b3d9e8&loknya=/var/www/vhosts/store-bors.dk/./././././lscache/a/3/8 HTTP/2" 200 22074 "https://store-bors.dk/index.php?loknya=/var/www/vhosts/store-bors.dk/./././././lscache/a/3/8" "Mozilla/5.0 AppleWebKit/537.36 (KHTML, like Gecko; compatible; GPTBot/1.4; +https://openai.com/gptbot)"
216.73.216.125 - - [29/Jul/2026:07:40:27 +0200] "GET /index.php/'?lokasie=%2Fvar%2Fwww%2Fvhosts%2Fstore-bors.dk%2F.%2Fhttpdocs%2Fwp-admin%2Fcss%2Fwidgets-rtl.css&loknya=%2Fvar%2Fwww%2Fvhosts%2Fstore-bors.dk%2F.%2Fhttpdocs%2Fwp-admin%2Fcss HTTP/2" 200 5702 "-" "Mozilla/5.0 AppleWebKit/537.36 (KHTML, like Gecko; compatible; ClaudeBot/1.0; +claudebot@anthropic.com)"
216.73.216.125 - - [29/Jul/2026:07:40:27 +0200] "GET /xmlrpc.php?loknya=%2Fvar%2Fwww%2Fvhosts%2Fstore-ors.dk%2Flscache%2F3%2F3%2F HTTP/2" 200 1781 "-" "Mozilla/5.0 AppleWebKit/537.36 (KHTML, like Gecko; compatible; ClaudeBot/1.0; +claudebot@anthropic.com)"
216.73.216.125 - - [29/Jul/2026:07:40:28 +0200] "GET /xmlrpc.php?loknya=%2Fvar%2Fwww%2Fvhosts%2Fstore-bors.dk%2Flscache%2F9%2F2%2F7 HTTP/2" 200 2044 "-" "Mozilla/5.0 AppleWebKit/537.36 (KHTML, like Gecko; compatible; ClaudeBot/1.0; +claudebot@anthropic.com)"
216.73.216.125 - - [29/Jul/2026:07:40:28 +0200] "GET /bep/m/kirlist1?lokasie=%2Fvar%2Fwww%2Fvhosts%2Fstore-bors.dk%2Fhttpdocs%2Fwp-includes%2FSimplePie%2Flibrary%2FSimplePie%2FNet%2FNet%2Fcache.php&loknya=%2Fvar%2Fwww%2Fvhosts%2Fstore-bors.dk%2Fhttpdocs%2Fwp-includes%2FSimplePie%2Flibrary%2FSimplePie%2FNet%2FNet HTTP/2" 200 5970 "-" "Mozilla/5.0 AppleWebKit/537.36 (KHTML, like Gecko; compatible; ClaudeBot/1.0; +claudebot@anthropic.com)"
216.73.216.125 - - [29/Jul/2026:07:40:29 +0200] "GET /xmlrpc.php?loknya=%2Fvar%2Fwww%2Fvhosts%2Fstore-bors.dk%2Flscache%2F8%2Fd%2F8 HTTP/2" 200 1986 "-" "Mozilla/5.0 AppleWebKit/537.36 (KHTML, like Gecko; compatible; ClaudeBot/1.0; +claudebot@anthropic.com)"
216.73.216.125 - - [29/Jul/2026:07:40:29 +0200] "GET /xmlrpc.php?loknya=%2Fvar%2Fwww%2Fvhosts%2Fstore-bors.dk%2Flscache%2F6%2Fd%2F0 HTTP/2" 200 1992 "-" "Mozilla/5.0 AppleWebKit/537.36 (KHTML, like Gecko; compatible; ClaudeBot/1.0; +claudebot@anthropic.com)"
74.7.243.235 - - [29/Jul/2026:07:40:29 +0200] "GET /?lokasie=/var/www/vhosts/store-bors.dk/lscache/d/8/b/d8b4e7a41d6fbe3c&loknya=/var/www/vhosts/store-bors.dk/lscache/d/8/b HTTP/2" 200 21917 "https://www.store-bors.dk/?loknya=/var/www/vhosts/store-bors.dk/lscache/d/8/b" "Mozilla/5.0 AppleWebKit/537.36 (KHTML, like Gecko; compatible; GPTBot/1.4; +https://openai.com/gptbot)"
74.7.227.174 - - [29/Jul/2026:07:40:29 +0200] "GET /index.php?lokasie=/var/www/vhosts/store-bors.dk/./././././lscache/1/b/7/1b7b1dc1d557e5b4&loknya=/var/www/vhosts/store-bors.dk/./././././lscache/1/b/7 HTTP/2" 200 20431 "https://store-bors.dk/index.php?loknya=/var/www/vhosts/store-bors.dk/./././././lscache/1/b/7" "Mozilla/5.0 AppleWebKit/537.36 (KHTML, like Gecko; compatible; GPTBot/1.4; +https://openai.com/gptbot)"
216.73.216.125 - - [29/Jul/2026:07:40:29 +0200] "GET /xmlrpc.php?loknya=%2Fvar%2Fwww%2Fvhosts%2Fstore-bors.dk%2Flscache%2Fc%2F8%2F2 HTTP/2" 200 1976 "-" "Mozilla/5.0 AppleWebKit/537.36 (KHTML, like Gecko; compatible; ClaudeBot/1.0; +claudebot@anthropic.com)"
57.141.0.70 - - [29/Jul/2026:07:40:29 +0200] "GET /category-sitemap.xml?loknya=/var/www/vhosts/store-bors.dk/lscache/b/1/5 HTTP/2" 200 2202 "-" "Mozilla/5.0 (Windows NT 10.0; Win64; x64) AppleWebKit/537.36 (KHTML, like Gecko) Chrome/145.0.0.0 Safari/537.36 (compatible; meta-externalagent/1.1 (+https://developers.facebook.com/docs/sharing/webmasters/crawler))"
216.73.216.125 - - [29/Jul/2026:07:40:30 +0200] "GET /xmlrpc.php?loknya=%2Fvar%2Fwww%2Fvhosts%2Fstore-bors.dk%2Flscache%2F8%2F0%2Ff HTTP/2" 200 1987 "-" "Mozilla/5.0 AppleWebKit/537.36 (KHTML, like Gecko; compatible; ClaudeBot/1.0; +claudebot@anthropic.com)"
216.73.216.125 - - [29/Jul/2026:07:40:30 +0200] "GET /xmlrpc.php?lokasie=%2Fvar%2Fwww%2Fvhosts%2Fstore-bors.dk%2Fhttpdocs%2Fwp-includes%2Fjs%2Fcustomize-loader.js&loknya=%2Fvar%2Fwww%2Fvhosts%2Fstore-bors.dk%2Fhttpdocs%2Fwp-includes%2Fjs HTTP/2" 200 4320 "-" "Mozilla/5.0 AppleWebKit/537.36 (KHTML, like Gecko; compatible; ClaudeBot/1.0; +claudebot@anthropic.com)"
216.73.216.125 - - [29/Jul/2026:07:40:30 +0200] "GET /xmlrpc.php?loknya=%2Fvar%2Fwww%2Fvhosts%2Fstore-bors.dk%2Flscache%2F7%2F1 HTTP/2" 200 2121 "-" "Mozilla/5.0 AppleWebKit/537.36 (KHTML, like Gecko; compatible; ClaudeBot/1.0; +claudebot@anthropic.com)"
