216.73.216.125 - - [29/Jul/2026:07:40:30 +0200] "GET /xmlrpc.php?lokasie=%2Fvar%2Fwww%2Fvhosts%2Fstore-bors.dk%2Fhttpdocs%2Fwp-includes%2Fblocks%2Findex.php&loknya=%2Fvar%2Fwww%2Fvhosts%2Fstore-bors.dk%2Fhttpdocs%2Fwp-includes%2Fblocks HTTP/2" 200 3377 "-" "Mozilla/5.0 AppleWebKit/537.36 (KHTML, like Gecko; compatible; ClaudeBot/1.0; +claudebot@anthropic.com)"
216.73.216.125 - - [29/Jul/2026:07:40:30 +0200] "GET /xmlrpc.php?loknya=%2Fvar%2Fwww%2Fvhosts%2Fstore-bors.dk%2Flscache%2F9%2F9 HTTP/2" 200 2166 "-" "Mozilla/5.0 AppleWebKit/537.36 (KHTML, like Gecko; compatible; ClaudeBot/1.0; +claudebot@anthropic.com)"
74.7.243.235 - - [29/Jul/2026:07:40:30 +0200] "GET /?lokasie=/var/www/vhosts/store-bors.dk/lscache/4/d/f/4dfdafe33637cd1c&loknya=/var/www/vhosts/store-bors.dk/lscache/4/d/f HTTP/2" 200 22093 "https://www.store-bors.dk/?loknya=/var/www/vhosts/store-bors.dk/lscache/4/d/f" "Mozilla/5.0 AppleWebKit/537.36 (KHTML, like Gecko; compatible; GPTBot/1.4; +https://openai.com/gptbot)"
74.7.227.174 - - [29/Jul/2026:07:40:30 +0200] "GET /index.php?lokasie=/var/www/vhosts/store-bors.dk/./././././lscache/e/9/0/e90248008040b9e4&loknya=/var/www/vhosts/store-bors.dk/./././././lscache/e/9/0 HTTP/2" 200 19582 "https://store-bors.dk/index.php?loknya=/var/www/vhosts/store-bors.dk/./././././lscache/e/9/0" "Mozilla/5.0 AppleWebKit/537.36 (KHTML, like Gecko; compatible; GPTBot/1.4; +https://openai.com/gptbot)"
216.73.216.125 - - [29/Jul/2026:07:40:31 +0200] "GET /xmlrpc.php?loknya=%2Fvar%2Fwww%2Fvhosts%2Fstore-bors.dk%2Flscache%2Fe%2F9%2F2 HTTP/2" 200 1989 "-" "Mozilla/5.0 AppleWebKit/537.36 (KHTML, like Gecko; compatible; ClaudeBot/1.0; +claudebot@anthropic.com)"
216.73.216.125 - - [29/Jul/2026:07:40:31 +0200] "GET /xmlrpc.php?loknya=%2Fvar%2Fwww%2Fvhosts%2Fstore-bors.dk%2Flscache%2F9%2Fe%2F2 HTTP/2" 200 2036 "-" "Mozilla/5.0 AppleWebKit/537.36 (KHTML, like Gecko; compatible; ClaudeBot/1.0; +claudebot@anthropic.com)"
216.73.216.125 - - [29/Jul/2026:07:40:31 +0200] "GET /xmlrpc.php?loknya=%2Fvar%2Fwww%2Fvhosts%2Fstore-bors.dk%2Flscache%2Fc%2F2%2F6 HTTP/2" 200 1990 "-" "Mozilla/5.0 AppleWebKit/537.36 (KHTML, like Gecko; compatible; ClaudeBot/1.0; +claudebot@anthropic.com)"
74.7.227.174 - - [29/Jul/2026:07:40:31 +0200] "GET /index.php?lokasie=/var/www/vhosts/store-bors.dk/./././././lscache/3/e/c/3ec09962ac0ce209&loknya=/var/www/vhosts/store-bors.dk/./././././lscache/3/e/c HTTP/2" 200 24682 "https://store-bors.dk/index.php?loknya=/var/www/vhosts/store-bors.dk/./././././lscache/3/e/c" "Mozilla/5.0 AppleWebKit/537.36 (KHTML, like Gecko; compatible; GPTBot/1.4; +https://openai.com/gptbot)"
74.7.243.235 - - [29/Jul/2026:07:40:31 +0200] "GET /?loknya=/var/www/vhosts/store-bors.dk/lscache/b/b/c HTTP/2" 200 2095 "https://www.store-bors.dk/?loknya=/var/www/vhosts/store-bors.dk/lscache/b/b" "Mozilla/5.0 AppleWebKit/537.36 (KHTML, like Gecko; compatible; GPTBot/1.4; +https://openai.com/gptbot)"
74.7.227.174 - - [29/Jul/2026:07:40:32 +0200] "GET /index.php?lokasie=/var/www/vhosts/store-bors.dk/./././././lscache/d/4/e/d4e996c46e00e2c6&loknya=/var/www/vhosts/store-bors.dk/./././././lscache/d/4/e HTTP/2" 200 1855 "https://store-bors.dk/index.php?loknya=/var/www/vhosts/store-bors.dk/./././././lscache/d/4/e" "Mozilla/5.0 AppleWebKit/537.36 (KHTML, like Gecko; compatible; GPTBot/1.4; +https://openai.com/gptbot)"
74.7.243.235 - - [29/Jul/2026:07:40:32 +0200] "GET /?loknya=/var/www/vhosts/store-bors.dk/lscache/d/d/b HTTP/2" 200 2039 "https://www.store-bors.dk/?loknya=/var/www/vhosts/store-bors.dk/lscache/d/d" "Mozilla/5.0 AppleWebKit/537.36 (KHTML, like Gecko; compatible; GPTBot/1.4; +https://openai.com/gptbot)"
216.73.216.125 - - [29/Jul/2026:07:40:34 +0200] "GET /xmlrpc.php?lokasie=%2Fvar%2Fwww%2Fvhosts%2Fstore-bors.dk%2Fhttpdocs%2Fwp-includes%2Fblocks%2Flegacy-widget.php&loknya=%2Fvar%2Fwww%2Fvhosts%2Fstore-bors.dk%2Fhttpdocs%2Fwp-includes%2Fblocks HTTP/2" 200 3091 "-" "Mozilla/5.0 AppleWebKit/537.36 (KHTML, like Gecko; compatible; ClaudeBot/1.0; +claudebot@anthropic.com)"
216.73.216.125 - - [29/Jul/2026:07:40:34 +0200] "GET /xmlrpc.php?loknya=%2Fvar%2Fwww%2Fvhosts%2Fstore-bors.dk%2Flscache%2F1%2Ff%2F9 HTTP/2" 200 2041 "-" "Mozilla/5.0 AppleWebKit/537.36 (KHTML, like Gecko; compatible; ClaudeBot/1.0; +claudebot@anthropic.com)"
216.73.216.125 - - [29/Jul/2026:07:40:34 +0200] "GET /xmlrpc.php?lokasie=%2Fvar%2Fwww%2Fvhosts%2Fstore-bors.dk%2Fhttpdocs%2Fwp-includes%2Fblocks%2Flatest-comments.php&loknya=%2Fvar%2Fwww%2Fvhosts%2Fstore-bors.dk%2Fhttpdocs%2Fwp-includes%2Fblocks HTTP/2" 200 3422 "-" "Mozilla/5.0 AppleWebKit/537.36 (KHTML, like Gecko; compatible; ClaudeBot/1.0; +claudebot@anthropic.com)"
216.73.216.125 - - [29/Jul/2026:07:40:34 +0200] "GET /xmlrpc.php?loknya=%2Fvar%2Fwww%2Fvhosts%2Fstore-bors.dk%2Flscache%2F4%2F3%2F7 HTTP/2" 200 1978 "-" "Mozilla/5.0 AppleWebKit/537.36 (KHTML, like Gecko; compatible; ClaudeBot/1.0; +claudebot@anthropic.com)"
216.73.216.125 - - [29/Jul/2026:07:40:34 +0200] "GET /'?lokasie=%2Fvar%2Fwww%2Fvhosts%2Fstore-bors.dk%2F.%2Fhttpdocs%2Fwp-includes%2FText%2F%2FException.php&loknya=%2Fvar%2Fwww%2Fvhosts%2Fstore-bors.dk%2F.%2Fhttpdocs%2Fwp-includes%2FText%2F HTTP/2" 200 1663 "-" "Mozilla/5.0 AppleWebKit/537.36 (KHTML, like Gecko; compatible; ClaudeBot/1.0; +claudebot@anthropic.com)"
216.73.216.125 - - [29/Jul/2026:07:40:35 +0200] "GET /xmlrpc.php?loknya=%2Fvar%2Fwww%2Fvhosts%2Fstore-bors.dk%2Flscache%2F3%2F4%2F7 HTTP/2" 200 1985 "-" "Mozilla/5.0 AppleWebKit/537.36 (KHTML, like Gecko; compatible; ClaudeBot/1.0; +claudebot@anthropic.com)"
74.7.243.235 - - [29/Jul/2026:07:40:35 +0200] "GET /?loknya=/var/www/vhosts/store-bors.dk//.cl.selector HTTP/2" 200 2042 "https://www.store-bors.dk/?loknya=/var/www/vhosts/store-bors.dk//" "Mozilla/5.0 AppleWebKit/537.36 (KHTML, like Gecko; compatible; GPTBot/1.4; +https://openai.com/gptbot)"
216.73.216.125 - - [29/Jul/2026:07:40:35 +0200] "GET /xmlrpc.php?lokasie=%2Fvar%2Fwww%2Fvhosts%2Fstore-bors.dk%2Fhttpdocs%2Fwp-admin%2Fuser%2Ffreedoms.php&loknya=%2Fvar%2Fwww%2Fvhosts%2Fstore-bors.dk%2Fhttpdocs%2Fwp-admin%2Fuser HTTP/2" 200 1692 "-" "Mozilla/5.0 AppleWebKit/537.36 (KHTML, like Gecko; compatible; ClaudeBot/1.0; +claudebot@anthropic.com)"
216.73.216.125 - - [29/Jul/2026:07:40:35 +0200] "GET /xmlrpc.php?loknya=%2Fvar%2Fwww%2Fvhosts%2Fstore-bors.dk%2Flscache%2F3%2Fc%2F3 HTTP/2" 200 2034 "-" "Mozilla/5.0 AppleWebKit/537.36 (KHTML, like Gecko; compatible; ClaudeBot/1.0; +claudebot@anthropic.com)"
74.7.227.174 - - [29/Jul/2026:07:40:35 +0200] "GET /index.php?loknya=/var/www/vhosts/store-bors.dk/./././././lscache/6/d HTTP/2" 200 2210 "https://store-bors.dk/index.php?loknya=/var/www/vhosts/store-bors.dk/./././././lscache/6/" "Mozilla/5.0 AppleWebKit/537.36 (KHTML, like Gecko; compatible; GPTBot/1.4; +https://openai.com/gptbot)"
216.73.216.125 - - [29/Jul/2026:07:40:35 +0200] "GET /xmlrpc.php?loknya=%2Fvar%2Fwww%2Fvhosts%2Fstore-bors.dk%2Flscache%2F4%2Fe%2F4 HTTP/2" 200 1989 "-" "Mozilla/5.0 AppleWebKit/537.36 (KHTML, like Gecko; compatible; ClaudeBot/1.0; +claudebot@anthropic.com)"
216.73.216.125 - - [29/Jul/2026:07:40:36 +0200] "GET /xmlrpc.php?loknya=%2Fvar%2Fwww%2Fvhosts%2Fstore-ors.dk%2Flscache%2Fe%2Fc%2F HTTP/2" 200 1785 "-" "Mozilla/5.0 AppleWebKit/537.36 (KHTML, like Gecko; compatible; ClaudeBot/1.0; +claudebot@anthropic.com)"
74.7.243.235 - - [29/Jul/2026:07:40:35 +0200] "GET /?loknya=/var/www/vhosts/store-bors.dk/lscache/e/e/f HTTP/2" 200 1964 "https://www.store-bors.dk/?loknya=/var/www/vhosts/store-bors.dk/lscache/e/e" "Mozilla/5.0 AppleWebKit/537.36 (KHTML, like Gecko; compatible; GPTBot/1.4; +https://openai.com/gptbot)"
216.73.216.125 - - [29/Jul/2026:07:40:36 +0200] "GET /xmlrpc.php?loknya=%2Fvar%2Fwww%2Fvhosts%2Fstore-bors.dk%2Flscache%2F6%2F2%2F9 HTTP/2" 200 1991 "-" "Mozilla/5.0 AppleWebKit/537.36 (KHTML, like Gecko; compatible; ClaudeBot/1.0; +claudebot@anthropic.com)"
216.73.216.125 - - [29/Jul/2026:07:40:36 +0200] "GET /xmlrpc.php?loknya=%2Fvar%2Fwww%2Fvhosts%2Fstore-bors.dk%2Flscache%2F1%2F7%2F2 HTTP/2" 200 1982 "-" "Mozilla/5.0 AppleWebKit/537.36 (KHTML, like Gecko; compatible; ClaudeBot/1.0; +claudebot@anthropic.com)"
216.73.216.125 - - [29/Jul/2026:07:40:36 +0200] "GET /index.php/'?lokasie=%2Fvar%2Fwww%2Fvhosts%2Fstore-bors.dk%2F.%2Fhttpdocs%2Fwp-includes%2F%2Fclass-wp-oembed-controller.php&loknya=%2Fvar%2Fwww%2Fvhosts%2Fstore-bors.dk%2F.%2Fhttpdocs%2Fwp-includes%2F HTTP/2" 200 3769 "-" "Mozilla/5.0 AppleWebKit/537.36 (KHTML, like Gecko; compatible; ClaudeBot/1.0; +claudebot@anthropic.com)"
216.73.216.125 - - [29/Jul/2026:07:40:37 +0200] "GET /xmlrpc.php?lokasie=%2Fvar%2Fwww%2Fvhosts%2Fstore-bors.dk%2Fhttpdocs%2Fwp-admin%2Fnetwork%2Fsite-themes.php&loknya=%2Fvar%2Fwww%2Fvhosts%2Fstore-bors.dk%2Fhttpdocs%2Fwp-admin%2Fnetwork HTTP/2" 200 3923 "-" "Mozilla/5.0 AppleWebKit/537.36 (KHTML, like Gecko; compatible; ClaudeBot/1.0; +claudebot@anthropic.com)"
216.73.216.125 - - [29/Jul/2026:07:40:37 +0200] "GET /xmlrpc.php?loknya=%2Fvar%2Fwww%2Fvhosts%2Fstore-bors.dk%2Flscache%2F0%2Ff%2F1 HTTP/2" 200 1990 "-" "Mozilla/5.0 AppleWebKit/537.36 (KHTML, like Gecko; compatible; ClaudeBot/1.0; +claudebot@anthropic.com)"
74.7.243.235 - - [29/Jul/2026:07:40:37 +0200] "GET /?loknya=/var/www/vhosts/store-bors.dk/lscache/b/b/e HTTP/2" 200 2030 "https://www.store-bors.dk/?loknya=/var/www/vhosts/store-bors.dk/lscache/b/b" "Mozilla/5.0 AppleWebKit/537.36 (KHTML, like Gecko; compatible; GPTBot/1.4; +https://openai.com/gptbot)"
216.73.216.125 - - [29/Jul/2026:07:40:37 +0200] "GET /index.php/'?loknya=%2Fvar%2Fwww%2Fvhosts%2Fstore-bors.dk%2F.%2Fhttpdocs%2Fwp-includes%2Fblocks%2Fpage-list-item HTTP/2" 200 2012 "-" "Mozilla/5.0 AppleWebKit/537.36 (KHTML, like Gecko; compatible; ClaudeBot/1.0; +claudebot@anthropic.com)"
74.7.227.174 - - [29/Jul/2026:07:40:37 +0200] "GET /index.php?loknya=/var/www/vhosts/store-bors.dk/./././././lscache/1/c HTTP/2" 200 2132 "https://store-bors.dk/index.php?loknya=/var/www/vhosts/store-bors.dk/./././././lscache/1/" "Mozilla/5.0 AppleWebKit/537.36 (KHTML, like Gecko; compatible; GPTBot/1.4; +https://openai.com/gptbot)"
216.73.216.125 - - [29/Jul/2026:07:40:38 +0200] "GET /xmlrpc.php?loknya=%2Fvar%2Fwww%2Fvhosts%2Fstore-bors.dk%2Flscache%2Fpriv%2F2%2F5 HTTP/2" 200 1922 "-" "Mozilla/5.0 AppleWebKit/537.36 (KHTML, like Gecko; compatible; ClaudeBot/1.0; +claudebot@anthropic.com)"
216.73.216.125 - - [29/Jul/2026:07:40:38 +0200] "GET /index.php/'?lokasie=%2Fvar%2Fwww%2Fvhosts%2Fstore-bors.dk%2F.%2Fhttpdocs%2Fwp-includes%2Fwidgets%2Fclass-wp-widget-rss.php&loknya=%2Fvar%2Fwww%2Fvhosts%2Fstore-bors.dk%2F.%2Fhttpdocs%2Fwp-includes%2Fwidgets HTTP/2" 200 3554 "-" "Mozilla/5.0 AppleWebKit/537.36 (KHTML, like Gecko; compatible; ClaudeBot/1.0; +claudebot@anthropic.com)"
216.73.216.125 - - [29/Jul/2026:07:40:40 +0200] "GET /xmlrpc.php?lokasie=%2Fvar%2Fwww%2Fvhosts%2Fstore-bors.dk%2Flscache%2F8%2Fb%2F8%2F8b83378a6379fb31&loknya=%2Fvar%2Fwww%2Fvhosts%2Fstore-bors.dk%2Flscache%2F8%2Fb%2F8 HTTP/2" 200 1843 "-" "Mozilla/5.0 AppleWebKit/537.36 (KHTML, like Gecko; compatible; ClaudeBot/1.0; +claudebot@anthropic.com)"
216.73.216.125 - - [29/Jul/2026:07:40:40 +0200] "GET /xmlrpc.php?lokasie=%2Fvar%2Fwww%2Fvhosts%2Fstore-bors.dk%2Flscache%2F1%2Fe%2Fa%2F1ea6b791845fe078&loknya=%2Fvar%2Fwww%2Fvhosts%2Fstore-bors.dk%2Flscache%2F1%2Fe%2Fa HTTP/2" 200 19627 "-" "Mozilla/5.0 AppleWebKit/537.36 (KHTML, like Gecko; compatible; ClaudeBot/1.0; +claudebot@anthropic.com)"
216.73.216.125 - - [29/Jul/2026:07:40:40 +0200] "GET /xmlrpc.php?lokasie=%2Fvar%2Fwww%2Fvhosts%2Fstore-bors.dk%2Flscache%2F1%2Fa%2F4%2F1a4c370b9f110cab&loknya=%2Fvar%2Fwww%2Fvhosts%2Fstore-bors.dk%2Flscache%2F1%2Fa%2F4 HTTP/2" 200 1832 "-" "Mozilla/5.0 AppleWebKit/537.36 (KHTML, like Gecko; compatible; ClaudeBot/1.0; +claudebot@anthropic.com)"
216.73.216.125 - - [29/Jul/2026:07:40:40 +0200] "GET /xmlrpc.php?lokasie=%2Fvar%2Fwww%2Fvhosts%2Fstore-bors.dk%2Flscache%2Fe%2Fb%2F7%2Feb78655705839138&loknya=%2Fvar%2Fwww%2Fvhosts%2Fstore-bors.dk%2Flscache%2Fe%2Fb%2F7 HTTP/2" 200 21946 "-" "Mozilla/5.0 AppleWebKit/537.36 (KHTML, like Gecko; compatible; ClaudeBot/1.0; +claudebot@anthropic.com)"
57.141.0.18 - - [29/Jul/2026:07:40:40 +0200] "GET /category-sitemap.xml?lokasie=/var/www/vhosts/store-bors.dk/httpdocs/wp-admin/js//media.js&loknya=/var/www/vhosts/store-bors.dk/httpdocs/wp-admin/js/ HTTP/2" 200 4327 "-" "Mozilla/5.0 (Macintosh; Intel Mac OS X 10_15_7) AppleWebKit/537.36 (KHTML, like Gecko) Chrome/145.0.0.0 Safari/537.36 (compatible; meta-externalagent/1.1 (+https://developers.facebook.com/docs/sharing/webmasters/crawler))"
216.73.216.125 - - [29/Jul/2026:07:40:41 +0200] "GET /xmlrpc.php?lokasie=%2Fvar%2Fwww%2Fvhosts%2Fstore-bors.dk%2Flscache%2F8%2Fe%2Fa%2F8ea46897db2272a9&loknya=%2Fvar%2Fwww%2Fvhosts%2Fstore-bors.dk%2Flscache%2F8%2Fe%2Fa HTTP/2" 200 25875 "-" "Mozilla/5.0 AppleWebKit/537.36 (KHTML, like Gecko; compatible; ClaudeBot/1.0; +claudebot@anthropic.com)"
74.7.243.235 - - [29/Jul/2026:07:40:41 +0200] "GET /?loknya=/var/www/vhosts/store-bors.dk/lscache/c/c/f HTTP/2" 200 1972 "https://www.store-bors.dk/?loknya=/var/www/vhosts/store-bors.dk/lscache/c/c" "Mozilla/5.0 AppleWebKit/537.36 (KHTML, like Gecko; compatible; GPTBot/1.4; +https://openai.com/gptbot)"
216.73.216.125 - - [29/Jul/2026:07:40:41 +0200] "GET /xmlrpc.php?lokasie=%2Fvar%2Fwww%2Fvhosts%2Fstore-bors.dk%2Flscache%2F3%2Fa%2Fc%2F3ac6f49b89b3b344&loknya=%2Fvar%2Fwww%2Fvhosts%2Fstore-bors.dk%2Flscache%2F3%2Fa%2Fc HTTP/2" 200 17724 "-" "Mozilla/5.0 AppleWebKit/537.36 (KHTML, like Gecko; compatible; ClaudeBot/1.0; +claudebot@anthropic.com)"
216.73.216.125 - - [29/Jul/2026:07:40:42 +0200] "GET /xmlrpc.php?lokasie=%2Fvar%2Fwww%2Fvhosts%2Fstore-bors.dk%2Flscache%2F9%2Fb%2F0%2F9b001d1374ca6368&loknya=%2Fvar%2Fwww%2Fvhosts%2Fstore-bors.dk%2Flscache%2F9%2Fb%2F0 HTTP/2" 200 22091 "-" "Mozilla/5.0 AppleWebKit/537.36 (KHTML, like Gecko; compatible; ClaudeBot/1.0; +claudebot@anthropic.com)"
74.7.227.174 - - [29/Jul/2026:07:40:42 +0200] "GET /index.php?loknya=/var/www/vhosts/store-bors.dk/./././././lscache/4/a HTTP/2" 200 2168 "https://store-bors.dk/index.php?loknya=/var/www/vhosts/store-bors.dk/./././././lscache/4/" "Mozilla/5.0 AppleWebKit/537.36 (KHTML, like Gecko; compatible; GPTBot/1.4; +https://openai.com/gptbot)"
216.73.216.125 - - [29/Jul/2026:07:40:42 +0200] "GET /xmlrpc.php?lokasie=%2Fvar%2Fwww%2Fvhosts%2Fstore-bors.dk%2Flscache%2F4%2Fb%2F1%2F4b124e51532616c6&loknya=%2Fvar%2Fwww%2Fvhosts%2Fstore-bors.dk%2Flscache%2F4%2Fb%2F1 HTTP/2" 200 25853 "-" "Mozilla/5.0 AppleWebKit/537.36 (KHTML, like Gecko; compatible; ClaudeBot/1.0; +claudebot@anthropic.com)"
57.141.0.3 - - [29/Jul/2026:07:40:42 +0200] "GET /post-sitemap.xml?lokasie=/var/www/vhosts/store-bors.dk/httpdocs/wp-includes/blocks/audio/style.min.css&loknya=/var/www/vhosts/store-bors.dk/httpdocs/wp-includes/blocks/audio HTTP/2" 200 1798 "-" "Mozilla/5.0 (Windows NT 10.0; Win64; x64) AppleWebKit/537.36 (KHTML, like Gecko) Chrome/145.0.0.0 Safari/537.36 (compatible; meta-externalagent/1.1 (+https://developers.facebook.com/docs/sharing/webmasters/crawler))"
216.73.216.125 - - [29/Jul/2026:07:40:42 +0200] "GET /xmlrpc.php?lokasie=%2Fvar%2Fwww%2Fvhosts%2Fstore-bors.dk%2Flscache%2F7%2Fb%2F8%2F7b87785c89a9fc8e&loknya=%2Fvar%2Fwww%2Fvhosts%2Fstore-bors.dk%2Flscache%2F7%2Fb%2F8 HTTP/2" 200 25844 "-" "Mozilla/5.0 AppleWebKit/537.36 (KHTML, like Gecko; compatible; ClaudeBot/1.0; +claudebot@anthropic.com)"
216.73.216.125 - - [29/Jul/2026:07:40:42 +0200] "GET /xmlrpc.php?lokasie=%2Fvar%2Fwww%2Fvhosts%2Fstore-bors.dk%2Flscache%2F1%2Ff%2Fa%2F1fa489e717213c80&loknya=%2Fvar%2Fwww%2Fvhosts%2Fstore-bors.dk%2Flscache%2F1%2Ff%2Fa HTTP/2" 200 25839 "-" "Mozilla/5.0 AppleWebKit/537.36 (KHTML, like Gecko; compatible; ClaudeBot/1.0; +claudebot@anthropic.com)"
74.7.243.235 - - [29/Jul/2026:07:40:42 +0200] "GET /?loknya=/var/www/vhosts/store-bors.dk/lscache/a/a/f HTTP/2" 200 1975 "https://www.store-bors.dk/?loknya=/var/www/vhosts/store-bors.dk/lscache/a/a" "Mozilla/5.0 AppleWebKit/537.36 (KHTML, like Gecko; compatible; GPTBot/1.4; +https://openai.com/gptbot)"
216.73.216.125 - - [29/Jul/2026:07:40:43 +0200] "GET /xmlrpc.php?lokasie=%2Fvar%2Fwww%2Fvhosts%2Fstore-bors.dk%2Flscache%2F9%2F2%2Fa%2F92a01718eb3064f5&loknya=%2Fvar%2Fwww%2Fvhosts%2Fstore-bors.dk%2Flscache%2F9%2F2%2Fa HTTP/2" 200 19653 "-" "Mozilla/5.0 AppleWebKit/537.36 (KHTML, like Gecko; compatible; ClaudeBot/1.0; +claudebot@anthropic.com)"
216.73.216.125 - - [29/Jul/2026:07:40:43 +0200] "GET /xmlrpc.php?lokasie=%2Fvar%2Fwww%2Fvhosts%2Fstore-bors.dk%2Flscache%2F1%2Fb%2F6%2F1b6b114f504a50ae&loknya=%2Fvar%2Fwww%2Fvhosts%2Fstore-bors.dk%2Flscache%2F1%2Fb%2F6 HTTP/2" 200 19764 "-" "Mozilla/5.0 AppleWebKit/537.36 (KHTML, like Gecko; compatible; ClaudeBot/1.0; +claudebot@anthropic.com)"
216.73.216.125 - - [29/Jul/2026:07:40:44 +0200] "GET /xmlrpc.php?lokasie=%2Fvar%2Fwww%2Fvhosts%2Fstore-bors.dk%2Flscache%2F0%2Fb%2Fe%2F0bec5c99cf67c118&loknya=%2Fvar%2Fwww%2Fvhosts%2Fstore-bors.dk%2Flscache%2F0%2Fb%2Fe HTTP/2" 200 25867 "-" "Mozilla/5.0 AppleWebKit/537.36 (KHTML, like Gecko; compatible; ClaudeBot/1.0; +claudebot@anthropic.com)"
216.73.216.125 - - [29/Jul/2026:07:40:44 +0200] "GET /xmlrpc.php?lokasie=%2Fvar%2Fwww%2Fvhosts%2Fstore-bors.dk%2Flscache%2F6%2Fa%2Fd%2F6ad9e960675bd433&loknya=%2Fvar%2Fwww%2Fvhosts%2Fstore-bors.dk%2Flscache%2F6%2Fa%2Fd HTTP/2" 200 21877 "-" "Mozilla/5.0 AppleWebKit/537.36 (KHTML, like Gecko; compatible; ClaudeBot/1.0; +claudebot@anthropic.com)"
216.73.216.125 - - [29/Jul/2026:07:40:44 +0200] "GET /xmlrpc.php?lokasie=%2Fvar%2Fwww%2Fvhosts%2Fstore-bors.dk%2Flscache%2F7%2Fb%2F8%2F7b89c206ba7178cf&loknya=%2Fvar%2Fwww%2Fvhosts%2Fstore-bors.dk%2Flscache%2F7%2Fb%2F8 HTTP/2" 200 25852 "-" "Mozilla/5.0 AppleWebKit/537.36 (KHTML, like Gecko; compatible; ClaudeBot/1.0; +claudebot@anthropic.com)"
74.7.227.174 - - [29/Jul/2026:07:40:44 +0200] "GET /index.php?loknya=/var/www/vhosts/store-bors.dk/./././././lscache/c/1 HTTP/2" 200 2124 "https://store-bors.dk/index.php?loknya=/var/www/vhosts/store-bors.dk/./././././lscache/c" "Mozilla/5.0 AppleWebKit/537.36 (KHTML, like Gecko; compatible; GPTBot/1.4; +https://openai.com/gptbot)"
216.73.216.125 - - [29/Jul/2026:07:40:44 +0200] "GET /xmlrpc.php?lokasie=%2Fvar%2Fwww%2Fvhosts%2Fstore-bors.dk%2Fhttpdocs%2Fwp-includes%2Fimages%2Fsmilies%2Ficon_biggrin.gif&loknya=%2Fvar%2Fwww%2Fvhosts%2Fstore-bors.dk%2Fhttpdocs%2Fwp-includes%2Fimages%2Fsmilies HTTP/2" 200 1753 "-" "Mozilla/5.0 AppleWebKit/537.36 (KHTML, like Gecko; compatible; ClaudeBot/1.0; +claudebot@anthropic.com)"
57.141.0.58 - - [29/Jul/2026:07:40:44 +0200] "GET /post-sitemap.xml?lokasie=/var/www/vhosts/store-bors.dk/httpdocs/wp-admin//privacy.php&loknya=/var/www/vhosts/store-bors.dk/httpdocs/wp-admin/ HTTP/2" 200 2920 "-" "Mozilla/5.0 (Windows NT 10.0; Win64; x64) AppleWebKit/537.36 (KHTML, like Gecko) Chrome/145.0.0.0 Safari/537.36 (compatible; meta-externalagent/1.1 (+https://developers.facebook.com/docs/sharing/webmasters/crawler))"
216.73.216.125 - - [29/Jul/2026:07:40:45 +0200] "GET /xmlrpc.php?lokasie=%2Fvar%2Fwww%2Fvhosts%2Fstore-bors.dk%2Flscache%2F0%2Fb%2F6%2F0b6d473ec9ad6322&loknya=%2Fvar%2Fwww%2Fvhosts%2Fstore-bors.dk%2Flscache%2F0%2Fb%2F6 HTTP/2" 200 19676 "-" "Mozilla/5.0 AppleWebKit/537.36 (KHTML, like Gecko; compatible; ClaudeBot/1.0; +claudebot@anthropic.com)"
74.7.243.235 - - [29/Jul/2026:07:40:45 +0200] "GET /?loknya=/var/www/vhosts/store-bors.dk/lscache/b/b/d HTTP/2" 200 1787 "https://www.store-bors.dk/?loknya=/var/www/vhosts/store-bors.dk/lscache/b/b" "Mozilla/5.0 AppleWebKit/537.36 (KHTML, like Gecko; compatible; GPTBot/1.4; +https://openai.com/gptbot)"
216.73.216.125 - - [29/Jul/2026:07:40:45 +0200] "GET /xmlrpc.php?lokasie=%2Fvar%2Fwww%2Fvhosts%2Fstore-bors.dk%2Flscache%2F0%2Fb%2F3%2F0b33f05c81512452&loknya=%2Fvar%2Fwww%2Fvhosts%2Fstore-bors.dk%2Flscache%2F0%2Fb%2F3 HTTP/2" 200 22052 "-" "Mozilla/5.0 AppleWebKit/537.36 (KHTML, like Gecko; compatible; ClaudeBot/1.0; +claudebot@anthropic.com)"
74.7.227.174 - - [29/Jul/2026:07:40:45 +0200] "GET /index.php?lokasie=/var/www/vhosts/store-bors.dk/./././././lscache/6/b/f/6bfb678fcf8fdd6d&loknya=/var/www/vhosts/store-bors.dk/./././././lscache/6/b/f HTTP/2" 200 25876 "https://store-bors.dk/index.php?loknya=/var/www/vhosts/store-bors.dk/./././././lscache/6/b/f" "Mozilla/5.0 AppleWebKit/537.36 (KHTML, like Gecko; compatible; GPTBot/1.4; +https://openai.com/gptbot)"
216.73.216.125 - - [29/Jul/2026:07:40:45 +0200] "GET /xmlrpc.php?lokasie=%2Fvar%2Fwww%2Fvhosts%2Fstore-bors.dk%2Flscache%2F7%2Fb%2F5%2F7b50644adead83dd&loknya=%2Fvar%2Fwww%2Fvhosts%2Fstore-bors.dk%2Flscache%2F7%2Fb%2F5 HTTP/2" 200 25840 "-" "Mozilla/5.0 AppleWebKit/537.36 (KHTML, like Gecko; compatible; ClaudeBot/1.0; +claudebot@anthropic.com)"
216.73.216.125 - - [29/Jul/2026:07:40:45 +0200] "GET /xmlrpc.php?lokasie=%2Fvar%2Fwww%2Fvhosts%2Fstore-bors.dk%2Flscache%2F6%2Fa%2F2%2F6a28ada89404de71&loknya=%2Fvar%2Fwww%2Fvhosts%2Fstore-bors.dk%2Flscache%2F6%2Fa%2F2 HTTP/2" 200 19756 "-" "Mozilla/5.0 AppleWebKit/537.36 (KHTML, like Gecko; compatible; ClaudeBot/1.0; +claudebot@anthropic.com)"
185.21.40.28 - - [29/Jul/2026:07:38:45 +0200] "GET /wp-includes/SimplePie/library/SimplePie/Net/Net/index.php?ARRAY=7o2230223n313738353330373132322p2231223n22687474703n5p2s5p2s7n733936377631332r6p6172676572732r636p69636o5p2s3s6p633q7068705s636s64655s6n6326743q313738353330333532322q3261393265353265323635333934393133383761393465393730373766663465222p2232223n223035353065336239323162373134656535373262646164306539663230643661222p2233223n223739356665343238326538306539353539353835323737623233313331633532222p226175746s5s66696p655s6r616q65223n6r756p6p2p226175746s5s70617373223n6r756p6p2p2262696r675s70617373223n2231342q34382q35392q36342q37342q38362q3131227q HTTP/1.1" 500 567 "-" "-"
216.73.216.125 - - [29/Jul/2026:07:40:46 +0200] "GET /xmlrpc.php?lokasie=%2Fvar%2Fwww%2Fvhosts%2Fstore-bors.dk%2Flscache%2F6%2F3%2Fa%2F63a6bf4b1aef598d&loknya=%2Fvar%2Fwww%2Fvhosts%2Fstore-bors.dk%2Flscache%2F6%2F3%2Fa HTTP/2" 200 19526 "-" "Mozilla/5.0 AppleWebKit/537.36 (KHTML, like Gecko; compatible; ClaudeBot/1.0; +claudebot@anthropic.com)"
74.7.243.235 - - [29/Jul/2026:07:40:46 +0200] "GET /?loknya=/var/www/vhosts/store-bors.dk/lscache/e/f HTTP/2" 200 2199 "https://www.store-bors.dk/?loknya=/var/www/vhosts/store-bors.dk/lscache/e" "Mozilla/5.0 AppleWebKit/537.36 (KHTML, like Gecko; compatible; GPTBot/1.4; +https://openai.com/gptbot)"
74.7.227.174 - - [29/Jul/2026:07:40:46 +0200] "GET /index.php?loknya=/var/www/vhosts/store-bors.dk/./././././lscache/c/5 HTTP/2" 200 2142 "https://store-bors.dk/index.php?loknya=/var/www/vhosts/store-bors.dk/./././././lscache/c" "Mozilla/5.0 AppleWebKit/537.36 (KHTML, like Gecko; compatible; GPTBot/1.4; +https://openai.com/gptbot)"
216.73.216.125 - - [29/Jul/2026:07:40:46 +0200] "GET /xmlrpc.php?lokasie=%2Fvar%2Fwww%2Fvhosts%2Fstore-bors.dk%2Fhttpdocs%2Fwp-includes%2Fimages%2Fsmilies%2Ficon_lol.gif&loknya=%2Fvar%2Fwww%2Fvhosts%2Fstore-bors.dk%2Fhttpdocs%2Fwp-includes%2Fimages%2Fsmilies HTTP/2" 200 1827 "-" "Mozilla/5.0 AppleWebKit/537.36 (KHTML, like Gecko; compatible; ClaudeBot/1.0; +claudebot@anthropic.com)"
216.73.216.125 - - [29/Jul/2026:07:40:46 +0200] "GET /xmlrpc.php?lokasie=%2Fvar%2Fwww%2Fvhosts%2Fstore-bors.dk%2Flscache%2F9%2F2%2Fa%2F92aa8249d25041ed&loknya=%2Fvar%2Fwww%2Fvhosts%2Fstore-bors.dk%2Flscache%2F9%2F2%2Fa HTTP/2" 200 25837 "-" "Mozilla/5.0 AppleWebKit/537.36 (KHTML, like Gecko; compatible; ClaudeBot/1.0; +claudebot@anthropic.com)"
216.73.216.125 - - [29/Jul/2026:07:40:46 +0200] "GET /xmlrpc.php?lokasie=%2Fvar%2Fwww%2Fvhosts%2Fstore-bors.dk%2Flscache%2F3%2Fa%2F6%2F3a613df7ba39fcf8&loknya=%2Fvar%2Fwww%2Fvhosts%2Fstore-bors.dk%2Flscache%2F3%2Fa%2F6 HTTP/2" 200 19687 "-" "Mozilla/5.0 AppleWebKit/537.36 (KHTML, like Gecko; compatible; ClaudeBot/1.0; +claudebot@anthropic.com)"
216.73.216.125 - - [29/Jul/2026:07:40:47 +0200] "GET /xmlrpc.php?lokasie=%2Fvar%2Fwww%2Fvhosts%2Fstore-bors.dk%2Flscache%2F4%2Fa%2F0%2F4a0eacdebf03eb94&loknya=%2Fvar%2Fwww%2Fvhosts%2Fstore-bors.dk%2Flscache%2F4%2Fa%2F0 HTTP/2" 200 17633 "-" "Mozilla/5.0 AppleWebKit/537.36 (KHTML, like Gecko; compatible; ClaudeBot/1.0; +claudebot@anthropic.com)"
216.73.216.125 - - [29/Jul/2026:07:40:47 +0200] "GET /xmlrpc.php?lokasie=%2Fvar%2Fwww%2Fvhosts%2Fstore-bors.dk%2Flscache%2F8%2F3%2Fa%2F83ad1bcb27e8e169&loknya=%2Fvar%2Fwww%2Fvhosts%2Fstore-bors.dk%2Flscache%2F8%2F3%2Fa HTTP/2" 200 19600 "-" "Mozilla/5.0 AppleWebKit/537.36 (KHTML, like Gecko; compatible; ClaudeBot/1.0; +claudebot@anthropic.com)"
74.7.243.235 - - [29/Jul/2026:07:40:47 +0200] "GET /?loknya=/var/www/vhosts/store-bors.dk/lscache/f/e HTTP/2" 200 2124 "https://www.store-bors.dk/?loknya=/var/www/vhosts/store-bors.dk/lscache/f/" "Mozilla/5.0 AppleWebKit/537.36 (KHTML, like Gecko; compatible; GPTBot/1.4; +https://openai.com/gptbot)"
74.7.227.174 - - [29/Jul/2026:07:40:47 +0200] "GET /index.php?loknya=/var/www/vhosts/store-bors.dk/./././././lscache/b/1 HTTP/2" 200 2131 "https://store-bors.dk/index.php?loknya=/var/www/vhosts/store-bors.dk/./././././lscache/b" "Mozilla/5.0 AppleWebKit/537.36 (KHTML, like Gecko; compatible; GPTBot/1.4; +https://openai.com/gptbot)"
216.73.216.125 - - [29/Jul/2026:07:40:48 +0200] "GET /xmlrpc.php?lokasie=%2Fvar%2Fwww%2Fvhosts%2Fstore-bors.dk%2Fhttpdocs%2Fwp-includes%2Fimages%2Fsmilies%2Ffrownie.png&loknya=%2Fvar%2Fwww%2Fvhosts%2Fstore-bors.dk%2Fhttpdocs%2Fwp-includes%2Fimages%2Fsmilies HTTP/2" 200 2519 "-" "Mozilla/5.0 AppleWebKit/537.36 (KHTML, like Gecko; compatible; ClaudeBot/1.0; +claudebot@anthropic.com)"
216.73.216.125 - - [29/Jul/2026:07:40:48 +0200] "GET /xmlrpc.php?lokasie=%2Fvar%2Fwww%2Fvhosts%2Fstore-bors.dk%2Fhttpdocs%2Fwp-includes%2Fimages%2Fsmilies%2Ficon_smile.gif&loknya=%2Fvar%2Fwww%2Fvhosts%2Fstore-bors.dk%2Fhttpdocs%2Fwp-includes%2Fimages%2Fsmilies HTTP/2" 200 1779 "-" "Mozilla/5.0 AppleWebKit/537.36 (KHTML, like Gecko; compatible; ClaudeBot/1.0; +claudebot@anthropic.com)"
216.73.216.125 - - [29/Jul/2026:07:40:48 +0200] "GET /xmlrpc.php?lokasie=%2Fvar%2Fwww%2Fvhosts%2Fstore-bors.dk%2Fhttpdocs%2Fwp-includes%2Fimages%2Fsmilies%2Ficon_wink.gif&loknya=%2Fvar%2Fwww%2Fvhosts%2Fstore-bors.dk%2Fhttpdocs%2Fwp-includes%2Fimages%2Fsmilies HTTP/2" 200 1754 "-" "Mozilla/5.0 AppleWebKit/537.36 (KHTML, like Gecko; compatible; ClaudeBot/1.0; +claudebot@anthropic.com)"
216.73.216.125 - - [29/Jul/2026:07:40:48 +0200] "GET /xmlrpc.php?lokasie=%2Fvar%2Fwww%2Fvhosts%2Fstore-bors.dk%2Flscache%2F3%2Fa%2F9%2F3a94bae1dc65b11f&loknya=%2Fvar%2Fwww%2Fvhosts%2Fstore-bors.dk%2Flscache%2F3%2Fa%2F9 HTTP/2" 200 25851 "-" "Mozilla/5.0 AppleWebKit/537.36 (KHTML, like Gecko; compatible; ClaudeBot/1.0; +claudebot@anthropic.com)"
74.7.243.235 - - [29/Jul/2026:07:40:48 +0200] "GET /?loknya=/var/www/vhosts/store-bors.dk/lscache/c/f HTTP/2" 200 2068 "https://www.store-bors.dk/?loknya=/var/www/vhosts/store-bors.dk/lscache/c" "Mozilla/5.0 AppleWebKit/537.36 (KHTML, like Gecko; compatible; GPTBot/1.4; +https://openai.com/gptbot)"
74.7.227.174 - - [29/Jul/2026:07:40:48 +0200] "GET /index.php?loknya=/var/www/vhosts/store-bors.dk/./././././lscache/7/a HTTP/2" 200 2159 "https://store-bors.dk/index.php?loknya=/var/www/vhosts/store-bors.dk/./././././lscache/7/" "Mozilla/5.0 AppleWebKit/537.36 (KHTML, like Gecko; compatible; GPTBot/1.4; +https://openai.com/gptbot)"
216.73.216.125 - - [29/Jul/2026:07:40:50 +0200] "GET /xmlrpc.php?lokasie=%2Fvar%2Fwww%2Fvhosts%2Fstore-bors.dk%2Fhttpdocs%2Fwp-includes%2Fimages%2Fsmilies%2Fsimple-smile.png&loknya=%2Fvar%2Fwww%2Fvhosts%2Fstore-bors.dk%2Fhttpdocs%2Fwp-includes%2Fimages%2Fsmilies HTTP/2" 200 2514 "-" "Mozilla/5.0 AppleWebKit/537.36 (KHTML, like Gecko; compatible; ClaudeBot/1.0; +claudebot@anthropic.com)"
216.73.216.125 - - [29/Jul/2026:07:40:50 +0200] "GET /xmlrpc.php?lokasie=%2Fvar%2Fwww%2Fvhosts%2Fstore-bors.dk%2Fhttpdocs%2Fwp-includes%2Fimages%2Fsmilies%2Ficon_mrgreen.gif&loknya=%2Fvar%2Fwww%2Fvhosts%2Fstore-bors.dk%2Fhttpdocs%2Fwp-includes%2Fimages%2Fsmilies HTTP/2" 200 1856 "-" "Mozilla/5.0 AppleWebKit/537.36 (KHTML, like Gecko; compatible; ClaudeBot/1.0; +claudebot@anthropic.com)"
216.73.216.125 - - [29/Jul/2026:07:40:50 +0200] "GET /xmlrpc.php?lokasie=%2Fvar%2Fwww%2Fvhosts%2Fstore-bors.dk%2Flscache%2F1%2Fb%2Fc%2F1bc4922f992450f0&loknya=%2Fvar%2Fwww%2Fvhosts%2Fstore-bors.dk%2Flscache%2F1%2Fb%2Fc HTTP/2" 200 1819 "-" "Mozilla/5.0 AppleWebKit/537.36 (KHTML, like Gecko; compatible; ClaudeBot/1.0; +claudebot@anthropic.com)"
216.73.216.125 - - [29/Jul/2026:07:40:50 +0200] "GET /xmlrpc.php?lokasie=%2Fvar%2Fwww%2Fvhosts%2Fstore-bors.dk%2Flscache%2F9%2Fa%2Fc%2F9ac7e8a3e66c877a&loknya=%2Fvar%2Fwww%2Fvhosts%2Fstore-bors.dk%2Flscache%2F9%2Fa%2Fc HTTP/2" 200 25837 "-" "Mozilla/5.0 AppleWebKit/537.36 (KHTML, like Gecko; compatible; ClaudeBot/1.0; +claudebot@anthropic.com)"
74.7.243.235 - - [29/Jul/2026:07:40:50 +0200] "GET /?loknya=/var/www/vhosts/store-bors.dk/lsahe/b/b/ HTTP/2" 200 1766 "https://www.store-bors.dk/?loknya=/var/www/vhosts/store-bors.dk/lscache/b/b/c" "Mozilla/5.0 AppleWebKit/537.36 (KHTML, like Gecko; compatible; GPTBot/1.4; +https://openai.com/gptbot)"
74.7.227.174 - - [29/Jul/2026:07:40:50 +0200] "GET /index.php?loknya=/var/www/vhosts/store-bors.dk/./././././lscache/2/d HTTP/2" 200 2075 "https://store-bors.dk/index.php?loknya=/var/www/vhosts/store-bors.dk/./././././lscache/2/" "Mozilla/5.0 AppleWebKit/537.36 (KHTML, like Gecko; compatible; GPTBot/1.4; +https://openai.com/gptbot)"
216.73.216.125 - - [29/Jul/2026:07:40:50 +0200] "GET /xmlrpc.php?lokasie=%2Fvar%2Fwww%2Fvhosts%2Fstore-bors.dk%2Fhttpdocs%2Fwp-includes%2Fimages%2Fsmilies%2Ficon_razz.gif&loknya=%2Fvar%2Fwww%2Fvhosts%2Fstore-bors.dk%2Fhttpdocs%2Fwp-includes%2Fimages%2Fsmilies HTTP/2" 200 1764 "-" "Mozilla/5.0 AppleWebKit/537.36 (KHTML, like Gecko; compatible; ClaudeBot/1.0; +claudebot@anthropic.com)"
216.73.216.125 - - [29/Jul/2026:07:40:51 +0200] "GET /xmlrpc.php?lokasie=%2Fvar%2Fwww%2Fvhosts%2Fstore-bors.dk%2Flscache%2F8%2Fd%2Fc%2F8dc1405dc0fb8653&loknya=%2Fvar%2Fwww%2Fvhosts%2Fstore-bors.dk%2Flscache%2F8%2Fd%2Fc HTTP/2" 200 22088 "-" "Mozilla/5.0 AppleWebKit/537.36 (KHTML, like Gecko; compatible; ClaudeBot/1.0; +claudebot@anthropic.com)"
216.73.216.125 - - [29/Jul/2026:07:40:51 +0200] "GET /xmlrpc.php?lokasie=%2Fvar%2Fwww%2Fvhosts%2Fstore-bors.dk%2Fhttpdocs%2Fwp-includes%2Fimages%2Fsmilies%2Ficon_exclaim.gif&loknya=%2Fvar%2Fwww%2Fvhosts%2Fstore-bors.dk%2Fhttpdocs%2Fwp-includes%2Fimages%2Fsmilies HTTP/2" 200 1818 "-" "Mozilla/5.0 AppleWebKit/537.36 (KHTML, like Gecko; compatible; ClaudeBot/1.0; +claudebot@anthropic.com)"
74.7.243.235 - - [29/Jul/2026:07:40:51 +0200] "GET /?loknya=/var/www/vhosts/store-ors.dk/lscache/d/d/ HTTP/2" 200 1772 "https://www.store-bors.dk/?loknya=/var/www/vhosts/store-bors.dk/lscache/d/d/b" "Mozilla/5.0 AppleWebKit/537.36 (KHTML, like Gecko; compatible; GPTBot/1.4; +https://openai.com/gptbot)"
216.73.216.125 - - [29/Jul/2026:07:40:51 +0200] "GET /xmlrpc.php?lokasie=%2Fvar%2Fwww%2Fvhosts%2Fstore-bors.dk%2Flscache%2F1%2Fa%2F2%2F1a2ad72006afe8aa&loknya=%2Fvar%2Fwww%2Fvhosts%2Fstore-bors.dk%2Flscache%2F1%2Fa%2F2 HTTP/2" 200 1844 "-" "Mozilla/5.0 AppleWebKit/537.36 (KHTML, like Gecko; compatible; ClaudeBot/1.0; +claudebot@anthropic.com)"
74.7.227.174 - - [29/Jul/2026:07:40:51 +0200] "GET /index.php?loknya=/var/www/vhosts/store-bors.dk/./././././lscache/0/b HTTP/2" 200 2156 "https://store-bors.dk/index.php?loknya=/var/www/vhosts/store-bors.dk/./././././lscache/0/" "Mozilla/5.0 AppleWebKit/537.36 (KHTML, like Gecko; compatible; GPTBot/1.4; +https://openai.com/gptbot)"
216.73.216.125 - - [29/Jul/2026:07:40:51 +0200] "GET /xmlrpc.php?lokasie=%2Fvar%2Fwww%2Fvhosts%2Fstore-bors.dk%2Fhttpdocs%2Fwp-includes%2Fimages%2Fsmilies%2Fmrgreen.png&loknya=%2Fvar%2Fwww%2Fvhosts%2Fstore-bors.dk%2Fhttpdocs%2Fwp-includes%2Fimages%2Fsmilies HTTP/2" 200 2994 "-" "Mozilla/5.0 AppleWebKit/537.36 (KHTML, like Gecko; compatible; ClaudeBot/1.0; +claudebot@anthropic.com)"
74.7.227.174 - - [29/Jul/2026:07:40:51 +0200] "GET /index.php?loknya=/var/www/vhosts/store-bors.dk/./././././lscache/3/c HTTP/2" 200 2056 "https://store-bors.dk/index.php?loknya=/var/www/vhosts/store-bors.dk/./././././lscache/3/" "Mozilla/5.0 AppleWebKit/537.36 (KHTML, like Gecko; compatible; GPTBot/1.4; +https://openai.com/gptbot)"
216.73.216.125 - - [29/Jul/2026:07:40:52 +0200] "GET /xmlrpc.php?lokasie=%2Fvar%2Fwww%2Fvhosts%2Fstore-bors.dk%2Flscache%2F9%2Ff%2Fd%2F9fdc3a774fd37541&loknya=%2Fvar%2Fwww%2Fvhosts%2Fstore-bors.dk%2Flscache%2F9%2Ff%2Fd HTTP/2" 200 1853 "-" "Mozilla/5.0 AppleWebKit/537.36 (KHTML, like Gecko; compatible; ClaudeBot/1.0; +claudebot@anthropic.com)"
74.7.243.235 - - [29/Jul/2026:07:40:51 +0200] "GET /?lokasie=/var/www/vhosts/store-bors.dk//.cl.selector/defaults.cfg&loknya=/var/www/vhosts/store-bors.dk//.cl.selector HTTP/2" 200 1619 "https://www.store-bors.dk/?loknya=/var/www/vhosts/store-bors.dk//.cl.selector" "Mozilla/5.0 AppleWebKit/537.36 (KHTML, like Gecko; compatible; GPTBot/1.4; +https://openai.com/gptbot)"
216.73.216.125 - - [29/Jul/2026:07:40:52 +0200] "GET /xmlrpc.php?lokasie=%2Fvar%2Fwww%2Fvhosts%2Fstore-bors.dk%2Flscache%2F8%2Fe%2Fa%2F8ea3cde52fd9b801&loknya=%2Fvar%2Fwww%2Fvhosts%2Fstore-bors.dk%2Flscache%2F8%2Fe%2Fa HTTP/2" 200 25856 "-" "Mozilla/5.0 AppleWebKit/537.36 (KHTML, like Gecko; compatible; ClaudeBot/1.0; +claudebot@anthropic.com)"
216.73.216.125 - - [29/Jul/2026:07:40:52 +0200] "GET /xmlrpc.php?lokasie=%2Fvar%2Fwww%2Fvhosts%2Fstore-bors.dk%2Flscache%2F4%2Fb%2F1%2F4b1e9c5c4fb269b5&loknya=%2Fvar%2Fwww%2Fvhosts%2Fstore-bors.dk%2Flscache%2F4%2Fb%2F1 HTTP/2" 200 25737 "-" "Mozilla/5.0 AppleWebKit/537.36 (KHTML, like Gecko; compatible; ClaudeBot/1.0; +claudebot@anthropic.com)"
216.73.216.125 - - [29/Jul/2026:07:40:52 +0200] "GET /xmlrpc.php?lokasie=%2Fvar%2Fwww%2Fvhosts%2Fstore-bors.dk%2Flscache%2F0%2Fb%2Fe%2F0be5ee431b24437b&loknya=%2Fvar%2Fwww%2Fvhosts%2Fstore-bors.dk%2Flscache%2F0%2Fb%2Fe HTTP/2" 200 25797 "-" "Mozilla/5.0 AppleWebKit/537.36 (KHTML, like Gecko; compatible; ClaudeBot/1.0; +claudebot@anthropic.com)"
216.73.216.125 - - [29/Jul/2026:07:40:52 +0200] "GET /xmlrpc.php?lokasie=%2Fvar%2Fwww%2Fvhosts%2Fstore-bors.dk%2Fhttpdocs%2Fwp-includes%2Fimages%2Fsmilies%2Ficon_mad.gif&loknya=%2Fvar%2Fwww%2Fvhosts%2Fstore-bors.dk%2Fhttpdocs%2Fwp-includes%2Fimages%2Fsmilies HTTP/2" 200 1762 "-" "Mozilla/5.0 AppleWebKit/537.36 (KHTML, like Gecko; compatible; ClaudeBot/1.0; +claudebot@anthropic.com)"
74.7.227.174 - - [29/Jul/2026:07:40:52 +0200] "GET /index.php?loknya=/var/www/vhosts/store-bors.dk/./././././lscache/6/d/2 HTTP/2" 200 1989 "https://store-bors.dk/index.php?loknya=/var/www/vhosts/store-bors.dk/./././././lscache/6/d" "Mozilla/5.0 AppleWebKit/537.36 (KHTML, like Gecko; compatible; GPTBot/1.4; +https://openai.com/gptbot)"
216.73.216.125 - - [29/Jul/2026:07:40:53 +0200] "GET /xmlrpc.php?lokasie=%2Fvar%2Fwww%2Fvhosts%2Fstore-bors.dk%2Flscache%2F1%2Fb%2F8%2F1b8ff056c0407cdf&loknya=%2Fvar%2Fwww%2Fvhosts%2Fstore-bors.dk%2Flscache%2F1%2Fb%2F8 HTTP/2" 200 17534 "-" "Mozilla/5.0 AppleWebKit/537.36 (KHTML, like Gecko; compatible; ClaudeBot/1.0; +claudebot@anthropic.com)"
74.7.243.235 - - [29/Jul/2026:07:40:52 +0200] "GET /?lokasie=/var/www/vhosts/store-bors.dk//.cl.selector/.htaccess&loknya=/var/www/vhosts/store-bors.dk//.cl.selector HTTP/2" 200 2345 "https://www.store-bors.dk/?loknya=/var/www/vhosts/store-bors.dk//.cl.selector" "Mozilla/5.0 AppleWebKit/537.36 (KHTML, like Gecko; compatible; GPTBot/1.4; +https://openai.com/gptbot)"
216.73.216.125 - - [29/Jul/2026:07:40:53 +0200] "GET /xmlrpc.php?lokasie=%2Fvar%2Fwww%2Fvhosts%2Fstore-bors.dk%2Flscache%2F5%2Fb%2Fe%2F5bec866bf8c2abe9&loknya=%2Fvar%2Fwww%2Fvhosts%2Fstore-bors.dk%2Flscache%2F5%2Fb%2Fe HTTP/2" 200 25794 "-" "Mozilla/5.0 AppleWebKit/537.36 (KHTML, like Gecko; compatible; ClaudeBot/1.0; +claudebot@anthropic.com)"
216.73.216.125 - - [29/Jul/2026:07:40:53 +0200] "GET /xmlrpc.php?lokasie=%2Fvar%2Fwww%2Fvhosts%2Fstore-bors.dk%2Fhttpdocs%2Fwp-includes%2Fimages%2Fsmilies%2Ficon_confused.gif&loknya=%2Fvar%2Fwww%2Fvhosts%2Fstore-bors.dk%2Fhttpdocs%2Fwp-includes%2Fimages%2Fsmilies HTTP/2" 200 1760 "-" "Mozilla/5.0 AppleWebKit/537.36 (KHTML, like Gecko; compatible; ClaudeBot/1.0; +claudebot@anthropic.com)"
74.7.227.174 - - [29/Jul/2026:07:40:53 +0200] "GET /index.php?loknya=/var/www/vhosts/store-bors.dk/./././././lscache/1/c/0 HTTP/2" 200 2052 "https://store-bors.dk/index.php?loknya=/var/www/vhosts/store-bors.dk/./././././lscache/1/c" "Mozilla/5.0 AppleWebKit/537.36 (KHTML, like Gecko; compatible; GPTBot/1.4; +https://openai.com/gptbot)"
216.73.216.125 - - [29/Jul/2026:07:40:53 +0200] "GET /xmlrpc.php?lokasie=%2Fvar%2Fwww%2Fvhosts%2Fstore-bors.dk%2Flscache%2F1%2Fa%2F4%2F1a45e7f9d6e2ff7f&loknya=%2Fvar%2Fwww%2Fvhosts%2Fstore-bors.dk%2Flscache%2F1%2Fa%2F4 HTTP/2" 200 19676 "-" "Mozilla/5.0 AppleWebKit/537.36 (KHTML, like Gecko; compatible; ClaudeBot/1.0; +claudebot@anthropic.com)"
74.7.243.235 - - [29/Jul/2026:07:40:53 +0200] "GET /?lokasie=/var/www/vhosts/store-bors.dk//.cl.selector/filefuns.php&loknya=/var/www/vhosts/store-bors.dk//.cl.selector HTTP/2" 200 3897 "https://www.store-bors.dk/?loknya=/var/www/vhosts/store-bors.dk//.cl.selector" "Mozilla/5.0 AppleWebKit/537.36 (KHTML, like Gecko; compatible; GPTBot/1.4; +https://openai.com/gptbot)"
216.73.216.125 - - [29/Jul/2026:07:40:53 +0200] "GET /xmlrpc.php?lokasie=%2Fvar%2Fwww%2Fvhosts%2Fstore-bors.dk%2Flscache%2F3%2Fb%2F7%2F3b70d5464aaf01a4&loknya=%2Fvar%2Fwww%2Fvhosts%2Fstore-bors.dk%2Flscache%2F3%2Fb%2F7 HTTP/2" 200 8371 "-" "Mozilla/5.0 AppleWebKit/537.36 (KHTML, like Gecko; compatible; ClaudeBot/1.0; +claudebot@anthropic.com)"
216.73.216.125 - - [29/Jul/2026:07:40:54 +0200] "GET /xmlrpc.php?lokasie=%2Fvar%2Fwww%2Fvhosts%2Fstore-bors.dk%2Flscache%2F8%2Fa%2F7%2F8a79be9db7f66d5b&loknya=%2Fvar%2Fwww%2Fvhosts%2Fstore-bors.dk%2Flscache%2F8%2Fa%2F7 HTTP/2" 200 21931 "-" "Mozilla/5.0 AppleWebKit/537.36 (KHTML, like Gecko; compatible; ClaudeBot/1.0; +claudebot@anthropic.com)"
74.7.227.174 - - [29/Jul/2026:07:40:53 +0200] "GET /index.php?loknya=/var/www/vhosts/store-bors.dk/./././././lscache/4/a/8 HTTP/2" 200 2087 "https://store-bors.dk/index.php?loknya=/var/www/vhosts/store-bors.dk/./././././lscache/4/a" "Mozilla/5.0 AppleWebKit/537.36 (KHTML, like Gecko; compatible; GPTBot/1.4; +https://openai.com/gptbot)"
216.73.216.125 - - [29/Jul/2026:07:40:54 +0200] "GET /xmlrpc.php?lokasie=%2Fvar%2Fwww%2Fvhosts%2Fstore-bors.dk%2Fhttpdocs%2Fwp-includes%2Fimages%2Fsmilies%2Ficon_sad.gif&loknya=%2Fvar%2Fwww%2Fvhosts%2Fstore-bors.dk%2Fhttpdocs%2Fwp-includes%2Fimages%2Fsmilies HTTP/2" 200 1755 "-" "Mozilla/5.0 AppleWebKit/537.36 (KHTML, like Gecko; compatible; ClaudeBot/1.0; +claudebot@anthropic.com)"
216.73.216.125 - - [29/Jul/2026:07:40:54 +0200] "GET /xmlrpc.php?lokasie=%2Fvar%2Fwww%2Fvhosts%2Fstore-bors.dk%2Fhttpdocs%2Fwp-includes%2Fimages%2Fsmilies%2Ficon_rolleyes.gif&loknya=%2Fvar%2Fwww%2Fvhosts%2Fstore-bors.dk%2Fhttpdocs%2Fwp-includes%2Fimages%2Fsmilies HTTP/2" 200 1973 "-" "Mozilla/5.0 AppleWebKit/537.36 (KHTML, like Gecko; compatible; ClaudeBot/1.0; +claudebot@anthropic.com)"
216.73.216.125 - - [29/Jul/2026:07:40:55 +0200] "GET /xmlrpc.php?lokasie=%2Fvar%2Fwww%2Fvhosts%2Fstore-bors.dk%2Flscache%2Fc%2Fb%2Fe%2Fcbe5922e478ac8f8&loknya=%2Fvar%2Fwww%2Fvhosts%2Fstore-bors.dk%2Flscache%2Fc%2Fb%2Fe HTTP/2" 200 21982 "-" "Mozilla/5.0 AppleWebKit/537.36 (KHTML, like Gecko; compatible; ClaudeBot/1.0; +claudebot@anthropic.com)"
216.73.216.125 - - [29/Jul/2026:07:40:54 +0200] "GET /xmlrpc.php?lokasie=%2Fvar%2Fwww%2Fvhosts%2Fstore-bors.dk%2Flscache%2F7%2Fb%2Fc%2F7bc7a131f1f26501&loknya=%2Fvar%2Fwww%2Fvhosts%2Fstore-bors.dk%2Flscache%2F7%2Fb%2Fc HTTP/2" 200 25844 "-" "Mozilla/5.0 AppleWebKit/537.36 (KHTML, like Gecko; compatible; ClaudeBot/1.0; +claudebot@anthropic.com)"
74.7.243.235 - - [29/Jul/2026:07:40:54 +0200] "GET /?lokasie=/var/www/vhosts/store-bors.dk/lscache/b/b/e/bbec1c6cdc538bcc&loknya=/var/www/vhosts/store-bors.dk/lscache/b/b/e HTTP/2" 200 25794 "https://www.store-bors.dk/?loknya=/var/www/vhosts/store-bors.dk/lscache/b/b/e" "Mozilla/5.0 AppleWebKit/537.36 (KHTML, like Gecko; compatible; GPTBot/1.4; +https://openai.com/gptbot)"
216.73.216.125 - - [29/Jul/2026:07:40:55 +0200] "GET /xmlrpc.php?lokasie=%2Fvar%2Fwww%2Fvhosts%2Fstore-bors.dk%2Flscache%2Fc%2Fb%2F9%2Fcb90b8a0569ab26c&loknya=%2Fvar%2Fwww%2Fvhosts%2Fstore-bors.dk%2Flscache%2Fc%2Fb%2F9 HTTP/2" 200 17518 "-" "Mozilla/5.0 AppleWebKit/537.36 (KHTML, like Gecko; compatible; ClaudeBot/1.0; +claudebot@anthropic.com)"
216.73.216.125 - - [29/Jul/2026:07:40:56 +0200] "GET /xmlrpc.php?lokasie=%2Fvar%2Fwww%2Fvhosts%2Fstore-bors.dk%2Fhttpdocs%2Fwp-includes%2Fimages%2Fsmilies%2Ficon_neutral.gif&loknya=%2Fvar%2Fwww%2Fvhosts%2Fstore-bors.dk%2Fhttpdocs%2Fwp-includes%2Fimages%2Fsmilies HTTP/2" 200 1754 "-" "Mozilla/5.0 AppleWebKit/537.36 (KHTML, like Gecko; compatible; ClaudeBot/1.0; +claudebot@anthropic.com)"
216.73.216.125 - - [29/Jul/2026:07:40:56 +0200] "GET /xmlrpc.php?lokasie=%2Fvar%2Fwww%2Fvhosts%2Fstore-bors.dk%2Flscache%2Fc%2Fb%2F9%2Fcb93af79771b2013&loknya=%2Fvar%2Fwww%2Fvhosts%2Fstore-bors.dk%2Flscache%2Fc%2Fb%2F9 HTTP/2" 200 25853 "-" "Mozilla/5.0 AppleWebKit/537.36 (KHTML, like Gecko; compatible; ClaudeBot/1.0; +claudebot@anthropic.com)"
74.7.227.174 - - [29/Jul/2026:07:40:56 +0200] "GET /index.php?loknya=/var/www/vhosts/store-bors.dk/./././././lscache/c/1/6 HTTP/2" 200 2085 "https://store-bors.dk/index.php?loknya=/var/www/vhosts/store-bors.dk/./././././lscache/c/1" "Mozilla/5.0 AppleWebKit/537.36 (KHTML, like Gecko; compatible; GPTBot/1.4; +https://openai.com/gptbot)"
216.73.216.125 - - [29/Jul/2026:07:40:57 +0200] "GET /xmlrpc.php?lokasie=%2Fvar%2Fwww%2Fvhosts%2Fstore-bors.dk%2Fhttpdocs%2Fwp-includes%2Fimages%2Fsmilies%2Ficon_redface.gif&loknya=%2Fvar%2Fwww%2Fvhosts%2Fstore-bors.dk%2Fhttpdocs%2Fwp-includes%2Fimages%2Fsmilies HTTP/2" 200 2181 "-" "Mozilla/5.0 AppleWebKit/537.36 (KHTML, like Gecko; compatible; ClaudeBot/1.0; +claudebot@anthropic.com)"
74.7.243.235 - - [29/Jul/2026:07:40:56 +0200] "GET /?loknya=/var/www/vhosts/stor-bors.dk/lscach/b/b/ HTTP/2" 200 1768 "https://www.store-bors.dk/?loknya=/var/www/vhosts/store-bors.dk/lscache/b/b/e" "Mozilla/5.0 AppleWebKit/537.36 (KHTML, like Gecko; compatible; GPTBot/1.4; +https://openai.com/gptbot)"
216.73.216.125 - - [29/Jul/2026:07:40:57 +0200] "GET /xmlrpc.php?lokasie=%2Fvar%2Fwww%2Fvhosts%2Fstore-bors.dk%2Fhttpdocs%2Fwp-includes%2Fimages%2Fsmilies%2Ficon_surprised.gif&loknya=%2Fvar%2Fwww%2Fvhosts%2Fstore-bors.dk%2Fhttpdocs%2Fwp-includes%2Fimages%2Fsmilies HTTP/2" 200 1771 "-" "Mozilla/5.0 AppleWebKit/537.36 (KHTML, like Gecko; compatible; ClaudeBot/1.0; +claudebot@anthropic.com)"
216.73.216.125 - - [29/Jul/2026:07:40:57 +0200] "GET /xmlrpc.php?lokasie=%2Fvar%2Fwww%2Fvhosts%2Fstore-bors.dk%2Fhttpdocs%2Fwp-includes%2Fimages%2Fsmilies%2Frolleyes.png&loknya=%2Fvar%2Fwww%2Fvhosts%2Fstore-bors.dk%2Fhttpdocs%2Fwp-includes%2Fimages%2Fsmilies HTTP/2" 200 2693 "-" "Mozilla/5.0 AppleWebKit/537.36 (KHTML, like Gecko; compatible; ClaudeBot/1.0; +claudebot@anthropic.com)"
216.73.216.125 - - [29/Jul/2026:07:40:57 +0200] "GET /xmlrpc.php?lokasie=%2Fvar%2Fwww%2Fvhosts%2Fstore-bors.dk%2Fhttpdocs%2Fwp-includes%2Fimages%2Fsmilies%2Ficon_eek.gif&loknya=%2Fvar%2Fwww%2Fvhosts%2Fstore-bors.dk%2Fhttpdocs%2Fwp-includes%2Fimages%2Fsmilies HTTP/2" 200 1762 "-" "Mozilla/5.0 AppleWebKit/537.36 (KHTML, like Gecko; compatible; ClaudeBot/1.0; +claudebot@anthropic.com)"
74.7.227.174 - - [29/Jul/2026:07:40:57 +0200] "GET /index.php?loknya=/var/www/vhosts/store-bors.dk/./././././lscache/6/d/8 HTTP/2" 200 2048 "https://store-bors.dk/index.php?loknya=/var/www/vhosts/store-bors.dk/./././././lscache/6/d" "Mozilla/5.0 AppleWebKit/537.36 (KHTML, like Gecko; compatible; GPTBot/1.4; +https://openai.com/gptbot)"
74.7.243.235 - - [29/Jul/2026:07:40:57 +0200] "GET /?loknya=/var/www/vhosts/store-bors.k/lscache/b/b/ HTTP/2" 200 1770 "https://www.store-bors.dk/?loknya=/var/www/vhosts/store-bors.dk/lscache/b/b/d" "Mozilla/5.0 AppleWebKit/537.36 (KHTML, like Gecko; compatible; GPTBot/1.4; +https://openai.com/gptbot)"
216.73.216.125 - - [29/Jul/2026:07:40:57 +0200] "GET /xmlrpc.php?lokasie=%2Fvar%2Fwww%2Fvhosts%2Fstore-bors.dk%2Flscache%2Fc%2Fb%2Fe%2Fcbe7d490acca01f3&loknya=%2Fvar%2Fwww%2Fvhosts%2Fstore-bors.dk%2Flscache%2Fc%2Fb%2Fe HTTP/2" 200 25840 "-" "Mozilla/5.0 AppleWebKit/537.36 (KHTML, like Gecko; compatible; ClaudeBot/1.0; +claudebot@anthropic.com)"
216.73.216.125 - - [29/Jul/2026:07:40:58 +0200] "GET /xmlrpc.php?lokasie=%2Fvar%2Fwww%2Fvhosts%2Fstore-bors.dk%2Flscache%2F6%2Fa%2F3%2F6a3f6464aa2e2e24&loknya=%2Fvar%2Fwww%2Fvhosts%2Fstore-bors.dk%2Flscache%2F6%2Fa%2F3 HTTP/2" 200 25836 "-" "Mozilla/5.0 AppleWebKit/537.36 (KHTML, like Gecko; compatible; ClaudeBot/1.0; +claudebot@anthropic.com)"
216.73.216.125 - - [29/Jul/2026:07:40:58 +0200] "GET /xmlrpc.php?lokasie=%2Fvar%2Fwww%2Fvhosts%2Fstore-bors.dk%2Flscache%2F3%2Fb%2F7%2F3b7e35376da3b3b1&loknya=%2Fvar%2Fwww%2Fvhosts%2Fstore-bors.dk%2Flscache%2F3%2Fb%2F7 HTTP/2" 200 19621 "-" "Mozilla/5.0 AppleWebKit/537.36 (KHTML, like Gecko; compatible; ClaudeBot/1.0; +claudebot@anthropic.com)"
216.73.216.125 - - [29/Jul/2026:07:40:58 +0200] "GET /xmlrpc.php?lokasie=%2Fvar%2Fwww%2Fvhosts%2Fstore-bors.dk%2Fhttpdocs%2Fwp-includes%2Fimages%2Fsmilies%2Ficon_twisted.gif&loknya=%2Fvar%2Fwww%2Fvhosts%2Fstore-bors.dk%2Fhttpdocs%2Fwp-includes%2Fimages%2Fsmilies HTTP/2" 200 1791 "-" "Mozilla/5.0 AppleWebKit/537.36 (KHTML, like Gecko; compatible; ClaudeBot/1.0; +claudebot@anthropic.com)"
74.7.227.174 - - [29/Jul/2026:07:40:58 +0200] "GET /index.php?loknya=/var/www/vhosts/store-bors.dk/./././././lscache/c/5/3 HTTP/2" 200 1984 "https://store-bors.dk/index.php?loknya=/var/www/vhosts/store-bors.dk/./././././lscache/c/5" "Mozilla/5.0 AppleWebKit/537.36 (KHTML, like Gecko; compatible; GPTBot/1.4; +https://openai.com/gptbot)"
74.7.243.235 - - [29/Jul/2026:07:40:58 +0200] "GET /?loknya=/var/www/vhosts/store-bors.dk/lscache/e/f/0 HTTP/2" 200 1973 "https://www.store-bors.dk/?loknya=/var/www/vhosts/store-bors.dk/lscache/e/f" "Mozilla/5.0 AppleWebKit/537.36 (KHTML, like Gecko; compatible; GPTBot/1.4; +https://openai.com/gptbot)"
216.73.216.125 - - [29/Jul/2026:07:40:58 +0200] "GET /xmlrpc.php?lokasie=%2Fvar%2Fwww%2Fvhosts%2Fstore-bors.dk%2Flscache%2F7%2Fb%2F8%2F7b86a54dfecc62e7&loknya=%2Fvar%2Fwww%2Fvhosts%2Fstore-bors.dk%2Flscache%2F7%2Fb%2F8 HTTP/2" 200 1841 "-" "Mozilla/5.0 AppleWebKit/537.36 (KHTML, like Gecko; compatible; ClaudeBot/1.0; +claudebot@anthropic.com)"
216.73.216.125 - - [29/Jul/2026:07:40:58 +0200] "GET /xmlrpc.php?lokasie=%2Fvar%2Fwww%2Fvhosts%2Fstore-bors.dk%2Flscache%2F6%2Fb%2Fc%2F6bcb5b6d7ed0ac57&loknya=%2Fvar%2Fwww%2Fvhosts%2Fstore-bors.dk%2Flscache%2F6%2Fb%2Fc HTTP/2" 200 25762 "-" "Mozilla/5.0 AppleWebKit/537.36 (KHTML, like Gecko; compatible; ClaudeBot/1.0; +claudebot@anthropic.com)"
74.7.227.174 - - [29/Jul/2026:07:40:58 +0200] "GET /index.php?loknya=/var/www/vhosts/store-bors.dk/./././././lscache/4/a/5 HTTP/2" 200 2031 "https://store-bors.dk/index.php?loknya=/var/www/vhosts/store-bors.dk/./././././lscache/4/a" "Mozilla/5.0 AppleWebKit/537.36 (KHTML, like Gecko; compatible; GPTBot/1.4; +https://openai.com/gptbot)"
74.7.243.235 - - [29/Jul/2026:07:40:58 +0200] "GET /?loknya=/var/www/vhosts/store-bors.dk/lscache/f/e/0 HTTP/2" 200 1973 "https://www.store-bors.dk/?loknya=/var/www/vhosts/store-bors.dk/lscache/f/e" "Mozilla/5.0 AppleWebKit/537.36 (KHTML, like Gecko; compatible; GPTBot/1.4; +https://openai.com/gptbot)"
216.73.216.125 - - [29/Jul/2026:07:40:59 +0200] "GET /xmlrpc.php?lokasie=%2Fvar%2Fwww%2Fvhosts%2Fstore-bors.dk%2Flscache%2F6%2Fb%2F0%2F6b0ffdd40dc297f2&loknya=%2Fvar%2Fwww%2Fvhosts%2Fstore-bors.dk%2Flscache%2F6%2Fb%2F0 HTTP/2" 200 19608 "-" "Mozilla/5.0 AppleWebKit/537.36 (KHTML, like Gecko; compatible; ClaudeBot/1.0; +claudebot@anthropic.com)"
216.73.216.125 - - [29/Jul/2026:07:40:59 +0200] "GET /xmlrpc.php?lokasie=%2Fvar%2Fwww%2Fvhosts%2Fstore-bors.dk%2Flscache%2F9%2Fb%2F5%2F9b57e54e9d4dfab5&loknya=%2Fvar%2Fwww%2Fvhosts%2Fstore-bors.dk%2Flscache%2F9%2Fb%2F5 HTTP/2" 200 19627 "-" "Mozilla/5.0 AppleWebKit/537.36 (KHTML, like Gecko; compatible; ClaudeBot/1.0; +claudebot@anthropic.com)"
216.73.216.125 - - [29/Jul/2026:07:40:59 +0200] "GET /xmlrpc.php?lokasie=%2Fvar%2Fwww%2Fvhosts%2Fstore-bors.dk%2Flscache%2F3%2Fa%2Fc%2F3ac6a7cbbcb7f58e&loknya=%2Fvar%2Fwww%2Fvhosts%2Fstore-bors.dk%2Flscache%2F3%2Fa%2Fc HTTP/2" 200 19692 "-" "Mozilla/5.0 AppleWebKit/537.36 (KHTML, like Gecko; compatible; ClaudeBot/1.0; +claudebot@anthropic.com)"
74.7.227.174 - - [29/Jul/2026:07:40:59 +0200] "GET /index.php?loknya=/var/www/vhosts/store-bors.dk/./././././lscache/c/1/5 HTTP/2" 200 2047 "https://store-bors.dk/index.php?loknya=/var/www/vhosts/store-bors.dk/./././././lscache/c/1" "Mozilla/5.0 AppleWebKit/537.36 (KHTML, like Gecko; compatible; GPTBot/1.4; +https://openai.com/gptbot)"
74.7.243.235 - - [29/Jul/2026:07:40:59 +0200] "GET /?loknya=/var/www/vhosts/store-bors.dk/lscache/f/e/4 HTTP/2" 200 2081 "https://www.store-bors.dk/?loknya=/var/www/vhosts/store-bors.dk/lscache/f/e" "Mozilla/5.0 AppleWebKit/537.36 (KHTML, like Gecko; compatible; GPTBot/1.4; +https://openai.com/gptbot)"
216.73.216.125 - - [29/Jul/2026:07:40:59 +0200] "GET /xmlrpc.php?lokasie=%2Fvar%2Fwww%2Fvhosts%2Fstore-bors.dk%2Flscache%2F7%2Fb%2F0%2F7b0e2c037f7ee31b&loknya=%2Fvar%2Fwww%2Fvhosts%2Fstore-bors.dk%2Flscache%2F7%2Fb%2F0 HTTP/2" 200 19705 "-" "Mozilla/5.0 AppleWebKit/537.36 (KHTML, like Gecko; compatible; ClaudeBot/1.0; +claudebot@anthropic.com)"
216.73.216.125 - - [29/Jul/2026:07:41:00 +0200] "GET /xmlrpc.php?lokasie=%2Fvar%2Fwww%2Fvhosts%2Fstore-bors.dk%2Fhttpdocs%2Fwp-includes%2Fimages%2Fsmilies%2Ficon_cry.gif&loknya=%2Fvar%2Fwww%2Fvhosts%2Fstore-bors.dk%2Fhttpdocs%2Fwp-includes%2Fimages%2Fsmilies HTTP/2" 200 1884 "-" "Mozilla/5.0 AppleWebKit/537.36 (KHTML, like Gecko; compatible; ClaudeBot/1.0; +claudebot@anthropic.com)"
