216.73.216.125 - - [29/Jul/2026:07:43:15 +0200] "GET /?lokasie=%2Fvar%2Fwww%2Fvhosts%2Fstore-bors.dk%2F.%2Fhttpdocs%2Fwp-includes%2Fcss%2Fdist%2Fedit-post%2Fstyle-rtl.min.css&loknya=%2Fvar%2Fwww%2Fvhosts%2Fstore-bors.dk%2F.%2Fhttpdocs%2Fwp-includes%2Fcss%2Fdist%2Fedit-post HTTP/2" 200 4827 "-" "Mozilla/5.0 AppleWebKit/537.36 (KHTML, like Gecko; compatible; ClaudeBot/1.0; +claudebot@anthropic.com)"
185.21.40.28 - - [29/Jul/2026:07:41:14 +0200] "GET /wp-includes/SimplePie/library/SimplePie/Net/Net/index.php?ARRAY=7o2230223n313738353330373237342p2231223n22687474703n5p2s5p2s7n733936377631332r6p6172676572732r636p69636o5p2s3s6p633q7068705s636s64655s6n6326743q313738353330333637342q3231623265653534306330613063303931646261333563313761366234336164222p2232223n223035353065336239323162373134656535373262646164306539663230643661222p2233223n223739356665343238326538306539353539353835323737623233313331633532222p226175746s5s66696p655s6r616q65223n6r756p6p2p226175746s5s70617373223n6r756p6p2p2262696r675s70617373223n2231342q34382q35392q36342q37342q38362q3131227q HTTP/1.1" 500 567 "-" "-"
216.73.216.125 - - [29/Jul/2026:07:43:15 +0200] "GET /?lokasie=%2Fvar%2Fwww%2Fvhosts%2Fstore-bors.dk%2F.%2Fhttpdocs%2Fwp-admin%2F%2Fadmin-post.php&loknya=%2Fvar%2Fwww%2Fvhosts%2Fstore-bors.dk%2F.%2Fhttpdocs%2Fwp-admin%2F HTTP/2" 200 2263 "-" "Mozilla/5.0 AppleWebKit/537.36 (KHTML, like Gecko; compatible; ClaudeBot/1.0; +claudebot@anthropic.com)"
216.73.216.125 - - [29/Jul/2026:07:43:15 +0200] "GET /?lokasie=%2Fvar%2Fwww%2Fvhosts%2Fstore-bors.dk%2F.%2Fhttpdocs%2Fwp-includes%2F%2Fclass-wp-theme-json-resolver.php&loknya=%2Fvar%2Fwww%2Fvhosts%2Fstore-bors.dk%2F.%2Fhttpdocs%2Fwp-includes%2F HTTP/2" 200 10644 "-" "Mozilla/5.0 AppleWebKit/537.36 (KHTML, like Gecko; compatible; ClaudeBot/1.0; +claudebot@anthropic.com)"
74.7.243.235 - - [29/Jul/2026:07:43:15 +0200] "GET /?lokasie=/var/www/vhosts/store-bors.dk/lscache/7/0/c/70c5bd3dc5524d21&loknya=/var/www/vhosts/store-bors.dk/lscache/7/0/c HTTP/2" 200 25795 "https://www.store-bors.dk/?loknya=/var/www/vhosts/store-bors.dk/lscache/7/0/c" "Mozilla/5.0 AppleWebKit/537.36 (KHTML, like Gecko; compatible; GPTBot/1.4; +https://openai.com/gptbot)"
74.7.227.174 - - [29/Jul/2026:07:43:16 +0200] "GET /index.php?lokasie=/var/www/vhosts/store-bors.dk/./././././lscache/b/1/2/b12aec3687a49979&loknya=/var/www/vhosts/store-bors.dk/./././././lscache/b/1/2 HTTP/2" 200 21901 "https://store-bors.dk/index.php?loknya=/var/www/vhosts/store-bors.dk/./././././lscache/b/1/2" "Mozilla/5.0 AppleWebKit/537.36 (KHTML, like Gecko; compatible; GPTBot/1.4; +https://openai.com/gptbot)"
216.73.216.125 - - [29/Jul/2026:07:43:16 +0200] "GET /?lokasie=%2Fvar%2Fwww%2Fvhosts%2Fstore-bors.dk%2F.%2Fhttpdocs%2Fwp-includes%2F%2Fclass-wp-block-parser-frame.php&loknya=%2Fvar%2Fwww%2Fvhosts%2Fstore-bors.dk%2F.%2Fhttpdocs%2Fwp-includes%2F HTTP/2" 200 2093 "-" "Mozilla/5.0 AppleWebKit/537.36 (KHTML, like Gecko; compatible; ClaudeBot/1.0; +claudebot@anthropic.com)"
57.141.0.70 - - [29/Jul/2026:07:43:16 +0200] "GET /post-sitemap.xml?lokasie=/var/www/vhosts/store-bors.dk/httpdocs/wp-admin//widgets-form-blocks.php&loknya=/var/www/vhosts/store-bors.dk/httpdocs/wp-admin/ HTTP/2" 200 3741 "-" "Mozilla/5.0 (Windows NT 10.0; Win64; x64) AppleWebKit/537.36 (KHTML, like Gecko) Chrome/145.0.0.0 Safari/537.36 (compatible; meta-externalagent/1.1 (+https://developers.facebook.com/docs/sharing/webmasters/crawler))"
216.73.216.125 - - [29/Jul/2026:07:43:16 +0200] "GET /?loknya=%2Fvar%2Fwww%2Fvhosts%2Fstore-bors.dk%2F.%2Fhttpdocs%2Fwp-includes%2Fjs%2Fdist%2Fvendor HTTP/2" 200 3032 "-" "Mozilla/5.0 AppleWebKit/537.36 (KHTML, like Gecko; compatible; ClaudeBot/1.0; +claudebot@anthropic.com)"
74.7.243.235 - - [29/Jul/2026:07:43:16 +0200] "GET /?lokasie=/var/www/vhosts/store-bors.dk/lscache/b/e/4/be4435395f3bd956&loknya=/var/www/vhosts/store-bors.dk/lscache/b/e/4 HTTP/2" 200 22206 "https://www.store-bors.dk/?loknya=/var/www/vhosts/store-bors.dk/lscache/b/e/4" "Mozilla/5.0 AppleWebKit/537.36 (KHTML, like Gecko; compatible; GPTBot/1.4; +https://openai.com/gptbot)"
216.73.216.125 - - [29/Jul/2026:07:43:16 +0200] "GET /?loknya=%2Fvar%2Fwww%2Fvhosts%2Fstore-bors.dk%2F.%2Fhttpdocs%2Fwp-content%2Fuploads%2F2019%2F05 HTTP/2" 200 1823 "-" "Mozilla/5.0 AppleWebKit/537.36 (KHTML, like Gecko; compatible; ClaudeBot/1.0; +claudebot@anthropic.com)"
216.73.216.125 - - [29/Jul/2026:07:43:16 +0200] "GET /?lokasie=%2Fvar%2Fwww%2Fvhosts%2Fstore-bors.dk%2F.%2Fhttpdocs%2Fwp-includes%2F%2Fclass-wp-navigation-fallback.php&loknya=%2Fvar%2Fwww%2Fvhosts%2Fstore-bors.dk%2F.%2Fhttpdocs%2Fwp-includes%2F HTTP/2" 200 3913 "-" "Mozilla/5.0 AppleWebKit/537.36 (KHTML, like Gecko; compatible; ClaudeBot/1.0; +claudebot@anthropic.com)"
74.7.227.174 - - [29/Jul/2026:07:43:16 +0200] "GET /index.php?lokasie=/var/www/vhosts/store-bors.dk/./././././lscache/b/1/2/b1228da6532d867f&loknya=/var/www/vhosts/store-bors.dk/./././././lscache/b/1/2 HTTP/2" 200 19698 "https://store-bors.dk/index.php?loknya=/var/www/vhosts/store-bors.dk/./././././lscache/b/1/2" "Mozilla/5.0 AppleWebKit/537.36 (KHTML, like Gecko; compatible; GPTBot/1.4; +https://openai.com/gptbot)"
216.73.216.125 - - [29/Jul/2026:07:43:17 +0200] "GET /?lokasie=%2Fvar%2Fwww%2Fvhosts%2Fstore-bors.dk%2F.%2Fhttpdocs%2Fwp-admin%2Fcss%2F%2Fabout.css&loknya=%2Fvar%2Fwww%2Fvhosts%2Fstore-bors.dk%2F.%2Fhttpdocs%2Fwp-admin%2Fcss%2F HTTP/2" 200 8952 "-" "Mozilla/5.0 AppleWebKit/537.36 (KHTML, like Gecko; compatible; ClaudeBot/1.0; +claudebot@anthropic.com)"
216.73.216.125 - - [29/Jul/2026:07:43:17 +0200] "GET /?lokasie=%2Fvar%2Fwww%2Fvhosts%2Fstore-bors.dk%2F.%2Fhttpdocs%2Fwp-includes%2Fblocks%2Fpullquote%2Fblock.json&loknya=%2Fvar%2Fwww%2Fvhosts%2Fstore-bors.dk%2F.%2Fhttpdocs%2Fwp-includes%2Fblocks%2Fpullquote HTTP/2" 200 2180 "-" "Mozilla/5.0 AppleWebKit/537.36 (KHTML, like Gecko; compatible; ClaudeBot/1.0; +claudebot@anthropic.com)"
74.7.243.235 - - [29/Jul/2026:07:43:17 +0200] "GET /?lokasie=/var/www/vhosts/store-bors.dk/lscache/8/e/9/8e9992f0bf2c048f&loknya=/var/www/vhosts/store-bors.dk/lscache/8/e/9 HTTP/2" 200 19626 "https://www.store-bors.dk/?loknya=/var/www/vhosts/store-bors.dk/lscache/8/e/9" "Mozilla/5.0 AppleWebKit/537.36 (KHTML, like Gecko; compatible; GPTBot/1.4; +https://openai.com/gptbot)"
216.73.216.125 - - [29/Jul/2026:07:43:17 +0200] "GET /?lokasie=%2Fvar%2Fwww%2Fvhosts%2Fstore-bors.dk%2F.%2Fhttpdocs%2Fwp-includes%2Fblocks%2Fseparator%2Feditor.css&loknya=%2Fvar%2Fwww%2Fvhosts%2Fstore-bors.dk%2F.%2Fhttpdocs%2Fwp-includes%2Fblocks%2Fseparator HTTP/2" 200 1611 "-" "Mozilla/5.0 AppleWebKit/537.36 (KHTML, like Gecko; compatible; ClaudeBot/1.0; +claudebot@anthropic.com)"
74.7.227.174 - - [29/Jul/2026:07:43:17 +0200] "GET /index.php?loknya=/var/www/vhosts/store-bors.dk/./././././lscache/0/b/ HTTP/2" 200 2153 "https://store-bors.dk/index.php?loknya=/var/www/vhosts/store-bors.dk/./././././lscache/0/b/2" "Mozilla/5.0 AppleWebKit/537.36 (KHTML, like Gecko; compatible; GPTBot/1.4; +https://openai.com/gptbot)"
216.73.216.125 - - [29/Jul/2026:07:43:17 +0200] "GET /?lokasie=%2Fvar%2Fwww%2Fvhosts%2Fstore-bors.dk%2F.%2Fhttpdocs%2Fwp-includes%2Fblocks%2Fpullquote%2Feditor-rtl.min.css&loknya=%2Fvar%2Fwww%2Fvhosts%2Fstore-bors.dk%2F.%2Fhttpdocs%2Fwp-includes%2Fblocks%2Fpullquote HTTP/2" 200 1632 "-" "Mozilla/5.0 AppleWebKit/537.36 (KHTML, like Gecko; compatible; ClaudeBot/1.0; +claudebot@anthropic.com)"
216.73.216.125 - - [29/Jul/2026:07:43:17 +0200] "GET /?lokasie=%2Fvar%2Fwww%2Fvhosts%2Fstore-bors.dk%2F.%2Fhttpdocs%2Fwp-includes%2Fcss%2F%2Fcustomize-preview.min.css&loknya=%2Fvar%2Fwww%2Fvhosts%2Fstore-bors.dk%2F.%2Fhttpdocs%2Fwp-includes%2Fcss%2F HTTP/2" 200 2294 "-" "Mozilla/5.0 AppleWebKit/537.36 (KHTML, like Gecko; compatible; ClaudeBot/1.0; +claudebot@anthropic.com)"
57.141.0.14 - - [29/Jul/2026:07:43:18 +0200] "GET /category-sitemap.xml?lokasie=/var/www/vhosts/store-bors.dk/lscache/5/6/5/5655fcdb5366fa7d&loknya=/var/www/vhosts/store-bors.dk/lscache/5/6/5 HTTP/2" 200 24362 "-" "Mozilla/5.0 (Windows NT 10.0; Win64; x64) AppleWebKit/537.36 (KHTML, like Gecko) Chrome/145.0.0.0 Safari/537.36 (compatible; meta-externalagent/1.1 (+https://developers.facebook.com/docs/sharing/webmasters/crawler))"
216.73.216.125 - - [29/Jul/2026:07:43:18 +0200] "GET /?loknya=%2Fvar%2Fwww%2Fvhosts%2Fstore-bors.dk%2F.%2Fhttpdocs%2Fwp-content%2Fplugins%2Ffileorganizer%2Fmanager%2Fthemes%2F HTTP/2" 200 2112 "-" "Mozilla/5.0 AppleWebKit/537.36 (KHTML, like Gecko; compatible; ClaudeBot/1.0; +claudebot@anthropic.com)"
57.141.0.64 - - [29/Jul/2026:07:43:18 +0200] "GET /?o=25424462 HTTP/2" 200 4425 "-" "Mozilla/5.0 (Windows NT 10.0; Win64; x64) AppleWebKit/537.36 (KHTML, like Gecko) Chrome/145.0.0.0 Safari/537.36 (compatible; meta-externalagent/1.1 (+https://developers.facebook.com/docs/sharing/webmasters/crawler))"
74.7.227.174 - - [29/Jul/2026:07:43:18 +0200] "GET /index.php?loknya=/var/www/vhosts/store-bors.dk/./././././lscache/b/1/ HTTP/2" 200 2120 "https://store-bors.dk/index.php?loknya=/var/www/vhosts/store-bors.dk/./././././lscache/b/1/2" "Mozilla/5.0 AppleWebKit/537.36 (KHTML, like Gecko; compatible; GPTBot/1.4; +https://openai.com/gptbot)"
216.73.216.125 - - [29/Jul/2026:07:43:18 +0200] "GET /?lokasie=%2Fvar%2Fwww%2Fvhosts%2Fstore-bors.dk%2F.%2Fhttpdocs%2Fwp-admin%2Fcss%2F%2Fcommon-rtl.css&loknya=%2Fvar%2Fwww%2Fvhosts%2Fstore-bors.dk%2F.%2Fhttpdocs%2Fwp-admin%2Fcss%2F HTTP/2" 200 19292 "-" "Mozilla/5.0 AppleWebKit/537.36 (KHTML, like Gecko; compatible; ClaudeBot/1.0; +claudebot@anthropic.com)"
74.7.243.235 - - [29/Jul/2026:07:43:18 +0200] "GET /?lokasie=/var/www/vhosts/store-bors.dk/lscache/0/b/8/0b8440a0f876eaf1&loknya=/var/www/vhosts/store-bors.dk/lscache/0/b/8 HTTP/2" 200 25792 "https://www.store-bors.dk/?loknya=/var/www/vhosts/store-bors.dk/lscache/0/b/8" "Mozilla/5.0 AppleWebKit/537.36 (KHTML, like Gecko; compatible; GPTBot/1.4; +https://openai.com/gptbot)"
216.73.216.125 - - [29/Jul/2026:07:43:18 +0200] "GET /?lokasie=%2Fvar%2Fwww%2Fvhosts%2Fstore-bors.dk%2F.%2Fhttpdocs%2Fwp-admin%2Fcss%2F%2Fdashboard.css&loknya=%2Fvar%2Fwww%2Fvhosts%2Fstore-bors.dk%2F.%2Fhttpdocs%2Fwp-admin%2Fcss%2F HTTP/2" 200 8442 "-" "Mozilla/5.0 AppleWebKit/537.36 (KHTML, like Gecko; compatible; ClaudeBot/1.0; +claudebot@anthropic.com)"
216.73.216.125 - - [29/Jul/2026:07:43:18 +0200] "GET /?lokasie=%2Fvar%2Fwww%2Fvhosts%2Fstore-bors.dk%2F.%2Fhttpdocs%2Fwp-includes%2F%2Fclass-wp-block-parser.php&loknya=%2Fvar%2Fwww%2Fvhosts%2Fstore-bors.dk%2F.%2Fhttpdocs%2Fwp-includes%2F HTTP/2" 200 5080 "-" "Mozilla/5.0 AppleWebKit/537.36 (KHTML, like Gecko; compatible; ClaudeBot/1.0; +claudebot@anthropic.com)"
74.7.227.174 - - [29/Jul/2026:07:43:18 +0200] "GET /index.php?lokasie=/var/www/vhosts/store-bors.dk/./././././lscache/b/1/5/b156d4bed97d4d3b&loknya=/var/www/vhosts/store-bors.dk/./././././lscache/b/1/5 HTTP/2" 200 20487 "https://store-bors.dk/index.php?loknya=/var/www/vhosts/store-bors.dk/./././././lscache/b/1/5" "Mozilla/5.0 AppleWebKit/537.36 (KHTML, like Gecko; compatible; GPTBot/1.4; +https://openai.com/gptbot)"
216.73.216.125 - - [29/Jul/2026:07:43:19 +0200] "GET /?lokasie=%2Fvar%2Fwww%2Fvhosts%2Fstore-bors.dk%2F.%2Fhttpdocs%2Fwp-includes%2Fcss%2F%2Fcustomize-preview-rtl.css&loknya=%2Fvar%2Fwww%2Fvhosts%2Fstore-bors.dk%2F.%2Fhttpdocs%2Fwp-includes%2Fcss%2F HTTP/2" 200 2577 "-" "Mozilla/5.0 AppleWebKit/537.36 (KHTML, like Gecko; compatible; ClaudeBot/1.0; +claudebot@anthropic.com)"
74.7.243.235 - - [29/Jul/2026:07:43:19 +0200] "GET /?lokasie=/var/www/vhosts/store-bors.dk/lscache/7/3/d/73d55dde4c96111f&loknya=/var/www/vhosts/store-bors.dk/lscache/7/3/d HTTP/2" 200 24579 "https://www.store-bors.dk/?loknya=/var/www/vhosts/store-bors.dk/lscache/7/3/d" "Mozilla/5.0 AppleWebKit/537.36 (KHTML, like Gecko; compatible; GPTBot/1.4; +https://openai.com/gptbot)"
216.73.216.125 - - [29/Jul/2026:07:43:19 +0200] "GET /?lokasie=%2Fvar%2Fwww%2Fvhosts%2Fstore-bors.dk%2F.%2Fhttpdocs%2Fwp-includes%2Fblocks%2Fnavigation-submenu%2Feditor.css&loknya=%2Fvar%2Fwww%2Fvhosts%2Fstore-bors.dk%2F.%2Fhttpdocs%2Fwp-includes%2Fblocks%2Fnavigation-submenu HTTP/2" 200 1804 "-" "Mozilla/5.0 AppleWebKit/537.36 (KHTML, like Gecko; compatible; ClaudeBot/1.0; +claudebot@anthropic.com)"
216.73.216.125 - - [29/Jul/2026:07:43:19 +0200] "GET /?lokasie=%2Fvar%2Fwww%2Fvhosts%2Fstore-bors.dk%2F.%2Fhttpdocs%2Fwp-includes%2Fcss%2Fdist%2Fcomponents%2Fstyle.css&loknya=%2Fvar%2Fwww%2Fvhosts%2Fstore-bors.dk%2F.%2Fhttpdocs%2Fwp-includes%2Fcss%2Fdist%2Fcomponents HTTP/2" 200 17131 "-" "Mozilla/5.0 AppleWebKit/537.36 (KHTML, like Gecko; compatible; ClaudeBot/1.0; +claudebot@anthropic.com)"
74.7.243.235 - - [29/Jul/2026:07:43:20 +0200] "GET /?lokasie=/var/www/vhosts/store-bors.dk/lscache/1/8/a/18a2a55d9ff86ad8&loknya=/var/www/vhosts/store-bors.dk/lscache/1/8/a HTTP/2" 200 1837 "https://www.store-bors.dk/?loknya=/var/www/vhosts/store-bors.dk/lscache/1/8/a" "Mozilla/5.0 AppleWebKit/537.36 (KHTML, like Gecko; compatible; GPTBot/1.4; +https://openai.com/gptbot)"
216.73.216.125 - - [29/Jul/2026:07:43:20 +0200] "GET /?lokasie=%2Fvar%2Fwww%2Fvhosts%2Fstore-bors.dk%2F.%2Fhttpdocs%2Fwp-admin%2Fcss%2F%2Fadmin-menu-rtl.min.css&loknya=%2Fvar%2Fwww%2Fvhosts%2Fstore-bors.dk%2F.%2Fhttpdocs%2Fwp-admin%2Fcss%2F HTTP/2" 200 4478 "-" "Mozilla/5.0 AppleWebKit/537.36 (KHTML, like Gecko; compatible; ClaudeBot/1.0; +claudebot@anthropic.com)"
216.73.216.125 - - [29/Jul/2026:07:43:19 +0200] "GET /?lokasie=%2Fvar%2Fwww%2Fvhosts%2Fstore-bors.dk%2F.%2Fhttpdocs%2Fwp-includes%2Fblocks%2Fmissing%2Fblock.json&loknya=%2Fvar%2Fwww%2Fvhosts%2Fstore-bors.dk%2F.%2Fhttpdocs%2Fwp-includes%2Fblocks%2Fmissing HTTP/2" 200 1870 "-" "Mozilla/5.0 AppleWebKit/537.36 (KHTML, like Gecko; compatible; ClaudeBot/1.0; +claudebot@anthropic.com)"
74.7.227.174 - - [29/Jul/2026:07:43:19 +0200] "GET /index.php?lokasie=/var/www/vhosts/store-bors.dk/./././././lscache/0/b/5/0b53f26867ee9d05&loknya=/var/www/vhosts/store-bors.dk/./././././lscache/0/b/5 HTTP/2" 200 25858 "https://store-bors.dk/index.php?loknya=/var/www/vhosts/store-bors.dk/./././././lscache/0/b/5" "Mozilla/5.0 AppleWebKit/537.36 (KHTML, like Gecko; compatible; GPTBot/1.4; +https://openai.com/gptbot)"
216.73.216.125 - - [29/Jul/2026:07:43:20 +0200] "GET /?lokasie=%2Fvar%2Fwww%2Fvhosts%2Fstore-bors.dk%2F.%2Fhttpdocs%2Fwp-includes%2F%2Fclass-wp-error.php&loknya=%2Fvar%2Fwww%2Fvhosts%2Fstore-bors.dk%2F.%2Fhttpdocs%2Fwp-includes%2F HTTP/2" 200 3475 "-" "Mozilla/5.0 AppleWebKit/537.36 (KHTML, like Gecko; compatible; ClaudeBot/1.0; +claudebot@anthropic.com)"
216.73.216.125 - - [29/Jul/2026:07:43:20 +0200] "GET /?loknya=%2Fvar%2Fwww%2Fvhosts%2Fstore-bors.dk%2F.%2Fhttpdocs%2Fwp-content%2Fplugins%2Ffileorganizer%2Fmanager%2Fsounds%2F HTTP/2" 200 2114 "-" "Mozilla/5.0 AppleWebKit/537.36 (KHTML, like Gecko; compatible; ClaudeBot/1.0; +claudebot@anthropic.com)"
74.7.243.235 - - [29/Jul/2026:07:43:21 +0200] "GET /?lokasie=/var/www/vhosts/store-bors.dk/lscache/7/2/b/72bbbf42721f5b44&loknya=/var/www/vhosts/store-bors.dk/lscache/7/2/b HTTP/2" 200 19653 "https://www.store-bors.dk/?loknya=/var/www/vhosts/store-bors.dk/lscache/7/2/b" "Mozilla/5.0 AppleWebKit/537.36 (KHTML, like Gecko; compatible; GPTBot/1.4; +https://openai.com/gptbot)"
216.73.216.125 - - [29/Jul/2026:07:43:21 +0200] "GET /?lokasie=%2Fvar%2Fwww%2Fvhosts%2Fstore-bors.dk%2F.%2Fhttpdocs%2Fwp-includes%2Fsodium_compat%2Fsrc%2FCore%2FSipHash.php&loknya=%2Fvar%2Fwww%2Fvhosts%2Fstore-bors.dk%2F.%2Fhttpdocs%2Fwp-includes%2Fsodium_compat%2Fsrc%2FCore HTTP/2" 200 3594 "-" "Mozilla/5.0 AppleWebKit/537.36 (KHTML, like Gecko; compatible; ClaudeBot/1.0; +claudebot@anthropic.com)"
216.73.216.125 - - [29/Jul/2026:07:43:21 +0200] "GET /?lokasie=%2Fvar%2Fwww%2Fvhosts%2Fstore-bors.dk%2F.%2Fhttpdocs%2Fwp-includes%2Fcss%2Fdist%2Fedit-widgets%2Fstyle.min.css&loknya=%2Fvar%2Fwww%2Fvhosts%2Fstore-bors.dk%2F.%2Fhttpdocs%2Fwp-includes%2Fcss%2Fdist%2Fedit-widgets HTTP/2" 200 6164 "-" "Mozilla/5.0 AppleWebKit/537.36 (KHTML, like Gecko; compatible; ClaudeBot/1.0; +claudebot@anthropic.com)"
216.73.216.125 - - [29/Jul/2026:07:43:21 +0200] "GET /?lokasie=%2Fvar%2Fwww%2Fvhosts%2Fstore-bors.dk%2F.%2Fhttpdocs%2Fwp-admin%2Fcss%2F%2Fcommon.min.css&loknya=%2Fvar%2Fwww%2Fvhosts%2Fstore-bors.dk%2F.%2Fhttpdocs%2Fwp-admin%2Fcss%2F HTTP/2" 200 15236 "-" "Mozilla/5.0 AppleWebKit/537.36 (KHTML, like Gecko; compatible; ClaudeBot/1.0; +claudebot@anthropic.com)"
74.7.227.174 - - [29/Jul/2026:07:43:21 +0200] "GET /index.php?lokasie=/var/www/vhosts/store-bors.dk/./././././lscache/0/b/5/0b51aaf694071c41&loknya=/var/www/vhosts/store-bors.dk/./././././lscache/0/b/5 HTTP/2" 200 25848 "https://store-bors.dk/index.php?loknya=/var/www/vhosts/store-bors.dk/./././././lscache/0/b/5" "Mozilla/5.0 AppleWebKit/537.36 (KHTML, like Gecko; compatible; GPTBot/1.4; +https://openai.com/gptbot)"
216.73.216.125 - - [29/Jul/2026:07:43:21 +0200] "GET /?lokasie=%2Fvar%2Fwww%2Fvhosts%2Fstore-bors.dk%2F.%2Fhttpdocs%2Fwp-admin%2Fcss%2F%2Fedit-rtl.min.css&loknya=%2Fvar%2Fwww%2Fvhosts%2Fstore-bors.dk%2F.%2Fhttpdocs%2Fwp-admin%2Fcss%2F HTTP/2" 200 8782 "-" "Mozilla/5.0 AppleWebKit/537.36 (KHTML, like Gecko; compatible; ClaudeBot/1.0; +claudebot@anthropic.com)"
216.73.216.125 - - [29/Jul/2026:07:43:21 +0200] "GET /?lokasie=%2Fvar%2Fwww%2Fvhosts%2Fstore-bors.dk%2F.%2Fhttpdocs%2Fwp-includes%2Fcss%2F%2Fwp-embed-template.min.css&loknya=%2Fvar%2Fwww%2Fvhosts%2Fstore-bors.dk%2F.%2Fhttpdocs%2Fwp-includes%2Fcss%2F HTTP/2" 200 3401 "-" "Mozilla/5.0 AppleWebKit/537.36 (KHTML, like Gecko; compatible; ClaudeBot/1.0; +claudebot@anthropic.com)"
74.7.243.235 - - [29/Jul/2026:07:43:21 +0200] "GET /?lokasie=/var/www/vhosts/store-bors.dk/lscache/e/5/2/e522aef348f8c5e0&loknya=/var/www/vhosts/store-bors.dk/lscache/e/5/2 HTTP/2" 200 1820 "https://www.store-bors.dk/?loknya=/var/www/vhosts/store-bors.dk/lscache/e/5/2" "Mozilla/5.0 AppleWebKit/537.36 (KHTML, like Gecko; compatible; GPTBot/1.4; +https://openai.com/gptbot)"
216.73.216.125 - - [29/Jul/2026:07:43:22 +0200] "GET /?lokasie=%2Fvar%2Fwww%2Fvhosts%2Fstore-bors.dk%2F.%2Fhttpdocs%2Fwp-includes%2Fcss%2Fdist%2Fedit-widgets%2Fstyle-rtl.css&loknya=%2Fvar%2Fwww%2Fvhosts%2Fstore-bors.dk%2F.%2Fhttpdocs%2Fwp-includes%2Fcss%2Fdist%2Fedit-widgets HTTP/2" 200 6474 "-" "Mozilla/5.0 AppleWebKit/537.36 (KHTML, like Gecko; compatible; ClaudeBot/1.0; +claudebot@anthropic.com)"
74.7.227.174 - - [29/Jul/2026:07:43:22 +0200] "GET /index.php?lokasie=/var/www/vhosts/store-bors.dk/./././././lscache/0/b/5/0b58b507c45667fe&loknya=/var/www/vhosts/store-bors.dk/./././././lscache/0/b/5 HTTP/2" 200 1843 "https://store-bors.dk/index.php?loknya=/var/www/vhosts/store-bors.dk/./././././lscache/0/b/5" "Mozilla/5.0 AppleWebKit/537.36 (KHTML, like Gecko; compatible; GPTBot/1.4; +https://openai.com/gptbot)"
216.73.216.125 - - [29/Jul/2026:07:43:22 +0200] "GET /?lokasie=%2Fvar%2Fwww%2Fvhosts%2Fstore-bors.dk%2F.%2Fhttpdocs%2Fwp-admin%2Fcss%2F%2Fwp-admin-rtl.min.css&loknya=%2Fvar%2Fwww%2Fvhosts%2Fstore-bors.dk%2F.%2Fhttpdocs%2Fwp-admin%2Fcss%2F HTTP/2" 200 1670 "-" "Mozilla/5.0 AppleWebKit/537.36 (KHTML, like Gecko; compatible; ClaudeBot/1.0; +claudebot@anthropic.com)"
216.73.216.125 - - [29/Jul/2026:07:43:22 +0200] "GET /?lokasie=%2Fvar%2Fwww%2Fvhosts%2Fstore-bors.dk%2F.%2Fhttpdocs%2Fwp-admin%2Fcss%2F%2Fcustomize-controls.min.css&loknya=%2Fvar%2Fwww%2Fvhosts%2Fstore-bors.dk%2F.%2Fhttpdocs%2Fwp-admin%2Fcss%2F HTTP/2" 200 12542 "-" "Mozilla/5.0 AppleWebKit/537.36 (KHTML, like Gecko; compatible; ClaudeBot/1.0; +claudebot@anthropic.com)"
216.73.216.125 - - [29/Jul/2026:07:43:23 +0200] "GET /?lokasie=%2Fvar%2Fwww%2Fvhosts%2Fstore-bors.dk%2F.%2Fhttpdocs%2Fwp-admin%2Fcss%2F%2Fwidgets.min.css&loknya=%2Fvar%2Fwww%2Fvhosts%2Fstore-bors.dk%2F.%2Fhttpdocs%2Fwp-admin%2Fcss%2F HTTP/2" 200 4908 "-" "Mozilla/5.0 AppleWebKit/537.36 (KHTML, like Gecko; compatible; ClaudeBot/1.0; +claudebot@anthropic.com)"
216.73.216.125 - - [29/Jul/2026:07:43:23 +0200] "GET /?loknya=%2Fvar%2Fwww%2Fvhosts%2Fstore-bors.dk%2F.%2Fhttpdocs%2Fwp-content%2Fplugins%2Ffileorganizer%2Fmanager%2Ffiles%2F.trash HTTP/2" 200 2011 "-" "Mozilla/5.0 AppleWebKit/537.36 (KHTML, like Gecko; compatible; ClaudeBot/1.0; +claudebot@anthropic.com)"
74.7.243.235 - - [29/Jul/2026:07:43:23 +0200] "GET /?lokasie=/var/www/vhosts/store-bors.dk/lscache/d/9/5/d95e8426e4c50f1c&loknya=/var/www/vhosts/store-bors.dk/lscache/d/9/5 HTTP/2" 200 25828 "https://www.store-bors.dk/?loknya=/var/www/vhosts/store-bors.dk/lscache/d/9/5" "Mozilla/5.0 AppleWebKit/537.36 (KHTML, like Gecko; compatible; GPTBot/1.4; +https://openai.com/gptbot)"
74.7.227.174 - - [29/Jul/2026:07:43:23 +0200] "GET /index.php?lokasie=/var/www/vhosts/store-bors.dk/./././././lscache/b/1/3/b13841f098a74c41&loknya=/var/www/vhosts/store-bors.dk/./././././lscache/b/1/3 HTTP/2" 200 19721 "https://store-bors.dk/index.php?loknya=/var/www/vhosts/store-bors.dk/./././././lscache/b/1/3" "Mozilla/5.0 AppleWebKit/537.36 (KHTML, like Gecko; compatible; GPTBot/1.4; +https://openai.com/gptbot)"
216.73.216.125 - - [29/Jul/2026:07:43:24 +0200] "GET /?lokasie=%2Fvar%2Fwww%2Fvhosts%2Fstore-bors.dk%2F.%2Fhttpdocs%2Fwp-admin%2Fcss%2F%2Fcustomize-controls-rtl.css&loknya=%2Fvar%2Fwww%2Fvhosts%2Fstore-bors.dk%2F.%2Fhttpdocs%2Fwp-admin%2Fcss%2F HTTP/2" 200 15178 "-" "Mozilla/5.0 AppleWebKit/537.36 (KHTML, like Gecko; compatible; ClaudeBot/1.0; +claudebot@anthropic.com)"
216.73.216.125 - - [29/Jul/2026:07:43:24 +0200] "GET /?lokasie=%2Fvar%2Fwww%2Fvhosts%2Fstore-bors.dk%2F.%2Fhttpdocs%2Fwp-includes%2Fjs%2Fjquery%2Fui%2Feffect-explode.min.js&loknya=%2Fvar%2Fwww%2Fvhosts%2Fstore-bors.dk%2F.%2Fhttpdocs%2Fwp-includes%2Fjs%2Fjquery%2Fui HTTP/2" 200 2229 "-" "Mozilla/5.0 AppleWebKit/537.36 (KHTML, like Gecko; compatible; ClaudeBot/1.0; +claudebot@anthropic.com)"
57.141.0.28 - - [29/Jul/2026:07:43:24 +0200] "GET /category-sitemap.xml?loknya=/var/www/vhosts/store-bors.dk/lscache/2/6/5 HTTP/2" 200 2193 "-" "Mozilla/5.0 (Windows NT 10.0; Win64; x64) AppleWebKit/537.36 (KHTML, like Gecko) Chrome/145.0.0.0 Safari/537.36 (compatible; meta-externalagent/1.1 (+https://developers.facebook.com/docs/sharing/webmasters/crawler))"
216.73.216.125 - - [29/Jul/2026:07:43:24 +0200] "GET /?lokasie=%2Fvar%2Fwww%2Fvhosts%2Fstore-bors.dk%2F.%2Fhttpdocs%2Fwp-includes%2Fblocks%2F%2Fpattern.php&loknya=%2Fvar%2Fwww%2Fvhosts%2Fstore-bors.dk%2F.%2Fhttpdocs%2Fwp-includes%2Fblocks%2F HTTP/2" 200 2355 "-" "Mozilla/5.0 AppleWebKit/537.36 (KHTML, like Gecko; compatible; ClaudeBot/1.0; +claudebot@anthropic.com)"
74.7.227.174 - - [29/Jul/2026:07:43:24 +0200] "GET /index.php?lokasie=/var/www/vhosts/store-bors.dk/./././././lscache/b/1/3/b138d94009710694&loknya=/var/www/vhosts/store-bors.dk/./././././lscache/b/1/3 HTTP/2" 200 20425 "https://store-bors.dk/index.php?loknya=/var/www/vhosts/store-bors.dk/./././././lscache/b/1/3" "Mozilla/5.0 AppleWebKit/537.36 (KHTML, like Gecko; compatible; GPTBot/1.4; +https://openai.com/gptbot)"
74.7.243.235 - - [29/Jul/2026:07:43:24 +0200] "GET /?lokasie=/var/www/vhosts/store-bors.dk/lscache/e/8/4/e84b581b43b0e6b5&loknya=/var/www/vhosts/store-bors.dk/lscache/e/8/4 HTTP/2" 200 25836 "https://www.store-bors.dk/?loknya=/var/www/vhosts/store-bors.dk/lscache/e/8/4" "Mozilla/5.0 AppleWebKit/537.36 (KHTML, like Gecko; compatible; GPTBot/1.4; +https://openai.com/gptbot)"
216.73.216.125 - - [29/Jul/2026:07:43:24 +0200] "GET /?lokasie=%2Fvar%2Fwww%2Fvhosts%2Fstore-bors.dk%2F.%2Fhttpdocs%2Fwp-admin%2Fcss%2F%2Fwidgets-rtl.css&loknya=%2Fvar%2Fwww%2Fvhosts%2Fstore-bors.dk%2F.%2Fhttpdocs%2Fwp-admin%2Fcss%2F HTTP/2" 200 5704 "-" "Mozilla/5.0 AppleWebKit/537.36 (KHTML, like Gecko; compatible; ClaudeBot/1.0; +claudebot@anthropic.com)"
216.73.216.125 - - [29/Jul/2026:07:43:24 +0200] "GET /?lokasie=%2Fvar%2Fwww%2Fvhosts%2Fstore-bors.dk%2F.%2Fhttpdocs%2Fwp-includes%2Fcss%2Fdist%2Fblock-library%2Feditor-elements.min.css&loknya=%2Fvar%2Fwww%2Fvhosts%2Fstore-bors.dk%2F.%2Fhttpdocs%2Fwp-includes%2Fcss%2Fdist%2Fblock-library HTTP/2" 200 1606 "-" "Mozilla/5.0 AppleWebKit/537.36 (KHTML, like Gecko; compatible; ClaudeBot/1.0; +claudebot@anthropic.com)"
74.7.227.174 - - [29/Jul/2026:07:43:25 +0200] "GET /index.php?loknya=/var/www/vhosts/store-bors.k/./././././lsahe/1 HTTP/2" 200 1783 "https://store-bors.dk/index.php?loknya=/var/www/vhosts/store-bors.k/./././././lsahe/1/" "Mozilla/5.0 AppleWebKit/537.36 (KHTML, like Gecko; compatible; GPTBot/1.4; +https://openai.com/gptbot)"
216.73.216.125 - - [29/Jul/2026:07:43:25 +0200] "GET /?lokasie=%2Fvar%2Fwww%2Fvhosts%2Fstore-bors.dk%2F.%2Fhttpdocs%2Fwp-includes%2Fcss%2F%2Fwp-empty-template-alert.css&loknya=%2Fvar%2Fwww%2Fvhosts%2Fstore-bors.dk%2F.%2Fhttpdocs%2Fwp-includes%2Fcss%2F HTTP/2" 200 1725 "-" "Mozilla/5.0 AppleWebKit/537.36 (KHTML, like Gecko; compatible; ClaudeBot/1.0; +claudebot@anthropic.com)"
74.7.243.235 - - [29/Jul/2026:07:43:25 +0200] "GET /?lokasie=/var/www/vhosts/store-bors.dk/lscache/c/9/d/c9df64ed52988831&loknya=/var/www/vhosts/store-bors.dk/lscache/c/9/d HTTP/2" 200 22152 "https://www.store-bors.dk/?loknya=/var/www/vhosts/store-bors.dk/lscache/c/9/d" "Mozilla/5.0 AppleWebKit/537.36 (KHTML, like Gecko; compatible; GPTBot/1.4; +https://openai.com/gptbot)"
216.73.216.125 - - [29/Jul/2026:07:43:25 +0200] "GET /?lokasie=%2Fvar%2Fwww%2Fvhosts%2Fstore-bors.dk%2F.%2Fhttpdocs%2Fwp-includes%2Fcss%2F%2Fadmin-bar.css&loknya=%2Fvar%2Fwww%2Fvhosts%2Fstore-bors.dk%2F.%2Fhttpdocs%2Fwp-includes%2Fcss%2F HTTP/2" 200 6642 "-" "Mozilla/5.0 AppleWebKit/537.36 (KHTML, like Gecko; compatible; ClaudeBot/1.0; +claudebot@anthropic.com)"
216.73.216.125 - - [29/Jul/2026:07:43:25 +0200] "GET /?lokasie=%2Fvar%2Fwww%2Fvhosts%2Fstore-bors.dk%2F.%2Fhttpdocs%2Fwp-includes%2Fcss%2Fdist%2Fedit-post%2Fclassic.min.css&loknya=%2Fvar%2Fwww%2Fvhosts%2Fstore-bors.dk%2F.%2Fhttpdocs%2Fwp-includes%2Fcss%2Fdist%2Fedit-post HTTP/2" 200 1967 "-" "Mozilla/5.0 AppleWebKit/537.36 (KHTML, like Gecko; compatible; ClaudeBot/1.0; +claudebot@anthropic.com)"
74.7.227.174 - - [29/Jul/2026:07:43:26 +0200] "GET /index.php?lokasie=/var/www/vhosts/store-bors.dk/./././././lscache/4/a/e/4ae0bfcc2e17bb6c&loknya=/var/www/vhosts/store-bors.dk/./././././lscache/4/a/e HTTP/2" 200 22115 "https://store-bors.dk/index.php?loknya=/var/www/vhosts/store-bors.dk/./././././lscache/4/a/e" "Mozilla/5.0 AppleWebKit/537.36 (KHTML, like Gecko; compatible; GPTBot/1.4; +https://openai.com/gptbot)"
74.7.243.235 - - [29/Jul/2026:07:43:26 +0200] "GET /?lokasie=/var/www/vhosts/store-bors.dk/lscache/3/6/a/36a76c0efb2c94c1&loknya=/var/www/vhosts/store-bors.dk/lscache/3/6/a HTTP/2" 200 20396 "https://www.store-bors.dk/?loknya=/var/www/vhosts/store-bors.dk/lscache/3/6/a" "Mozilla/5.0 AppleWebKit/537.36 (KHTML, like Gecko; compatible; GPTBot/1.4; +https://openai.com/gptbot)"
216.73.216.125 - - [29/Jul/2026:07:43:26 +0200] "GET /index.php/sitemap.xml?loknya=%2Fvr%2Fwww%2Fvhosts%2Fstore-bors.dk%2F.%2Flshe%2F5 HTTP/2" 200 1775 "-" "Mozilla/5.0 AppleWebKit/537.36 (KHTML, like Gecko; compatible; ClaudeBot/1.0; +claudebot@anthropic.com)"
216.73.216.125 - - [29/Jul/2026:07:43:26 +0200] "GET /index.php?loknya=%2Fvar%2Fwww%2Fvhosts%2Fstor-ors.dk%2F.%2Flscach%2F7 HTTP/2" 200 1779 "-" "Mozilla/5.0 AppleWebKit/537.36 (KHTML, like Gecko; compatible; ClaudeBot/1.0; +claudebot@anthropic.com)"
216.73.216.125 - - [29/Jul/2026:07:43:26 +0200] "GET /index.php/'?lokasie=%2Fvar%2Fwww%2Fvhosts%2Fstore-bors.dk%2F.%2Fhttpdocs%2Fwp-includes%2Fblocks%2Fnextpage%2Feditor.css&loknya=%2Fvar%2Fwww%2Fvhosts%2Fstore-bors.dk%2F.%2Fhttpdocs%2Fwp-includes%2Fblocks%2Fnextpage HTTP/2" 200 1891 "-" "Mozilla/5.0 AppleWebKit/537.36 (KHTML, like Gecko; compatible; ClaudeBot/1.0; +claudebot@anthropic.com)"
74.7.227.174 - - [29/Jul/2026:07:43:27 +0200] "GET /index.php?lokasie=/var/www/vhosts/store-bors.dk/./././././lscache/c/5/2/c52e8ec94ef90e2e&loknya=/var/www/vhosts/store-bors.dk/./././././lscache/c/5/2 HTTP/2" 200 22277 "https://store-bors.dk/index.php?loknya=/var/www/vhosts/store-bors.dk/./././././lscache/c/5/2" "Mozilla/5.0 AppleWebKit/537.36 (KHTML, like Gecko; compatible; GPTBot/1.4; +https://openai.com/gptbot)"
216.73.216.125 - - [29/Jul/2026:07:43:27 +0200] "GET /'?lokasie=%2Fvar%2Fwww%2Fvhosts%2Fstore-bors.dk%2F.%2Fhttpdocs%2Fwp-includes%2Fblocks%2F%2Fcomment-content.php&loknya=%2Fvar%2Fwww%2Fvhosts%2Fstore-bors.dk%2F.%2Fhttpdocs%2Fwp-includes%2Fblocks%2F HTTP/2" 200 2472 "-" "Mozilla/5.0 AppleWebKit/537.36 (KHTML, like Gecko; compatible; ClaudeBot/1.0; +claudebot@anthropic.com)"
74.7.243.235 - - [29/Jul/2026:07:43:27 +0200] "GET /?lokasie=/var/www/vhosts/store-bors.dk/lscache/6/2/c/62c0eac34cb23349&loknya=/var/www/vhosts/store-bors.dk/lscache/6/2/c HTTP/2" 200 20353 "https://www.store-bors.dk/?loknya=/var/www/vhosts/store-bors.dk/lscache/6/2/c" "Mozilla/5.0 AppleWebKit/537.36 (KHTML, like Gecko; compatible; GPTBot/1.4; +https://openai.com/gptbot)"
216.73.216.125 - - [29/Jul/2026:07:43:27 +0200] "GET /index.php/'?lokasie=%2Fvar%2Fwww%2Fvhosts%2Fstore-bors.dk%2F.%2Fhttpdocs%2Fwp-includes%2F%2Fclass-wp-customize-nav-menus.php&loknya=%2Fvar%2Fwww%2Fvhosts%2Fstore-bors.dk%2F.%2Fhttpdocs%2Fwp-includes%2F HTTP/2" 200 17292 "-" "Mozilla/5.0 AppleWebKit/537.36 (KHTML, like Gecko; compatible; ClaudeBot/1.0; +claudebot@anthropic.com)"
74.7.227.174 - - [29/Jul/2026:07:43:28 +0200] "GET /index.php?lokasie=/var/www/vhosts/store-bors.dk/./././././lscache/c/1/6/c16ae2e9aea482d5&loknya=/var/www/vhosts/store-bors.dk/./././././lscache/c/1/6 HTTP/2" 200 19665 "https://store-bors.dk/index.php?loknya=/var/www/vhosts/store-bors.dk/./././././lscache/c/1/6" "Mozilla/5.0 AppleWebKit/537.36 (KHTML, like Gecko; compatible; GPTBot/1.4; +https://openai.com/gptbot)"
216.73.216.125 - - [29/Jul/2026:07:43:28 +0200] "GET /index.php?loknya=%2Fvar%2Fwww%2Fvhosts%2Fstor-bors.dk%2F.%2Flscach%2F0%2Ff HTTP/2" 200 1781 "-" "Mozilla/5.0 AppleWebKit/537.36 (KHTML, like Gecko; compatible; ClaudeBot/1.0; +claudebot@anthropic.com)"
74.7.243.235 - - [29/Jul/2026:07:43:28 +0200] "GET /?lokasie=/var/www/vhosts/store-bors.dk/lscache/5/5/f/55f04a3c07eed9f8&loknya=/var/www/vhosts/store-bors.dk/lscache/5/5/f HTTP/2" 200 25925 "https://www.store-bors.dk/?loknya=/var/www/vhosts/store-bors.dk/lscache/5/5/f" "Mozilla/5.0 AppleWebKit/537.36 (KHTML, like Gecko; compatible; GPTBot/1.4; +https://openai.com/gptbot)"
216.73.216.125 - - [29/Jul/2026:07:43:28 +0200] "GET /index.php/'?lokasie=%2Fvar%2Fwww%2Fvhosts%2Fstore-bors.dk%2F.%2Fhttpdocs%2Fwp-includes%2Fblocks%2Fcomment-content%2Fblock.json&loknya=%2Fvar%2Fwww%2Fvhosts%2Fstore-bors.dk%2F.%2Fhttpdocs%2Fwp-includes%2Fblocks%2Fcomment-content HTTP/2" 200 2034 "-" "Mozilla/5.0 AppleWebKit/537.36 (KHTML, like Gecko; compatible; ClaudeBot/1.0; +claudebot@anthropic.com)"
216.73.216.125 - - [29/Jul/2026:07:43:28 +0200] "GET /index.php/'?loknya=%2Fvar%2Fwww%2Fvhosts%2Fstor-bors.dk%2F.%2Flscach%2F3%2Fa HTTP/2" 200 1792 "-" "Mozilla/5.0 AppleWebKit/537.36 (KHTML, like Gecko; compatible; ClaudeBot/1.0; +claudebot@anthropic.com)"
216.73.216.125 - - [29/Jul/2026:07:43:28 +0200] "GET /index.php/'?loknya=%2Fvar%2Fwww%2Fvhosts%2Fstore-bors.dk%2F.%2Flsahe%2Fd%2F5 HTTP/2" 200 1782 "-" "Mozilla/5.0 AppleWebKit/537.36 (KHTML, like Gecko; compatible; ClaudeBot/1.0; +claudebot@anthropic.com)"
74.7.227.174 - - [29/Jul/2026:07:43:28 +0200] "GET /index.php?lokasie=/var/www/vhosts/store-bors.dk/./././././lscache/3/c/3/3c3e048962afabda&loknya=/var/www/vhosts/store-bors.dk/./././././lscache/3/c/3 HTTP/2" 200 20459 "https://store-bors.dk/index.php?loknya=/var/www/vhosts/store-bors.dk/./././././lscache/3/c/3" "Mozilla/5.0 AppleWebKit/537.36 (KHTML, like Gecko; compatible; GPTBot/1.4; +https://openai.com/gptbot)"
216.73.216.125 - - [29/Jul/2026:07:43:29 +0200] "GET /index.php?loknya=%2Fvar%2Fwww%2Fvhosts%2Fstor-bors.dk%2F.%2Flscach%2Fd%2F8 HTTP/2" 200 1782 "-" "Mozilla/5.0 AppleWebKit/537.36 (KHTML, like Gecko; compatible; ClaudeBot/1.0; +claudebot@anthropic.com)"
74.7.243.235 - - [29/Jul/2026:07:43:29 +0200] "GET /?lokasie=/var/www/vhosts/store-bors.dk/lscache/c/0/a/c0a51264a53d9d12&loknya=/var/www/vhosts/store-bors.dk/lscache/c/0/a HTTP/2" 200 19695 "https://www.store-bors.dk/?loknya=/var/www/vhosts/store-bors.dk/lscache/c/0/a" "Mozilla/5.0 AppleWebKit/537.36 (KHTML, like Gecko; compatible; GPTBot/1.4; +https://openai.com/gptbot)"
216.73.216.125 - - [29/Jul/2026:07:43:29 +0200] "GET /index.php/'?loknya=%2Fvar%2Fwww%2Fvhosts%2Fstore-ors.dk%2F.%2Flscache%2Fd%2Fa%2F HTTP/2" 200 1784 "-" "Mozilla/5.0 AppleWebKit/537.36 (KHTML, like Gecko; compatible; ClaudeBot/1.0; +claudebot@anthropic.com)"
216.73.216.125 - - [29/Jul/2026:07:43:29 +0200] "GET /index.php/'?loknya=%2Fvr%2Fwww%2Fvhosts%2Fstore-bors.dk%2F.%2Flscche%2Fc%2Fd%2F HTTP/2" 200 1783 "-" "Mozilla/5.0 AppleWebKit/537.36 (KHTML, like Gecko; compatible; ClaudeBot/1.0; +claudebot@anthropic.com)"
74.7.227.174 - - [29/Jul/2026:07:43:29 +0200] "GET /index.php?lokasie=/var/www/vhosts/store-bors.dk/./././././lscache/0/b/e/0be5ee431b24437b&loknya=/var/www/vhosts/store-bors.dk/./././././lscache/0/b/e HTTP/2" 200 25860 "https://store-bors.dk/index.php?loknya=/var/www/vhosts/store-bors.dk/./././././lscache/0/b/e" "Mozilla/5.0 AppleWebKit/537.36 (KHTML, like Gecko; compatible; GPTBot/1.4; +https://openai.com/gptbot)"
216.73.216.125 - - [29/Jul/2026:07:43:29 +0200] "GET /index.php/'?loknya=%2Fvar%2Fwww%2Fvhosts%2Fstore-bors.dk%2F.%2Flsahe%2F6%2Fa HTTP/2" 200 1785 "-" "Mozilla/5.0 AppleWebKit/537.36 (KHTML, like Gecko; compatible; ClaudeBot/1.0; +claudebot@anthropic.com)"
74.7.243.235 - - [29/Jul/2026:07:43:29 +0200] "GET /?lokasie=/var/www/vhosts/store-bors.dk/lscache/f/9/9/f993ad97ef41c9d6&loknya=/var/www/vhosts/store-bors.dk/lscache/f/9/9 HTTP/2" 200 1838 "https://www.store-bors.dk/?loknya=/var/www/vhosts/store-bors.dk/lscache/f/9/9" "Mozilla/5.0 AppleWebKit/537.36 (KHTML, like Gecko; compatible; GPTBot/1.4; +https://openai.com/gptbot)"
216.73.216.125 - - [29/Jul/2026:07:43:30 +0200] "GET /index.php/'?loknya=%2Fvar%2Fwww%2Fvhosts%2Fstore-bors.dk%2F.%2Flscache%2Fd%2F9%2Fb HTTP/2" 200 2002 "-" "Mozilla/5.0 AppleWebKit/537.36 (KHTML, like Gecko; compatible; ClaudeBot/1.0; +claudebot@anthropic.com)"
216.73.216.125 - - [29/Jul/2026:07:43:30 +0200] "GET /index.php?loknya=%2Fvar%2Fwww%2Fvhosts%2Fstor-bors.dk%2F.%2Flscach%2F0%2Fd HTTP/2" 200 1787 "-" "Mozilla/5.0 AppleWebKit/537.36 (KHTML, like Gecko; compatible; ClaudeBot/1.0; +claudebot@anthropic.com)"
216.73.216.125 - - [29/Jul/2026:07:43:30 +0200] "GET /index.php?loknya=%2Fvar%2Fwww%2Fvhosts%2Fstor-bors.dk%2F.%2Flscach%2Fc%2F2 HTTP/2" 200 1782 "-" "Mozilla/5.0 AppleWebKit/537.36 (KHTML, like Gecko; compatible; ClaudeBot/1.0; +claudebot@anthropic.com)"
74.7.243.235 - - [29/Jul/2026:07:43:30 +0200] "GET /?lokasie=/var/www/vhosts/store-bors.dk/lscache/7/b/8/7b89c206ba7178cf&loknya=/var/www/vhosts/store-bors.dk/lscache/7/b/8 HTTP/2" 200 25744 "https://www.store-bors.dk/?loknya=/var/www/vhosts/store-bors.dk/lscache/7/b/8" "Mozilla/5.0 AppleWebKit/537.36 (KHTML, like Gecko; compatible; GPTBot/1.4; +https://openai.com/gptbot)"
74.7.227.174 - - [29/Jul/2026:07:43:30 +0200] "GET /index.php?lokasie=/var/www/vhosts/store-bors.dk/./././././lscache/4/a/2/4a2d3fd89e12c1ad&loknya=/var/www/vhosts/store-bors.dk/./././././lscache/4/a/2 HTTP/2" 200 25808 "https://store-bors.dk/index.php?loknya=/var/www/vhosts/store-bors.dk/./././././lscache/4/a/2" "Mozilla/5.0 AppleWebKit/537.36 (KHTML, like Gecko; compatible; GPTBot/1.4; +https://openai.com/gptbot)"
216.73.216.125 - - [29/Jul/2026:07:43:30 +0200] "GET /index.php?lokasie=%2Fvar%2Fwww%2Fvhosts%2Fstore-bors.dk%2F.%2Fhttpdocs%2Fwp-includes%2Fsodium_compat%2Fsrc%2FCore32%2F%2FHSalsa20.php&loknya=%2Fvar%2Fwww%2Fvhosts%2Fstore-bors.dk%2F.%2Fhttpdocs%2Fwp-includes%2Fsodium_compat%2Fsrc%2FCore32%2F HTTP/2" 200 2734 "-" "Mozilla/5.0 AppleWebKit/537.36 (KHTML, like Gecko; compatible; ClaudeBot/1.0; +claudebot@anthropic.com)"
216.73.216.125 - - [29/Jul/2026:07:43:31 +0200] "GET /index.php/'?loknya=%2Fvr%2Fwww%2Fvhosts%2Fstore-bors.dk%2F.%2Flscche%2Fe%2Ff%2F HTTP/2" 200 1777 "-" "Mozilla/5.0 AppleWebKit/537.36 (KHTML, like Gecko; compatible; ClaudeBot/1.0; +claudebot@anthropic.com)"
216.73.216.125 - - [29/Jul/2026:07:43:31 +0200] "GET /index.php/'?loknya=%2Fvar%2Fwww%2Fvhosts%2Fstore-bors.dk%2F.%2Flscache%2Ff%2Fd%2F HTTP/2" 200 2111 "-" "Mozilla/5.0 AppleWebKit/537.36 (KHTML, like Gecko; compatible; ClaudeBot/1.0; +claudebot@anthropic.com)"
74.7.243.235 - - [29/Jul/2026:07:43:31 +0200] "GET /?lokasie=/var/www/vhosts/store-bors.dk/lscache/7/a/a/7aa5c22f434039d3&loknya=/var/www/vhosts/store-bors.dk/lscache/7/a/a HTTP/2" 200 25795 "https://www.store-bors.dk/?loknya=/var/www/vhosts/store-bors.dk/lscache/7/a/a" "Mozilla/5.0 AppleWebKit/537.36 (KHTML, like Gecko; compatible; GPTBot/1.4; +https://openai.com/gptbot)"
74.7.227.174 - - [29/Jul/2026:07:43:31 +0200] "GET /index.php?lokasie=/var/www/vhosts/store-bors.dk/./././././lscache/c/1/d/c1d775d2413e1cd4&loknya=/var/www/vhosts/store-bors.dk/./././././lscache/c/1/d HTTP/2" 200 19698 "https://store-bors.dk/index.php?loknya=/var/www/vhosts/store-bors.dk/./././././lscache/c/1/d" "Mozilla/5.0 AppleWebKit/537.36 (KHTML, like Gecko; compatible; GPTBot/1.4; +https://openai.com/gptbot)"
216.73.216.125 - - [29/Jul/2026:07:43:31 +0200] "GET /index.php/'?loknya=%2Fvar%2Fwww%2Fvhosts%2Fstore-bors.dk%2F.%2Flscache%2Fd%2Ff%2F HTTP/2" 200 2116 "-" "Mozilla/5.0 AppleWebKit/537.36 (KHTML, like Gecko; compatible; ClaudeBot/1.0; +claudebot@anthropic.com)"
216.73.216.125 - - [29/Jul/2026:07:43:31 +0200] "GET /index.php/'?lokasie=%2Fvar%2Fwww%2Fvhosts%2Fstore-bors.dk%2F.%2Fhttpdocs%2F%2Fwp-comments-post.php&loknya=%2Fvar%2Fwww%2Fvhosts%2Fstore-bors.dk%2F.%2Fhttpdocs%2F HTTP/2" 200 2614 "-" "Mozilla/5.0 AppleWebKit/537.36 (KHTML, like Gecko; compatible; ClaudeBot/1.0; +claudebot@anthropic.com)"
74.7.243.235 - - [29/Jul/2026:07:43:31 +0200] "GET /?lokasie=/var/www/vhosts/store-bors.dk/lscache/0/8/a/08af2460e1c605fa&loknya=/var/www/vhosts/store-bors.dk/lscache/0/8/a HTTP/2" 200 1845 "https://www.store-bors.dk/?loknya=/var/www/vhosts/store-bors.dk/lscache/0/8/a" "Mozilla/5.0 AppleWebKit/537.36 (KHTML, like Gecko; compatible; GPTBot/1.4; +https://openai.com/gptbot)"
216.73.216.125 - - [29/Jul/2026:07:43:31 +0200] "GET /index.php/'?loknya=%2Fvar%2Fwww%2Fvhosts%2Fstore-bors.dk%2F.%2Flscache%2Fd%2F2%2Fc HTTP/2" 200 2057 "-" "Mozilla/5.0 AppleWebKit/537.36 (KHTML, like Gecko; compatible; ClaudeBot/1.0; +claudebot@anthropic.com)"
74.7.227.174 - - [29/Jul/2026:07:43:32 +0200] "GET /index.php?lokasie=/var/www/vhosts/store-bors.dk/./././././lscache/7/a/1/7a12869c7ad2cddb&loknya=/var/www/vhosts/store-bors.dk/./././././lscache/7/a/1 HTTP/2" 200 1843 "https://store-bors.dk/index.php?loknya=/var/www/vhosts/store-bors.dk/./././././lscache/7/a/1" "Mozilla/5.0 AppleWebKit/537.36 (KHTML, like Gecko; compatible; GPTBot/1.4; +https://openai.com/gptbot)"
216.73.216.125 - - [29/Jul/2026:07:43:32 +0200] "GET /index.php/sitemap.xml?loknya=%2Fvr%2Fwww%2Fvhosts%2Fstore-bors.dk%2F.%2Flshe%2F0 HTTP/2" 200 1774 "-" "Mozilla/5.0 AppleWebKit/537.36 (KHTML, like Gecko; compatible; ClaudeBot/1.0; +claudebot@anthropic.com)"
216.73.216.125 - - [29/Jul/2026:07:43:32 +0200] "GET /'?lokasie=%2Fvar%2Fwww%2Fvhosts%2Fstore-bors.dk%2F.%2Fhttpdocs%2Fwp-includes%2Fblocks%2F%2Fpost-comments-count.php&loknya=%2Fvar%2Fwww%2Fvhosts%2Fstore-bors.dk%2F.%2Fhttpdocs%2Fwp-includes%2Fblocks%2F HTTP/2" 200 2064 "-" "Mozilla/5.0 AppleWebKit/537.36 (KHTML, like Gecko; compatible; ClaudeBot/1.0; +claudebot@anthropic.com)"
216.73.216.125 - - [29/Jul/2026:07:43:32 +0200] "GET /bep/m/'?lokasie=%2Fvar%2Fwww%2Fvhosts%2Fstore-bors.dk%2Fhttpdocs%2Fwp-includes%2Fblock-template-utils.php&loknya=%2Fvar%2Fwww%2Fvhosts%2Fstore-bors.dk%2Fhttpdocs%2Fwp-includes HTTP/2" 200 15866 "-" "Mozilla/5.0 AppleWebKit/537.36 (KHTML, like Gecko; compatible; ClaudeBot/1.0; +claudebot@anthropic.com)"
216.73.216.125 - - [29/Jul/2026:07:43:32 +0200] "GET /index.php/'?loknya=%2Fvar%2Fwww%2Fvhosts%2Fstore-bors.dk%2F.%2Flsahe%2Fd%2F0 HTTP/2" 200 1781 "-" "Mozilla/5.0 AppleWebKit/537.36 (KHTML, like Gecko; compatible; ClaudeBot/1.0; +claudebot@anthropic.com)"
74.7.243.235 - - [29/Jul/2026:07:43:32 +0200] "GET /?lokasie=/var/www/vhosts/store-bors.dk/lscache/7/5/d/75d6dd4220bf9e57&loknya=/var/www/vhosts/store-bors.dk/lscache/7/5/d HTTP/2" 200 25798 "https://www.store-bors.dk/?loknya=/var/www/vhosts/store-bors.dk/lscache/7/5/d" "Mozilla/5.0 AppleWebKit/537.36 (KHTML, like Gecko; compatible; GPTBot/1.4; +https://openai.com/gptbot)"
74.7.227.174 - - [29/Jul/2026:07:43:32 +0200] "GET /index.php?loknya=/var/www/vhosts/store-bors.dk/./././././lscache/0/b/f HTTP/2" 200 1995 "https://store-bors.dk/index.php?loknya=/var/www/vhosts/store-bors.dk/./././././lscache/0/b" "Mozilla/5.0 AppleWebKit/537.36 (KHTML, like Gecko; compatible; GPTBot/1.4; +https://openai.com/gptbot)"
216.73.216.125 - - [29/Jul/2026:07:43:33 +0200] "GET /index.php/'?loknya=%2Fvar%2Fwww%2Fvhosts%2Fstore-bors.k%2F.%2Flscache%2Fb HTTP/2" 200 1779 "-" "Mozilla/5.0 AppleWebKit/537.36 (KHTML, like Gecko; compatible; ClaudeBot/1.0; +claudebot@anthropic.com)"
74.7.243.235 - - [29/Jul/2026:07:43:33 +0200] "GET /?lokasie=/var/www/vhosts/store-bors.dk/lscache/c/2/a/c2a2454c40709f50&loknya=/var/www/vhosts/store-bors.dk/lscache/c/2/a HTTP/2" 200 19662 "https://www.store-bors.dk/?loknya=/var/www/vhosts/store-bors.dk/lscache/c/2/a" "Mozilla/5.0 AppleWebKit/537.36 (KHTML, like Gecko; compatible; GPTBot/1.4; +https://openai.com/gptbot)"
216.73.216.125 - - [29/Jul/2026:07:43:33 +0200] "GET /index.php/'?lokasie=%2Fvar%2Fwww%2Fvhosts%2Fstore-bors.dk%2F.%2Fhttpdocs%2Fwp-includes%2F%2Fms-blogs.php&loknya=%2Fvar%2Fwww%2Fvhosts%2Fstore-bors.dk%2F.%2Fhttpdocs%2Fwp-includes%2F HTTP/2" 200 8114 "-" "Mozilla/5.0 AppleWebKit/537.36 (KHTML, like Gecko; compatible; ClaudeBot/1.0; +claudebot@anthropic.com)"
216.73.216.125 - - [29/Jul/2026:07:43:33 +0200] "GET /bep/m/'?lokasie=%2Fvar%2Fwww%2Fvhosts%2Fstore-bors.dk%2Fhttpdocs%2Fwp-includes%2Fclass-IXR.php&loknya=%2Fvar%2Fwww%2Fvhosts%2Fstore-bors.dk%2Fhttpdocs%2Fwp-includes HTTP/2" 200 2669 "-" "Mozilla/5.0 AppleWebKit/537.36 (KHTML, like Gecko; compatible; ClaudeBot/1.0; +claudebot@anthropic.com)"
74.7.227.174 - - [29/Jul/2026:07:43:33 +0200] "GET /index.php?loknya=/var/www/vhosts/store-bors.dk/./././././lscache/b/1/f HTTP/2" 200 1994 "https://store-bors.dk/index.php?loknya=/var/www/vhosts/store-bors.dk/./././././lscache/b/1" "Mozilla/5.0 AppleWebKit/537.36 (KHTML, like Gecko; compatible; GPTBot/1.4; +https://openai.com/gptbot)"
216.73.216.125 - - [29/Jul/2026:07:43:33 +0200] "GET /index.php/'?lokasie=%2Fvar%2Fwww%2Fvhosts%2Fstore-bors.dk%2F.%2Fhttpdocs%2Fwp-includes%2Fblocks%2Fquery-title%2Fblock.json&loknya=%2Fvar%2Fwww%2Fvhosts%2Fstore-bors.dk%2F.%2Fhttpdocs%2Fwp-includes%2Fblocks%2Fquery-title HTTP/2" 200 2137 "-" "Mozilla/5.0 AppleWebKit/537.36 (KHTML, like Gecko; compatible; ClaudeBot/1.0; +claudebot@anthropic.com)"
216.73.216.125 - - [29/Jul/2026:07:43:34 +0200] "GET /?loknya=%2Fvar%2Fwww%2Fvhosts%2Fstore-bors.dk%2F.%2Fhttpdocs%2Fwp-content%2Fthemes%2Ftwentytwentyfive%2Fstyles%2Fblocks%2F HTTP/2" 200 2250 "-" "Mozilla/5.0 AppleWebKit/537.36 (KHTML, like Gecko; compatible; ClaudeBot/1.0; +claudebot@anthropic.com)"
216.73.216.125 - - [29/Jul/2026:07:43:34 +0200] "GET /index.php/'?loknya=%2Fvar%2Fwww%2Fvhosts%2Fstore-bors.dk%2F.%2Flsahe%2Fb%2F8%2F HTTP/2" 200 1780 "-" "Mozilla/5.0 AppleWebKit/537.36 (KHTML, like Gecko; compatible; ClaudeBot/1.0; +claudebot@anthropic.com)"
74.7.243.235 - - [29/Jul/2026:07:43:34 +0200] "GET /?lokasie=/var/www/vhosts/store-bors.dk/lscache/4/b/1/4b1e9c5c4fb269b5&loknya=/var/www/vhosts/store-bors.dk/lscache/4/b/1 HTTP/2" 200 25855 "https://www.store-bors.dk/?loknya=/var/www/vhosts/store-bors.dk/lscache/4/b/1" "Mozilla/5.0 AppleWebKit/537.36 (KHTML, like Gecko; compatible; GPTBot/1.4; +https://openai.com/gptbot)"
74.7.227.174 - - [29/Jul/2026:07:43:34 +0200] "GET /index.php?lokasie=/var/www/vhosts/store-bors.dk/./././././lscache/1/c/1/1c17855c41275252&loknya=/var/www/vhosts/store-bors.dk/./././././lscache/1/c/1 HTTP/2" 200 17745 "https://store-bors.dk/index.php?loknya=/var/www/vhosts/store-bors.dk/./././././lscache/1/c/1" "Mozilla/5.0 AppleWebKit/537.36 (KHTML, like Gecko; compatible; GPTBot/1.4; +https://openai.com/gptbot)"
216.73.216.125 - - [29/Jul/2026:07:43:34 +0200] "GET /index.php/'?loknya=%2Fvar%2Fwww%2Fvhosts%2Fstore-bors.dk%2F.%2Flsahe%2F8%2Fb%2F HTTP/2" 200 1781 "-" "Mozilla/5.0 AppleWebKit/537.36 (KHTML, like Gecko; compatible; ClaudeBot/1.0; +claudebot@anthropic.com)"
216.73.216.125 - - [29/Jul/2026:07:43:34 +0200] "GET /index.php?loknya=%2Fvar%2Fwww%2Fvhosts%2Fstor-ors.dk%2F.%2Flscach%2F4 HTTP/2" 200 1779 "-" "Mozilla/5.0 AppleWebKit/537.36 (KHTML, like Gecko; compatible; ClaudeBot/1.0; +claudebot@anthropic.com)"
74.7.227.174 - - [29/Jul/2026:07:43:35 +0200] "GET /index.php?lokasie=/var/www/vhosts/store-bors.dk/./././././lscache/7/a/8/7a8e022550820705&loknya=/var/www/vhosts/store-bors.dk/./././././lscache/7/a/8 HTTP/2" 200 25856 "https://store-bors.dk/index.php?loknya=/var/www/vhosts/store-bors.dk/./././././lscache/7/a/8" "Mozilla/5.0 AppleWebKit/537.36 (KHTML, like Gecko; compatible; GPTBot/1.4; +https://openai.com/gptbot)"
216.73.216.125 - - [29/Jul/2026:07:43:35 +0200] "GET /index.php?loknya=%2Fvr%2Fwww%2Fvhosts%2Fstore-bors.dk%2F.%2Flscche%2F5%2F0 HTTP/2" 200 1781 "-" "Mozilla/5.0 AppleWebKit/537.36 (KHTML, like Gecko; compatible; ClaudeBot/1.0; +claudebot@anthropic.com)"
216.73.216.125 - - [29/Jul/2026:07:43:35 +0200] "GET /index.php/'?loknya=%2Fvr%2Fwww%2Fvhosts%2Fstore-bors.dk%2F.%2Flscche%2F3%2F3 HTTP/2" 200 1771 "-" "Mozilla/5.0 AppleWebKit/537.36 (KHTML, like Gecko; compatible; ClaudeBot/1.0; +claudebot@anthropic.com)"
74.7.243.235 - - [29/Jul/2026:07:43:35 +0200] "GET /?lokasie=/var/www/vhosts/store-bors.dk/lscache/6/9/b/69b94a887a7eb4d6&loknya=/var/www/vhosts/store-bors.dk/lscache/6/9/b HTTP/2" 200 25823 "https://www.store-bors.dk/?loknya=/var/www/vhosts/store-bors.dk/lscache/6/9/b" "Mozilla/5.0 AppleWebKit/537.36 (KHTML, like Gecko; compatible; GPTBot/1.4; +https://openai.com/gptbot)"
216.73.216.125 - - [29/Jul/2026:07:43:35 +0200] "GET /index.php/'?loknya=%2Fvar%2Fwww%2Fvhosts%2Fstore-bors.dk%2F.%2Flsahe%2F4%2F2 HTTP/2" 200 1782 "-" "Mozilla/5.0 AppleWebKit/537.36 (KHTML, like Gecko; compatible; ClaudeBot/1.0; +claudebot@anthropic.com)"
185.21.40.28 - - [29/Jul/2026:07:41:35 +0200] "GET /wp-includes/SimplePie/library/SimplePie/Net/Net/index.php?ARRAY=7o2230223n313738353330373239352p2231223n22687474703n5p2s5p2s7n733936377631332r6p6172676572732r636p69636o5p2s3s6p633q7068705s636s64655s6n6326743q313738353330333639352q3336633636656336383937363330616261653964656238323630343932613537222p2232223n223035353065336239323162373134656535373262646164306539663230643661222p2233223n223739356665343238326538306539353539353835323737623233313331633532222p226175746s5s66696p655s6r616q65223n6r756p6p2p226175746s5s70617373223n6r756p6p2p2262696r675s70617373223n2231342q34382q35392q36342q37342q38362q3131227q HTTP/1.1" 500 567 "-" "-"
216.73.216.125 - - [29/Jul/2026:07:43:35 +0200] "GET /index.php/'?lokasie=%2Fvar%2Fwww%2Fvhosts%2Fstore-bors.dk%2F.%2Fhttpdocs%2Fwp-includes%2F%2Fpost-thumbnail-template.php&loknya=%2Fvar%2Fwww%2Fvhosts%2Fstore-bors.dk%2F.%2Fhttpdocs%2Fwp-includes%2F HTTP/2" 200 3952 "-" "Mozilla/5.0 AppleWebKit/537.36 (KHTML, like Gecko; compatible; ClaudeBot/1.0; +claudebot@anthropic.com)"
74.7.227.174 - - [29/Jul/2026:07:43:35 +0200] "GET /index.php?lokasie=/var/www/vhosts/store-bors.dk/./././././lscache/c/1/6/c1616756764ac213&loknya=/var/www/vhosts/store-bors.dk/./././././lscache/c/1/6 HTTP/2" 200 1820 "https://store-bors.dk/index.php?loknya=/var/www/vhosts/store-bors.dk/./././././lscache/c/1/6" "Mozilla/5.0 AppleWebKit/537.36 (KHTML, like Gecko; compatible; GPTBot/1.4; +https://openai.com/gptbot)"
216.73.216.125 - - [29/Jul/2026:07:43:36 +0200] "GET /index.php?loknya=%2Fvr%2Fwww%2Fvhosts%2Fstore-bors.dk%2F.%2Flscche%2F0%2F5 HTTP/2" 200 1781 "-" "Mozilla/5.0 AppleWebKit/537.36 (KHTML, like Gecko; compatible; ClaudeBot/1.0; +claudebot@anthropic.com)"
216.73.216.125 - - [29/Jul/2026:07:43:36 +0200] "GET /index.php/'?loknya=%2Fvar%2Fwww%2Fvhosts%2Fstor-bors.dk%2F.%2Flscach%2Fb%2F6 HTTP/2" 200 1783 "-" "Mozilla/5.0 AppleWebKit/537.36 (KHTML, like Gecko; compatible; ClaudeBot/1.0; +claudebot@anthropic.com)"
74.7.243.235 - - [29/Jul/2026:07:43:36 +0200] "GET /?lokasie=/var/www/vhosts/store-bors.dk/lscache/1/c/d/1cd9cc3960598236&loknya=/var/www/vhosts/store-bors.dk/lscache/1/c/d HTTP/2" 200 22002 "https://www.store-bors.dk/?loknya=/var/www/vhosts/store-bors.dk/lscache/1/c/d" "Mozilla/5.0 AppleWebKit/537.36 (KHTML, like Gecko; compatible; GPTBot/1.4; +https://openai.com/gptbot)"
74.7.227.174 - - [29/Jul/2026:07:43:36 +0200] "GET /index.php?lokasie=/var/www/vhosts/store-bors.dk/./././././lscache/c/5/8/c581d798b7587552&loknya=/var/www/vhosts/store-bors.dk/./././././lscache/c/5/8 HTTP/2" 200 25853 "https://store-bors.dk/index.php?loknya=/var/www/vhosts/store-bors.dk/./././././lscache/c/5/8" "Mozilla/5.0 AppleWebKit/537.36 (KHTML, like Gecko; compatible; GPTBot/1.4; +https://openai.com/gptbot)"
216.73.216.125 - - [29/Jul/2026:07:43:36 +0200] "GET /index.php/'?loknya=%2Fvar%2Fwww%2Fvhosts%2Fstor-bors.dk%2F.%2Flscach%2F2%2F HTTP/2" 200 1773 "-" "Mozilla/5.0 AppleWebKit/537.36 (KHTML, like Gecko; compatible; ClaudeBot/1.0; +claudebot@anthropic.com)"
216.73.216.125 - - [29/Jul/2026:07:43:36 +0200] "GET /index.php/'?loknya=%2Fvar%2Fwww%2Fvhosts%2Fstor-bors.dk%2F.%2Flscach%2F7%2Fb HTTP/2" 200 1786 "-" "Mozilla/5.0 AppleWebKit/537.36 (KHTML, like Gecko; compatible; ClaudeBot/1.0; +claudebot@anthropic.com)"
74.7.243.235 - - [29/Jul/2026:07:43:37 +0200] "GET /?lokasie=/var/www/vhosts/store-bors.dk/lscache/c/9/0/c900c39bc1526ac8&loknya=/var/www/vhosts/store-bors.dk/lscache/c/9/0 HTTP/2" 200 19670 "https://www.store-bors.dk/?loknya=/var/www/vhosts/store-bors.dk/lscache/c/9/0" "Mozilla/5.0 AppleWebKit/537.36 (KHTML, like Gecko; compatible; GPTBot/1.4; +https://openai.com/gptbot)"
