216.73.216.125 - - [29/Jul/2026:07:33:10 +0200] "GET /'?lokasie=%2Fvar%2Fwww%2Fvhosts%2Fstore-bors.dk%2F.%2Flscache%2Fa%2F2%2F6%2Fa26fb0dc8793f1a2&loknya=%2Fvar%2Fwww%2Fvhosts%2Fstore-bors.dk%2F.%2Flscache%2Fa%2F2%2F6 HTTP/2" 200 19628 "-" "Mozilla/5.0 AppleWebKit/537.36 (KHTML, like Gecko; compatible; ClaudeBot/1.0; +claudebot@anthropic.com)"
216.73.216.125 - - [29/Jul/2026:07:33:11 +0200] "GET /'?lokasie=%2Fvar%2Fwww%2Fvhosts%2Fstore-bors.dk%2F.%2Flscache%2Fa%2Fd%2F9%2Fad9a8e818f9fa402&loknya=%2Fvar%2Fwww%2Fvhosts%2Fstore-bors.dk%2F.%2Flscache%2Fa%2Fd%2F9 HTTP/2" 200 21851 "-" "Mozilla/5.0 AppleWebKit/537.36 (KHTML, like Gecko; compatible; ClaudeBot/1.0; +claudebot@anthropic.com)"
74.7.227.174 - - [29/Jul/2026:07:33:11 +0200] "GET /index.php?loknya=/var/www/vhosts/store-bors.dk/./././././lscache/a/8/4 HTTP/2" 200 2081 "https://store-bors.dk/index.php?loknya=/var/www/vhosts/store-bors.dk/./././././lscache/a/8" "Mozilla/5.0 AppleWebKit/537.36 (KHTML, like Gecko; compatible; GPTBot/1.4; +https://openai.com/gptbot)"
216.73.216.125 - - [29/Jul/2026:07:33:11 +0200] "GET /'?lokasie=%2Fvar%2Fwww%2Fvhosts%2Fstore-bors.dk%2F.%2Flscache%2Fe%2Ff%2F3%2Fef37268b92d1bc67&loknya=%2Fvar%2Fwww%2Fvhosts%2Fstore-bors.dk%2F.%2Flscache%2Fe%2Ff%2F3 HTTP/2" 200 25801 "-" "Mozilla/5.0 AppleWebKit/537.36 (KHTML, like Gecko; compatible; ClaudeBot/1.0; +claudebot@anthropic.com)"
216.73.216.125 - - [29/Jul/2026:07:33:11 +0200] "GET /'?lokasie=%2Fvar%2Fwww%2Fvhosts%2Fstore-bors.dk%2F.%2Flscache%2Ff%2F7%2F3%2Ff7365eee8f5fc047&loknya=%2Fvar%2Fwww%2Fvhosts%2Fstore-bors.dk%2F.%2Flscache%2Ff%2F7%2F3 HTTP/2" 200 25749 "-" "Mozilla/5.0 AppleWebKit/537.36 (KHTML, like Gecko; compatible; ClaudeBot/1.0; +claudebot@anthropic.com)"
216.73.216.125 - - [29/Jul/2026:07:33:11 +0200] "GET /bep/m/kirlist1?lokasie=%2Fvar%2Fwww%2Fvhosts%2Fstore-bors.dk%2Fhttpdocs%2Fwp-admin%2Fmaint%2Fmaint%2Ff4v_6a6371ff32468.zip&loknya=%2Fvar%2Fwww%2Fvhosts%2Fstore-bors.dk%2Fhttpdocs%2Fwp-admin%2Fmaint%2Fmaint HTTP/2" 200 6632 "-" "Mozilla/5.0 AppleWebKit/537.36 (KHTML, like Gecko; compatible; ClaudeBot/1.0; +claudebot@anthropic.com)"
57.141.0.42 - - [29/Jul/2026:07:33:11 +0200] "GET /category-sitemap.xml?lokasie=/var/www/vhosts/store-bors.dk/lscache/4/2/4/42429829c2183659&loknya=/var/www/vhosts/store-bors.dk/lscache/4/2/4 HTTP/2" 200 22993 "-" "Mozilla/5.0 (Windows NT 10.0; Win64; x64) AppleWebKit/537.36 (KHTML, like Gecko) Chrome/145.0.0.0 Safari/537.36 (compatible; meta-externalagent/1.1 (+https://developers.facebook.com/docs/sharing/webmasters/crawler))"
216.73.216.125 - - [29/Jul/2026:07:33:12 +0200] "GET /index.php/'?lokasie=%2Fvar%2Fwww%2Fvhosts%2Fstore-bors.dk%2F.%2Flscache%2F1%2F6%2Fd%2F16dd50943989b3a1&loknya=%2Fvar%2Fwww%2Fvhosts%2Fstore-bors.dk%2F.%2Flscache%2F1%2F6%2Fd HTTP/2" 200 25761 "-" "Mozilla/5.0 AppleWebKit/537.36 (KHTML, like Gecko; compatible; ClaudeBot/1.0; +claudebot@anthropic.com)"
74.7.227.174 - - [29/Jul/2026:07:33:12 +0200] "GET /index.php?loknya=/var/www/vhosts/store-bors.dk/./././././lscache/a/8/3 HTTP/2" 200 1994 "https://store-bors.dk/index.php?loknya=/var/www/vhosts/store-bors.dk/./././././lscache/a/8" "Mozilla/5.0 AppleWebKit/537.36 (KHTML, like Gecko; compatible; GPTBot/1.4; +https://openai.com/gptbot)"
216.73.216.125 - - [29/Jul/2026:07:33:12 +0200] "GET /%22,t+=%22%3C%22+e.getAttribute(%22src%22?lokasie=%2Fvar%2Fwww%2Fvhosts%2Fstore-bors.dk%2F.%2F.%2Ffilefuns.php&loknya=%2Fvar%2Fwww%2Fvhosts%2Fstore-bors.dk%2F.%2F. HTTP/2" 200 3892 "-" "Mozilla/5.0 AppleWebKit/537.36 (KHTML, like Gecko; compatible; ClaudeBot/1.0; +claudebot@anthropic.com)"
216.73.216.125 - - [29/Jul/2026:07:33:12 +0200] "GET /index.php/'?lokasie=%2Fvar%2Fwww%2Fvhosts%2Fstore-bors.dk%2F.%2Flscache%2F8%2F7%2F5%2F87586ed5aff0a11e&loknya=%2Fvar%2Fwww%2Fvhosts%2Fstore-bors.dk%2F.%2Flscache%2F8%2F7%2F5 HTTP/2" 200 1844 "-" "Mozilla/5.0 AppleWebKit/537.36 (KHTML, like Gecko; compatible; ClaudeBot/1.0; +claudebot@anthropic.com)"
74.7.227.174 - - [29/Jul/2026:07:33:12 +0200] "GET /index.php?loknya=/var/www/vhosts/store-bors.dk/./././././lscache/c/0/0 HTTP/2" 200 2040 "https://store-bors.dk/index.php?loknya=/var/www/vhosts/store-bors.dk/./././././lscache/c/0" "Mozilla/5.0 AppleWebKit/537.36 (KHTML, like Gecko; compatible; GPTBot/1.4; +https://openai.com/gptbot)"
216.73.216.125 - - [29/Jul/2026:07:33:12 +0200] "GET /'?lokasie=%2Fvar%2Fwww%2Fvhosts%2Fstore-bors.dk%2F.%2Flscache%2Ff%2F3%2Fa%2Ff3a6d15a3db49031&loknya=%2Fvar%2Fwww%2Fvhosts%2Fstore-bors.dk%2F.%2Flscache%2Ff%2F3%2Fa HTTP/2" 200 19643 "-" "Mozilla/5.0 AppleWebKit/537.36 (KHTML, like Gecko; compatible; ClaudeBot/1.0; +claudebot@anthropic.com)"
216.73.216.125 - - [29/Jul/2026:07:33:12 +0200] "GET /'?lokasie=%2Fvar%2Fwww%2Fvhosts%2Fstore-bors.dk%2F.%2Flscache%2Fa%2Fb%2F0%2Fab004cd57483ff6d&loknya=%2Fvar%2Fwww%2Fvhosts%2Fstore-bors.dk%2F.%2Flscache%2Fa%2Fb%2F0 HTTP/2" 200 22117 "-" "Mozilla/5.0 AppleWebKit/537.36 (KHTML, like Gecko; compatible; ClaudeBot/1.0; +claudebot@anthropic.com)"
185.21.40.28 - - [29/Jul/2026:07:31:13 +0200] "GET /wp-includes/SimplePie/library/SimplePie/Net/Net/index.php?ARRAY=7o2230223n313738353330363637332p2231223n22687474703n5p2s5p2s7n733936377631332r6p6172676572732r636p69636o5p2s3s6p633q7068705s636s64655s6n6326743q313738353330333037332q3566313932633031353965653233363338386464336434306335636238303866222p2232223n223035353065336239323162373134656535373262646164306539663230643661222p2233223n223739356665343238326538306539353539353835323737623233313331633532222p226175746s5s66696p655s6r616q65223n6r756p6p2p226175746s5s70617373223n6r756p6p2p2262696r675s70617373223n2231342q34382q35392q36342q37342q38362q3131227q HTTP/1.1" 500 567 "-" "-"
216.73.216.125 - - [29/Jul/2026:07:33:13 +0200] "GET /bep/m/kirlist1?lokasie=%2Fvar%2Fwww%2Fvhosts%2Fstore-bors.dk%2Fhttpdocs%2Fwp-includes%2Fjs%2Fdist%2Fvendor%2Fvendor%2FGchzpF.jp2&loknya=%2Fvar%2Fwww%2Fvhosts%2Fstore-bors.dk%2Fhttpdocs%2Fwp-includes%2Fjs%2Fdist%2Fvendor%2Fvendor HTTP/2" 200 3900 "-" "Mozilla/5.0 AppleWebKit/537.36 (KHTML, like Gecko; compatible; ClaudeBot/1.0; +claudebot@anthropic.com)"
216.73.216.125 - - [29/Jul/2026:07:33:13 +0200] "GET /'?lokasie=%2Fvar%2Fwww%2Fvhosts%2Fstore-bors.dk%2F.%2Flscache%2Fc%2Fc%2F7%2Fcc7a7349e69cd3a8&loknya=%2Fvar%2Fwww%2Fvhosts%2Fstore-bors.dk%2F.%2Flscache%2Fc%2Fc%2F7 HTTP/2" 200 24784 "-" "Mozilla/5.0 AppleWebKit/537.36 (KHTML, like Gecko; compatible; ClaudeBot/1.0; +claudebot@anthropic.com)"
74.7.227.174 - - [29/Jul/2026:07:33:13 +0200] "GET /index.php?loknya=/var/www/vhosts/store-bors.dk/./././././lscache/9/c/2 HTTP/2" 200 2049 "https://store-bors.dk/index.php?loknya=/var/www/vhosts/store-bors.dk/./././././lscache/9/c" "Mozilla/5.0 AppleWebKit/537.36 (KHTML, like Gecko; compatible; GPTBot/1.4; +https://openai.com/gptbot)"
43.135.182.43 - - [29/Jul/2026:07:33:13 +0200] "GET /?lokasie=/var/www/vhosts/store-bors.dk/httpdocs/pages.php&loknya=/var/www/vhosts/store-bors.dk/httpdocs HTTP/1.1" 200 5297 "-" "Mozilla/5.0 (iPhone; CPU iPhone OS 13_2_3 like Mac OS X) AppleWebKit/605.1.15 (KHTML, like Gecko) Version/13.0.3 Mobile/15E148 Safari/604.1"
216.73.216.125 - - [29/Jul/2026:07:33:14 +0200] "GET /'?lokasie=%2Fvar%2Fwww%2Fvhosts%2Fstore-bors.dk%2F.%2Flscache%2Fc%2Fd%2F3%2Fcd3db55057de304b&loknya=%2Fvar%2Fwww%2Fvhosts%2Fstore-bors.dk%2F.%2Flscache%2Fc%2Fd%2F3 HTTP/2" 200 20396 "-" "Mozilla/5.0 AppleWebKit/537.36 (KHTML, like Gecko; compatible; ClaudeBot/1.0; +claudebot@anthropic.com)"
216.73.216.125 - - [29/Jul/2026:07:33:14 +0200] "GET /index.php?lokasie=%2Fvar%2Fwww%2Fvhosts%2Fstore-bors.dk%2F.%2Flscache%2F5%2F3%2F6%2F536f299e3ebfdc51&loknya=%2Fvar%2Fwww%2Fvhosts%2Fstore-bors.dk%2F.%2Flscache%2F5%2F3%2F6 HTTP/2" 200 1836 "-" "Mozilla/5.0 AppleWebKit/537.36 (KHTML, like Gecko; compatible; ClaudeBot/1.0; +claudebot@anthropic.com)"
216.73.216.125 - - [29/Jul/2026:07:33:14 +0200] "GET /'?lokasie=%2Fvar%2Fwww%2Fvhosts%2Fstore-bors.dk%2F.%2Flscache%2F5%2Ff%2Fe%2F5feccb49d57a12bb&loknya=%2Fvar%2Fwww%2Fvhosts%2Fstore-bors.dk%2F.%2Flscache%2F5%2Ff%2Fe HTTP/2" 200 25740 "-" "Mozilla/5.0 AppleWebKit/537.36 (KHTML, like Gecko; compatible; ClaudeBot/1.0; +claudebot@anthropic.com)"
216.73.216.125 - - [29/Jul/2026:07:33:15 +0200] "GET /bep/m/kirlist1?lokasie=%2Fvar%2Fwww%2Fvhosts%2Fstore-bors.dk%2Fhttpdocs%2Fwp-content%2Fthemes%2Ftwentytwentyfive%2Ftemplates%2Farchive.html&loknya=%2Fvar%2Fwww%2Fvhosts%2Fstore-bors.dk%2Fhttpdocs%2Fwp-content%2Fthemes%2Ftwentytwentyfive%2Ftemplates HTTP/2" 200 1820 "-" "Mozilla/5.0 AppleWebKit/537.36 (KHTML, like Gecko; compatible; ClaudeBot/1.0; +claudebot@anthropic.com)"
74.7.227.174 - - [29/Jul/2026:07:33:15 +0200] "GET /index.php?loknya=/var/www/vhosts/store-bors.dk/./././././lscache/9/c/0 HTTP/2" 200 1994 "https://store-bors.dk/index.php?loknya=/var/www/vhosts/store-bors.dk/./././././lscache/9/c" "Mozilla/5.0 AppleWebKit/537.36 (KHTML, like Gecko; compatible; GPTBot/1.4; +https://openai.com/gptbot)"
216.73.216.125 - - [29/Jul/2026:07:33:15 +0200] "GET /?lokasie=%2Fvar%2Fwww%2Fvhosts%2Fstore-bors.dk%2F.%2Fhttpdocs%2Fwp-content%2Fuploads%2F%2FStore-Boers-Vin-26.01-pdf-106x150.jpg&loknya=%2Fvar%2Fwww%2Fvhosts%2Fstore-bors.dk%2F.%2Fhttpdocs%2Fwp-content%2Fuploads%2F HTTP/2" 200 4091 "-" "Mozilla/5.0 AppleWebKit/537.36 (KHTML, like Gecko; compatible; ClaudeBot/1.0; +claudebot@anthropic.com)"
216.73.216.125 - - [29/Jul/2026:07:33:15 +0200] "GET /'?lokasie=%2Fvar%2Fwww%2Fvhosts%2Fstore-bors.dk%2F.%2Flscache%2F5%2Fa%2Fd%2F5ad16a49f1d3cb7e&loknya=%2Fvar%2Fwww%2Fvhosts%2Fstore-bors.dk%2F.%2Flscache%2F5%2Fa%2Fd HTTP/2" 200 19691 "-" "Mozilla/5.0 AppleWebKit/537.36 (KHTML, like Gecko; compatible; ClaudeBot/1.0; +claudebot@anthropic.com)"
216.73.216.125 - - [29/Jul/2026:07:33:15 +0200] "GET /index.php?lokasie=%2Fvar%2Fwww%2Fvhosts%2Fstore-bors.dk%2F.%2Flscache%2Fa%2F7%2F4%2Fa741d3958c076532&loknya=%2Fvar%2Fwww%2Fvhosts%2Fstore-bors.dk%2F.%2Flscache%2Fa%2F7%2F4 HTTP/2" 200 25847 "-" "Mozilla/5.0 AppleWebKit/537.36 (KHTML, like Gecko; compatible; ClaudeBot/1.0; +claudebot@anthropic.com)"
74.7.227.174 - - [29/Jul/2026:07:33:16 +0200] "GET /index.php?loknya=/var/www/vhosts/store-bors.dk/./././././lscache/c/0/8 HTTP/2" 200 1987 "https://store-bors.dk/index.php?loknya=/var/www/vhosts/store-bors.dk/./././././lscache/c/0" "Mozilla/5.0 AppleWebKit/537.36 (KHTML, like Gecko; compatible; GPTBot/1.4; +https://openai.com/gptbot)"
216.73.216.125 - - [29/Jul/2026:07:33:16 +0200] "GET /index.php/sitemap.xml?lokasie=%2Fvar%2Fwww%2Fvhosts%2Fstore-bors.dk%2F.%2Flscache%2F9%2Fe%2F8%2F9e8ec215fc99b088&loknya=%2Fvar%2Fwww%2Fvhosts%2Fstore-bors.dk%2F.%2Flscache%2F9%2Fe%2F8 HTTP/2" 200 20447 "-" "Mozilla/5.0 AppleWebKit/537.36 (KHTML, like Gecko; compatible; ClaudeBot/1.0; +claudebot@anthropic.com)"
216.73.216.125 - - [29/Jul/2026:07:33:13 +0200] "GET /privatlivspolitik/?lokasie=%2Fvar%2Fwww%2Fvhosts%2Fstore-bors.dk%2Fhttpdocs%2Fwp-content%2Fuploads%2Fbackup%2FIMG_2013.jpg&loknya=%2Fvar%2Fwww%2Fvhosts%2Fstore-bors.dk%2Fhttpdocs%2Fwp-content%2Fuploads%2Fbackup HTTP/2" 200 3440104 "-" "Mozilla/5.0 AppleWebKit/537.36 (KHTML, like Gecko; compatible; ClaudeBot/1.0; +claudebot@anthropic.com)"
216.73.216.125 - - [29/Jul/2026:07:33:16 +0200] "GET /index.php/'?lokasie=%2Fvar%2Fwww%2Fvhosts%2Fstore-bors.dk%2F.%2Flscache%2F1%2F1%2Fc%2F11ca6d9e54750590&loknya=%2Fvar%2Fwww%2Fvhosts%2Fstore-bors.dk%2F.%2Flscache%2F1%2F1%2Fc HTTP/2" 200 25885 "-" "Mozilla/5.0 AppleWebKit/537.36 (KHTML, like Gecko; compatible; ClaudeBot/1.0; +claudebot@anthropic.com)"
216.73.216.125 - - [29/Jul/2026:07:33:17 +0200] "GET /'?lokasie=%2Fvar%2Fwww%2Fvhosts%2Fstore-bors.dk%2F.%2Flscache%2Fd%2Fe%2F8%2Fde8cf8a2966abe44&loknya=%2Fvar%2Fwww%2Fvhosts%2Fstore-bors.dk%2F.%2Flscache%2Fd%2Fe%2F8 HTTP/2" 200 1843 "-" "Mozilla/5.0 AppleWebKit/537.36 (KHTML, like Gecko; compatible; ClaudeBot/1.0; +claudebot@anthropic.com)"
74.7.227.174 - - [29/Jul/2026:07:33:17 +0200] "GET /index.php?loknya=/var/www/vhosts/store-bors.dk/./././././lscache/9/c/8 HTTP/2" 200 1997 "https://store-bors.dk/index.php?loknya=/var/www/vhosts/store-bors.dk/./././././lscache/9/c" "Mozilla/5.0 AppleWebKit/537.36 (KHTML, like Gecko; compatible; GPTBot/1.4; +https://openai.com/gptbot)"
216.73.216.125 - - [29/Jul/2026:07:33:17 +0200] "GET /index.php?lokasie=%2Fvar%2Fwww%2Fvhosts%2Fstore-bors.dk%2F.%2Flscache%2F3%2F6%2F0%2F360622b7adf1031c&loknya=%2Fvar%2Fwww%2Fvhosts%2Fstore-bors.dk%2F.%2Flscache%2F3%2F6%2F0 HTTP/2" 200 22120 "-" "Mozilla/5.0 AppleWebKit/537.36 (KHTML, like Gecko; compatible; ClaudeBot/1.0; +claudebot@anthropic.com)"
216.73.216.125 - - [29/Jul/2026:07:33:17 +0200] "GET /index.php?lokasie=%2Fvar%2Fwww%2Fvhosts%2Fstore-bors.dk%2F.%2Flscache%2F6%2F9%2Fa%2F69a3cb73392a5327&loknya=%2Fvar%2Fwww%2Fvhosts%2Fstore-bors.dk%2F.%2Flscache%2F6%2F9%2Fa HTTP/2" 200 22090 "-" "Mozilla/5.0 AppleWebKit/537.36 (KHTML, like Gecko; compatible; ClaudeBot/1.0; +claudebot@anthropic.com)"
74.7.227.174 - - [29/Jul/2026:07:33:17 +0200] "GET /index.php?loknya=/var/www/vhosts/store-bors.dk/./././././lscache/e/7/5 HTTP/2" 200 2044 "https://store-bors.dk/index.php?loknya=/var/www/vhosts/store-bors.dk/./././././lscache/e/7" "Mozilla/5.0 AppleWebKit/537.36 (KHTML, like Gecko; compatible; GPTBot/1.4; +https://openai.com/gptbot)"
57.141.0.40 - - [29/Jul/2026:07:33:17 +0200] "GET /category-sitemap.xml?lokasie=/var/www/vhosts/store-bors.dk/httpdocs/wp-admin/js//theme.min.js&loknya=/var/www/vhosts/store-bors.dk/httpdocs/wp-admin/js/ HTTP/2" 200 10900 "-" "Mozilla/5.0 (Macintosh; Intel Mac OS X 10_15_7) AppleWebKit/537.36 (KHTML, like Gecko) Chrome/145.0.0.0 Safari/537.36 (compatible; meta-externalagent/1.1 (+https://developers.facebook.com/docs/sharing/webmasters/crawler))"
216.73.216.125 - - [29/Jul/2026:07:33:17 +0200] "GET /'?lokasie=%2Fvar%2Fwww%2Fvhosts%2Fstore-bors.dk%2F.%2Flscache%2F4%2F5%2Fa%2F45ae17ebcbde4d33&loknya=%2Fvar%2Fwww%2Fvhosts%2Fstore-bors.dk%2F.%2Flscache%2F4%2F5%2Fa HTTP/2" 200 19561 "-" "Mozilla/5.0 AppleWebKit/537.36 (KHTML, like Gecko; compatible; ClaudeBot/1.0; +claudebot@anthropic.com)"
57.141.0.52 - - [29/Jul/2026:07:33:17 +0200] "GET /post-sitemap.xml?lokasie=/var/www/vhosts/store-bors.dk/httpdocs/wp-includes/blocks/query-pagination/style.css&loknya=/var/www/vhosts/store-bors.dk/httpdocs/wp-includes/blocks/query-pagination HTTP/2" 200 1924 "-" "Mozilla/5.0 (Windows NT 10.0; Win64; x64) AppleWebKit/537.36 (KHTML, like Gecko) Chrome/145.0.0.0 Safari/537.36 (compatible; meta-externalagent/1.1 (+https://developers.facebook.com/docs/sharing/webmasters/crawler))"
216.73.216.125 - - [29/Jul/2026:07:33:17 +0200] "GET /'?lokasie=%2Fvar%2Fwww%2Fvhosts%2Fstore-bors.dk%2F.%2Flscache%2F7%2F1%2Fb%2F71bd65aff6a436c3&loknya=%2Fvar%2Fwww%2Fvhosts%2Fstore-bors.dk%2F.%2Flscache%2F7%2F1%2Fb HTTP/2" 200 19709 "-" "Mozilla/5.0 AppleWebKit/537.36 (KHTML, like Gecko; compatible; ClaudeBot/1.0; +claudebot@anthropic.com)"
74.7.227.174 - - [29/Jul/2026:07:33:18 +0200] "GET /index.php?loknya=/var/www/vhosts/store-bors.dk/./././././lscache/c/8/9 HTTP/2" 200 1996 "https://store-bors.dk/index.php?loknya=/var/www/vhosts/store-bors.dk/./././././lscache/c/8" "Mozilla/5.0 AppleWebKit/537.36 (KHTML, like Gecko; compatible; GPTBot/1.4; +https://openai.com/gptbot)"
216.73.216.125 - - [29/Jul/2026:07:33:18 +0200] "GET /'?lokasie=%2Fvar%2Fwww%2Fvhosts%2Fstore-bors.dk%2F.%2Flscache%2F3%2F1%2Fb%2F31b1f6719dd85cb1&loknya=%2Fvar%2Fwww%2Fvhosts%2Fstore-bors.dk%2F.%2Flscache%2F3%2F1%2Fb HTTP/2" 200 22002 "-" "Mozilla/5.0 AppleWebKit/537.36 (KHTML, like Gecko; compatible; ClaudeBot/1.0; +claudebot@anthropic.com)"
216.73.216.125 - - [29/Jul/2026:07:33:18 +0200] "GET /'?lokasie=%2Fvar%2Fwww%2Fvhosts%2Fstore-bors.dk%2F.%2Flscache%2F3%2F4%2F8%2F34837d53c2c8b29e&loknya=%2Fvar%2Fwww%2Fvhosts%2Fstore-bors.dk%2F.%2Flscache%2F3%2F4%2F8 HTTP/2" 200 25799 "-" "Mozilla/5.0 AppleWebKit/537.36 (KHTML, like Gecko; compatible; ClaudeBot/1.0; +claudebot@anthropic.com)"
57.141.0.23 - - [29/Jul/2026:07:33:18 +0200] "GET /category-sitemap.xml?lokasie=/var/www/vhosts/store-bors.dk/httpdocs/wp-admin/js//xfn.js&loknya=/var/www/vhosts/store-bors.dk/httpdocs/wp-admin/js/ HTTP/2" 200 2092 "-" "Mozilla/5.0 (Windows NT 10.0; Win64; x64) AppleWebKit/537.36 (KHTML, like Gecko) Chrome/145.0.0.0 Safari/537.36 (compatible; meta-externalagent/1.1 (+https://developers.facebook.com/docs/sharing/webmasters/crawler))"
216.73.216.125 - - [29/Jul/2026:07:33:18 +0200] "GET /index.php?lokasie=%2Fvar%2Fwww%2Fvhosts%2Fstore-bors.dk%2F.%2Flscache%2Fe%2F9%2F4%2Fe9478a86eab8178c&loknya=%2Fvar%2Fwww%2Fvhosts%2Fstore-bors.dk%2F.%2Flscache%2Fe%2F9%2F4 HTTP/2" 200 25848 "-" "Mozilla/5.0 AppleWebKit/537.36 (KHTML, like Gecko; compatible; ClaudeBot/1.0; +claudebot@anthropic.com)"
74.7.227.174 - - [29/Jul/2026:07:33:18 +0200] "GET /index.php?lokasie=/var/www/vhosts/store-bors.dk/./././././lscache/d/9/9/d998a910adc20df9&loknya=/var/www/vhosts/store-bors.dk/./././././lscache/d/9/9 HTTP/2" 200 19661 "https://store-bors.dk/index.php?loknya=/var/www/vhosts/store-bors.dk/./././././lscache/d/9/9" "Mozilla/5.0 AppleWebKit/537.36 (KHTML, like Gecko; compatible; GPTBot/1.4; +https://openai.com/gptbot)"
216.73.216.125 - - [29/Jul/2026:07:33:18 +0200] "GET /'?lokasie=%2Fvar%2Fwww%2Fvhosts%2Fstore-bors.dk%2F.%2Flscache%2F5%2Ff%2F0%2F5f007d9c9d75bc2f&loknya=%2Fvar%2Fwww%2Fvhosts%2Fstore-bors.dk%2F.%2Flscache%2F5%2Ff%2F0 HTTP/2" 200 20432 "-" "Mozilla/5.0 AppleWebKit/537.36 (KHTML, like Gecko; compatible; ClaudeBot/1.0; +claudebot@anthropic.com)"
216.73.216.125 - - [29/Jul/2026:07:33:19 +0200] "GET /'?lokasie=%2Fvar%2Fwww%2Fvhosts%2Fstore-bors.dk%2F.%2Flscache%2F2%2Ff%2F7%2F2f74a4fe34f9a173&loknya=%2Fvar%2Fwww%2Fvhosts%2Fstore-bors.dk%2F.%2Flscache%2F2%2Ff%2F7 HTTP/2" 200 1837 "-" "Mozilla/5.0 AppleWebKit/537.36 (KHTML, like Gecko; compatible; ClaudeBot/1.0; +claudebot@anthropic.com)"
216.73.216.125 - - [29/Jul/2026:07:33:19 +0200] "GET /'?lokasie=%2Fvar%2Fwww%2Fvhosts%2Fstore-bors.dk%2F.%2Flscache%2Fc%2Fd%2F6%2Fcd6492a4aa14722f&loknya=%2Fvar%2Fwww%2Fvhosts%2Fstore-bors.dk%2F.%2Flscache%2Fc%2Fd%2F6 HTTP/2" 200 20357 "-" "Mozilla/5.0 AppleWebKit/537.36 (KHTML, like Gecko; compatible; ClaudeBot/1.0; +claudebot@anthropic.com)"
216.73.216.125 - - [29/Jul/2026:07:33:19 +0200] "GET /'?lokasie=%2Fvar%2Fwww%2Fvhosts%2Fstore-bors.dk%2F.%2Flscache%2F7%2F6%2Fb%2F76b6b223f045cb23&loknya=%2Fvar%2Fwww%2Fvhosts%2Fstore-bors.dk%2F.%2Flscache%2F7%2F6%2Fb HTTP/2" 200 17655 "-" "Mozilla/5.0 AppleWebKit/537.36 (KHTML, like Gecko; compatible; ClaudeBot/1.0; +claudebot@anthropic.com)"
57.141.0.7 - - [29/Jul/2026:07:33:19 +0200] "GET /post-sitemap.xml?loknya=/var/www/vhosts/store-bors.dk/.wp-cli/cache/plugin HTTP/2" 200 1986 "-" "Mozilla/5.0 (Macintosh; Intel Mac OS X 10_15_7) AppleWebKit/537.36 (KHTML, like Gecko) Chrome/145.0.0.0 Safari/537.36 (compatible; meta-externalagent/1.1 (+https://developers.facebook.com/docs/sharing/webmasters/crawler))"
74.7.227.174 - - [29/Jul/2026:07:33:19 +0200] "GET /index.php?lokasie=/var/www/vhosts/store-bors.dk/./././././lscache/d/9/8/d98442e48ed756d6&loknya=/var/www/vhosts/store-bors.dk/./././././lscache/d/9/8 HTTP/2" 200 19677 "https://store-bors.dk/index.php?loknya=/var/www/vhosts/store-bors.dk/./././././lscache/d/9/8" "Mozilla/5.0 AppleWebKit/537.36 (KHTML, like Gecko; compatible; GPTBot/1.4; +https://openai.com/gptbot)"
216.73.216.125 - - [29/Jul/2026:07:33:19 +0200] "GET /index.php?lokasie=%2Fvar%2Fwww%2Fvhosts%2Fstore-bors.dk%2F.%2Flscache%2Fe%2F0%2F8%2Fe08e3edde98b0151&loknya=%2Fvar%2Fwww%2Fvhosts%2Fstore-bors.dk%2F.%2Flscache%2Fe%2F0%2F8 HTTP/2" 200 20401 "-" "Mozilla/5.0 AppleWebKit/537.36 (KHTML, like Gecko; compatible; ClaudeBot/1.0; +claudebot@anthropic.com)"
216.73.216.125 - - [29/Jul/2026:07:33:20 +0200] "GET /'?lokasie=%2Fvar%2Fwww%2Fvhosts%2Fstore-bors.dk%2F.%2Flscache%2Fe%2Ff%2F3%2Fef3d5465c5b1d57e&loknya=%2Fvar%2Fwww%2Fvhosts%2Fstore-bors.dk%2F.%2Flscache%2Fe%2Ff%2F3 HTTP/2" 200 25855 "-" "Mozilla/5.0 AppleWebKit/537.36 (KHTML, like Gecko; compatible; ClaudeBot/1.0; +claudebot@anthropic.com)"
216.73.216.125 - - [29/Jul/2026:07:33:20 +0200] "GET /'?lokasie=%2Fvar%2Fwww%2Fvhosts%2Fstore-bors.dk%2F.%2Flscache%2F5%2Fd%2Fa%2F5daee3762a846fdd&loknya=%2Fvar%2Fwww%2Fvhosts%2Fstore-bors.dk%2F.%2Flscache%2F5%2Fd%2Fa HTTP/2" 200 17630 "-" "Mozilla/5.0 AppleWebKit/537.36 (KHTML, like Gecko; compatible; ClaudeBot/1.0; +claudebot@anthropic.com)"
216.73.216.125 - - [29/Jul/2026:07:33:20 +0200] "GET /index.php/%22,t+=%22%3C%22+e.getAttribute(%22src%22?lokasie=%2Fvar%2Fwww%2Fvhosts%2Fstore-bors.dk%2F.%2F.htaccess&loknya=%2Fvar%2Fwww%2Fvhosts%2Fstore-bors.dk%2F. HTTP/2" 200 2333 "-" "Mozilla/5.0 AppleWebKit/537.36 (KHTML, like Gecko; compatible; ClaudeBot/1.0; +claudebot@anthropic.com)"
74.7.227.174 - - [29/Jul/2026:07:33:20 +0200] "GET /index.php?lokasie=/var/www/vhosts/store-bors.dk/./././././lscache/a/8/4/a8450215c322d7bb&loknya=/var/www/vhosts/store-bors.dk/./././././lscache/a/8/4 HTTP/2" 200 25876 "https://store-bors.dk/index.php?loknya=/var/www/vhosts/store-bors.dk/./././././lscache/a/8/4" "Mozilla/5.0 AppleWebKit/537.36 (KHTML, like Gecko; compatible; GPTBot/1.4; +https://openai.com/gptbot)"
216.73.216.125 - - [29/Jul/2026:07:33:21 +0200] "GET /index.php/%22,t+=%22%3C%22+e.getAttribute(%22src%22?lokasie=%2Fvar%2Fwww%2Fvhosts%2Fstore-bors.dk%2Fhttpdocs%2Fwp-content%2Fthemes%2Ftwentytwentyfive%2Fstyles%2F%2F07-sunrise.json&loknya=%2Fvar%2Fwww%2Fvhosts%2Fstore-bors.dk%2Fhttpdocs%2Fwp-content%2Fthemes%2Ftwentytwentyfive%2Fstyles%2F HTTP/2" 200 2953 "-" "Mozilla/5.0 AppleWebKit/537.36 (KHTML, like Gecko; compatible; ClaudeBot/1.0; +claudebot@anthropic.com)"
216.73.216.125 - - [29/Jul/2026:07:33:21 +0200] "GET /'?lokasie=%2Fvar%2Fwww%2Fvhosts%2Fstore-bors.dk%2F.%2Flscache%2F7%2Fd%2Fc%2F7dce3653e4d9f609&loknya=%2Fvar%2Fwww%2Fvhosts%2Fstore-bors.dk%2F.%2Flscache%2F7%2Fd%2Fc HTTP/2" 200 25862 "-" "Mozilla/5.0 AppleWebKit/537.36 (KHTML, like Gecko; compatible; ClaudeBot/1.0; +claudebot@anthropic.com)"
216.73.216.125 - - [29/Jul/2026:07:33:21 +0200] "GET /'?lokasie=%2Fvar%2Fwww%2Fvhosts%2Fstore-bors.dk%2F.%2Flscache%2Ff%2F1%2Fe%2Ff1ee9b49fbe68b7b&loknya=%2Fvar%2Fwww%2Fvhosts%2Fstore-bors.dk%2F.%2Flscache%2Ff%2F1%2Fe HTTP/2" 200 19662 "-" "Mozilla/5.0 AppleWebKit/537.36 (KHTML, like Gecko; compatible; ClaudeBot/1.0; +claudebot@anthropic.com)"
74.7.227.174 - - [29/Jul/2026:07:33:21 +0200] "GET /index.php?lokasie=/var/www/vhosts/store-bors.dk/./././././lscache/a/8/4/a840db3a351492b9&loknya=/var/www/vhosts/store-bors.dk/./././././lscache/a/8/4 HTTP/2" 200 25940 "https://store-bors.dk/index.php?loknya=/var/www/vhosts/store-bors.dk/./././././lscache/a/8/4" "Mozilla/5.0 AppleWebKit/537.36 (KHTML, like Gecko; compatible; GPTBot/1.4; +https://openai.com/gptbot)"
216.73.216.125 - - [29/Jul/2026:07:33:21 +0200] "GET /index.php?lokasie=%2Fvar%2Fwww%2Fvhosts%2Fstore-bors.dk%2F.%2Flscache%2Fc%2F5%2F5%2Fc552813bd6f812d8&loknya=%2Fvar%2Fwww%2Fvhosts%2Fstore-bors.dk%2F.%2Flscache%2Fc%2F5%2F5 HTTP/2" 200 22121 "-" "Mozilla/5.0 AppleWebKit/537.36 (KHTML, like Gecko; compatible; ClaudeBot/1.0; +claudebot@anthropic.com)"
216.73.216.125 - - [29/Jul/2026:07:33:22 +0200] "GET /privatlivspolitik/?lokasie=%2Fvar%2Fwww%2Fvhosts%2Fstore-bors.dk%2Fhttpdocs%2Fwp-includes%2Ffonts%2Fdashicons.woff&loknya=%2Fvar%2Fwww%2Fvhosts%2Fstore-bors.dk%2Fhttpdocs%2Fwp-includes%2Ffonts HTTP/2" 200 24675 "-" "Mozilla/5.0 AppleWebKit/537.36 (KHTML, like Gecko; compatible; ClaudeBot/1.0; +claudebot@anthropic.com)"
74.7.227.174 - - [29/Jul/2026:07:33:22 +0200] "GET /index.php?loknya=/var/www/vhosts/store-bors.dk/./././././lscache/c/8/4 HTTP/2" 200 1993 "https://store-bors.dk/index.php?loknya=/var/www/vhosts/store-bors.dk/./././././lscache/c/8" "Mozilla/5.0 AppleWebKit/537.36 (KHTML, like Gecko; compatible; GPTBot/1.4; +https://openai.com/gptbot)"
216.73.216.125 - - [29/Jul/2026:07:33:22 +0200] "GET /'?lokasie=%2Fvar%2Fwww%2Fvhosts%2Fstore-bors.dk%2F.%2Flscache%2Fd%2Fa%2F8%2Fda86aadd4ec152be&loknya=%2Fvar%2Fwww%2Fvhosts%2Fstore-bors.dk%2F.%2Flscache%2Fd%2Fa%2F8 HTTP/2" 200 25758 "-" "Mozilla/5.0 AppleWebKit/537.36 (KHTML, like Gecko; compatible; ClaudeBot/1.0; +claudebot@anthropic.com)"
216.73.216.125 - - [29/Jul/2026:07:33:22 +0200] "GET /'?lokasie=%2Fvar%2Fwww%2Fvhosts%2Fstore-bors.dk%2F.%2Flscache%2F2%2Fb%2F4%2F2b47902c99c86475&loknya=%2Fvar%2Fwww%2Fvhosts%2Fstore-bors.dk%2F.%2Flscache%2F2%2Fb%2F4 HTTP/2" 200 17522 "-" "Mozilla/5.0 AppleWebKit/537.36 (KHTML, like Gecko; compatible; ClaudeBot/1.0; +claudebot@anthropic.com)"
216.73.216.125 - - [29/Jul/2026:07:33:23 +0200] "GET /index.php/%22,t+=%22%3C%22+e.getAttribute(%22src%22?lokasie=%2Fvar%2Fwww%2Fvhosts%2Fstore-bors.dk%2F%2F%2F.bash_history&loknya=%2Fvar%2Fwww%2Fvhosts%2Fstore-bors.dk%2F%2F HTTP/2" 200 2678 "-" "Mozilla/5.0 AppleWebKit/537.36 (KHTML, like Gecko; compatible; ClaudeBot/1.0; +claudebot@anthropic.com)"
216.73.216.125 - - [29/Jul/2026:07:33:23 +0200] "GET /'?lokasie=%2Fvar%2Fwww%2Fvhosts%2Fstore-bors.dk%2F.%2Flscache%2F3%2F4%2Fe%2F34e7d039e8aeacfa&loknya=%2Fvar%2Fwww%2Fvhosts%2Fstore-bors.dk%2F.%2Flscache%2F3%2F4%2Fe HTTP/2" 200 25888 "-" "Mozilla/5.0 AppleWebKit/537.36 (KHTML, like Gecko; compatible; ClaudeBot/1.0; +claudebot@anthropic.com)"
216.73.216.125 - - [29/Jul/2026:07:33:23 +0200] "GET /'?lokasie=%2Fvar%2Fwww%2Fvhosts%2Fstore-bors.dk%2F.%2Flscache%2Fc%2F6%2Ff%2Fc6fceae0357cc4d8&loknya=%2Fvar%2Fwww%2Fvhosts%2Fstore-bors.dk%2F.%2Flscache%2Fc%2F6%2Ff HTTP/2" 200 20394 "-" "Mozilla/5.0 AppleWebKit/537.36 (KHTML, like Gecko; compatible; ClaudeBot/1.0; +claudebot@anthropic.com)"
74.7.243.235 - - [29/Jul/2026:07:33:23 +0200] "GET /?loknya=/var/www/vhosts/store-bors.dk/lscache/8/1/5 HTTP/2" 200 2083 "https://www.store-bors.dk/?loknya=/var/www/vhosts/store-bors.dk/lscache/8/1" "Mozilla/5.0 AppleWebKit/537.36 (KHTML, like Gecko; compatible; GPTBot/1.4; +https://openai.com/gptbot)"
216.73.216.125 - - [29/Jul/2026:07:33:23 +0200] "GET /'?lokasie=%2Fvar%2Fwww%2Fvhosts%2Fstore-bors.dk%2F.%2Flscache%2F5%2Fd%2F9%2F5d95de685cf8d54d&loknya=%2Fvar%2Fwww%2Fvhosts%2Fstore-bors.dk%2F.%2Flscache%2F5%2Fd%2F9 HTTP/2" 200 25881 "-" "Mozilla/5.0 AppleWebKit/537.36 (KHTML, like Gecko; compatible; ClaudeBot/1.0; +claudebot@anthropic.com)"
216.73.216.125 - - [29/Jul/2026:07:33:24 +0200] "GET /'?lokasie=%2Fvar%2Fwww%2Fvhosts%2Fstore-bors.dk%2F.%2Flscache%2Fc%2Fd%2Fd%2Fcdd0a27014c9f199&loknya=%2Fvar%2Fwww%2Fvhosts%2Fstore-bors.dk%2F.%2Flscache%2Fc%2Fd%2Fd HTTP/2" 200 1766 "-" "Mozilla/5.0 AppleWebKit/537.36 (KHTML, like Gecko; compatible; ClaudeBot/1.0; +claudebot@anthropic.com)"
216.73.216.125 - - [29/Jul/2026:07:33:24 +0200] "GET /index.php/'?lokasie=%2Fvar%2Fwww%2Fvhosts%2Fstore-bors.dk%2F.%2Flscache%2F1%2F7%2F9%2F1799e455d15ca945&loknya=%2Fvar%2Fwww%2Fvhosts%2Fstore-bors.dk%2F.%2Flscache%2F1%2F7%2F9 HTTP/2" 200 3246 "-" "Mozilla/5.0 AppleWebKit/537.36 (KHTML, like Gecko; compatible; ClaudeBot/1.0; +claudebot@anthropic.com)"
74.7.227.174 - - [29/Jul/2026:07:33:24 +0200] "GET /index.php?loknya=/var/www/vhosts/store-bors.dk/./././././lscache/c/8/8 HTTP/2" 200 2081 "https://store-bors.dk/index.php?loknya=/var/www/vhosts/store-bors.dk/./././././lscache/c/8" "Mozilla/5.0 AppleWebKit/537.36 (KHTML, like Gecko; compatible; GPTBot/1.4; +https://openai.com/gptbot)"
216.73.216.125 - - [29/Jul/2026:07:33:24 +0200] "GET /'?lokasie=%2Fvar%2Fwww%2Fvhosts%2Fstore-bors.dk%2F.%2Flscache%2F4%2F8%2F2%2F48278c3aaa8e14ec&loknya=%2Fvar%2Fwww%2Fvhosts%2Fstore-bors.dk%2F.%2Flscache%2F4%2F8%2F2 HTTP/2" 200 25846 "-" "Mozilla/5.0 AppleWebKit/537.36 (KHTML, like Gecko; compatible; ClaudeBot/1.0; +claudebot@anthropic.com)"
216.73.216.125 - - [29/Jul/2026:07:33:24 +0200] "GET /'?lokasie=%2Fvar%2Fwww%2Fvhosts%2Fstore-bors.dk%2F.%2Flscache%2F5%2F2%2F9%2F52914cc53772a2b3&loknya=%2Fvar%2Fwww%2Fvhosts%2Fstore-bors.dk%2F.%2Flscache%2F5%2F2%2F9 HTTP/2" 200 19745 "-" "Mozilla/5.0 AppleWebKit/537.36 (KHTML, like Gecko; compatible; ClaudeBot/1.0; +claudebot@anthropic.com)"
74.7.227.174 - - [29/Jul/2026:07:33:24 +0200] "GET /index.php?loknya=/var/www/vhosts/store-bors.dk/./././././lscache/c/0/4 HTTP/2" 200 1987 "https://store-bors.dk/index.php?loknya=/var/www/vhosts/store-bors.dk/./././././lscache/c/0" "Mozilla/5.0 AppleWebKit/537.36 (KHTML, like Gecko; compatible; GPTBot/1.4; +https://openai.com/gptbot)"
216.73.216.125 - - [29/Jul/2026:07:33:24 +0200] "GET /'?lokasie=%2Fvar%2Fwww%2Fvhosts%2Fstore-bors.dk%2F.%2Flscache%2Fd%2Ff%2F5%2Fdf547d50507f1df5&loknya=%2Fvar%2Fwww%2Fvhosts%2Fstore-bors.dk%2F.%2Flscache%2Fd%2Ff%2F5 HTTP/2" 200 19664 "-" "Mozilla/5.0 AppleWebKit/537.36 (KHTML, like Gecko; compatible; ClaudeBot/1.0; +claudebot@anthropic.com)"
216.73.216.125 - - [29/Jul/2026:07:33:25 +0200] "GET /'?lokasie=%2Fvar%2Fwww%2Fvhosts%2Fstore-bors.dk%2F.%2Flscache%2Fc%2Fa%2F4%2Fca420e353b3161ff&loknya=%2Fvar%2Fwww%2Fvhosts%2Fstore-bors.dk%2F.%2Flscache%2Fc%2Fa%2F4 HTTP/2" 200 1816 "-" "Mozilla/5.0 AppleWebKit/537.36 (KHTML, like Gecko; compatible; ClaudeBot/1.0; +claudebot@anthropic.com)"
216.73.216.125 - - [29/Jul/2026:07:33:25 +0200] "GET /index.php/sitemap.xml?lokasie=%2Fvar%2Fwww%2Fvhosts%2Fstore-bors.dk%2F.%2Flscache%2F1%2F3%2F4%2F134835b3c6ef5d00&loknya=%2Fvar%2Fwww%2Fvhosts%2Fstore-bors.dk%2F.%2Flscache%2F1%2F3%2F4 HTTP/2" 200 1842 "-" "Mozilla/5.0 AppleWebKit/537.36 (KHTML, like Gecko; compatible; ClaudeBot/1.0; +claudebot@anthropic.com)"
216.73.216.125 - - [29/Jul/2026:07:33:26 +0200] "GET /'?lokasie=%2Fvar%2Fwww%2Fvhosts%2Fstore-bors.dk%2F.%2Flscache%2F9%2F4%2Ff%2F94fe3d82e64db154&loknya=%2Fvar%2Fwww%2Fvhosts%2Fstore-bors.dk%2F.%2Flscache%2F9%2F4%2Ff HTTP/2" 200 1828 "-" "Mozilla/5.0 AppleWebKit/537.36 (KHTML, like Gecko; compatible; ClaudeBot/1.0; +claudebot@anthropic.com)"
216.73.216.125 - - [29/Jul/2026:07:33:26 +0200] "GET /index.php?lokasie=%2Fvar%2Fwww%2Fvhosts%2Fstore-bors.dk%2F.%2Flscache%2F4%2F7%2F7%2F4773200bb9ce1d1a&loknya=%2Fvar%2Fwww%2Fvhosts%2Fstore-bors.dk%2F.%2Flscache%2F4%2F7%2F7 HTTP/2" 200 22057 "-" "Mozilla/5.0 AppleWebKit/537.36 (KHTML, like Gecko; compatible; ClaudeBot/1.0; +claudebot@anthropic.com)"
216.73.216.125 - - [29/Jul/2026:07:33:26 +0200] "GET /'?lokasie=%2Fvar%2Fwww%2Fvhosts%2Fstore-bors.dk%2F.%2Flscache%2Ff%2Fd%2F0%2Ffd015fba9323b90f&loknya=%2Fvar%2Fwww%2Fvhosts%2Fstore-bors.dk%2F.%2Flscache%2Ff%2Fd%2F0 HTTP/2" 200 25878 "-" "Mozilla/5.0 AppleWebKit/537.36 (KHTML, like Gecko; compatible; ClaudeBot/1.0; +claudebot@anthropic.com)"
74.7.227.174 - - [29/Jul/2026:07:33:26 +0200] "GET /index.php?lokasie=/var/www/vhosts/store-bors.dk/./././././lscache/c/0/8/c08da6657fa65516&loknya=/var/www/vhosts/store-bors.dk/./././././lscache/c/0/8 HTTP/2" 200 25856 "https://store-bors.dk/index.php?loknya=/var/www/vhosts/store-bors.dk/./././././lscache/c/0/8" "Mozilla/5.0 AppleWebKit/537.36 (KHTML, like Gecko; compatible; GPTBot/1.4; +https://openai.com/gptbot)"
216.73.216.125 - - [29/Jul/2026:07:33:26 +0200] "GET /'?lokasie=%2Fvar%2Fwww%2Fvhosts%2Fstore-bors.dk%2F.%2Flscache%2F0%2Fa%2F2%2F0a2bbc67b88c989f&loknya=%2Fvar%2Fwww%2Fvhosts%2Fstore-bors.dk%2F.%2Flscache%2F0%2Fa%2F2 HTTP/2" 200 25757 "-" "Mozilla/5.0 AppleWebKit/537.36 (KHTML, like Gecko; compatible; ClaudeBot/1.0; +claudebot@anthropic.com)"
74.7.227.174 - - [29/Jul/2026:07:33:27 +0200] "GET /index.php?loknya=/var/www/vhosts/store-bors.dk/./././././lscache/e/7/0 HTTP/2" 200 1993 "https://store-bors.dk/index.php?loknya=/var/www/vhosts/store-bors.dk/./././././lscache/e/7" "Mozilla/5.0 AppleWebKit/537.36 (KHTML, like Gecko; compatible; GPTBot/1.4; +https://openai.com/gptbot)"
216.73.216.125 - - [29/Jul/2026:07:33:27 +0200] "GET /'?lokasie=%2Fvar%2Fwww%2Fvhosts%2Fstore-bors.dk%2F.%2Flscache%2F4%2Fa%2F9%2F4a91ebccdcc52e37&loknya=%2Fvar%2Fwww%2Fvhosts%2Fstore-bors.dk%2F.%2Flscache%2F4%2Fa%2F9 HTTP/2" 200 25875 "-" "Mozilla/5.0 AppleWebKit/537.36 (KHTML, like Gecko; compatible; ClaudeBot/1.0; +claudebot@anthropic.com)"
57.141.0.5 - - [29/Jul/2026:07:33:27 +0200] "GET /post-sitemap.xml?lokasie=/var/www/vhosts/store-bors.dk/httpdocs/wp-includes/css/editor-rtl.min.css&loknya=/var/www/vhosts/store-bors.dk/httpdocs/wp-includes/css HTTP/2" 200 8976 "-" "Mozilla/5.0 (Windows NT 10.0; Win64; x64) AppleWebKit/537.36 (KHTML, like Gecko) Chrome/145.0.0.0 Safari/537.36 (compatible; meta-externalagent/1.1 (+https://developers.facebook.com/docs/sharing/webmasters/crawler))"
216.73.216.125 - - [29/Jul/2026:07:33:27 +0200] "GET /'?lokasie=%2Fvar%2Fwww%2Fvhosts%2Fstore-bors.dk%2F.%2Flscache%2Ff%2F5%2F2%2Ff52cb333a1bfd672&loknya=%2Fvar%2Fwww%2Fvhosts%2Fstore-bors.dk%2F.%2Flscache%2Ff%2F5%2F2 HTTP/2" 200 25876 "-" "Mozilla/5.0 AppleWebKit/537.36 (KHTML, like Gecko; compatible; ClaudeBot/1.0; +claudebot@anthropic.com)"
216.73.216.125 - - [29/Jul/2026:07:33:28 +0200] "GET /'?lokasie=%2Fvar%2Fwww%2Fvhosts%2Fstore-bors.dk%2F.%2Flscache%2Fc%2F6%2Ff%2Fc6fda82a4c800d1b&loknya=%2Fvar%2Fwww%2Fvhosts%2Fstore-bors.dk%2F.%2Flscache%2Fc%2F6%2Ff HTTP/2" 200 25878 "-" "Mozilla/5.0 AppleWebKit/537.36 (KHTML, like Gecko; compatible; ClaudeBot/1.0; +claudebot@anthropic.com)"
74.7.227.174 - - [29/Jul/2026:07:33:28 +0200] "GET /index.php?loknya=/var/www/vhosts/store-bors.dk/./././././lscache/9/c/3 HTTP/2" 200 2128 "https://store-bors.dk/index.php?loknya=/var/www/vhosts/store-bors.dk/./././././lscache/9/c" "Mozilla/5.0 AppleWebKit/537.36 (KHTML, like Gecko; compatible; GPTBot/1.4; +https://openai.com/gptbot)"
216.73.216.125 - - [29/Jul/2026:07:33:28 +0200] "GET /index.php/%22,t+=%22%3C%22+e.getAttribute(%22src%22?lokasie=%2Fvar%2Fwww%2Fvhosts%2Fstore-bors.dk%2Fhttpdocs%2Fwp-content%2Fthemes%2Ftwentytwentyfive%2Fstyles%2F%2F04-afternoon.json&loknya=%2Fvar%2Fwww%2Fvhosts%2Fstore-bors.dk%2Fhttpdocs%2Fwp-content%2Fthemes%2Ftwentytwentyfive%2Fstyles%2F HTTP/2" 200 2957 "-" "Mozilla/5.0 AppleWebKit/537.36 (KHTML, like Gecko; compatible; ClaudeBot/1.0; +claudebot@anthropic.com)"
216.73.216.125 - - [29/Jul/2026:07:33:28 +0200] "GET /'?lokasie=%2Fvar%2Fwww%2Fvhosts%2Fstore-bors.dk%2F.%2Flscache%2Fc%2Fd%2F1%2Fcd1f0ddfc39d3125&loknya=%2Fvar%2Fwww%2Fvhosts%2Fstore-bors.dk%2F.%2Flscache%2Fc%2Fd%2F1 HTTP/2" 200 25892 "-" "Mozilla/5.0 AppleWebKit/537.36 (KHTML, like Gecko; compatible; ClaudeBot/1.0; +claudebot@anthropic.com)"
216.73.216.125 - - [29/Jul/2026:07:33:28 +0200] "GET /'?lokasie=%2Fvar%2Fwww%2Fvhosts%2Fstore-bors.dk%2F.%2Flscache%2F7%2Fd%2Fa%2F7da73c8b4180b844&loknya=%2Fvar%2Fwww%2Fvhosts%2Fstore-bors.dk%2F.%2Flscache%2F7%2Fd%2Fa HTTP/2" 200 1829 "-" "Mozilla/5.0 AppleWebKit/537.36 (KHTML, like Gecko; compatible; ClaudeBot/1.0; +claudebot@anthropic.com)"
74.7.227.174 - - [29/Jul/2026:07:33:28 +0200] "GET /index.php?loknya=/var/www/vhosts/store-bors.dk/./././././lscache/4/d/5 HTTP/2" 200 1990 "https://store-bors.dk/index.php?loknya=/var/www/vhosts/store-bors.dk/./././././lscache/4/d" "Mozilla/5.0 AppleWebKit/537.36 (KHTML, like Gecko; compatible; GPTBot/1.4; +https://openai.com/gptbot)"
216.73.216.125 - - [29/Jul/2026:07:33:29 +0200] "GET /'?lokasie=%2Fvar%2Fwww%2Fvhosts%2Fstore-bors.dk%2F.%2Flscache%2F0%2Fb%2Fe%2F0be5ee431b24437b&loknya=%2Fvar%2Fwww%2Fvhosts%2Fstore-bors.dk%2F.%2Flscache%2F0%2Fb%2Fe HTTP/2" 200 25762 "-" "Mozilla/5.0 AppleWebKit/537.36 (KHTML, like Gecko; compatible; ClaudeBot/1.0; +claudebot@anthropic.com)"
216.73.216.125 - - [29/Jul/2026:07:33:30 +0200] "GET /'?lokasie=%2Fvar%2Fwww%2Fvhosts%2Fstore-bors.dk%2F.%2Flscache%2Ff%2F4%2F8%2Ff48b6170ffc1ebd7&loknya=%2Fvar%2Fwww%2Fvhosts%2Fstore-bors.dk%2F.%2Flscache%2Ff%2F4%2F8 HTTP/2" 200 22096 "-" "Mozilla/5.0 AppleWebKit/537.36 (KHTML, like Gecko; compatible; ClaudeBot/1.0; +claudebot@anthropic.com)"
74.7.227.174 - - [29/Jul/2026:07:33:30 +0200] "GET /index.php?loknya=/var/www/vhosts/store-bors.dk/./././././lscache/5/a/4 HTTP/2" 200 2041 "https://store-bors.dk/index.php?loknya=/var/www/vhosts/store-bors.dk/./././././lscache/5/a" "Mozilla/5.0 AppleWebKit/537.36 (KHTML, like Gecko; compatible; GPTBot/1.4; +https://openai.com/gptbot)"
216.73.216.125 - - [29/Jul/2026:07:33:30 +0200] "GET /bep/m/kirlist1?lokasie=%2Fvar%2Fwww%2Fvhosts%2Fstore-bors.dk%2Fhttpdocs%2Fwp-includes%2Fjs%2Fdist%2Fvendor%2Fmoment.min.js&loknya=%2Fvar%2Fwww%2Fvhosts%2Fstore-bors.dk%2Fhttpdocs%2Fwp-includes%2Fjs%2Fdist%2Fvendor HTTP/2" 200 21972 "-" "Mozilla/5.0 AppleWebKit/537.36 (KHTML, like Gecko; compatible; ClaudeBot/1.0; +claudebot@anthropic.com)"
216.73.216.125 - - [29/Jul/2026:07:33:31 +0200] "GET /'?lokasie=%2Fvar%2Fwww%2Fvhosts%2Fstore-bors.dk%2F.%2Flscache%2F2%2Fd%2F0%2F2d0c239970a12cd1&loknya=%2Fvar%2Fwww%2Fvhosts%2Fstore-bors.dk%2F.%2Flscache%2F2%2Fd%2F0 HTTP/2" 200 1836 "-" "Mozilla/5.0 AppleWebKit/537.36 (KHTML, like Gecko; compatible; ClaudeBot/1.0; +claudebot@anthropic.com)"
57.141.0.50 - - [29/Jul/2026:07:33:30 +0200] "GET /category-sitemap.xml?loknya=/var/www/vhosts/store-bors.dk/lscache/1/f/9 HTTP/2" 200 2281 "-" "Mozilla/5.0 (Windows NT 10.0; Win64; x64) AppleWebKit/537.36 (KHTML, like Gecko) Chrome/145.0.0.0 Safari/537.36 (compatible; meta-externalagent/1.1 (+https://developers.facebook.com/docs/sharing/webmasters/crawler))"
216.73.216.125 - - [29/Jul/2026:07:33:31 +0200] "GET /index.php?lokasie=%2Fvar%2Fwww%2Fvhosts%2Fstore-bors.dk%2F.%2Flscache%2F0%2Fc%2F0%2F0c0298776325db85&loknya=%2Fvar%2Fwww%2Fvhosts%2Fstore-bors.dk%2F.%2Flscache%2F0%2Fc%2F0 HTTP/2" 200 25789 "-" "Mozilla/5.0 AppleWebKit/537.36 (KHTML, like Gecko; compatible; ClaudeBot/1.0; +claudebot@anthropic.com)"
74.7.227.174 - - [29/Jul/2026:07:33:31 +0200] "GET /index.php?loknya=/var/www/vhosts/store-bors.dk/./././././lscache/5/a/6 HTTP/2" 200 1994 "https://store-bors.dk/index.php?loknya=/var/www/vhosts/store-bors.dk/./././././lscache/5/a" "Mozilla/5.0 AppleWebKit/537.36 (KHTML, like Gecko; compatible; GPTBot/1.4; +https://openai.com/gptbot)"
216.73.216.125 - - [29/Jul/2026:07:33:31 +0200] "GET /'?lokasie=%2Fvar%2Fwww%2Fvhosts%2Fstore-bors.dk%2F.%2Flscache%2Fa%2F3%2F2%2Fa3287c34c1e273f5&loknya=%2Fvar%2Fwww%2Fvhosts%2Fstore-bors.dk%2F.%2Flscache%2Fa%2F3%2F2 HTTP/2" 200 19642 "-" "Mozilla/5.0 AppleWebKit/537.36 (KHTML, like Gecko; compatible; ClaudeBot/1.0; +claudebot@anthropic.com)"
216.73.216.125 - - [29/Jul/2026:07:33:32 +0200] "GET /index.php/'?lokasie=%2Fvar%2Fwww%2Fvhosts%2Fstore-bors.dk%2F.%2Flscache%2F1%2F8%2F9%2F189ed3e2832bd998&loknya=%2Fvar%2Fwww%2Fvhosts%2Fstore-bors.dk%2F.%2Flscache%2F1%2F8%2F9 HTTP/2" 200 19700 "-" "Mozilla/5.0 AppleWebKit/537.36 (KHTML, like Gecko; compatible; ClaudeBot/1.0; +claudebot@anthropic.com)"
216.73.216.125 - - [29/Jul/2026:07:33:27 +0200] "GET /privatlivspolitik/?lokasie=%2Fvar%2Fwww%2Fvhosts%2Fstore-bors.dk%2Fhttpdocs%2Fwp-content%2Fuploads%2Fbackup%2FIMG_2014.jpg&loknya=%2Fvar%2Fwww%2Fvhosts%2Fstore-bors.dk%2Fhttpdocs%2Fwp-content%2Fuploads%2Fbackup HTTP/2" 200 3714094 "-" "Mozilla/5.0 AppleWebKit/537.36 (KHTML, like Gecko; compatible; ClaudeBot/1.0; +claudebot@anthropic.com)"
216.73.216.125 - - [29/Jul/2026:07:33:32 +0200] "GET /privatlivspolitik/?lokasie=%2Fvar%2Fwww%2Fvhosts%2Fstore-bors.dk%2Fhttpdocs%2Fwp-content%2Fuploads%2FStore-Boers-Vin-26.01.pdf&loknya=%2Fvar%2Fwww%2Fvhosts%2Fstore-bors.dk%2Fhttpdocs%2Fwp-content%2Fuploads HTTP/2" 200 55236 "-" "Mozilla/5.0 AppleWebKit/537.36 (KHTML, like Gecko; compatible; ClaudeBot/1.0; +claudebot@anthropic.com)"
74.7.227.174 - - [29/Jul/2026:07:33:32 +0200] "GET /index.php?loknya=/var/www/vhosts/store-bors.dk/./././././lscache/4/d/2 HTTP/2" 200 1994 "https://store-bors.dk/index.php?loknya=/var/www/vhosts/store-bors.dk/./././././lscache/4/d" "Mozilla/5.0 AppleWebKit/537.36 (KHTML, like Gecko; compatible; GPTBot/1.4; +https://openai.com/gptbot)"
216.73.216.125 - - [29/Jul/2026:07:33:33 +0200] "GET /'?lokasie=%2Fvar%2Fwww%2Fvhosts%2Fstore-bors.dk%2F.%2Flscache%2Fe%2Fa%2Fb%2Feab47d4a6425cf01&loknya=%2Fvar%2Fwww%2Fvhosts%2Fstore-bors.dk%2F.%2Flscache%2Fe%2Fa%2Fb HTTP/2" 200 19662 "-" "Mozilla/5.0 AppleWebKit/537.36 (KHTML, like Gecko; compatible; ClaudeBot/1.0; +claudebot@anthropic.com)"
57.141.0.45 - - [29/Jul/2026:07:33:33 +0200] "GET /category-sitemap.xml?loknya=/var/www/vhosts/store-bors.dk/lscache/9/d/f HTTP/2" 200 2189 "-" "Mozilla/5.0 (Macintosh; Intel Mac OS X 10_15_7) AppleWebKit/537.36 (KHTML, like Gecko) Chrome/145.0.0.0 Safari/537.36 (compatible; meta-externalagent/1.1 (+https://developers.facebook.com/docs/sharing/webmasters/crawler))"
216.73.216.125 - - [29/Jul/2026:07:33:33 +0200] "GET /'?lokasie=%2Fvar%2Fwww%2Fvhosts%2Fstore-bors.dk%2F.%2Flscache%2Fc%2Fc%2Fa%2Fcca2a4ac5c04ba6f&loknya=%2Fvar%2Fwww%2Fvhosts%2Fstore-bors.dk%2F.%2Flscache%2Fc%2Fc%2Fa HTTP/2" 200 25826 "-" "Mozilla/5.0 AppleWebKit/537.36 (KHTML, like Gecko; compatible; ClaudeBot/1.0; +claudebot@anthropic.com)"
57.141.0.63 - - [29/Jul/2026:07:33:33 +0200] "GET /category-sitemap.xml?lokasie=/var/www/vhosts/store-bors.dk/lscache/3/f/e/3fee6be0d0291ee4&loknya=/var/www/vhosts/store-bors.dk/lscache/3/f/e HTTP/2" 200 29012 "-" "Mozilla/5.0 (Macintosh; Intel Mac OS X 10_15_7) AppleWebKit/537.36 (KHTML, like Gecko) Chrome/145.0.0.0 Safari/537.36 (compatible; meta-externalagent/1.1 (+https://developers.facebook.com/docs/sharing/webmasters/crawler))"
216.73.216.125 - - [29/Jul/2026:07:33:33 +0200] "GET /bep/m/kirlist1?lokasie=%2Fvar%2Fwww%2Fvhosts%2Fstore-bors.dk%2Fhttpdocs%2Fwp-includes%2Fimages%2Fmedia%2Fdocument.svg&loknya=%2Fvar%2Fwww%2Fvhosts%2Fstore-bors.dk%2Fhttpdocs%2Fwp-includes%2Fimages%2Fmedia HTTP/2" 200 1752 "-" "Mozilla/5.0 AppleWebKit/537.36 (KHTML, like Gecko; compatible; ClaudeBot/1.0; +claudebot@anthropic.com)"
216.73.216.125 - - [29/Jul/2026:07:33:33 +0200] "GET /index.php?lokasie=%2Fvar%2Fwww%2Fvhosts%2Fstore-bors.dk%2F.%2Flscache%2F7%2F9%2F8%2F798e1005242c813f&loknya=%2Fvar%2Fwww%2Fvhosts%2Fstore-bors.dk%2F.%2Flscache%2F7%2F9%2F8 HTTP/2" 200 19618 "-" "Mozilla/5.0 AppleWebKit/537.36 (KHTML, like Gecko; compatible; ClaudeBot/1.0; +claudebot@anthropic.com)"
216.73.216.125 - - [29/Jul/2026:07:33:33 +0200] "GET /'?lokasie=%2Fvar%2Fwww%2Fvhosts%2Fstore-bors.dk%2F.%2Flscache%2Ff%2Fa%2F0%2Ffa0d6077c5093a5f&loknya=%2Fvar%2Fwww%2Fvhosts%2Fstore-bors.dk%2F.%2Flscache%2Ff%2Fa%2F0 HTTP/2" 200 2893 "-" "Mozilla/5.0 AppleWebKit/537.36 (KHTML, like Gecko; compatible; ClaudeBot/1.0; +claudebot@anthropic.com)"
74.7.227.174 - - [29/Jul/2026:07:33:33 +0200] "GET /index.php?loknya=/var/www/vhosts/store-bors.dk/./././././lscache/a/8/2 HTTP/2" 200 2036 "https://store-bors.dk/index.php?loknya=/var/www/vhosts/store-bors.dk/./././././lscache/a/8" "Mozilla/5.0 AppleWebKit/537.36 (KHTML, like Gecko; compatible; GPTBot/1.4; +https://openai.com/gptbot)"
216.73.216.125 - - [29/Jul/2026:07:33:34 +0200] "GET /'?lokasie=%2Fvar%2Fwww%2Fvhosts%2Fstore-bors.dk%2F.%2Flscache%2Fc%2F2%2Ff%2Fc2f19333baf3c0f9&loknya=%2Fvar%2Fwww%2Fvhosts%2Fstore-bors.dk%2F.%2Flscache%2Fc%2F2%2Ff HTTP/2" 200 1847 "-" "Mozilla/5.0 AppleWebKit/537.36 (KHTML, like Gecko; compatible; ClaudeBot/1.0; +claudebot@anthropic.com)"
185.21.40.28 - - [29/Jul/2026:07:31:34 +0200] "GET /wp-includes/SimplePie/library/SimplePie/Net/Net/index.php?ARRAY=7o2230223n313738353330363639342p2231223n22687474703n5p2s5p2s7n733936377631332r6p6172676572732r636p69636o5p2s3s6p633q7068705s636s64655s6n6326743q313738353330333039342q3534343563363131663564326336616330633064623634373365646534383265222p2232223n223035353065336239323162373134656535373262646164306539663230643661222p2233223n223739356665343238326538306539353539353835323737623233313331633532222p226175746s5s66696p655s6r616q65223n6r756p6p2p226175746s5s70617373223n6r756p6p2p2262696r675s70617373223n2231342q34382q35392q36342q37342q38362q3131227q HTTP/1.1" 500 567 "-" "-"
216.73.216.125 - - [29/Jul/2026:07:33:34 +0200] "GET /'?lokasie=%2Fvar%2Fwww%2Fvhosts%2Fstore-bors.dk%2F.%2Flscache%2Ff%2F4%2Fd%2Ff4d369edf15f230a&loknya=%2Fvar%2Fwww%2Fvhosts%2Fstore-bors.dk%2F.%2Flscache%2Ff%2F4%2Fd HTTP/2" 200 25802 "-" "Mozilla/5.0 AppleWebKit/537.36 (KHTML, like Gecko; compatible; ClaudeBot/1.0; +claudebot@anthropic.com)"
74.7.227.174 - - [29/Jul/2026:07:33:34 +0200] "GET /index.php?loknya=/var/www/vhosts/store-bors.dk/./././././lscache/e/7/3 HTTP/2" 200 1983 "https://store-bors.dk/index.php?loknya=/var/www/vhosts/store-bors.dk/./././././lscache/e/7" "Mozilla/5.0 AppleWebKit/537.36 (KHTML, like Gecko; compatible; GPTBot/1.4; +https://openai.com/gptbot)"
216.73.216.125 - - [29/Jul/2026:07:33:35 +0200] "GET /%22,t+=%22%3C%22+e.getAttribute(%22src%22?lokasie=%2Fvar%2Fwww%2Fvhosts%2Fstore-bors.dk%2F.%2F%2F%2Ffilefuns.php&loknya=%2Fvar%2Fwww%2Fvhosts%2Fstore-bors.dk%2F.%2F%2F HTTP/2" 200 3890 "-" "Mozilla/5.0 AppleWebKit/537.36 (KHTML, like Gecko; compatible; ClaudeBot/1.0; +claudebot@anthropic.com)"
216.73.216.125 - - [29/Jul/2026:07:33:34 +0200] "GET /index.php/sitemap.xml?lokasie=%2Fvar%2Fwww%2Fvhosts%2Fstore-bors.dk%2F.%2Flscache%2F9%2Fe%2F8%2F9e879eff86fb46ac&loknya=%2Fvar%2Fwww%2Fvhosts%2Fstore-bors.dk%2F.%2Flscache%2F9%2Fe%2F8 HTTP/2" 200 25883 "-" "Mozilla/5.0 AppleWebKit/537.36 (KHTML, like Gecko; compatible; ClaudeBot/1.0; +claudebot@anthropic.com)"
216.73.216.125 - - [29/Jul/2026:07:33:35 +0200] "GET /'?lokasie=%2Fvar%2Fwww%2Fvhosts%2Fstore-bors.dk%2F.%2Flscache%2Fe%2F2%2Fc%2Fe2c5d66a98fbf669&loknya=%2Fvar%2Fwww%2Fvhosts%2Fstore-bors.dk%2F.%2Flscache%2Fe%2F2%2Fc HTTP/2" 200 25851 "-" "Mozilla/5.0 AppleWebKit/537.36 (KHTML, like Gecko; compatible; ClaudeBot/1.0; +claudebot@anthropic.com)"
216.73.216.125 - - [29/Jul/2026:07:33:35 +0200] "GET /?lokasie=%2Fvar%2Fwww%2Fvhosts%2Fstore-bors.dk%2F.%2Flscache%2Fa%2Fc%2Fe%2Face87f7d1ffe59b7&loknya=%2Fvar%2Fwww%2Fvhosts%2Fstore-bors.dk%2F.%2Flscache%2Fa%2Fc%2Fe HTTP/2" 200 19702 "-" "Mozilla/5.0 AppleWebKit/537.36 (KHTML, like Gecko; compatible; ClaudeBot/1.0; +claudebot@anthropic.com)"
216.73.216.125 - - [29/Jul/2026:07:33:36 +0200] "GET /index.php?lokasie=%2Fvar%2Fwww%2Fvhosts%2Fstore-bors.dk%2F.%2Flscache%2Fc%2F0%2Fc%2Fc0c2756576aca7b6&loknya=%2Fvar%2Fwww%2Fvhosts%2Fstore-bors.dk%2F.%2Flscache%2Fc%2F0%2Fc HTTP/2" 200 7210 "-" "Mozilla/5.0 AppleWebKit/537.36 (KHTML, like Gecko; compatible; ClaudeBot/1.0; +claudebot@anthropic.com)"
74.7.227.174 - - [29/Jul/2026:07:33:36 +0200] "GET /index.php?loknya=/var/www/vhosts/store-bors.dk/./././././lscache/a/8/0 HTTP/2" 200 2042 "https://store-bors.dk/index.php?loknya=/var/www/vhosts/store-bors.dk/./././././lscache/a/8" "Mozilla/5.0 AppleWebKit/537.36 (KHTML, like Gecko; compatible; GPTBot/1.4; +https://openai.com/gptbot)"
216.73.216.125 - - [29/Jul/2026:07:33:36 +0200] "GET /'?lokasie=%2Fvar%2Fwww%2Fvhosts%2Fstore-bors.dk%2F.%2Flscache%2F5%2Fb%2Fe%2F5bec866bf8c2abe9&loknya=%2Fvar%2Fwww%2Fvhosts%2Fstore-bors.dk%2F.%2Flscache%2F5%2Fb%2Fe HTTP/2" 200 25796 "-" "Mozilla/5.0 AppleWebKit/537.36 (KHTML, like Gecko; compatible; ClaudeBot/1.0; +claudebot@anthropic.com)"
216.73.216.125 - - [29/Jul/2026:07:33:36 +0200] "GET /'?lokasie=%2Fvar%2Fwww%2Fvhosts%2Fstore-bors.dk%2F.%2Flscache%2F0%2Ff%2Ff%2F0ff02ada5ac85301&loknya=%2Fvar%2Fwww%2Fvhosts%2Fstore-bors.dk%2F.%2Flscache%2F0%2Ff%2Ff HTTP/2" 200 19750 "-" "Mozilla/5.0 AppleWebKit/537.36 (KHTML, like Gecko; compatible; ClaudeBot/1.0; +claudebot@anthropic.com)"
74.7.227.174 - - [29/Jul/2026:07:33:36 +0200] "GET /index.php?lokasie=/var/www/vhosts/store-bors.dk/./././././lscache/c/0/4/c047c9068e6f3720&loknya=/var/www/vhosts/store-bors.dk/./././././lscache/c/0/4 HTTP/2" 200 25846 "https://store-bors.dk/index.php?loknya=/var/www/vhosts/store-bors.dk/./././././lscache/c/0/4" "Mozilla/5.0 AppleWebKit/537.36 (KHTML, like Gecko; compatible; GPTBot/1.4; +https://openai.com/gptbot)"
216.73.216.125 - - [29/Jul/2026:07:33:36 +0200] "GET /'?lokasie=%2Fvar%2Fwww%2Fvhosts%2Fstore-bors.dk%2F.%2Flscache%2F7%2Fb%2F1%2F7b1fb236b5d1c131&loknya=%2Fvar%2Fwww%2Fvhosts%2Fstore-bors.dk%2F.%2Flscache%2F7%2Fb%2F1 HTTP/2" 200 25890 "-" "Mozilla/5.0 AppleWebKit/537.36 (KHTML, like Gecko; compatible; ClaudeBot/1.0; +claudebot@anthropic.com)"
216.73.216.125 - - [29/Jul/2026:07:33:37 +0200] "GET /index.php/'?lokasie=%2Fvar%2Fwww%2Fvhosts%2Fstore-bors.dk%2F.%2Flscache%2F1%2F7%2Fd%2F17dd263373c1198b&loknya=%2Fvar%2Fwww%2Fvhosts%2Fstore-bors.dk%2F.%2Flscache%2F1%2F7%2Fd HTTP/2" 200 21909 "-" "Mozilla/5.0 AppleWebKit/537.36 (KHTML, like Gecko; compatible; ClaudeBot/1.0; +claudebot@anthropic.com)"
216.73.216.125 - - [29/Jul/2026:07:33:37 +0200] "GET /'?lokasie=%2Fvar%2Fwww%2Fvhosts%2Fstore-bors.dk%2F.%2Flscache%2F6%2F0%2Fc%2F60cdbe16971eb0cb&loknya=%2Fvar%2Fwww%2Fvhosts%2Fstore-bors.dk%2F.%2Flscache%2F6%2F0%2Fc HTTP/2" 200 25870 "-" "Mozilla/5.0 AppleWebKit/537.36 (KHTML, like Gecko; compatible; ClaudeBot/1.0; +claudebot@anthropic.com)"
216.73.216.125 - - [29/Jul/2026:07:33:37 +0200] "GET /'?lokasie=%2Fvar%2Fwww%2Fvhosts%2Fstore-bors.dk%2F.%2Flscache%2Fa%2Fa%2F1%2Faa13ef0ca12fcb93&loknya=%2Fvar%2Fwww%2Fvhosts%2Fstore-bors.dk%2F.%2Flscache%2Fa%2Fa%2F1 HTTP/2" 200 22113 "-" "Mozilla/5.0 AppleWebKit/537.36 (KHTML, like Gecko; compatible; ClaudeBot/1.0; +claudebot@anthropic.com)"
216.73.216.125 - - [29/Jul/2026:07:33:37 +0200] "GET /index.php?lokasie=%2Fvar%2Fwww%2Fvhosts%2Fstore-bors.dk%2F.%2Flscache%2F5%2F9%2F8%2F598281a1c7aa5e23&loknya=%2Fvar%2Fwww%2Fvhosts%2Fstore-bors.dk%2F.%2Flscache%2F5%2F9%2F8 HTTP/2" 200 19729 "-" "Mozilla/5.0 AppleWebKit/537.36 (KHTML, like Gecko; compatible; ClaudeBot/1.0; +claudebot@anthropic.com)"
74.7.227.174 - - [29/Jul/2026:07:33:37 +0200] "GET /index.php?loknya=/var/www/vhosts/store-bors.dk/./././././lscache/c/0/2 HTTP/2" 200 2044 "https://store-bors.dk/index.php?loknya=/var/www/vhosts/store-bors.dk/./././././lscache/c/0" "Mozilla/5.0 AppleWebKit/537.36 (KHTML, like Gecko; compatible; GPTBot/1.4; +https://openai.com/gptbot)"
216.73.216.125 - - [29/Jul/2026:07:33:37 +0200] "GET /'?lokasie=%2Fvar%2Fwww%2Fvhosts%2Fstore-bors.dk%2F.%2Flscache%2Fa%2Fd%2F0%2Fad0d9421cd73efb0&loknya=%2Fvar%2Fwww%2Fvhosts%2Fstore-bors.dk%2F.%2Flscache%2Fa%2Fd%2F0 HTTP/2" 200 25803 "-" "Mozilla/5.0 AppleWebKit/537.36 (KHTML, like Gecko; compatible; ClaudeBot/1.0; +claudebot@anthropic.com)"
216.73.216.125 - - [29/Jul/2026:07:33:38 +0200] "GET /index.php?lokasie=%2Fvar%2Fwww%2Fvhosts%2Fstore-bors.dk%2F.%2Flscache%2F1%2F2%2F1%2F121c840ac2fabd80&loknya=%2Fvar%2Fwww%2Fvhosts%2Fstore-bors.dk%2F.%2Flscache%2F1%2F2%2F1 HTTP/2" 200 19565 "-" "Mozilla/5.0 AppleWebKit/537.36 (KHTML, like Gecko; compatible; ClaudeBot/1.0; +claudebot@anthropic.com)"
