57.141.0.66 - - [29/Jul/2026:07:42:49 +0200] "GET /post-sitemap.xml?lokasie=/var/www/vhosts/store-bors.dk/httpdocs/wp-includes/js/zxcvbn-async.min.js&loknya=/var/www/vhosts/store-bors.dk/httpdocs/wp-includes/js HTTP/2" 200 1924 "-" "Mozilla/5.0 (Macintosh; Intel Mac OS X 10_15_7) AppleWebKit/537.36 (KHTML, like Gecko) Chrome/145.0.0.0 Safari/537.36 (compatible; meta-externalagent/1.1 (+https://developers.facebook.com/docs/sharing/webmasters/crawler))"
216.73.216.125 - - [29/Jul/2026:07:42:49 +0200] "GET /index.php/'?loknya=%2Fvar%2Fwww%2Fvhosts%2Fstore-bors.dk%2F.%2Flscache%2F4%2Fb%2Fb HTTP/2" 200 1996 "-" "Mozilla/5.0 AppleWebKit/537.36 (KHTML, like Gecko; compatible; ClaudeBot/1.0; +claudebot@anthropic.com)"
57.141.0.40 - - [29/Jul/2026:07:42:49 +0200] "GET /post-sitemap.xml?lokasie=/var/www/vhosts/store-bors.dk/httpdocs/wp-includes/js/wp-embed.min.js&loknya=/var/www/vhosts/store-bors.dk/httpdocs/wp-includes/js HTTP/2" 200 2415 "-" "Mozilla/5.0 (Windows NT 10.0; Win64; x64) AppleWebKit/537.36 (KHTML, like Gecko) Chrome/145.0.0.0 Safari/537.36 (compatible; meta-externalagent/1.1 (+https://developers.facebook.com/docs/sharing/webmasters/crawler))"
216.73.216.125 - - [29/Jul/2026:07:42:49 +0200] "GET /index.php/'?loknya=%2Fvar%2Fwww%2Fvhosts%2Fstore-bors.dk%2F.%2Flscache%2F2%2Ff%2Fb HTTP/2" 200 2002 "-" "Mozilla/5.0 AppleWebKit/537.36 (KHTML, like Gecko; compatible; ClaudeBot/1.0; +claudebot@anthropic.com)"
74.7.227.174 - - [29/Jul/2026:07:42:49 +0200] "GET /index.php?loknya=/var/www/vhosts/store-bors.dk/./././././lscache/6/d/ HTTP/2" 200 2199 "https://store-bors.dk/index.php?loknya=/var/www/vhosts/store-bors.dk/./././././lscache/6/d/2" "Mozilla/5.0 AppleWebKit/537.36 (KHTML, like Gecko; compatible; GPTBot/1.4; +https://openai.com/gptbot)"
216.73.216.125 - - [29/Jul/2026:07:42:49 +0200] "GET /index.php/'?lokasie=%2Fvar%2Fwww%2Fvhosts%2Fstore-bors.dk%2F.%2Fhttpdocs%2Fwp-includes%2Fblocks%2Ffile%2Feditor.css&loknya=%2Fvar%2Fwww%2Fvhosts%2Fstore-bors.dk%2F.%2Fhttpdocs%2Fwp-includes%2Fblocks%2Ffile HTTP/2" 200 1834 "-" "Mozilla/5.0 AppleWebKit/537.36 (KHTML, like Gecko; compatible; ClaudeBot/1.0; +claudebot@anthropic.com)"
216.73.216.125 - - [29/Jul/2026:07:42:49 +0200] "GET /index.php?loknya=%2Fvr%2Fwww%2Fvhosts%2Fstore-bors.dk%2F.%2Flscche%2F4%2Fd HTTP/2" 200 1780 "-" "Mozilla/5.0 AppleWebKit/537.36 (KHTML, like Gecko; compatible; ClaudeBot/1.0; +claudebot@anthropic.com)"
74.7.243.235 - - [29/Jul/2026:07:42:49 +0200] "GET /?lokasie=/var/www/vhosts/store-bors.dk/lscache/7/c/6/7c6771b2febb3781&loknya=/var/www/vhosts/store-bors.dk/lscache/7/c/6 HTTP/2" 200 1828 "https://www.store-bors.dk/?loknya=/var/www/vhosts/store-bors.dk/lscache/7/c/6" "Mozilla/5.0 AppleWebKit/537.36 (KHTML, like Gecko; compatible; GPTBot/1.4; +https://openai.com/gptbot)"
216.73.216.125 - - [29/Jul/2026:07:42:50 +0200] "GET /index.php/'?loknya=%2Fvar%2Fwww%2Fvhosts%2Fstore-bors.dk%2F.%2Flscache%2Fd%2Ff%2Fb HTTP/2" 200 2056 "-" "Mozilla/5.0 AppleWebKit/537.36 (KHTML, like Gecko; compatible; ClaudeBot/1.0; +claudebot@anthropic.com)"
74.7.227.174 - - [29/Jul/2026:07:42:50 +0200] "GET /index.php?loknya=/var/www/vhosts/store-bors.dk/./././././lscache/c/1/c HTTP/2" 200 2005 "https://store-bors.dk/index.php?loknya=/var/www/vhosts/store-bors.dk/./././././lscache/c/1" "Mozilla/5.0 AppleWebKit/537.36 (KHTML, like Gecko; compatible; GPTBot/1.4; +https://openai.com/gptbot)"
216.73.216.125 - - [29/Jul/2026:07:42:50 +0200] "GET /index.php?loknya=%2Fvr%2Fwww%2Fvhosts%2Fstore-bors.dk%2F.%2Flscche%2Fe%2F2 HTTP/2" 200 1780 "-" "Mozilla/5.0 AppleWebKit/537.36 (KHTML, like Gecko; compatible; ClaudeBot/1.0; +claudebot@anthropic.com)"
74.7.243.235 - - [29/Jul/2026:07:42:50 +0200] "GET /?lokasie=/var/www/vhosts/store-bors.dk/lscache/6/8/e/68ee5b53a0b5164f&loknya=/var/www/vhosts/store-bors.dk/lscache/6/8/e HTTP/2" 200 19650 "https://www.store-bors.dk/?loknya=/var/www/vhosts/store-bors.dk/lscache/6/8/e" "Mozilla/5.0 AppleWebKit/537.36 (KHTML, like Gecko; compatible; GPTBot/1.4; +https://openai.com/gptbot)"
216.73.216.125 - - [29/Jul/2026:07:42:50 +0200] "GET /index.php?loknya=%2Fvr%2Fwww%2Fvhosts%2Fstor-bors.dk%2F.%2Flscch%2F6 HTTP/2" 200 1775 "-" "Mozilla/5.0 AppleWebKit/537.36 (KHTML, like Gecko; compatible; ClaudeBot/1.0; +claudebot@anthropic.com)"
216.73.216.125 - - [29/Jul/2026:07:42:50 +0200] "GET /index.php/'?loknya=%2Fvr%2Fwww%2Fvhosts%2Fstor-bors.dk%2F.%2Flscch%2F2%2F HTTP/2" 200 1776 "-" "Mozilla/5.0 AppleWebKit/537.36 (KHTML, like Gecko; compatible; ClaudeBot/1.0; +claudebot@anthropic.com)"
74.7.227.174 - - [29/Jul/2026:07:42:50 +0200] "GET /index.php?lokasie=/var/www/vhosts/store-bors.dk/./././././lscache/c/1/f/c1f4950116c5aad4&loknya=/var/www/vhosts/store-bors.dk/./././././lscache/c/1/f HTTP/2" 200 25883 "https://store-bors.dk/index.php?loknya=/var/www/vhosts/store-bors.dk/./././././lscache/c/1/f" "Mozilla/5.0 AppleWebKit/537.36 (KHTML, like Gecko; compatible; GPTBot/1.4; +https://openai.com/gptbot)"
216.73.216.125 - - [29/Jul/2026:07:42:51 +0200] "GET /index.php/'?loknya=%2Fvr%2Fwww%2Fvhosts%2Fstore-bors.dk%2F.%2Flshe%2F4 HTTP/2" 200 1775 "-" "Mozilla/5.0 AppleWebKit/537.36 (KHTML, like Gecko; compatible; ClaudeBot/1.0; +claudebot@anthropic.com)"
74.7.243.235 - - [29/Jul/2026:07:42:51 +0200] "GET /?lokasie=/var/www/vhosts/store-bors.dk/lscache/c/9/1/c913c6fd09d5d1a3&loknya=/var/www/vhosts/store-bors.dk/lscache/c/9/1 HTTP/2" 200 25824 "https://www.store-bors.dk/?loknya=/var/www/vhosts/store-bors.dk/lscache/c/9/1" "Mozilla/5.0 AppleWebKit/537.36 (KHTML, like Gecko; compatible; GPTBot/1.4; +https://openai.com/gptbot)"
216.73.216.125 - - [29/Jul/2026:07:42:51 +0200] "GET /index.php/'?loknya=%2Fvar%2Fwww%2Fvhosts%2Fstore-bors.dk%2F.%2F.cagefs%2Fopt%2Falt%2Fphp54%2F HTTP/2" 200 1959 "-" "Mozilla/5.0 AppleWebKit/537.36 (KHTML, like Gecko; compatible; ClaudeBot/1.0; +claudebot@anthropic.com)"
216.73.216.125 - - [29/Jul/2026:07:42:51 +0200] "GET /index.php?loknya=%2Fvr%2Fwww%2Fvhosts%2Fstore-bors.dk%2F.%2Flscche%2Fe%2Fd HTTP/2" 200 1779 "-" "Mozilla/5.0 AppleWebKit/537.36 (KHTML, like Gecko; compatible; ClaudeBot/1.0; +claudebot@anthropic.com)"
74.7.227.174 - - [29/Jul/2026:07:42:51 +0200] "GET /index.php?loknya=/var/www/vhosts/store-bors.dk/./././././lscache/7/a/e HTTP/2" 200 2011 "https://store-bors.dk/index.php?loknya=/var/www/vhosts/store-bors.dk/./././././lscache/7/a" "Mozilla/5.0 AppleWebKit/537.36 (KHTML, like Gecko; compatible; GPTBot/1.4; +https://openai.com/gptbot)"
216.73.216.125 - - [29/Jul/2026:07:42:51 +0200] "GET /index.php/'?lokasie=%2Fvar%2Fwww%2Fvhosts%2Fstore-bors.dk%2F.%2Fhttpdocs%2F%2Fplugins.php&loknya=%2Fvar%2Fwww%2Fvhosts%2Fstore-bors.dk%2F.%2Fhttpdocs%2F HTTP/2" 200 2555 "-" "Mozilla/5.0 AppleWebKit/537.36 (KHTML, like Gecko; compatible; ClaudeBot/1.0; +claudebot@anthropic.com)"
74.7.243.235 - - [29/Jul/2026:07:42:51 +0200] "GET /?lokasie=/var/www/vhosts/store-bors.dk/lscache/8/d/f/8df7b9868da87259&loknya=/var/www/vhosts/store-bors.dk/lscache/8/d/f HTTP/2" 200 20495 "https://www.store-bors.dk/?loknya=/var/www/vhosts/store-bors.dk/lscache/8/d/f" "Mozilla/5.0 AppleWebKit/537.36 (KHTML, like Gecko; compatible; GPTBot/1.4; +https://openai.com/gptbot)"
216.73.216.125 - - [29/Jul/2026:07:42:52 +0200] "GET /index.php/'?loknya=%2Fvr%2Fwww%2Fvhosts%2Fstore-bors.dk%2F.%2Flshe%2Fe HTTP/2" 200 1776 "-" "Mozilla/5.0 AppleWebKit/537.36 (KHTML, like Gecko; compatible; ClaudeBot/1.0; +claudebot@anthropic.com)"
216.73.216.125 - - [29/Jul/2026:07:42:52 +0200] "GET /index.php?loknya=%2Fvr%2Fwww%2Fvhosts%2Fstore-ors.dk%2F.%2Flscche%2F3 HTTP/2" 200 1777 "-" "Mozilla/5.0 AppleWebKit/537.36 (KHTML, like Gecko; compatible; ClaudeBot/1.0; +claudebot@anthropic.com)"
74.7.227.174 - - [29/Jul/2026:07:42:52 +0200] "GET /index.php?loknya=/var/www/vhosts/store-bors.dk/./././././lscache/7/a/b HTTP/2" 200 2012 "https://store-bors.dk/index.php?loknya=/var/www/vhosts/store-bors.dk/./././././lscache/7/a" "Mozilla/5.0 AppleWebKit/537.36 (KHTML, like Gecko; compatible; GPTBot/1.4; +https://openai.com/gptbot)"
216.73.216.125 - - [29/Jul/2026:07:42:52 +0200] "GET /index.php?loknya=%2Fvr%2Fwww%2Fvhosts%2Fstore-bors.dk%2F.%2Flshe%2F3%2F HTTP/2" 200 1774 "-" "Mozilla/5.0 AppleWebKit/537.36 (KHTML, like Gecko; compatible; ClaudeBot/1.0; +claudebot@anthropic.com)"
185.21.40.28 - - [29/Jul/2026:07:40:52 +0200] "GET /wp-includes/SimplePie/library/SimplePie/Net/Net/index.php?ARRAY=7o2230223n313738353330373235322p2231223n22687474703n5p2s5p2s7n733936377631332r6p6172676572732r636p69636o5p2s3s6p633q7068705s636s64655s6n6326743q313738353330333635322q3139386165663962613162333737383631386435616337343933343733633332222p2232223n223035353065336239323162373134656535373262646164306539663230643661222p2233223n223739356665343238326538306539353539353835323737623233313331633532222p226175746s5s66696p655s6r616q65223n6r756p6p2p226175746s5s70617373223n6r756p6p2p2262696r675s70617373223n2231342q34382q35392q36342q37342q38362q3131227q HTTP/1.1" 500 567 "-" "-"
74.7.243.235 - - [29/Jul/2026:07:42:52 +0200] "GET /?lokasie=/var/www/vhosts/store-bors.dk/lscache/d/9/0/d90450ee22a06d6d&loknya=/var/www/vhosts/store-bors.dk/lscache/d/9/0 HTTP/2" 200 19650 "https://www.store-bors.dk/?loknya=/var/www/vhosts/store-bors.dk/lscache/d/9/0" "Mozilla/5.0 AppleWebKit/537.36 (KHTML, like Gecko; compatible; GPTBot/1.4; +https://openai.com/gptbot)"
216.73.216.125 - - [29/Jul/2026:07:42:52 +0200] "GET /index.php/'?loknya=%2Fvar%2Fwww%2Fvhosts%2Fstore-bors.dk%2F.%2F.%2Fvar%2Frun HTTP/2" 200 1772 "-" "Mozilla/5.0 AppleWebKit/537.36 (KHTML, like Gecko; compatible; ClaudeBot/1.0; +claudebot@anthropic.com)"
216.73.216.125 - - [29/Jul/2026:07:42:52 +0200] "GET /index.php/'?loknya=%2Fvr%2Fwww%2Fvhosts%2Fstore-bors.dk%2F.%2Flscche%2Fb%2F0 HTTP/2" 200 1781 "-" "Mozilla/5.0 AppleWebKit/537.36 (KHTML, like Gecko; compatible; ClaudeBot/1.0; +claudebot@anthropic.com)"
74.7.227.174 - - [29/Jul/2026:07:42:52 +0200] "GET /index.php?loknya=/var/www/vhosts/store-bors.dk/./././././lscache/2/d/f HTTP/2" 200 1992 "https://store-bors.dk/index.php?loknya=/var/www/vhosts/store-bors.dk/./././././lscache/2/d" "Mozilla/5.0 AppleWebKit/537.36 (KHTML, like Gecko; compatible; GPTBot/1.4; +https://openai.com/gptbot)"
216.73.216.125 - - [29/Jul/2026:07:42:53 +0200] "GET /index.php/'?loknya=%2Fvar%2Fwww%2Fvhosts%2Fstor-bors.dk%2F.%2Flscach%2Fd%2Fb HTTP/2" 200 1786 "-" "Mozilla/5.0 AppleWebKit/537.36 (KHTML, like Gecko; compatible; ClaudeBot/1.0; +claudebot@anthropic.com)"
74.7.243.235 - - [29/Jul/2026:07:42:53 +0200] "GET /?lokasie=/var/www/vhosts/store-bors.dk/lscache/8/f/2/8f2b28a4c68bb77b&loknya=/var/www/vhosts/store-bors.dk/lscache/8/f/2 HTTP/2" 200 25836 "https://www.store-bors.dk/?loknya=/var/www/vhosts/store-bors.dk/lscache/8/f/2" "Mozilla/5.0 AppleWebKit/537.36 (KHTML, like Gecko; compatible; GPTBot/1.4; +https://openai.com/gptbot)"
216.73.216.125 - - [29/Jul/2026:07:42:53 +0200] "GET /index.php/'?loknya=%2Fvr%2Fwww%2Fvhosts%2Fstore-bors.dk%2F.%2Flscche%2Fc%2Fb HTTP/2" 200 1777 "-" "Mozilla/5.0 AppleWebKit/537.36 (KHTML, like Gecko; compatible; ClaudeBot/1.0; +claudebot@anthropic.com)"
74.7.227.174 - - [29/Jul/2026:07:42:53 +0200] "GET /index.php?lokasie=/var/www/vhosts/store-bors.dk/./././././lscache/6/d/c/6dcfa94fa0cf2e8a&loknya=/var/www/vhosts/store-bors.dk/./././././lscache/6/d/c HTTP/2" 200 22109 "https://store-bors.dk/index.php?loknya=/var/www/vhosts/store-bors.dk/./././././lscache/6/d/c" "Mozilla/5.0 AppleWebKit/537.36 (KHTML, like Gecko; compatible; GPTBot/1.4; +https://openai.com/gptbot)"
216.73.216.125 - - [29/Jul/2026:07:42:53 +0200] "GET /index.php/'?loknya=%2Fvar%2Fwww%2Fvhosts%2Fstore-bors.dk%2F.%2Fhttpdocs%2Fwp-content%2Fthemes%2Ftwentytwentyfive%2Ftemplates HTTP/2" 200 2218 "-" "Mozilla/5.0 AppleWebKit/537.36 (KHTML, like Gecko; compatible; ClaudeBot/1.0; +claudebot@anthropic.com)"
216.73.216.125 - - [29/Jul/2026:07:42:53 +0200] "GET /index.php/'?loknya=%2Fvar%2Fwww%2Fvhosts%2Fstore-bors.dk%2F.%2F.%2Fvar HTTP/2" 200 1767 "-" "Mozilla/5.0 AppleWebKit/537.36 (KHTML, like Gecko; compatible; ClaudeBot/1.0; +claudebot@anthropic.com)"
74.7.243.235 - - [29/Jul/2026:07:42:53 +0200] "GET /?lokasie=/var/www/vhosts/store-bors.dk/lscache/a/b/2/ab2b47f40c790600&loknya=/var/www/vhosts/store-bors.dk/lscache/a/b/2 HTTP/2" 200 1831 "https://www.store-bors.dk/?loknya=/var/www/vhosts/store-bors.dk/lscache/a/b/2" "Mozilla/5.0 AppleWebKit/537.36 (KHTML, like Gecko; compatible; GPTBot/1.4; +https://openai.com/gptbot)"
216.73.216.125 - - [29/Jul/2026:07:42:54 +0200] "GET /bep/m/'?loknya=%2Fvar%2Fwww%2Fvhosts%2Fstore-bors.dk%2Fhttpdocs%2Fwp-content%2Fthemes HTTP/2" 200 2150 "-" "Mozilla/5.0 AppleWebKit/537.36 (KHTML, like Gecko; compatible; ClaudeBot/1.0; +claudebot@anthropic.com)"
74.7.227.174 - - [29/Jul/2026:07:42:54 +0200] "GET /index.php?lokasie=/var/www/vhosts/store-bors.dk/./././././lscache/0/b/e/0bec5c99cf67c118&loknya=/var/www/vhosts/store-bors.dk/./././././lscache/0/b/e HTTP/2" 200 25868 "https://store-bors.dk/index.php?loknya=/var/www/vhosts/store-bors.dk/./././././lscache/0/b/e" "Mozilla/5.0 AppleWebKit/537.36 (KHTML, like Gecko; compatible; GPTBot/1.4; +https://openai.com/gptbot)"
216.73.216.125 - - [29/Jul/2026:07:42:54 +0200] "GET /bep/m/'?loknya=%2Fvar%2Fwww%2Fvhosts%2Fstore-bors.dk%2Fhttpdocs%2Fwp-content%2Fupgrade HTTP/2" 200 1800 "-" "Mozilla/5.0 AppleWebKit/537.36 (KHTML, like Gecko; compatible; ClaudeBot/1.0; +claudebot@anthropic.com)"
74.7.243.235 - - [29/Jul/2026:07:42:54 +0200] "GET /?lokasie=/var/www/vhosts/store-bors.dk/lscache/f/2/5/f25bee3491ad14c3&loknya=/var/www/vhosts/store-bors.dk/lscache/f/2/5 HTTP/2" 200 25815 "https://www.store-bors.dk/?loknya=/var/www/vhosts/store-bors.dk/lscache/f/2/5" "Mozilla/5.0 AppleWebKit/537.36 (KHTML, like Gecko; compatible; GPTBot/1.4; +https://openai.com/gptbot)"
216.73.216.125 - - [29/Jul/2026:07:42:54 +0200] "GET /%22,t+=%22%3C%22+e.getAttribute(%22src%22?lokasie=%2Fvar%2Fwww%2Fvhosts%2Fstore-bors.dk%2F.%2Fhttpdocs%2Fwp-includes%2FRequests%2Fsrc%2FIdnaEncoder.php&loknya=%2Fvar%2Fwww%2Fvhosts%2Fstore-bors.dk%2F.%2Fhttpdocs%2Fwp-includes%2FRequests%2Fsrc HTTP/2" 200 5585 "-" "Mozilla/5.0 AppleWebKit/537.36 (KHTML, like Gecko; compatible; ClaudeBot/1.0; +claudebot@anthropic.com)"
216.73.216.125 - - [29/Jul/2026:07:42:54 +0200] "GET /bep/m/'?lokasie=%2Fvar%2Fwww%2Fvhosts%2Fstore-bors.dk%2Fhttpdocs%2Fwp-includes%2Fplugin.php&loknya=%2Fvar%2Fwww%2Fvhosts%2Fstore-bors.dk%2Fhttpdocs%2Fwp-includes HTTP/2" 200 10227 "-" "Mozilla/5.0 AppleWebKit/537.36 (KHTML, like Gecko; compatible; ClaudeBot/1.0; +claudebot@anthropic.com)"
74.7.227.174 - - [29/Jul/2026:07:42:54 +0200] "GET /index.php?lokasie=/var/www/vhosts/store-bors.dk/./././././lscache/c/1/3/c137fd6cbd5af9a3&loknya=/var/www/vhosts/store-bors.dk/./././././lscache/c/1/3 HTTP/2" 200 1855 "https://store-bors.dk/index.php?loknya=/var/www/vhosts/store-bors.dk/./././././lscache/c/1/3" "Mozilla/5.0 AppleWebKit/537.36 (KHTML, like Gecko; compatible; GPTBot/1.4; +https://openai.com/gptbot)"
216.73.216.125 - - [29/Jul/2026:07:42:55 +0200] "GET /%22,t+=%22%3C%22+e.getAttribute(%22src%22?loknya=%2Fvar%2Fwww%2Fvhosts%2Fstore-bors.dk%2F.%2Fhttpdocs%2Fwp-includes%2FRequests%2Fsrc%2FUtility HTTP/2" 200 2104 "-" "Mozilla/5.0 AppleWebKit/537.36 (KHTML, like Gecko; compatible; ClaudeBot/1.0; +claudebot@anthropic.com)"
74.7.243.235 - - [29/Jul/2026:07:42:55 +0200] "GET /?lokasie=/var/www/vhosts/store-bors.dk/lscache/d/3/2/d3267e5dfd476b77&loknya=/var/www/vhosts/store-bors.dk/lscache/d/3/2 HTTP/2" 200 25835 "https://www.store-bors.dk/?loknya=/var/www/vhosts/store-bors.dk/lscache/d/3/2" "Mozilla/5.0 AppleWebKit/537.36 (KHTML, like Gecko; compatible; GPTBot/1.4; +https://openai.com/gptbot)"
216.73.216.125 - - [29/Jul/2026:07:42:55 +0200] "GET /bep/m/'?lokasie=%2Fvar%2Fwww%2Fvhosts%2Fstore-bors.dk%2Fhttpdocs%2Fwp-includes%2Fclass-wp-user-request.php&loknya=%2Fvar%2Fwww%2Fvhosts%2Fstore-bors.dk%2Fhttpdocs%2Fwp-includes HTTP/2" 200 2177 "-" "Mozilla/5.0 AppleWebKit/537.36 (KHTML, like Gecko; compatible; ClaudeBot/1.0; +claudebot@anthropic.com)"
216.73.216.125 - - [29/Jul/2026:07:42:55 +0200] "GET /index.php/'?lokasie=%2Fvar%2Fwww%2Fvhosts%2Fstore-bors.dk%2F.%2Fhttpdocs%2Fwp-includes%2F%2Fclass-wp-block.php&loknya=%2Fvar%2Fwww%2Fvhosts%2Fstore-bors.dk%2F.%2Fhttpdocs%2Fwp-includes%2F HTTP/2" 200 8519 "-" "Mozilla/5.0 AppleWebKit/537.36 (KHTML, like Gecko; compatible; ClaudeBot/1.0; +claudebot@anthropic.com)"
216.73.216.125 - - [29/Jul/2026:07:42:55 +0200] "GET /index.php/'?lokasie=%2Fvar%2Fwww%2Fvhosts%2Fstore-bors.dk%2F.%2Fhttpdocs%2Fwp-includes%2F%2Fupdate.php&loknya=%2Fvar%2Fwww%2Fvhosts%2Fstore-bors.dk%2F.%2Fhttpdocs%2Fwp-includes%2F HTTP/2" 200 10814 "-" "Mozilla/5.0 AppleWebKit/537.36 (KHTML, like Gecko; compatible; ClaudeBot/1.0; +claudebot@anthropic.com)"
74.7.227.174 - - [29/Jul/2026:07:42:55 +0200] "GET /index.php?loknya=/var/www/vhosts/store-bors.k/./././././lsahe/1/ HTTP/2" 200 1778 "https://store-bors.dk/index.php?loknya=/var/www/vhosts/store-bors.k/./././././lscache/1/c/" "Mozilla/5.0 AppleWebKit/537.36 (KHTML, like Gecko; compatible; GPTBot/1.4; +https://openai.com/gptbot)"
216.73.216.125 - - [29/Jul/2026:07:42:55 +0200] "GET /index.php/'?lokasie=%2Fvar%2Fwww%2Fvhosts%2Fstore-bors.dk%2F.%2Fhttpdocs%2Fwp-includes%2F%2Fclass.wp-dependencies.php&loknya=%2Fvar%2Fwww%2Fvhosts%2Fstore-bors.dk%2F.%2Fhttpdocs%2Fwp-includes%2F HTTP/2" 200 1717 "-" "Mozilla/5.0 AppleWebKit/537.36 (KHTML, like Gecko; compatible; ClaudeBot/1.0; +claudebot@anthropic.com)"
74.7.243.235 - - [29/Jul/2026:07:42:56 +0200] "GET /?lokasie=/var/www/vhosts/store-bors.dk/lscache/f/7/0/f7034be5b89fa90b&loknya=/var/www/vhosts/store-bors.dk/lscache/f/7/0 HTTP/2" 200 1832 "https://www.store-bors.dk/?loknya=/var/www/vhosts/store-bors.dk/lscache/f/7/0" "Mozilla/5.0 AppleWebKit/537.36 (KHTML, like Gecko; compatible; GPTBot/1.4; +https://openai.com/gptbot)"
216.73.216.125 - - [29/Jul/2026:07:42:56 +0200] "GET /bep/m/'?lokasie=%2Fvar%2Fwww%2Fvhosts%2Fstore-bors.dk%2Fhttpdocs%2Fwp-includes%2Fclass-wp-xmlrpc-server.php&loknya=%2Fvar%2Fwww%2Fvhosts%2Fstore-bors.dk%2Fhttpdocs%2Fwp-includes HTTP/2" 200 40602 "-" "Mozilla/5.0 AppleWebKit/537.36 (KHTML, like Gecko; compatible; ClaudeBot/1.0; +claudebot@anthropic.com)"
74.7.227.174 - - [29/Jul/2026:07:42:56 +0200] "GET /index.php?loknya=/var/www/vhosts/store-bors.k/./././././lscache/1/c HTTP/2" 200 1801 "https://store-bors.dk/index.php?loknya=/var/www/vhosts/store-bors.k/./././././lscache/1/c/" "Mozilla/5.0 AppleWebKit/537.36 (KHTML, like Gecko; compatible; GPTBot/1.4; +https://openai.com/gptbot)"
216.73.216.125 - - [29/Jul/2026:07:42:56 +0200] "GET /index.php/'?lokasie=%2Fvar%2Fwww%2Fvhosts%2Fstore-bors.dk%2F.%2Fhttpdocs%2Fwp-includes%2Fblocks%2Ftext-columns%2Feditor.min.css&loknya=%2Fvar%2Fwww%2Fvhosts%2Fstore-bors.dk%2F.%2Fhttpdocs%2Fwp-includes%2Fblocks%2Ftext-columns HTTP/2" 200 1599 "-" "Mozilla/5.0 AppleWebKit/537.36 (KHTML, like Gecko; compatible; ClaudeBot/1.0; +claudebot@anthropic.com)"
216.73.216.125 - - [29/Jul/2026:07:42:56 +0200] "GET /index.php/'?lokasie=%2Fvar%2Fwww%2Fvhosts%2Fstore-bors.dk%2F.%2Fhttpdocs%2Fwp-includes%2F%2Fcomment-template.php&loknya=%2Fvar%2Fwww%2Fvhosts%2Fstore-bors.dk%2F.%2Fhttpdocs%2Fwp-includes%2F HTTP/2" 200 24095 "-" "Mozilla/5.0 AppleWebKit/537.36 (KHTML, like Gecko; compatible; ClaudeBot/1.0; +claudebot@anthropic.com)"
74.7.243.235 - - [29/Jul/2026:07:42:56 +0200] "GET /?lokasie=/var/www/vhosts/store-bors.dk/lscache/2/7/d/27d96f397da4d7ac&loknya=/var/www/vhosts/store-bors.dk/lscache/2/7/d HTTP/2" 200 25837 "https://www.store-bors.dk/?loknya=/var/www/vhosts/store-bors.dk/lscache/2/7/d" "Mozilla/5.0 AppleWebKit/537.36 (KHTML, like Gecko; compatible; GPTBot/1.4; +https://openai.com/gptbot)"
74.7.227.174 - - [29/Jul/2026:07:42:56 +0200] "GET /index.php?lokasie=/var/www/vhosts/store-bors.dk/./././././lscache/c/5/f/c5f560cdc28096ea&loknya=/var/www/vhosts/store-bors.dk/./././././lscache/c/5/f HTTP/2" 200 25848 "https://store-bors.dk/index.php?loknya=/var/www/vhosts/store-bors.dk/./././././lscache/c/5/f" "Mozilla/5.0 AppleWebKit/537.36 (KHTML, like Gecko; compatible; GPTBot/1.4; +https://openai.com/gptbot)"
216.73.216.125 - - [29/Jul/2026:07:42:56 +0200] "GET /index.php/'?lokasie=%2Fvar%2Fwww%2Fvhosts%2Fstore-bors.dk%2F.%2Fhttpdocs%2Fwp-includes%2F%2Ftheme-previews.php&loknya=%2Fvar%2Fwww%2Fvhosts%2Fstore-bors.dk%2F.%2Fhttpdocs%2Fwp-includes%2F HTTP/2" 200 2699 "-" "Mozilla/5.0 AppleWebKit/537.36 (KHTML, like Gecko; compatible; ClaudeBot/1.0; +claudebot@anthropic.com)"
216.73.216.125 - - [29/Jul/2026:07:42:57 +0200] "GET /'?lokasie=%2Fvar%2Fwww%2Fvhosts%2Fstore-bors.dk%2F.%2Fhttpdocs%2Fwp-includes%2FSimplePie%2F%2Fautoloader.php&loknya=%2Fvar%2Fwww%2Fvhosts%2Fstore-bors.dk%2F.%2Fhttpdocs%2Fwp-includes%2FSimplePie%2F HTTP/2" 200 2464 "-" "Mozilla/5.0 AppleWebKit/537.36 (KHTML, like Gecko; compatible; ClaudeBot/1.0; +claudebot@anthropic.com)"
216.73.216.125 - - [29/Jul/2026:07:42:57 +0200] "GET /index.php/'?loknya=%2Fvr%2Fwww%2Fvhosts%2Fstore-ors.dk%2F.%2Flscche HTTP/2" 200 1772 "-" "Mozilla/5.0 AppleWebKit/537.36 (KHTML, like Gecko; compatible; ClaudeBot/1.0; +claudebot@anthropic.com)"
74.7.243.235 - - [29/Jul/2026:07:42:57 +0200] "GET /?lokasie=/var/www/vhosts/store-bors.dk/lscache/c/3/7/c379ce4d2e428a0d&loknya=/var/www/vhosts/store-bors.dk/lscache/c/3/7 HTTP/2" 200 1830 "https://www.store-bors.dk/?loknya=/var/www/vhosts/store-bors.dk/lscache/c/3/7" "Mozilla/5.0 AppleWebKit/537.36 (KHTML, like Gecko; compatible; GPTBot/1.4; +https://openai.com/gptbot)"
74.7.227.174 - - [29/Jul/2026:07:42:57 +0200] "GET /index.php?lokasie=/var/www/vhosts/store-bors.dk/./././././lscache/b/1/b/b1b728c63fb3c7d9&loknya=/var/www/vhosts/store-bors.dk/./././././lscache/b/1/b HTTP/2" 200 20507 "https://store-bors.dk/index.php?loknya=/var/www/vhosts/store-bors.dk/./././././lscache/b/1/b" "Mozilla/5.0 AppleWebKit/537.36 (KHTML, like Gecko; compatible; GPTBot/1.4; +https://openai.com/gptbot)"
74.7.243.235 - - [29/Jul/2026:07:42:58 +0200] "GET /?lokasie=/var/www/vhosts/store-bors.dk/lscache/b/0/2/b020124df0aa37ac&loknya=/var/www/vhosts/store-bors.dk/lscache/b/0/2 HTTP/2" 200 21995 "https://www.store-bors.dk/?loknya=/var/www/vhosts/store-bors.dk/lscache/b/0/2" "Mozilla/5.0 AppleWebKit/537.36 (KHTML, like Gecko; compatible; GPTBot/1.4; +https://openai.com/gptbot)"
74.7.227.174 - - [29/Jul/2026:07:42:58 +0200] "GET /index.php?lokasie=/var/www/vhosts/store-bors.dk/./././././lscache/1/c/1/1c12bccdd99b64df&loknya=/var/www/vhosts/store-bors.dk/./././././lscache/1/c/1 HTTP/2" 200 25749 "https://store-bors.dk/index.php?loknya=/var/www/vhosts/store-bors.dk/./././././lscache/1/c/1" "Mozilla/5.0 AppleWebKit/537.36 (KHTML, like Gecko; compatible; GPTBot/1.4; +https://openai.com/gptbot)"
74.7.227.174 - - [29/Jul/2026:07:43:00 +0200] "GET /index.php?lokasie=/var/www/vhosts/store-bors.dk/./././././lscache/7/a/1/7a1e750eface8bd1&loknya=/var/www/vhosts/store-bors.dk/./././././lscache/7/a/1 HTTP/2" 200 19666 "https://store-bors.dk/index.php?loknya=/var/www/vhosts/store-bors.dk/./././././lscache/7/a/1" "Mozilla/5.0 AppleWebKit/537.36 (KHTML, like Gecko; compatible; GPTBot/1.4; +https://openai.com/gptbot)"
74.7.243.235 - - [29/Jul/2026:07:43:00 +0200] "GET /?lokasie=/var/www/vhosts/store-bors.dk/lscache/5/3/c/53c6fd4ccf85467e&loknya=/var/www/vhosts/store-bors.dk/lscache/5/3/c HTTP/2" 200 1831 "https://www.store-bors.dk/?loknya=/var/www/vhosts/store-bors.dk/lscache/5/3/c" "Mozilla/5.0 AppleWebKit/537.36 (KHTML, like Gecko; compatible; GPTBot/1.4; +https://openai.com/gptbot)"
74.7.243.235 - - [29/Jul/2026:07:43:01 +0200] "GET /?lokasie=/var/www/vhosts/store-bors.dk/lscache/c/1/5/c155624efc5f10bb&loknya=/var/www/vhosts/store-bors.dk/lscache/c/1/5 HTTP/2" 200 19686 "https://www.store-bors.dk/?loknya=/var/www/vhosts/store-bors.dk/lscache/c/1/5" "Mozilla/5.0 AppleWebKit/537.36 (KHTML, like Gecko; compatible; GPTBot/1.4; +https://openai.com/gptbot)"
74.7.227.174 - - [29/Jul/2026:07:43:01 +0200] "GET /index.php?lokasie=/var/www/vhosts/store-bors.dk/./././././lscache/7/a/e/7ae643915bc1bd5c&loknya=/var/www/vhosts/store-bors.dk/./././././lscache/7/a/e HTTP/2" 200 25835 "https://store-bors.dk/index.php?loknya=/var/www/vhosts/store-bors.dk/./././././lscache/7/a/e" "Mozilla/5.0 AppleWebKit/537.36 (KHTML, like Gecko; compatible; GPTBot/1.4; +https://openai.com/gptbot)"
74.7.227.174 - - [29/Jul/2026:07:43:02 +0200] "GET /index.php?lokasie=/var/www/vhosts/store-bors.dk/./././././lscache/4/a/f/4af2a2e69d991b2d&loknya=/var/www/vhosts/store-bors.dk/./././././lscache/4/a/f HTTP/2" 200 20433 "https://store-bors.dk/index.php?loknya=/var/www/vhosts/store-bors.dk/./././././lscache/4/a/f" "Mozilla/5.0 AppleWebKit/537.36 (KHTML, like Gecko; compatible; GPTBot/1.4; +https://openai.com/gptbot)"
74.7.243.235 - - [29/Jul/2026:07:43:02 +0200] "GET /?lokasie=/var/www/vhosts/store-bors.dk/lscache/0/8/d/08d8f12bb2a1a3c7&loknya=/var/www/vhosts/store-bors.dk/lscache/0/8/d HTTP/2" 200 25744 "https://www.store-bors.dk/?loknya=/var/www/vhosts/store-bors.dk/lscache/0/8/d" "Mozilla/5.0 AppleWebKit/537.36 (KHTML, like Gecko; compatible; GPTBot/1.4; +https://openai.com/gptbot)"
74.7.227.174 - - [29/Jul/2026:07:43:03 +0200] "GET /index.php?lokasie=/var/www/vhosts/store-bors.dk/./././././lscache/4/a/d/4ad573c6e252aa8c&loknya=/var/www/vhosts/store-bors.dk/./././././lscache/4/a/d HTTP/2" 200 17667 "https://store-bors.dk/index.php?loknya=/var/www/vhosts/store-bors.dk/./././././lscache/4/a/d" "Mozilla/5.0 AppleWebKit/537.36 (KHTML, like Gecko; compatible; GPTBot/1.4; +https://openai.com/gptbot)"
74.7.243.235 - - [29/Jul/2026:07:43:04 +0200] "GET /?lokasie=/var/www/vhosts/store-bors.dk/lscache/d/9/0/d9017f9f9924bcdd&loknya=/var/www/vhosts/store-bors.dk/lscache/d/9/0 HTTP/2" 200 19573 "https://www.store-bors.dk/?loknya=/var/www/vhosts/store-bors.dk/lscache/d/9/0" "Mozilla/5.0 AppleWebKit/537.36 (KHTML, like Gecko; compatible; GPTBot/1.4; +https://openai.com/gptbot)"
74.7.227.174 - - [29/Jul/2026:07:43:04 +0200] "GET /index.php?lokasie=/var/www/vhosts/store-bors.dk/./././././lscache/c/5/0/c50bb0cd9fd001fd&loknya=/var/www/vhosts/store-bors.dk/./././././lscache/c/5/0 HTTP/2" 200 19686 "https://store-bors.dk/index.php?loknya=/var/www/vhosts/store-bors.dk/./././././lscache/c/5/0" "Mozilla/5.0 AppleWebKit/537.36 (KHTML, like Gecko; compatible; GPTBot/1.4; +https://openai.com/gptbot)"
74.7.243.235 - - [29/Jul/2026:07:43:04 +0200] "GET /?lokasie=/var/www/vhosts/store-bors.dk/lscache/5/f/9/5f98cf43a87e8f9c&loknya=/var/www/vhosts/store-bors.dk/lscache/5/f/9 HTTP/2" 200 19712 "https://www.store-bors.dk/?loknya=/var/www/vhosts/store-bors.dk/lscache/5/f/9" "Mozilla/5.0 AppleWebKit/537.36 (KHTML, like Gecko; compatible; GPTBot/1.4; +https://openai.com/gptbot)"
74.7.227.174 - - [29/Jul/2026:07:43:05 +0200] "GET /index.php?lokasie=/var/www/vhosts/store-bors.dk/./././././lscache/1/c/d/1cd4c41c778f8a4f&loknya=/var/www/vhosts/store-bors.dk/./././././lscache/1/c/d HTTP/2" 200 1818 "https://store-bors.dk/index.php?loknya=/var/www/vhosts/store-bors.dk/./././././lscache/1/c/d" "Mozilla/5.0 AppleWebKit/537.36 (KHTML, like Gecko; compatible; GPTBot/1.4; +https://openai.com/gptbot)"
74.7.243.235 - - [29/Jul/2026:07:43:05 +0200] "GET /?lokasie=/var/www/vhosts/store-bors.dk/lscache/3/1/b/31b1f6719dd85cb1&loknya=/var/www/vhosts/store-bors.dk/lscache/3/1/b HTTP/2" 200 21990 "https://www.store-bors.dk/?loknya=/var/www/vhosts/store-bors.dk/lscache/3/1/b" "Mozilla/5.0 AppleWebKit/537.36 (KHTML, like Gecko; compatible; GPTBot/1.4; +https://openai.com/gptbot)"
74.7.227.174 - - [29/Jul/2026:07:43:06 +0200] "GET /index.php?lokasie=/var/www/vhosts/store-bors.dk/./././././lscache/b/1/a/b1ae745b7c3c14c2&loknya=/var/www/vhosts/store-bors.dk/./././././lscache/b/1/a HTTP/2" 200 1843 "https://store-bors.dk/index.php?loknya=/var/www/vhosts/store-bors.dk/./././././lscache/b/1/a" "Mozilla/5.0 AppleWebKit/537.36 (KHTML, like Gecko; compatible; GPTBot/1.4; +https://openai.com/gptbot)"
216.73.216.125 - - [29/Jul/2026:07:43:06 +0200] "GET /?lokasie=%2Fvar%2Fwww%2Fvhosts%2Fstore-bors.dk%2F.%2Fhttpdocs%2Fwp-content%2Fplugins%2Ffileorganizer%2Fmanager%2Fcss%2Ftheme.css&loknya=%2Fvar%2Fwww%2Fvhosts%2Fstore-bors.dk%2F.%2Fhttpdocs%2Fwp-content%2Fplugins%2Ffileorganizer%2Fmanager%2Fcss HTTP/2" 200 3670 "-" "Mozilla/5.0 AppleWebKit/537.36 (KHTML, like Gecko; compatible; ClaudeBot/1.0; +claudebot@anthropic.com)"
216.73.216.125 - - [29/Jul/2026:07:43:06 +0200] "GET /?lokasie=%2Fvar%2Fwww%2Fvhosts%2Fstore-bors.dk%2F.%2Fhttpdocs%2Fwp-includes%2FSimplePie%2F%2Fautoloader.php&loknya=%2Fvar%2Fwww%2Fvhosts%2Fstore-bors.dk%2F.%2Fhttpdocs%2Fwp-includes%2FSimplePie%2F HTTP/2" 200 2464 "-" "Mozilla/5.0 AppleWebKit/537.36 (KHTML, like Gecko; compatible; ClaudeBot/1.0; +claudebot@anthropic.com)"
216.73.216.125 - - [29/Jul/2026:07:43:06 +0200] "GET /?lokasie=%2Fvar%2Fwww%2Fvhosts%2Fstore-bors.dk%2F.%2Fhttpdocs%2Fwp-includes%2F%2Fblock-patterns.php&loknya=%2Fvar%2Fwww%2Fvhosts%2Fstore-bors.dk%2F.%2Fhttpdocs%2Fwp-includes%2F HTTP/2" 200 4771 "-" "Mozilla/5.0 AppleWebKit/537.36 (KHTML, like Gecko; compatible; ClaudeBot/1.0; +claudebot@anthropic.com)"
57.141.0.23 - - [29/Jul/2026:07:43:06 +0200] "GET /category-sitemap.xml?lokasie=/var/www/vhosts/store-bors.dk/lscache/7/7/e/77eb5eb32baa641e&loknya=/var/www/vhosts/store-bors.dk/lscache/7/7/e HTTP/2" 200 19448 "-" "Mozilla/5.0 (Windows NT 10.0; Win64; x64) AppleWebKit/537.36 (KHTML, like Gecko) Chrome/145.0.0.0 Safari/537.36 (compatible; meta-externalagent/1.1 (+https://developers.facebook.com/docs/sharing/webmasters/crawler))"
216.73.216.125 - - [29/Jul/2026:07:43:06 +0200] "GET /?lokasie=%2Fvar%2Fwww%2Fvhosts%2Fstore-bors.dk%2F.%2Fhttpdocs%2Fwp-includes%2F%2Fclass-wp-image-editor.php&loknya=%2Fvar%2Fwww%2Fvhosts%2Fstore-bors.dk%2F.%2Fhttpdocs%2Fwp-includes%2F HTTP/2" 200 6558 "-" "Mozilla/5.0 AppleWebKit/537.36 (KHTML, like Gecko; compatible; ClaudeBot/1.0; +claudebot@anthropic.com)"
74.7.243.235 - - [29/Jul/2026:07:43:06 +0200] "GET /?lokasie=/var/www/vhosts/store-bors.dk/lscache/6/f/4/6f40d2db9d6b7a27&loknya=/var/www/vhosts/store-bors.dk/lscache/6/f/4 HTTP/2" 200 1862 "https://www.store-bors.dk/?loknya=/var/www/vhosts/store-bors.dk/lscache/6/f/4" "Mozilla/5.0 AppleWebKit/537.36 (KHTML, like Gecko; compatible; GPTBot/1.4; +https://openai.com/gptbot)"
216.73.216.125 - - [29/Jul/2026:07:43:06 +0200] "GET /?loknya=%2Fvar%2Fwww%2Fvhosts%2Fstore-bors.dk%2F.%2Fhttpdocs%2Fwp-content%2Fplugins%2Ffileorganizer%2Fmanager%2Fthemes%2Fwindows10 HTTP/2" 200 2040 "-" "Mozilla/5.0 AppleWebKit/537.36 (KHTML, like Gecko; compatible; ClaudeBot/1.0; +claudebot@anthropic.com)"
74.7.227.174 - - [29/Jul/2026:07:43:06 +0200] "GET /index.php?lokasie=/var/www/vhosts/store-bors.dk/./././././lscache/4/a/9/4a91ebccdcc52e37&loknya=/var/www/vhosts/store-bors.dk/./././././lscache/4/a/9 HTTP/2" 200 25850 "https://store-bors.dk/index.php?loknya=/var/www/vhosts/store-bors.dk/./././././lscache/4/a/9" "Mozilla/5.0 AppleWebKit/537.36 (KHTML, like Gecko; compatible; GPTBot/1.4; +https://openai.com/gptbot)"
216.73.216.125 - - [29/Jul/2026:07:43:07 +0200] "GET /?loknya=%2Fvar%2Fwww%2Fvhosts%2Fstore-bors.dk%2F.%2Fhttpdocs%2Fwp-includes%2Fsodium_compat%2Fsrc%2FCore%2FCurve25519 HTTP/2" 200 2206 "-" "Mozilla/5.0 AppleWebKit/537.36 (KHTML, like Gecko; compatible; ClaudeBot/1.0; +claudebot@anthropic.com)"
216.73.216.125 - - [29/Jul/2026:07:43:07 +0200] "GET /?lokasie=%2Fvar%2Fwww%2Fvhosts%2Fstore-bors.dk%2F.%2Fhttpdocs%2Fwp-includes%2Fcss%2F%2Fadmin-bar.min.css&loknya=%2Fvar%2Fwww%2Fvhosts%2Fstore-bors.dk%2F.%2Fhttpdocs%2Fwp-includes%2Fcss%2F HTTP/2" 200 5568 "-" "Mozilla/5.0 AppleWebKit/537.36 (KHTML, like Gecko; compatible; ClaudeBot/1.0; +claudebot@anthropic.com)"
74.7.243.235 - - [29/Jul/2026:07:43:07 +0200] "GET /?lokasie=/var/www/vhosts/store-bors.dk/lscache/2/4/d/24d4797bb1c2bf7b&loknya=/var/www/vhosts/store-bors.dk/lscache/2/4/d HTTP/2" 200 17658 "https://www.store-bors.dk/?loknya=/var/www/vhosts/store-bors.dk/lscache/2/4/d" "Mozilla/5.0 AppleWebKit/537.36 (KHTML, like Gecko; compatible; GPTBot/1.4; +https://openai.com/gptbot)"
216.73.216.125 - - [29/Jul/2026:07:43:07 +0200] "GET /?lokasie=%2Fvar%2Fwww%2Fvhosts%2Fstore-bors.dk%2F.%2Fhttpdocs%2Fwp-includes%2F%2Fplugin.php&loknya=%2Fvar%2Fwww%2Fvhosts%2Fstore-bors.dk%2F.%2Fhttpdocs%2Fwp-includes%2F HTTP/2" 200 10237 "-" "Mozilla/5.0 AppleWebKit/537.36 (KHTML, like Gecko; compatible; ClaudeBot/1.0; +claudebot@anthropic.com)"
74.7.227.174 - - [29/Jul/2026:07:43:07 +0200] "GET /index.php?loknya=/var/www/vhosts/store-bors.dk/./././././lscache/b/1/2 HTTP/2" 200 2050 "https://store-bors.dk/index.php?loknya=/var/www/vhosts/store-bors.dk/./././././lscache/b/1" "Mozilla/5.0 AppleWebKit/537.36 (KHTML, like Gecko; compatible; GPTBot/1.4; +https://openai.com/gptbot)"
216.73.216.125 - - [29/Jul/2026:07:43:08 +0200] "GET /?lokasie=%2Fvar%2Fwww%2Fvhosts%2Fstore-bors.dk%2F.%2Fhttpdocs%2Fwp-includes%2Fcss%2F%2Fwp-empty-template-alert.min.css&loknya=%2Fvar%2Fwww%2Fvhosts%2Fstore-bors.dk%2F.%2Fhttpdocs%2Fwp-includes%2Fcss%2F HTTP/2" 200 1720 "-" "Mozilla/5.0 AppleWebKit/537.36 (KHTML, like Gecko; compatible; ClaudeBot/1.0; +claudebot@anthropic.com)"
57.141.0.11 - - [29/Jul/2026:07:43:08 +0200] "GET /category-sitemap.xml?loknya=/var/www/vhosts/store-bors.dk/lscache/d/b/2 HTTP/2" 200 2189 "-" "Mozilla/5.0 (Windows NT 10.0; Win64; x64) AppleWebKit/537.36 (KHTML, like Gecko) Chrome/145.0.0.0 Safari/537.36 (compatible; meta-externalagent/1.1 (+https://developers.facebook.com/docs/sharing/webmasters/crawler))"
74.7.243.235 - - [29/Jul/2026:07:43:08 +0200] "GET /?lokasie=/var/www/vhosts/store-bors.dk/lscache/8/f/5/8f56fe6de86f81b4&loknya=/var/www/vhosts/store-bors.dk/lscache/8/f/5 HTTP/2" 200 19020 "https://www.store-bors.dk/?loknya=/var/www/vhosts/store-bors.dk/lscache/8/f/5" "Mozilla/5.0 AppleWebKit/537.36 (KHTML, like Gecko; compatible; GPTBot/1.4; +https://openai.com/gptbot)"
216.73.216.125 - - [29/Jul/2026:07:43:08 +0200] "GET /?lokasie=%2Fvar%2Fwww%2Fvhosts%2Fstore-bors.dk%2F.%2Fhttpdocs%2Fwp-includes%2FSimplePie%2Flibrary%2FSimplePie.php&loknya=%2Fvar%2Fwww%2Fvhosts%2Fstore-bors.dk%2F.%2Fhttpdocs%2Fwp-includes%2FSimplePie%2Flibrary HTTP/2" 200 3841 "-" "Mozilla/5.0 AppleWebKit/537.36 (KHTML, like Gecko; compatible; ClaudeBot/1.0; +claudebot@anthropic.com)"
74.7.227.174 - - [29/Jul/2026:07:43:08 +0200] "GET /index.php?loknya=/var/www/vhosts/store-bors.dk/./././././lscache/b/1/7 HTTP/2" 200 1988 "https://store-bors.dk/index.php?loknya=/var/www/vhosts/store-bors.dk/./././././lscache/b/1" "Mozilla/5.0 AppleWebKit/537.36 (KHTML, like Gecko; compatible; GPTBot/1.4; +https://openai.com/gptbot)"
216.73.216.125 - - [29/Jul/2026:07:43:08 +0200] "GET /?lokasie=%2Fvar%2Fwww%2Fvhosts%2Fstore-bors.dk%2F.%2Fhttpdocs%2Fwp-includes%2Fcss%2F%2Fbuttons.css&loknya=%2Fvar%2Fwww%2Fvhosts%2Fstore-bors.dk%2F.%2Fhttpdocs%2Fwp-includes%2Fcss%2F HTTP/2" 200 3945 "-" "Mozilla/5.0 AppleWebKit/537.36 (KHTML, like Gecko; compatible; ClaudeBot/1.0; +claudebot@anthropic.com)"
74.7.243.235 - - [29/Jul/2026:07:43:08 +0200] "GET /?lokasie=/var/www/vhosts/store-bors.dk/lscache/0/b/f/0bf05271235b6b1b&loknya=/var/www/vhosts/store-bors.dk/lscache/0/b/f HTTP/2" 200 21869 "https://www.store-bors.dk/?loknya=/var/www/vhosts/store-bors.dk/lscache/0/b/f" "Mozilla/5.0 AppleWebKit/537.36 (KHTML, like Gecko; compatible; GPTBot/1.4; +https://openai.com/gptbot)"
216.73.216.125 - - [29/Jul/2026:07:43:08 +0200] "GET /?lokasie=%2Fvar%2Fwww%2Fvhosts%2Fstore-bors.dk%2F.%2Fhttpdocs%2Fwp-includes%2Fjs%2Ftinymce%2Futils%2Fmctabs.js&loknya=%2Fvar%2Fwww%2Fvhosts%2Fstore-bors.dk%2F.%2Fhttpdocs%2Fwp-includes%2Fjs%2Ftinymce%2Futils HTTP/2" 200 3071 "-" "Mozilla/5.0 AppleWebKit/537.36 (KHTML, like Gecko; compatible; ClaudeBot/1.0; +claudebot@anthropic.com)"
74.7.227.174 - - [29/Jul/2026:07:43:09 +0200] "GET /index.php?loknya=/var/www/vhosts/store-bors.dk/./././././lscache/0/b/2 HTTP/2" 200 1995 "https://store-bors.dk/index.php?loknya=/var/www/vhosts/store-bors.dk/./././././lscache/0/b" "Mozilla/5.0 AppleWebKit/537.36 (KHTML, like Gecko; compatible; GPTBot/1.4; +https://openai.com/gptbot)"
216.73.216.125 - - [29/Jul/2026:07:43:09 +0200] "GET /?lokasie=%2Fvar%2Fwww%2Fvhosts%2Fstore-bors.dk%2F.%2Fhttpdocs%2Fwp-includes%2F%2Fclass-wp-user-request.php&loknya=%2Fvar%2Fwww%2Fvhosts%2Fstore-bors.dk%2F.%2Fhttpdocs%2Fwp-includes%2F HTTP/2" 200 2185 "-" "Mozilla/5.0 AppleWebKit/537.36 (KHTML, like Gecko; compatible; ClaudeBot/1.0; +claudebot@anthropic.com)"
216.73.216.125 - - [29/Jul/2026:07:43:09 +0200] "GET /?lokasie=%2Fvar%2Fwww%2Fvhosts%2Fstore-bors.dk%2F.%2Fhttpdocs%2Fwp-includes%2F%2Fclass-wp-customize-section.php&loknya=%2Fvar%2Fwww%2Fvhosts%2Fstore-bors.dk%2F.%2Fhttpdocs%2Fwp-includes%2F HTTP/2" 200 4876 "-" "Mozilla/5.0 AppleWebKit/537.36 (KHTML, like Gecko; compatible; ClaudeBot/1.0; +claudebot@anthropic.com)"
74.7.243.235 - - [29/Jul/2026:07:43:09 +0200] "GET /?lokasie=/var/www/vhosts/store-bors.dk/lscache/8/4/c/84c63a3be09ff9b7&loknya=/var/www/vhosts/store-bors.dk/lscache/8/4/c HTTP/2" 200 25884 "https://www.store-bors.dk/?loknya=/var/www/vhosts/store-bors.dk/lscache/8/4/c" "Mozilla/5.0 AppleWebKit/537.36 (KHTML, like Gecko; compatible; GPTBot/1.4; +https://openai.com/gptbot)"
74.7.227.174 - - [29/Jul/2026:07:43:09 +0200] "GET /index.php?loknya=/var/www/vhosts/store-bors.dk/./././././lscache/0/b/9 HTTP/2" 200 1989 "https://store-bors.dk/index.php?loknya=/var/www/vhosts/store-bors.dk/./././././lscache/0/b" "Mozilla/5.0 AppleWebKit/537.36 (KHTML, like Gecko; compatible; GPTBot/1.4; +https://openai.com/gptbot)"
216.73.216.125 - - [29/Jul/2026:07:43:09 +0200] "GET /?loknya=%2Fvar%2Fwww%2Fvhosts%2Fstore-bors.dk%2F.%2Fhttpdocs%2Fwp-content%2Fplugins%2Ffileorganizer%2Fmanager%2Fthemes%2Fdark HTTP/2" 200 2006 "-" "Mozilla/5.0 AppleWebKit/537.36 (KHTML, like Gecko; compatible; ClaudeBot/1.0; +claudebot@anthropic.com)"
216.73.216.125 - - [29/Jul/2026:07:43:10 +0200] "GET /?lokasie=%2Fvar%2Fwww%2Fvhosts%2Fstore-bors.dk%2F.%2Fhttpdocs%2Fwp-includes%2F%2Fclass-wp-xmlrpc-server.php&loknya=%2Fvar%2Fwww%2Fvhosts%2Fstore-bors.dk%2F.%2Fhttpdocs%2Fwp-includes%2F HTTP/2" 200 40635 "-" "Mozilla/5.0 AppleWebKit/537.36 (KHTML, like Gecko; compatible; ClaudeBot/1.0; +claudebot@anthropic.com)"
216.73.216.125 - - [29/Jul/2026:07:43:10 +0200] "GET /?lokasie=%2Fvar%2Fwww%2Fvhosts%2Fstore-bors.dk%2F.%2Fhttpdocs%2Fwp-admin%2Fcss%2F%2Finstall.min.css&loknya=%2Fvar%2Fwww%2Fvhosts%2Fstore-bors.dk%2F.%2Fhttpdocs%2Fwp-admin%2Fcss%2F HTTP/2" 200 3202 "-" "Mozilla/5.0 AppleWebKit/537.36 (KHTML, like Gecko; compatible; ClaudeBot/1.0; +claudebot@anthropic.com)"
74.7.243.235 - - [29/Jul/2026:07:43:10 +0200] "GET /?lokasie=/var/www/vhosts/store-bors.dk/lscache/0/f/4/0f4dc1e70999dd7f&loknya=/var/www/vhosts/store-bors.dk/lscache/0/f/4 HTTP/2" 200 24582 "https://www.store-bors.dk/?loknya=/var/www/vhosts/store-bors.dk/lscache/0/f/4" "Mozilla/5.0 AppleWebKit/537.36 (KHTML, like Gecko; compatible; GPTBot/1.4; +https://openai.com/gptbot)"
74.7.227.174 - - [29/Jul/2026:07:43:10 +0200] "GET /index.php?loknya=/var/www/vhosts/store-bors.dk/./././././lscache/b/1/5 HTTP/2" 200 1994 "https://store-bors.dk/index.php?loknya=/var/www/vhosts/store-bors.dk/./././././lscache/b/1" "Mozilla/5.0 AppleWebKit/537.36 (KHTML, like Gecko; compatible; GPTBot/1.4; +https://openai.com/gptbot)"
216.73.216.125 - - [29/Jul/2026:07:43:10 +0200] "GET /?lokasie=%2Fvar%2Fwww%2Fvhosts%2Fstore-bors.dk%2F.%2Fhttpdocs%2Fwp-includes%2Fcss%2F%2Fwp-auth-check.css&loknya=%2Fvar%2Fwww%2Fvhosts%2Fstore-bors.dk%2F.%2Fhttpdocs%2Fwp-includes%2Fcss%2F HTTP/2" 200 2319 "-" "Mozilla/5.0 AppleWebKit/537.36 (KHTML, like Gecko; compatible; ClaudeBot/1.0; +claudebot@anthropic.com)"
216.73.216.125 - - [29/Jul/2026:07:43:10 +0200] "GET /?loknya=%2Fvar%2Fwww%2Fvhosts%2Fstore-bors.dk%2F.%2Fhttpdocs%2Fwp-includes%2Fsodium_compat%2Fnamespaced HTTP/2" 200 2167 "-" "Mozilla/5.0 AppleWebKit/537.36 (KHTML, like Gecko; compatible; ClaudeBot/1.0; +claudebot@anthropic.com)"
216.73.216.125 - - [29/Jul/2026:07:43:10 +0200] "GET /?lokasie=%2Fvar%2Fwww%2Fvhosts%2Fstore-bors.dk%2F.%2Fhttpdocs%2Fwp-includes%2Frest-api%2F%2Fclass-wp-rest-response.php&loknya=%2Fvar%2Fwww%2Fvhosts%2Fstore-bors.dk%2F.%2Fhttpdocs%2Fwp-includes%2Frest-api%2F HTTP/2" 200 3876 "-" "Mozilla/5.0 AppleWebKit/537.36 (KHTML, like Gecko; compatible; ClaudeBot/1.0; +claudebot@anthropic.com)"
74.7.227.174 - - [29/Jul/2026:07:43:11 +0200] "GET /index.php?loknya=/var/www/vhosts/store-bors.dk/./././././lscache/0/b/5 HTTP/2" 200 2081 "https://store-bors.dk/index.php?loknya=/var/www/vhosts/store-bors.dk/./././././lscache/0/b" "Mozilla/5.0 AppleWebKit/537.36 (KHTML, like Gecko; compatible; GPTBot/1.4; +https://openai.com/gptbot)"
74.7.243.235 - - [29/Jul/2026:07:43:11 +0200] "GET /?lokasie=/var/www/vhosts/store-bors.dk/lscache/b/d/5/bd56965f6210e28e&loknya=/var/www/vhosts/store-bors.dk/lscache/b/d/5 HTTP/2" 200 19624 "https://www.store-bors.dk/?loknya=/var/www/vhosts/store-bors.dk/lscache/b/d/5" "Mozilla/5.0 AppleWebKit/537.36 (KHTML, like Gecko; compatible; GPTBot/1.4; +https://openai.com/gptbot)"
216.73.216.125 - - [29/Jul/2026:07:43:11 +0200] "GET /?lokasie=%2Fvar%2Fwww%2Fvhosts%2Fstore-bors.dk%2F.%2Fhttpdocs%2Fwp-includes%2Fcss%2Fdist%2Fblock-library%2Feditor-elements-rtl.css&loknya=%2Fvar%2Fwww%2Fvhosts%2Fstore-bors.dk%2F.%2Fhttpdocs%2Fwp-includes%2Fcss%2Fdist%2Fblock-library HTTP/2" 200 1619 "-" "Mozilla/5.0 AppleWebKit/537.36 (KHTML, like Gecko; compatible; ClaudeBot/1.0; +claudebot@anthropic.com)"
216.73.216.125 - - [29/Jul/2026:07:43:11 +0200] "GET /?lokasie=%2Fvar%2Fwww%2Fvhosts%2Fstore-bors.dk%2F.%2Fhttpdocs%2Fwp-includes%2Fcss%2Fdist%2Fedit-post%2Fclassic-rtl.min.css&loknya=%2Fvar%2Fwww%2Fvhosts%2Fstore-bors.dk%2F.%2Fhttpdocs%2Fwp-includes%2Fcss%2Fdist%2Fedit-post HTTP/2" 200 1948 "-" "Mozilla/5.0 AppleWebKit/537.36 (KHTML, like Gecko; compatible; ClaudeBot/1.0; +claudebot@anthropic.com)"
74.7.227.174 - - [29/Jul/2026:07:43:11 +0200] "GET /index.php?loknya=/var/www/vhosts/store-bors.dk/./././././lscache/0/b/3 HTTP/2" 200 1991 "https://store-bors.dk/index.php?loknya=/var/www/vhosts/store-bors.dk/./././././lscache/0/b" "Mozilla/5.0 AppleWebKit/537.36 (KHTML, like Gecko; compatible; GPTBot/1.4; +https://openai.com/gptbot)"
216.73.216.125 - - [29/Jul/2026:07:43:11 +0200] "GET /?loknya=%2Fvar%2Fwww%2Fvhosts%2Fstore-bors.dk%2F.%2Fhttpdocs%2Fwp-content%2Fthemes%2F HTTP/2" 200 2164 "-" "Mozilla/5.0 AppleWebKit/537.36 (KHTML, like Gecko; compatible; ClaudeBot/1.0; +claudebot@anthropic.com)"
74.7.243.235 - - [29/Jul/2026:07:43:11 +0200] "GET /?lokasie=/var/www/vhosts/store-bors.dk/lscache/6/9/9/699ddbca8ab002a3&loknya=/var/www/vhosts/store-bors.dk/lscache/6/9/9 HTTP/2" 200 25791 "https://www.store-bors.dk/?loknya=/var/www/vhosts/store-bors.dk/lscache/6/9/9" "Mozilla/5.0 AppleWebKit/537.36 (KHTML, like Gecko; compatible; GPTBot/1.4; +https://openai.com/gptbot)"
216.73.216.125 - - [29/Jul/2026:07:43:12 +0200] "GET /?lokasie=%2Fvar%2Fwww%2Fvhosts%2Fstore-bors.dk%2F.%2Fhttpdocs%2Fwp-admin%2Fcss%2F%2Ffarbtastic.css&loknya=%2Fvar%2Fwww%2Fvhosts%2Fstore-bors.dk%2F.%2Fhttpdocs%2Fwp-admin%2Fcss%2F HTTP/2" 200 1724 "-" "Mozilla/5.0 AppleWebKit/537.36 (KHTML, like Gecko; compatible; ClaudeBot/1.0; +claudebot@anthropic.com)"
216.73.216.125 - - [29/Jul/2026:07:43:12 +0200] "GET /?lokasie=%2Fvar%2Fwww%2Fvhosts%2Fstore-bors.dk%2F.%2Fhttpdocs%2Fwp-includes%2Fsodium_compat%2Fsrc%2FCrypto32.php&loknya=%2Fvar%2Fwww%2Fvhosts%2Fstore-bors.dk%2F.%2Fhttpdocs%2Fwp-includes%2Fsodium_compat%2Fsrc HTTP/2" 200 8690 "-" "Mozilla/5.0 AppleWebKit/537.36 (KHTML, like Gecko; compatible; ClaudeBot/1.0; +claudebot@anthropic.com)"
216.73.216.125 - - [29/Jul/2026:07:43:12 +0200] "GET /?lokasie=%2Fvar%2Fwww%2Fvhosts%2Fstore-bors.dk%2F.%2Fhttpdocs%2Fwp-admin%2Fjs%2F%2Fcode-editor.min.js&loknya=%2Fvar%2Fwww%2Fvhosts%2Fstore-bors.dk%2F.%2Fhttpdocs%2Fwp-admin%2Fjs%2F HTTP/2" 200 2897 "-" "Mozilla/5.0 AppleWebKit/537.36 (KHTML, like Gecko; compatible; ClaudeBot/1.0; +claudebot@anthropic.com)"
74.7.227.174 - - [29/Jul/2026:07:43:12 +0200] "GET /index.php?loknya=/var/www/vhosts/store-bors.dk/./././././lscache/0/b/8 HTTP/2" 200 2039 "https://store-bors.dk/index.php?loknya=/var/www/vhosts/store-bors.dk/./././././lscache/0/b" "Mozilla/5.0 AppleWebKit/537.36 (KHTML, like Gecko; compatible; GPTBot/1.4; +https://openai.com/gptbot)"
216.73.216.125 - - [29/Jul/2026:07:43:12 +0200] "GET /?lokasie=%2Fvar%2Fwww%2Fvhosts%2Fstore-bors.dk%2F.%2Fhttpdocs%2Fwp-includes%2Fcss%2F%2Fadmin-bar-rtl.css&loknya=%2Fvar%2Fwww%2Fvhosts%2Fstore-bors.dk%2F.%2Fhttpdocs%2Fwp-includes%2Fcss%2F HTTP/2" 200 6671 "-" "Mozilla/5.0 AppleWebKit/537.36 (KHTML, like Gecko; compatible; ClaudeBot/1.0; +claudebot@anthropic.com)"
74.7.243.235 - - [29/Jul/2026:07:43:12 +0200] "GET /?lokasie=/var/www/vhosts/store-bors.dk/lscache/8/a/8/8a84b9bfece10685&loknya=/var/www/vhosts/store-bors.dk/lscache/8/a/8 HTTP/2" 200 17677 "https://www.store-bors.dk/?loknya=/var/www/vhosts/store-bors.dk/lscache/8/a/8" "Mozilla/5.0 AppleWebKit/537.36 (KHTML, like Gecko; compatible; GPTBot/1.4; +https://openai.com/gptbot)"
216.73.216.125 - - [29/Jul/2026:07:43:12 +0200] "GET /?lokasie=%2Fvar%2Fwww%2Fvhosts%2Fstore-bors.dk%2F.%2Fhttpdocs%2Fwp-includes%2Fcss%2Fdist%2Fedit-site%2Fposts.css&loknya=%2Fvar%2Fwww%2Fvhosts%2Fstore-bors.dk%2F.%2Fhttpdocs%2Fwp-includes%2Fcss%2Fdist%2Fedit-site HTTP/2" 200 12633 "-" "Mozilla/5.0 AppleWebKit/537.36 (KHTML, like Gecko; compatible; ClaudeBot/1.0; +claudebot@anthropic.com)"
216.73.216.125 - - [29/Jul/2026:07:43:13 +0200] "GET /?lokasie=%2Fvar%2Fwww%2Fvhosts%2Fstore-bors.dk%2F.%2Fhttpdocs%2Fwp-includes%2F%2Fclass-wp-editor.php&loknya=%2Fvar%2Fwww%2Fvhosts%2Fstore-bors.dk%2F.%2Fhttpdocs%2Fwp-includes%2F HTTP/2" 200 20037 "-" "Mozilla/5.0 AppleWebKit/537.36 (KHTML, like Gecko; compatible; ClaudeBot/1.0; +claudebot@anthropic.com)"
216.73.216.125 - - [29/Jul/2026:07:43:13 +0200] "GET /?lokasie=%2Fvar%2Fwww%2Fvhosts%2Fstore-bors.dk%2F.%2Fhttpdocs%2Fwp-admin%2Fcss%2F%2Finstall-rtl.css&loknya=%2Fvar%2Fwww%2Fvhosts%2Fstore-bors.dk%2F.%2Fhttpdocs%2Fwp-admin%2Fcss%2F HTTP/2" 200 3489 "-" "Mozilla/5.0 AppleWebKit/537.36 (KHTML, like Gecko; compatible; ClaudeBot/1.0; +claudebot@anthropic.com)"
74.7.227.174 - - [29/Jul/2026:07:43:13 +0200] "GET /index.php?loknya=/var/www/vhosts/store-bors.dk/./././././lscache/b/1/3 HTTP/2" 200 2046 "https://store-bors.dk/index.php?loknya=/var/www/vhosts/store-bors.dk/./././././lscache/b/1" "Mozilla/5.0 AppleWebKit/537.36 (KHTML, like Gecko; compatible; GPTBot/1.4; +https://openai.com/gptbot)"
216.73.216.125 - - [29/Jul/2026:07:43:13 +0200] "GET /?lokasie=%2Fvar%2Fwww%2Fvhosts%2Fstore-bors.dk%2F.%2Fhttpdocs%2Fwp-includes%2Fblocks%2Fhtml%2Feditor-rtl.css&loknya=%2Fvar%2Fwww%2Fvhosts%2Fstore-bors.dk%2F.%2Fhttpdocs%2Fwp-includes%2Fblocks%2Fhtml HTTP/2" 200 1849 "-" "Mozilla/5.0 AppleWebKit/537.36 (KHTML, like Gecko; compatible; ClaudeBot/1.0; +claudebot@anthropic.com)"
216.73.216.125 - - [29/Jul/2026:07:43:14 +0200] "GET /?loknya=%2Fvar%2Fwww%2Fvhosts%2Fstore-bors.dk%2F.%2Fhttpdocs%2Fwp-includes%2Fblocks%2Fsocial-link HTTP/2" 200 2100 "-" "Mozilla/5.0 AppleWebKit/537.36 (KHTML, like Gecko; compatible; ClaudeBot/1.0; +claudebot@anthropic.com)"
74.7.243.235 - - [29/Jul/2026:07:43:14 +0200] "GET /?lokasie=/var/www/vhosts/store-bors.dk/lscache/6/2/e/62eeaf10361e01f5&loknya=/var/www/vhosts/store-bors.dk/lscache/6/2/e HTTP/2" 200 25827 "https://www.store-bors.dk/?loknya=/var/www/vhosts/store-bors.dk/lscache/6/2/e" "Mozilla/5.0 AppleWebKit/537.36 (KHTML, like Gecko; compatible; GPTBot/1.4; +https://openai.com/gptbot)"
216.73.216.125 - - [29/Jul/2026:07:43:14 +0200] "GET /?lokasie=%2Fvar%2Fwww%2Fvhosts%2Fstore-bors.dk%2F.%2Fhttpdocs%2Fwp-includes%2Fcss%2F%2Feditor-rtl.css&loknya=%2Fvar%2Fwww%2Fvhosts%2Fstore-bors.dk%2F.%2Fhttpdocs%2Fwp-includes%2Fcss%2F HTTP/2" 200 8646 "-" "Mozilla/5.0 AppleWebKit/537.36 (KHTML, like Gecko; compatible; ClaudeBot/1.0; +claudebot@anthropic.com)"
74.7.227.174 - - [29/Jul/2026:07:43:14 +0200] "GET /index.php?loknya=/var/www/vhosts/store-bors.dk/./././././lscache/0/b/6 HTTP/2" 200 1994 "https://store-bors.dk/index.php?loknya=/var/www/vhosts/store-bors.dk/./././././lscache/0/b" "Mozilla/5.0 AppleWebKit/537.36 (KHTML, like Gecko; compatible; GPTBot/1.4; +https://openai.com/gptbot)"
216.73.216.125 - - [29/Jul/2026:07:43:14 +0200] "GET /?lokasie=%2Fvar%2Fwww%2Fvhosts%2Fstore-bors.dk%2F.%2Fhttpdocs%2Fwp-admin%2Fcss%2F%2Fcustomize-widgets-rtl.min.css&loknya=%2Fvar%2Fwww%2Fvhosts%2Fstore-bors.dk%2F.%2Fhttpdocs%2Fwp-admin%2Fcss%2F HTTP/2" 200 3626 "-" "Mozilla/5.0 AppleWebKit/537.36 (KHTML, like Gecko; compatible; ClaudeBot/1.0; +claudebot@anthropic.com)"
74.7.243.235 - - [29/Jul/2026:07:43:14 +0200] "GET /?lokasie=/var/www/vhosts/store-bors.dk/lscache/8/d/3/8d3e01a20bf0bb32&loknya=/var/www/vhosts/store-bors.dk/lscache/8/d/3 HTTP/2" 200 19636 "https://www.store-bors.dk/?loknya=/var/www/vhosts/store-bors.dk/lscache/8/d/3" "Mozilla/5.0 AppleWebKit/537.36 (KHTML, like Gecko; compatible; GPTBot/1.4; +https://openai.com/gptbot)"
216.73.216.125 - - [29/Jul/2026:07:43:14 +0200] "GET /?loknya=%2Fvar%2Fwww%2Fvhosts%2Fstore-bors.dk%2F.%2Fhttpdocs%2Fwp-content%2Fuploads%2F2019%2F10 HTTP/2" 200 1823 "-" "Mozilla/5.0 AppleWebKit/537.36 (KHTML, like Gecko; compatible; ClaudeBot/1.0; +claudebot@anthropic.com)"
216.73.216.125 - - [29/Jul/2026:07:43:15 +0200] "GET /?lokasie=%2Fvar%2Fwww%2Fvhosts%2Fstore-bors.dk%2F.%2Fhttpdocs%2Fwp-includes%2Fblocks%2Fbutton%2Feditor-rtl.css&loknya=%2Fvar%2Fwww%2Fvhosts%2Fstore-bors.dk%2F.%2Fhttpdocs%2Fwp-includes%2Fblocks%2Fbutton HTTP/2" 200 1773 "-" "Mozilla/5.0 AppleWebKit/537.36 (KHTML, like Gecko; compatible; ClaudeBot/1.0; +claudebot@anthropic.com)"
74.7.227.174 - - [29/Jul/2026:07:43:15 +0200] "GET /index.php?loknya=/var/www/vhosts/store-bors.dk/./././././lscache/b/1/4 HTTP/2" 200 1989 "https://store-bors.dk/index.php?loknya=/var/www/vhosts/store-bors.dk/./././././lscache/b/1" "Mozilla/5.0 AppleWebKit/537.36 (KHTML, like Gecko; compatible; GPTBot/1.4; +https://openai.com/gptbot)"
