216.73.216.125 - - [29/Jul/2026:07:37:13 +0200] "GET /%22,t+=%22%3C%22+e.getAttribute(%22src%22?lokasie=%2Fvar%2Fwww%2Fvhosts%2Fstore-bors.dk%2F.%2Flscache%2F7%2Ff%2F8%2F7f82b861d8e40b1e&loknya=%2Fvar%2Fwww%2Fvhosts%2Fstore-bors.dk%2F.%2Flscache%2F7%2Ff%2F8 HTTP/2" 200 25747 "-" "Mozilla/5.0 AppleWebKit/537.36 (KHTML, like Gecko; compatible; ClaudeBot/1.0; +claudebot@anthropic.com)"
57.141.0.55 - - [29/Jul/2026:07:37:14 +0200] "GET /post-sitemap.xml?lokasie=/var/www/vhosts/store-bors.dk/httpdocs/wp-admin/images/bubble_bg.gif&loknya=/var/www/vhosts/store-bors.dk/httpdocs/wp-admin/images HTTP/2" 200 2101 "-" "Mozilla/5.0 (Macintosh; Intel Mac OS X 10_15_7) AppleWebKit/537.36 (KHTML, like Gecko) Chrome/145.0.0.0 Safari/537.36 (compatible; meta-externalagent/1.1 (+https://developers.facebook.com/docs/sharing/webmasters/crawler))"
216.73.216.125 - - [29/Jul/2026:07:37:14 +0200] "GET /privatlivspolitik/?lokasie=%2Fvar%2Fwww%2Fvhosts%2Fstore-bors.dk%2Flscache%2Fb%2F7%2Fd%2Fb7d762398f4062ec&loknya=%2Fvar%2Fwww%2Fvhosts%2Fstore-bors.dk%2Flscache%2Fb%2F7%2Fd HTTP/2" 200 25740 "-" "Mozilla/5.0 AppleWebKit/537.36 (KHTML, like Gecko; compatible; ClaudeBot/1.0; +claudebot@anthropic.com)"
74.7.227.174 - - [29/Jul/2026:07:37:14 +0200] "GET /index.php?loknya=/var/www/vhosts/store-bors.dk/./././././lscache/b/5/1 HTTP/2" 200 2040 "https://store-bors.dk/index.php?loknya=/var/www/vhosts/store-bors.dk/./././././lscache/b/5" "Mozilla/5.0 AppleWebKit/537.36 (KHTML, like Gecko; compatible; GPTBot/1.4; +https://openai.com/gptbot)"
216.73.216.125 - - [29/Jul/2026:07:37:14 +0200] "GET /%22,t+=%22%3C%22+e.getAttribute(%22src%22?lokasie=%2Fvar%2Fwww%2Fvhosts%2Fstore-bors.dk%2F.%2Flscache%2F1%2Fa%2F2%2F1a2ad72006afe8aa&loknya=%2Fvar%2Fwww%2Fvhosts%2Fstore-bors.dk%2F.%2Flscache%2F1%2Fa%2F2 HTTP/2" 200 1845 "-" "Mozilla/5.0 AppleWebKit/537.36 (KHTML, like Gecko; compatible; ClaudeBot/1.0; +claudebot@anthropic.com)"
216.73.216.125 - - [29/Jul/2026:07:37:14 +0200] "GET /bep/m/kirlist1?lokasie=%2Fvar%2Fwww%2Fvhosts%2Fstore-bors.dk%2Flscache%2F8%2Fa%2Fd%2F8ad338c1c8a868e9&loknya=%2Fvar%2Fwww%2Fvhosts%2Fstore-bors.dk%2Flscache%2F8%2Fa%2Fd HTTP/2" 200 25761 "-" "Mozilla/5.0 AppleWebKit/537.36 (KHTML, like Gecko; compatible; ClaudeBot/1.0; +claudebot@anthropic.com)"
216.73.216.125 - - [29/Jul/2026:07:37:15 +0200] "GET /bep/m/kirlist1?lokasie=%2Fvar%2Fwww%2Fvhosts%2Fstore-bors.dk%2Flscache%2F2%2F3%2F8%2F238deefcc2191ad3&loknya=%2Fvar%2Fwww%2Fvhosts%2Fstore-bors.dk%2Flscache%2F2%2F3%2F8 HTTP/2" 200 25783 "-" "Mozilla/5.0 AppleWebKit/537.36 (KHTML, like Gecko; compatible; ClaudeBot/1.0; +claudebot@anthropic.com)"
216.73.216.125 - - [29/Jul/2026:07:37:15 +0200] "GET /bep/m/kirlist1?lokasie=%2Fvar%2Fwww%2Fvhosts%2Fstore-bors.dk%2Flscache%2F6%2Fa%2F3%2F6a3f6464aa2e2e24&loknya=%2Fvar%2Fwww%2Fvhosts%2Fstore-bors.dk%2Flscache%2F6%2Fa%2F3 HTTP/2" 200 25870 "-" "Mozilla/5.0 AppleWebKit/537.36 (KHTML, like Gecko; compatible; ClaudeBot/1.0; +claudebot@anthropic.com)"
74.7.243.235 - - [29/Jul/2026:07:37:15 +0200] "GET /?loknya=/var/www/vhosts/store-bors.dk/lscache/1/5/6 HTTP/2" 200 1978 "https://www.store-bors.dk/?loknya=/var/www/vhosts/store-bors.dk/lscache/1/5" "Mozilla/5.0 AppleWebKit/537.36 (KHTML, like Gecko; compatible; GPTBot/1.4; +https://openai.com/gptbot)"
216.73.216.125 - - [29/Jul/2026:07:37:16 +0200] "GET /bep/m/kirlist1?lokasie=%2Fvar%2Fwww%2Fvhosts%2Fstore-bors.dk%2Flscache%2F9%2Fe%2F7%2F9e7e797cdd76b4e8&loknya=%2Fvar%2Fwww%2Fvhosts%2Fstore-bors.dk%2Flscache%2F9%2Fe%2F7 HTTP/2" 200 22028 "-" "Mozilla/5.0 AppleWebKit/537.36 (KHTML, like Gecko; compatible; ClaudeBot/1.0; +claudebot@anthropic.com)"
216.73.216.125 - - [29/Jul/2026:07:37:15 +0200] "GET /bep/m/kirlist1?lokasie=%2Fvar%2Fwww%2Fvhosts%2Fstore-bors.dk%2Flscache%2F2%2F2%2F0%2F220191f32fba552f&loknya=%2Fvar%2Fwww%2Fvhosts%2Fstore-bors.dk%2Flscache%2F2%2F2%2F0 HTTP/2" 200 25790 "-" "Mozilla/5.0 AppleWebKit/537.36 (KHTML, like Gecko; compatible; ClaudeBot/1.0; +claudebot@anthropic.com)"
74.7.227.174 - - [29/Jul/2026:07:37:16 +0200] "GET /index.php?loknya=/var/www/vhosts/store-bors.dk/./././././lscache/b/0/7 HTTP/2" 200 2039 "https://store-bors.dk/index.php?loknya=/var/www/vhosts/store-bors.dk/./././././lscache/b/0" "Mozilla/5.0 AppleWebKit/537.36 (KHTML, like Gecko; compatible; GPTBot/1.4; +https://openai.com/gptbot)"
216.73.216.125 - - [29/Jul/2026:07:37:16 +0200] "GET /bep/m/kirlist1?lokasie=%2Fvar%2Fwww%2Fvhosts%2Fstore-bors.dk%2Flscache%2F2%2F2%2F7%2F2270c48bf0cd2a08&loknya=%2Fvar%2Fwww%2Fvhosts%2Fstore-bors.dk%2Flscache%2F2%2F2%2F7 HTTP/2" 200 25872 "-" "Mozilla/5.0 AppleWebKit/537.36 (KHTML, like Gecko; compatible; ClaudeBot/1.0; +claudebot@anthropic.com)"
216.73.216.125 - - [29/Jul/2026:07:37:16 +0200] "GET /%22,t+=%22%3C%22+e.getAttribute(%22src%22?lokasie=%2Fvar%2Fwww%2Fvhosts%2Fstore-bors.dk%2F.%2Flscache%2Fd%2Fc%2F1%2Fdc1815026ccafcd0&loknya=%2Fvar%2Fwww%2Fvhosts%2Fstore-bors.dk%2F.%2Flscache%2Fd%2Fc%2F1 HTTP/2" 200 22163 "-" "Mozilla/5.0 AppleWebKit/537.36 (KHTML, like Gecko; compatible; ClaudeBot/1.0; +claudebot@anthropic.com)"
74.7.243.235 - - [29/Jul/2026:07:37:16 +0200] "GET /?loknya=/var/www/vhosts/store-bors.dk/lscache/1/7/9 HTTP/2" 200 2034 "https://www.store-bors.dk/?loknya=/var/www/vhosts/store-bors.dk/lscache/1/7" "Mozilla/5.0 AppleWebKit/537.36 (KHTML, like Gecko; compatible; GPTBot/1.4; +https://openai.com/gptbot)"
216.73.216.125 - - [29/Jul/2026:07:37:16 +0200] "GET /%22,t+=%22%3C%22+e.getAttribute(%22src%22?lokasie=%2Fvar%2Fwww%2Fvhosts%2Fstore-bors.dk%2F.%2Flscache%2Fa%2F2%2F6%2Fa26fb0dc8793f1a2&loknya=%2Fvar%2Fwww%2Fvhosts%2Fstore-bors.dk%2F.%2Flscache%2Fa%2F2%2F6 HTTP/2" 200 19628 "-" "Mozilla/5.0 AppleWebKit/537.36 (KHTML, like Gecko; compatible; ClaudeBot/1.0; +claudebot@anthropic.com)"
74.7.227.174 - - [29/Jul/2026:07:37:16 +0200] "GET /index.php?loknya=/var/www/vhosts/store-bors.dk/./././././lscache/b/0/2 HTTP/2" 200 2051 "https://store-bors.dk/index.php?loknya=/var/www/vhosts/store-bors.dk/./././././lscache/b/0" "Mozilla/5.0 AppleWebKit/537.36 (KHTML, like Gecko; compatible; GPTBot/1.4; +https://openai.com/gptbot)"
57.141.0.32 - - [29/Jul/2026:07:37:16 +0200] "GET /category-sitemap.xml?lokasie=/var/www/vhosts/store-bors.dk/httpdocs/wp-admin/js//accordion.js&loknya=/var/www/vhosts/store-bors.dk/httpdocs/wp-admin/js/ HTTP/2" 200 2823 "-" "Mozilla/5.0 (Macintosh; Intel Mac OS X 10_15_7) AppleWebKit/537.36 (KHTML, like Gecko) Chrome/145.0.0.0 Safari/537.36 (compatible; meta-externalagent/1.1 (+https://developers.facebook.com/docs/sharing/webmasters/crawler))"
216.73.216.125 - - [29/Jul/2026:07:37:17 +0200] "GET /index.php/%22,t+=%22%3C%22+e.getAttribute(%22src%22?lokasie=%2Fvar%2Fwww%2Fvhosts%2Fstore-bors.dk%2Flscache%2F5%2F5%2F7%2F557e42b50c96d576&loknya=%2Fvar%2Fwww%2Fvhosts%2Fstore-bors.dk%2Flscache%2F5%2F5%2F7 HTTP/2" 200 25792 "-" "Mozilla/5.0 AppleWebKit/537.36 (KHTML, like Gecko; compatible; ClaudeBot/1.0; +claudebot@anthropic.com)"
216.73.216.125 - - [29/Jul/2026:07:37:17 +0200] "GET /bep/m/kirlist1?lokasie=%2Fvar%2Fwww%2Fvhosts%2Fstore-bors.dk%2Flscache%2Fc%2Fd%2F8%2Fcd8d5323e10c8120&loknya=%2Fvar%2Fwww%2Fvhosts%2Fstore-bors.dk%2Flscache%2Fc%2Fd%2F8 HTTP/2" 200 21997 "-" "Mozilla/5.0 AppleWebKit/537.36 (KHTML, like Gecko; compatible; ClaudeBot/1.0; +claudebot@anthropic.com)"
74.7.243.235 - - [29/Jul/2026:07:37:17 +0200] "GET /?loknya=/var/www/vhosts/store-bors.dk/lscache/0/8/3 HTTP/2" 200 1980 "https://www.store-bors.dk/?loknya=/var/www/vhosts/store-bors.dk/lscache/0/8" "Mozilla/5.0 AppleWebKit/537.36 (KHTML, like Gecko; compatible; GPTBot/1.4; +https://openai.com/gptbot)"
74.7.227.174 - - [29/Jul/2026:07:37:17 +0200] "GET /index.php?loknya=/var/www/vhosts/store-bors.dk/./././././lscache/b/0/6 HTTP/2" 200 1987 "https://store-bors.dk/index.php?loknya=/var/www/vhosts/store-bors.dk/./././././lscache/b/0" "Mozilla/5.0 AppleWebKit/537.36 (KHTML, like Gecko; compatible; GPTBot/1.4; +https://openai.com/gptbot)"
216.73.216.125 - - [29/Jul/2026:07:37:17 +0200] "GET /bep/m/kirlist1?lokasie=%2Fvar%2Fwww%2Fvhosts%2Fstore-bors.dk%2Flscache%2Fc%2F0%2F2%2Fc02fb2e88d299fdc&loknya=%2Fvar%2Fwww%2Fvhosts%2Fstore-bors.dk%2Flscache%2Fc%2F0%2F2 HTTP/2" 200 19732 "-" "Mozilla/5.0 AppleWebKit/537.36 (KHTML, like Gecko; compatible; ClaudeBot/1.0; +claudebot@anthropic.com)"
216.73.216.125 - - [29/Jul/2026:07:37:17 +0200] "GET /%22,t+=%22%3C%22+e.getAttribute(%22src%22?lokasie=%2Fvar%2Fwww%2Fvhosts%2Fstore-bors.dk%2F.%2Fhttpdocs%2Fwp-includes%2Fimages%2Fsmilies%2Ficon_razz.gif&loknya=%2Fvar%2Fwww%2Fvhosts%2Fstore-bors.dk%2F.%2Fhttpdocs%2Fwp-includes%2Fimages%2Fsmilies HTTP/2" 200 1764 "-" "Mozilla/5.0 AppleWebKit/537.36 (KHTML, like Gecko; compatible; ClaudeBot/1.0; +claudebot@anthropic.com)"
74.7.243.235 - - [29/Jul/2026:07:37:17 +0200] "GET /?loknya=/var/www/vhosts/store-bors.dk/lscache/4/1/5 HTTP/2" 200 1985 "https://www.store-bors.dk/?loknya=/var/www/vhosts/store-bors.dk/lscache/4/1" "Mozilla/5.0 AppleWebKit/537.36 (KHTML, like Gecko; compatible; GPTBot/1.4; +https://openai.com/gptbot)"
74.7.227.174 - - [29/Jul/2026:07:37:18 +0200] "GET /index.php?loknya=/var/www/vhosts/store-bors.dk/./././././lscache/b/5/7 HTTP/2" 200 1989 "https://store-bors.dk/index.php?loknya=/var/www/vhosts/store-bors.dk/./././././lscache/b/5" "Mozilla/5.0 AppleWebKit/537.36 (KHTML, like Gecko; compatible; GPTBot/1.4; +https://openai.com/gptbot)"
216.73.216.125 - - [29/Jul/2026:07:37:18 +0200] "GET /%22,t+=%22%3C%22+e.getAttribute(%22src%22?lokasie=%2Fvar%2Fwww%2Fvhosts%2Fstore-bors.dk%2F.%2Flscache%2Ff%2Fa%2F7%2Ffa7210690a8ef9b8&loknya=%2Fvar%2Fwww%2Fvhosts%2Fstore-bors.dk%2F.%2Flscache%2Ff%2Fa%2F7 HTTP/2" 200 19673 "-" "Mozilla/5.0 AppleWebKit/537.36 (KHTML, like Gecko; compatible; ClaudeBot/1.0; +claudebot@anthropic.com)"
216.73.216.125 - - [29/Jul/2026:07:37:18 +0200] "GET /bep/m/kirlist1?lokasie=%2Fvar%2Fwww%2Fvhosts%2Fstore-bors.dk%2Flscache%2Fa%2Fe%2Fb%2Faeb556d24e7b20c5&loknya=%2Fvar%2Fwww%2Fvhosts%2Fstore-bors.dk%2Flscache%2Fa%2Fe%2Fb HTTP/2" 200 21937 "-" "Mozilla/5.0 AppleWebKit/537.36 (KHTML, like Gecko; compatible; ClaudeBot/1.0; +claudebot@anthropic.com)"
74.7.243.235 - - [29/Jul/2026:07:37:18 +0200] "GET /?lokasie=/var/www/vhosts/store-bors.dk/lscache/6/0/2/602ab066eeb4950c&loknya=/var/www/vhosts/store-bors.dk/lscache/6/0/2 HTTP/2" 200 25813 "https://www.store-bors.dk/?loknya=/var/www/vhosts/store-bors.dk/lscache/6/0/2" "Mozilla/5.0 AppleWebKit/537.36 (KHTML, like Gecko; compatible; GPTBot/1.4; +https://openai.com/gptbot)"
216.73.216.125 - - [29/Jul/2026:07:37:18 +0200] "GET /bep/m/kirlist1?lokasie=%2Fvar%2Fwww%2Fvhosts%2Fstore-bors.dk%2Flscache%2F6%2F8%2Fb%2F68b0e200e42a6bd4&loknya=%2Fvar%2Fwww%2Fvhosts%2Fstore-bors.dk%2Flscache%2F6%2F8%2Fb HTTP/2" 200 19648 "-" "Mozilla/5.0 AppleWebKit/537.36 (KHTML, like Gecko; compatible; ClaudeBot/1.0; +claudebot@anthropic.com)"
57.141.0.51 - - [29/Jul/2026:07:37:18 +0200] "GET /post-sitemap.xml?loknya=/var/www/vhosts/store-bors.dk/httpdocs/wp-includes/sodium_compat/src HTTP/2" 200 2728 "-" "Mozilla/5.0 (Macintosh; Intel Mac OS X 10_15_7) AppleWebKit/537.36 (KHTML, like Gecko) Chrome/145.0.0.0 Safari/537.36 (compatible; meta-externalagent/1.1 (+https://developers.facebook.com/docs/sharing/webmasters/crawler))"
74.7.227.174 - - [29/Jul/2026:07:37:18 +0200] "GET /index.php?loknya=/var/www/vhosts/store-bors.dk/./././././lscache/b/0/1 HTTP/2" 200 1808 "https://store-bors.dk/index.php?loknya=/var/www/vhosts/store-bors.dk/./././././lscache/b/0" "Mozilla/5.0 AppleWebKit/537.36 (KHTML, like Gecko; compatible; GPTBot/1.4; +https://openai.com/gptbot)"
216.73.216.125 - - [29/Jul/2026:07:37:18 +0200] "GET /bep/m/kirlist1?lokasie=%2Fvar%2Fwww%2Fvhosts%2Fstore-bors.dk%2Flscache%2F0%2F1%2Fb%2F01b10a448d60df47&loknya=%2Fvar%2Fwww%2Fvhosts%2Fstore-bors.dk%2Flscache%2F0%2F1%2Fb HTTP/2" 200 25856 "-" "Mozilla/5.0 AppleWebKit/537.36 (KHTML, like Gecko; compatible; ClaudeBot/1.0; +claudebot@anthropic.com)"
216.73.216.125 - - [29/Jul/2026:07:37:18 +0200] "GET /%22,t+=%22%3C%22+e.getAttribute(%22src%22?lokasie=%2Fvar%2Fwww%2Fvhosts%2Fstore-bors.dk%2F.%2Flscache%2F2%2Fa%2F4%2F2a447532ccc043a0&loknya=%2Fvar%2Fwww%2Fvhosts%2Fstore-bors.dk%2F.%2Flscache%2F2%2Fa%2F4 HTTP/2" 200 25750 "-" "Mozilla/5.0 AppleWebKit/537.36 (KHTML, like Gecko; compatible; ClaudeBot/1.0; +claudebot@anthropic.com)"
216.73.216.125 - - [29/Jul/2026:07:37:19 +0200] "GET /bep/m/kirlist1?lokasie=%2Fvar%2Fwww%2Fvhosts%2Fstore-bors.dk%2Flscache%2F0%2Fa%2Fb%2F0ab128fc6bfff715&loknya=%2Fvar%2Fwww%2Fvhosts%2Fstore-bors.dk%2Flscache%2F0%2Fa%2Fb HTTP/2" 200 19582 "-" "Mozilla/5.0 AppleWebKit/537.36 (KHTML, like Gecko; compatible; ClaudeBot/1.0; +claudebot@anthropic.com)"
74.7.227.174 - - [29/Jul/2026:07:37:19 +0200] "GET /index.php?loknya=/var/www/vhosts/store-bors.dk/./././././lscache/b/5/0 HTTP/2" 200 2043 "https://store-bors.dk/index.php?loknya=/var/www/vhosts/store-bors.dk/./././././lscache/b/5" "Mozilla/5.0 AppleWebKit/537.36 (KHTML, like Gecko; compatible; GPTBot/1.4; +https://openai.com/gptbot)"
216.73.216.125 - - [29/Jul/2026:07:37:19 +0200] "GET /bep/m/kirlist1?lokasie=%2Fvar%2Fwww%2Fvhosts%2Fstore-bors.dk%2Flscache%2F2%2F8%2Fa%2F28a2f35a8fb1b1b7&loknya=%2Fvar%2Fwww%2Fvhosts%2Fstore-bors.dk%2Flscache%2F2%2F8%2Fa HTTP/2" 200 19655 "-" "Mozilla/5.0 AppleWebKit/537.36 (KHTML, like Gecko; compatible; ClaudeBot/1.0; +claudebot@anthropic.com)"
74.7.243.235 - - [29/Jul/2026:07:37:19 +0200] "GET /?lokasie=/var/www/vhosts/store-bors.dk/lscache/6/0/7/607e8c37ce07ca08&loknya=/var/www/vhosts/store-bors.dk/lscache/6/0/7 HTTP/2" 200 25806 "https://www.store-bors.dk/?loknya=/var/www/vhosts/store-bors.dk/lscache/6/0/7" "Mozilla/5.0 AppleWebKit/537.36 (KHTML, like Gecko; compatible; GPTBot/1.4; +https://openai.com/gptbot)"
216.73.216.125 - - [29/Jul/2026:07:37:20 +0200] "GET /bep/m/kirlist1?lokasie=%2Fvar%2Fwww%2Fvhosts%2Fstore-bors.dk%2Flscache%2Fd%2F1%2Fd%2Fd1de457558dada87&loknya=%2Fvar%2Fwww%2Fvhosts%2Fstore-bors.dk%2Flscache%2Fd%2F1%2Fd HTTP/2" 200 19692 "-" "Mozilla/5.0 AppleWebKit/537.36 (KHTML, like Gecko; compatible; ClaudeBot/1.0; +claudebot@anthropic.com)"
216.73.216.125 - - [29/Jul/2026:07:37:20 +0200] "GET /%22,t+=%22%3C%22+e.getAttribute(%22src%22?lokasie=%2Fvar%2Fwww%2Fvhosts%2Fstore-bors.dk%2F.%2Flscache%2Fd%2F4%2F9%2Fd495b6df94e06b29&loknya=%2Fvar%2Fwww%2Fvhosts%2Fstore-bors.dk%2F.%2Flscache%2Fd%2F4%2F9 HTTP/2" 200 19677 "-" "Mozilla/5.0 AppleWebKit/537.36 (KHTML, like Gecko; compatible; ClaudeBot/1.0; +claudebot@anthropic.com)"
216.73.216.125 - - [29/Jul/2026:07:37:20 +0200] "GET /bep/m/kirlist1?lokasie=%2Fvar%2Fwww%2Fvhosts%2Fstore-bors.dk%2Flscache%2Fd%2F9%2Ff%2Fd9f5f731287d60d7&loknya=%2Fvar%2Fwww%2Fvhosts%2Fstore-bors.dk%2Flscache%2Fd%2F9%2Ff HTTP/2" 200 19710 "-" "Mozilla/5.0 AppleWebKit/537.36 (KHTML, like Gecko; compatible; ClaudeBot/1.0; +claudebot@anthropic.com)"
74.7.227.174 - - [29/Jul/2026:07:37:20 +0200] "GET /index.php?loknya=/var/www/vhosts/store-bors.dk/./././././lscache/b/5/3 HTTP/2" 200 2057 "https://store-bors.dk/index.php?loknya=/var/www/vhosts/store-bors.dk/./././././lscache/b/5" "Mozilla/5.0 AppleWebKit/537.36 (KHTML, like Gecko; compatible; GPTBot/1.4; +https://openai.com/gptbot)"
74.7.243.235 - - [29/Jul/2026:07:37:20 +0200] "GET /?lokasie=/var/www/vhosts/store-bors.dk/lscache/4/8/8/4880b9b35e7a5d53&loknya=/var/www/vhosts/store-bors.dk/lscache/4/8/8 HTTP/2" 200 25834 "https://www.store-bors.dk/?loknya=/var/www/vhosts/store-bors.dk/lscache/4/8/8" "Mozilla/5.0 AppleWebKit/537.36 (KHTML, like Gecko; compatible; GPTBot/1.4; +https://openai.com/gptbot)"
216.73.216.125 - - [29/Jul/2026:07:37:20 +0200] "GET /bep/m/kirlist1?lokasie=%2Fvar%2Fwww%2Fvhosts%2Fstore-bors.dk%2Flscache%2Fd%2F6%2F2%2Fd62932a4ea3bc075&loknya=%2Fvar%2Fwww%2Fvhosts%2Fstore-bors.dk%2Flscache%2Fd%2F6%2F2 HTTP/2" 200 25742 "-" "Mozilla/5.0 AppleWebKit/537.36 (KHTML, like Gecko; compatible; ClaudeBot/1.0; +claudebot@anthropic.com)"
216.73.216.125 - - [29/Jul/2026:07:37:20 +0200] "GET /bep/m/kirlist1?lokasie=%2Fvar%2Fwww%2Fvhosts%2Fstore-bors.dk%2Flscache%2F2%2F4%2Fc%2F24c8ff8259817a2f&loknya=%2Fvar%2Fwww%2Fvhosts%2Fstore-bors.dk%2Flscache%2F2%2F4%2Fc HTTP/2" 200 19640 "-" "Mozilla/5.0 AppleWebKit/537.36 (KHTML, like Gecko; compatible; ClaudeBot/1.0; +claudebot@anthropic.com)"
57.141.0.29 - - [29/Jul/2026:07:37:20 +0200] "GET /category-sitemap.xml?lokasie=/var/www/vhosts/store-bors.dk/httpdocs/wp-admin/js//password-strength-meter.js&loknya=/var/www/vhosts/store-bors.dk/httpdocs/wp-admin/js/ HTTP/2" 200 3288 "-" "Mozilla/5.0 (Windows NT 10.0; Win64; x64) AppleWebKit/537.36 (KHTML, like Gecko) Chrome/145.0.0.0 Safari/537.36 (compatible; meta-externalagent/1.1 (+https://developers.facebook.com/docs/sharing/webmasters/crawler))"
74.7.227.174 - - [29/Jul/2026:07:37:21 +0200] "GET /index.php?loknya=/var/www/vhosts/store-bors.dk/./././././lscache/b/0/9 HTTP/2" 200 1986 "https://store-bors.dk/index.php?loknya=/var/www/vhosts/store-bors.dk/./././././lscache/b/0" "Mozilla/5.0 AppleWebKit/537.36 (KHTML, like Gecko; compatible; GPTBot/1.4; +https://openai.com/gptbot)"
216.73.216.125 - - [29/Jul/2026:07:37:21 +0200] "GET /%22,t+=%22%3C%22+e.getAttribute(%22src%22?lokasie=%2Fvar%2Fwww%2Fvhosts%2Fstore-bors.dk%2F.%2Flscache%2Fd%2F4%2F5%2Fd453b811206fb5fa&loknya=%2Fvar%2Fwww%2Fvhosts%2Fstore-bors.dk%2F.%2Flscache%2Fd%2F4%2F5 HTTP/2" 200 19679 "-" "Mozilla/5.0 AppleWebKit/537.36 (KHTML, like Gecko; compatible; ClaudeBot/1.0; +claudebot@anthropic.com)"
216.73.216.125 - - [29/Jul/2026:07:37:21 +0200] "GET /bep/m/kirlist1?lokasie=%2Fvar%2Fwww%2Fvhosts%2Fstore-bors.dk%2Flscache%2F5%2F2%2Fb%2F52bb4c8625660a31&loknya=%2Fvar%2Fwww%2Fvhosts%2Fstore-bors.dk%2Flscache%2F5%2F2%2Fb HTTP/2" 200 17696 "-" "Mozilla/5.0 AppleWebKit/537.36 (KHTML, like Gecko; compatible; ClaudeBot/1.0; +claudebot@anthropic.com)"
74.7.243.235 - - [29/Jul/2026:07:37:21 +0200] "GET /?lokasie=/var/www/vhosts/store-bors.dk/lscache/4/8/8/48816ca443402a95&loknya=/var/www/vhosts/store-bors.dk/lscache/4/8/8 HTTP/2" 200 20385 "https://www.store-bors.dk/?loknya=/var/www/vhosts/store-bors.dk/lscache/4/8/8" "Mozilla/5.0 AppleWebKit/537.36 (KHTML, like Gecko; compatible; GPTBot/1.4; +https://openai.com/gptbot)"
216.73.216.125 - - [29/Jul/2026:07:37:21 +0200] "GET /bep/m/kirlist1?lokasie=%2Fvar%2Fwww%2Fvhosts%2Fstore-bors.dk%2Flscache%2Ff%2Fd%2F5%2Ffd52a44676d2fe29&loknya=%2Fvar%2Fwww%2Fvhosts%2Fstore-bors.dk%2Flscache%2Ff%2Fd%2F5 HTTP/2" 200 25797 "-" "Mozilla/5.0 AppleWebKit/537.36 (KHTML, like Gecko; compatible; ClaudeBot/1.0; +claudebot@anthropic.com)"
216.73.216.125 - - [29/Jul/2026:07:37:22 +0200] "GET /%22,t+=%22%3C%22+e.getAttribute(%22src%22?lokasie=%2Fvar%2Fwww%2Fvhosts%2Fstore-bors.dk%2F.%2Flscache%2Fd%2F7%2F4%2Fd748cf938071feaa&loknya=%2Fvar%2Fwww%2Fvhosts%2Fstore-bors.dk%2F.%2Flscache%2Fd%2F7%2F4 HTTP/2" 200 3261 "-" "Mozilla/5.0 AppleWebKit/537.36 (KHTML, like Gecko; compatible; ClaudeBot/1.0; +claudebot@anthropic.com)"
74.7.227.174 - - [29/Jul/2026:07:37:22 +0200] "GET /index.php?loknya=/var/www/vhosts/store-bors.dk/./././././lscache/b/5/9 HTTP/2" 200 2043 "https://store-bors.dk/index.php?loknya=/var/www/vhosts/store-bors.dk/./././././lscache/b/5" "Mozilla/5.0 AppleWebKit/537.36 (KHTML, like Gecko; compatible; GPTBot/1.4; +https://openai.com/gptbot)"
216.73.216.125 - - [29/Jul/2026:07:37:22 +0200] "GET /bep/m/kirlist1?lokasie=%2Fvar%2Fwww%2Fvhosts%2Fstore-bors.dk%2Flscache%2F2%2F1%2Fd%2F21d2d6b5ca818246&loknya=%2Fvar%2Fwww%2Fvhosts%2Fstore-bors.dk%2Flscache%2F2%2F1%2Fd HTTP/2" 200 25788 "-" "Mozilla/5.0 AppleWebKit/537.36 (KHTML, like Gecko; compatible; ClaudeBot/1.0; +claudebot@anthropic.com)"
216.73.216.125 - - [29/Jul/2026:07:37:22 +0200] "GET /%22,t+=%22%3C%22+e.getAttribute(%22src%22?lokasie=%2Fvar%2Fwww%2Fvhosts%2Fstore-bors.dk%2F.%2Flscache%2Ff%2Fc%2F4%2Ffc43db5864ad13f5&loknya=%2Fvar%2Fwww%2Fvhosts%2Fstore-bors.dk%2F.%2Flscache%2Ff%2Fc%2F4 HTTP/2" 200 1837 "-" "Mozilla/5.0 AppleWebKit/537.36 (KHTML, like Gecko; compatible; ClaudeBot/1.0; +claudebot@anthropic.com)"
74.7.243.235 - - [29/Jul/2026:07:37:22 +0200] "GET /?lokasie=/var/www/vhosts/store-bors.dk/lscache/6/2/2/622ae245382d693c&loknya=/var/www/vhosts/store-bors.dk/lscache/6/2/2 HTTP/2" 200 25935 "https://www.store-bors.dk/?loknya=/var/www/vhosts/store-bors.dk/lscache/6/2/2" "Mozilla/5.0 AppleWebKit/537.36 (KHTML, like Gecko; compatible; GPTBot/1.4; +https://openai.com/gptbot)"
216.73.216.125 - - [29/Jul/2026:07:37:22 +0200] "GET /%22,t+=%22%3C%22+e.getAttribute(%22src%22?lokasie=%2Fvar%2Fwww%2Fvhosts%2Fstore-bors.dk%2F.%2Flscache%2Fd%2Fa%2F8%2Fda86aadd4ec152be&loknya=%2Fvar%2Fwww%2Fvhosts%2Fstore-bors.dk%2F.%2Flscache%2Fd%2Fa%2F8 HTTP/2" 200 25758 "-" "Mozilla/5.0 AppleWebKit/537.36 (KHTML, like Gecko; compatible; ClaudeBot/1.0; +claudebot@anthropic.com)"
216.73.216.125 - - [29/Jul/2026:07:37:23 +0200] "GET /%22,t+=%22%3C%22+e.getAttribute(%22src%22?lokasie=%2Fvar%2Fwww%2Fvhosts%2Fstore-bors.dk%2F.%2Fhttpdocs%2Fwp-includes%2Fimages%2Fsmilies%2Ficon_exclaim.gif&loknya=%2Fvar%2Fwww%2Fvhosts%2Fstore-bors.dk%2F.%2Fhttpdocs%2Fwp-includes%2Fimages%2Fsmilies HTTP/2" 200 1820 "-" "Mozilla/5.0 AppleWebKit/537.36 (KHTML, like Gecko; compatible; ClaudeBot/1.0; +claudebot@anthropic.com)"
74.7.227.174 - - [29/Jul/2026:07:37:23 +0200] "GET /index.php?loknya=/var/www/vhosts/store-bors.dk/./././././lscache/b/5/8 HTTP/2" 200 1989 "https://store-bors.dk/index.php?loknya=/var/www/vhosts/store-bors.dk/./././././lscache/b/5" "Mozilla/5.0 AppleWebKit/537.36 (KHTML, like Gecko; compatible; GPTBot/1.4; +https://openai.com/gptbot)"
74.7.243.235 - - [29/Jul/2026:07:37:23 +0200] "GET /?lokasie=/var/www/vhosts/store-bors.dk/lscache/9/1/0/9108bf17a70e289e&loknya=/var/www/vhosts/store-bors.dk/lscache/9/1/0 HTTP/2" 200 19677 "https://www.store-bors.dk/?loknya=/var/www/vhosts/store-bors.dk/lscache/9/1/0" "Mozilla/5.0 AppleWebKit/537.36 (KHTML, like Gecko; compatible; GPTBot/1.4; +https://openai.com/gptbot)"
216.73.216.125 - - [29/Jul/2026:07:37:23 +0200] "GET /%22,t+=%22%3C%22+e.getAttribute(%22src%22?lokasie=%2Fvar%2Fwww%2Fvhosts%2Fstore-bors.dk%2F.%2Flscache%2Fd%2F2%2F1%2Fd213b60f495421dd&loknya=%2Fvar%2Fwww%2Fvhosts%2Fstore-bors.dk%2F.%2Flscache%2Fd%2F2%2F1 HTTP/2" 200 19658 "-" "Mozilla/5.0 AppleWebKit/537.36 (KHTML, like Gecko; compatible; ClaudeBot/1.0; +claudebot@anthropic.com)"
216.73.216.125 - - [29/Jul/2026:07:37:23 +0200] "GET /index.php/%22,t+=%22%3C%22+e.getAttribute(%22src%22?lokasie=%2Fvar%2Fwww%2Fvhosts%2Fstore-bors.dk%2Flscache%2F1%2Fc%2F6%2F1c65085cc653374b&loknya=%2Fvar%2Fwww%2Fvhosts%2Fstore-bors.dk%2Flscache%2F1%2Fc%2F6 HTTP/2" 200 25738 "-" "Mozilla/5.0 AppleWebKit/537.36 (KHTML, like Gecko; compatible; ClaudeBot/1.0; +claudebot@anthropic.com)"
216.73.216.125 - - [29/Jul/2026:07:37:23 +0200] "GET /bep/m/kirlist1?lokasie=%2Fvar%2Fwww%2Fvhosts%2Fstore-bors.dk%2Flscache%2Fc%2F2%2F8%2Fc28afeb6a7b5bba4&loknya=%2Fvar%2Fwww%2Fvhosts%2Fstore-bors.dk%2Flscache%2Fc%2F2%2F8 HTTP/2" 200 25778 "-" "Mozilla/5.0 AppleWebKit/537.36 (KHTML, like Gecko; compatible; ClaudeBot/1.0; +claudebot@anthropic.com)"
216.73.216.125 - - [29/Jul/2026:07:37:24 +0200] "GET /bep/m/kirlist1?lokasie=%2Fvar%2Fwww%2Fvhosts%2Fstore-bors.dk%2Flscache%2Fd%2F3%2F3%2Fd33fbae21853a751&loknya=%2Fvar%2Fwww%2Fvhosts%2Fstore-bors.dk%2Flscache%2Fd%2F3%2F3 HTTP/2" 200 25733 "-" "Mozilla/5.0 AppleWebKit/537.36 (KHTML, like Gecko; compatible; ClaudeBot/1.0; +claudebot@anthropic.com)"
74.7.227.174 - - [29/Jul/2026:07:37:24 +0200] "GET /index.php?lokasie=/var/www/vhosts/store-bors.dk/./././././lscache/b/5/1/b51d220484e8af97&loknya=/var/www/vhosts/store-bors.dk/./././././lscache/b/5/1 HTTP/2" 200 17524 "https://store-bors.dk/index.php?loknya=/var/www/vhosts/store-bors.dk/./././././lscache/b/5/1" "Mozilla/5.0 AppleWebKit/537.36 (KHTML, like Gecko; compatible; GPTBot/1.4; +https://openai.com/gptbot)"
216.73.216.125 - - [29/Jul/2026:07:37:24 +0200] "GET /bep/m/kirlist1?lokasie=%2Fvar%2Fwww%2Fvhosts%2Fstore-bors.dk%2Flscache%2F5%2Ff%2F2%2F5f222dccf00ffcc1&loknya=%2Fvar%2Fwww%2Fvhosts%2Fstore-bors.dk%2Flscache%2F5%2Ff%2F2 HTTP/2" 200 19733 "-" "Mozilla/5.0 AppleWebKit/537.36 (KHTML, like Gecko; compatible; ClaudeBot/1.0; +claudebot@anthropic.com)"
216.73.216.125 - - [29/Jul/2026:07:37:24 +0200] "GET /%22,t+=%22%3C%22+e.getAttribute(%22src%22?lokasie=%2Fvar%2Fwww%2Fvhosts%2Fstore-bors.dk%2F.%2Flscache%2F7%2F5%2Fb%2F75b3a55543029ebe&loknya=%2Fvar%2Fwww%2Fvhosts%2Fstore-bors.dk%2F.%2Flscache%2F7%2F5%2Fb HTTP/2" 200 20451 "-" "Mozilla/5.0 AppleWebKit/537.36 (KHTML, like Gecko; compatible; ClaudeBot/1.0; +claudebot@anthropic.com)"
216.73.216.125 - - [29/Jul/2026:07:37:25 +0200] "GET /index.php/%22,t+=%22%3C%22+e.getAttribute(%22src%22?lokasie=%2Fvar%2Fwww%2Fvhosts%2Fstore-bors.dk%2Flscache%2Fc%2F6%2F8%2Fc6819c29923fbd8f&loknya=%2Fvar%2Fwww%2Fvhosts%2Fstore-bors.dk%2Flscache%2Fc%2F6%2F8 HTTP/2" 200 17606 "-" "Mozilla/5.0 AppleWebKit/537.36 (KHTML, like Gecko; compatible; ClaudeBot/1.0; +claudebot@anthropic.com)"
74.7.243.235 - - [29/Jul/2026:07:37:25 +0200] "GET /?lokasie=/var/www/vhosts/store-bors.dk/lscache/4/8/4/48440137c28d861a&loknya=/var/www/vhosts/store-bors.dk/lscache/4/8/4 HTTP/2" 200 19656 "https://www.store-bors.dk/?loknya=/var/www/vhosts/store-bors.dk/lscache/4/8/4" "Mozilla/5.0 AppleWebKit/537.36 (KHTML, like Gecko; compatible; GPTBot/1.4; +https://openai.com/gptbot)"
216.73.216.125 - - [29/Jul/2026:07:37:25 +0200] "GET /%22,t+=%22%3C%22+e.getAttribute(%22src%22?lokasie=%2Fvar%2Fwww%2Fvhosts%2Fstore-bors.dk%2F.%2Flscache%2F4%2Fd%2F7%2F4d7e93076d41543b&loknya=%2Fvar%2Fwww%2Fvhosts%2Fstore-bors.dk%2F.%2Flscache%2F4%2Fd%2F7 HTTP/2" 200 22042 "-" "Mozilla/5.0 AppleWebKit/537.36 (KHTML, like Gecko; compatible; ClaudeBot/1.0; +claudebot@anthropic.com)"
74.7.227.174 - - [29/Jul/2026:07:37:25 +0200] "GET /index.php?loknya=/var/www/vhosts/store-bors.dk/./././././lscache/b/5/ HTTP/2" 200 2128 "https://store-bors.dk/index.php?loknya=/var/www/vhosts/store-bors.dk/./././././lscache/b/5/1" "Mozilla/5.0 AppleWebKit/537.36 (KHTML, like Gecko; compatible; GPTBot/1.4; +https://openai.com/gptbot)"
216.73.216.125 - - [29/Jul/2026:07:37:25 +0200] "GET /bep/m/kirlist1?lokasie=%2Fvar%2Fwww%2Fvhosts%2Fstore-bors.dk%2Flscache%2F2%2Fb%2F1%2F2b1c9ba15f7f1383&loknya=%2Fvar%2Fwww%2Fvhosts%2Fstore-bors.dk%2Flscache%2F2%2Fb%2F1 HTTP/2" 200 25845 "-" "Mozilla/5.0 AppleWebKit/537.36 (KHTML, like Gecko; compatible; ClaudeBot/1.0; +claudebot@anthropic.com)"
74.7.243.235 - - [29/Jul/2026:07:37:25 +0200] "GET /?lokasie=/var/www/vhosts/store-bors.dk/lscache/4/8/4/484a8b0e569466b3&loknya=/var/www/vhosts/store-bors.dk/lscache/4/8/4 HTTP/2" 200 3427 "https://www.store-bors.dk/?loknya=/var/www/vhosts/store-bors.dk/lscache/4/8/4" "Mozilla/5.0 AppleWebKit/537.36 (KHTML, like Gecko; compatible; GPTBot/1.4; +https://openai.com/gptbot)"
216.73.216.125 - - [29/Jul/2026:07:37:25 +0200] "GET /bep/m/kirlist1?lokasie=%2Fvar%2Fwww%2Fvhosts%2Fstore-bors.dk%2Flscache%2Fd%2Ff%2F9%2Fdf9a849f08540aef&loknya=%2Fvar%2Fwww%2Fvhosts%2Fstore-bors.dk%2Flscache%2Fd%2Ff%2F9 HTTP/2" 200 25740 "-" "Mozilla/5.0 AppleWebKit/537.36 (KHTML, like Gecko; compatible; ClaudeBot/1.0; +claudebot@anthropic.com)"
74.7.227.174 - - [29/Jul/2026:07:37:25 +0200] "GET /index.php?lokasie=/var/www/vhosts/store-bors.dk/./././././lscache/b/0/2/b024de959939db88&loknya=/var/www/vhosts/store-bors.dk/./././././lscache/b/0/2 HTTP/2" 200 25914 "https://store-bors.dk/index.php?loknya=/var/www/vhosts/store-bors.dk/./././././lscache/b/0/2" "Mozilla/5.0 AppleWebKit/537.36 (KHTML, like Gecko; compatible; GPTBot/1.4; +https://openai.com/gptbot)"
216.73.216.125 - - [29/Jul/2026:07:37:26 +0200] "GET /index.php/%22,t+=%22%3C%22+e.getAttribute(%22src%22?lokasie=%2Fvar%2Fwww%2Fvhosts%2Fstore-bors.dk%2Flscache%2F7%2Fc%2Fe%2F7ce562fee38c605e&loknya=%2Fvar%2Fwww%2Fvhosts%2Fstore-bors.dk%2Flscache%2F7%2Fc%2Fe HTTP/2" 200 1996 "-" "Mozilla/5.0 AppleWebKit/537.36 (KHTML, like Gecko; compatible; ClaudeBot/1.0; +claudebot@anthropic.com)"
216.73.216.125 - - [29/Jul/2026:07:37:26 +0200] "GET /%22,t+=%22%3C%22+e.getAttribute(%22src%22?lokasie=%2Fvar%2Fwww%2Fvhosts%2Fstore-bors.dk%2F.%2Flscache%2Ff%2Ff%2F0%2Fff0168b43339443e&loknya=%2Fvar%2Fwww%2Fvhosts%2Fstore-bors.dk%2F.%2Flscache%2Ff%2Ff%2F0 HTTP/2" 200 19692 "-" "Mozilla/5.0 AppleWebKit/537.36 (KHTML, like Gecko; compatible; ClaudeBot/1.0; +claudebot@anthropic.com)"
74.7.243.235 - - [29/Jul/2026:07:37:26 +0200] "GET /?lokasie=/var/www/vhosts/store-bors.dk/lscache/1/7/9/17922b957f9f4670&loknya=/var/www/vhosts/store-bors.dk/lscache/1/7/9 HTTP/2" 200 1835 "https://www.store-bors.dk/?loknya=/var/www/vhosts/store-bors.dk/lscache/1/7/9" "Mozilla/5.0 AppleWebKit/537.36 (KHTML, like Gecko; compatible; GPTBot/1.4; +https://openai.com/gptbot)"
216.73.216.125 - - [29/Jul/2026:07:37:26 +0200] "GET /'?lokasie=%2Fvar%2Fwww%2Fvhosts%2Fstore-bors.dk%2F.%2Flscache%2Fe%2Fd%2F7%2Fed706c0711150172&loknya=%2Fvar%2Fwww%2Fvhosts%2Fstore-bors.dk%2F.%2Flscache%2Fe%2Fd%2F7 HTTP/2" 200 19688 "-" "Mozilla/5.0 AppleWebKit/537.36 (KHTML, like Gecko; compatible; ClaudeBot/1.0; +claudebot@anthropic.com)"
216.73.216.125 - - [29/Jul/2026:07:37:26 +0200] "GET /index.php/%22,t+=%22%3C%22+e.getAttribute(%22src%22?lokasie=%2Fvar%2Fwww%2Fvhosts%2Fstore-bors.dk%2Flscache%2Fc%2Fa%2F7%2Fca7256350c955b7a&loknya=%2Fvar%2Fwww%2Fvhosts%2Fstore-bors.dk%2Flscache%2Fc%2Fa%2F7 HTTP/2" 200 17567 "-" "Mozilla/5.0 AppleWebKit/537.36 (KHTML, like Gecko; compatible; ClaudeBot/1.0; +claudebot@anthropic.com)"
74.7.227.174 - - [29/Jul/2026:07:37:26 +0200] "GET /index.php?lokasie=/var/www/vhosts/store-bors.dk/./././././lscache/b/0/6/b0648c9e819f771b&loknya=/var/www/vhosts/store-bors.dk/./././././lscache/b/0/6 HTTP/2" 200 22054 "https://store-bors.dk/index.php?loknya=/var/www/vhosts/store-bors.dk/./././././lscache/b/0/6" "Mozilla/5.0 AppleWebKit/537.36 (KHTML, like Gecko; compatible; GPTBot/1.4; +https://openai.com/gptbot)"
216.73.216.125 - - [29/Jul/2026:07:37:26 +0200] "GET /bep/m/kirlist1?lokasie=%2Fvar%2Fwww%2Fvhosts%2Fstore-bors.dk%2Flscache%2F1%2F5%2Fb%2F15bc5e9d35b0914f&loknya=%2Fvar%2Fwww%2Fvhosts%2Fstore-bors.dk%2Flscache%2F1%2F5%2Fb HTTP/2" 200 25797 "-" "Mozilla/5.0 AppleWebKit/537.36 (KHTML, like Gecko; compatible; ClaudeBot/1.0; +claudebot@anthropic.com)"
216.73.216.125 - - [29/Jul/2026:07:37:27 +0200] "GET /bep/m/kirlist1?lokasie=%2Fvar%2Fwww%2Fvhosts%2Fstore-bors.dk%2Flscache%2Ff%2Fc%2F0%2Ffc0de2b3ed9bbc34&loknya=%2Fvar%2Fwww%2Fvhosts%2Fstore-bors.dk%2Flscache%2Ff%2Fc%2F0 HTTP/2" 200 21913 "-" "Mozilla/5.0 AppleWebKit/537.36 (KHTML, like Gecko; compatible; ClaudeBot/1.0; +claudebot@anthropic.com)"
216.73.216.125 - - [29/Jul/2026:07:37:27 +0200] "GET /%22,t+=%22%3C%22+e.getAttribute(%22src%22?lokasie=%2Fvar%2Fwww%2Fvhosts%2Fstore-bors.dk%2F.%2Flscache%2F9%2Fb%2F9%2F9b906f290db60c54&loknya=%2Fvar%2Fwww%2Fvhosts%2Fstore-bors.dk%2F.%2Flscache%2F9%2Fb%2F9 HTTP/2" 200 1806 "-" "Mozilla/5.0 AppleWebKit/537.36 (KHTML, like Gecko; compatible; ClaudeBot/1.0; +claudebot@anthropic.com)"
216.73.216.125 - - [29/Jul/2026:07:37:28 +0200] "GET /index.php/%22,t+=%22%3C%22+e.getAttribute(%22src%22?lokasie=%2Fvar%2Fwww%2Fvhosts%2Fstore-bors.dk%2Flscache%2F3%2Fe%2Fd%2F3ed51b62c33388c6&loknya=%2Fvar%2Fwww%2Fvhosts%2Fstore-bors.dk%2Flscache%2F3%2Fe%2Fd HTTP/2" 200 19665 "-" "Mozilla/5.0 AppleWebKit/537.36 (KHTML, like Gecko; compatible; ClaudeBot/1.0; +claudebot@anthropic.com)"
74.7.243.235 - - [29/Jul/2026:07:37:28 +0200] "GET /?lokasie=/var/www/vhosts/store-bors.dk/lscache/0/8/3/083e75961e2a9405&loknya=/var/www/vhosts/store-bors.dk/lscache/0/8/3 HTTP/2" 200 1784 "https://www.store-bors.dk/?loknya=/var/www/vhosts/store-bors.dk/lscache/0/8/3" "Mozilla/5.0 AppleWebKit/537.36 (KHTML, like Gecko; compatible; GPTBot/1.4; +https://openai.com/gptbot)"
57.141.0.28 - - [29/Jul/2026:07:37:28 +0200] "GET /post-sitemap.xml?lokasie=/var/www/vhosts/store-bors.dk/httpdocs/wp-admin/images/list.png&loknya=/var/www/vhosts/store-bors.dk/httpdocs/wp-admin/images HTTP/2" 200 2560 "-" "Mozilla/5.0 (Macintosh; Intel Mac OS X 10_15_7) AppleWebKit/537.36 (KHTML, like Gecko) Chrome/145.0.0.0 Safari/537.36 (compatible; meta-externalagent/1.1 (+https://developers.facebook.com/docs/sharing/webmasters/crawler))"
216.73.216.125 - - [29/Jul/2026:07:37:28 +0200] "GET /index.php/%22,t+=%22%3C%22+e.getAttribute(%22src%22?lokasie=%2Fvar%2Fwww%2Fvhosts%2Fstore-bors.dk%2Flscache%2F8%2F7%2Fd%2F87d9a7715f88ed00&loknya=%2Fvar%2Fwww%2Fvhosts%2Fstore-bors.dk%2Flscache%2F8%2F7%2Fd HTTP/2" 200 25918 "-" "Mozilla/5.0 AppleWebKit/537.36 (KHTML, like Gecko; compatible; ClaudeBot/1.0; +claudebot@anthropic.com)"
216.73.216.125 - - [29/Jul/2026:07:37:28 +0200] "GET /%22,t+=%22%3C%22+e.getAttribute(%22src%22?lokasie=%2Fvar%2Fwww%2Fvhosts%2Fstore-bors.dk%2F.%2Flscache%2Fd%2F3%2F1%2Fd312e0d4f9dd0a66&loknya=%2Fvar%2Fwww%2Fvhosts%2Fstore-bors.dk%2F.%2Flscache%2Fd%2F3%2F1 HTTP/2" 200 22133 "-" "Mozilla/5.0 AppleWebKit/537.36 (KHTML, like Gecko; compatible; ClaudeBot/1.0; +claudebot@anthropic.com)"
57.141.0.65 - - [29/Jul/2026:07:37:28 +0200] "GET /category-sitemap.xml?loknya=/var/www/vhosts/stor-bors.dk/lscach/c/6/ HTTP/2" 200 1965 "-" "Mozilla/5.0 (Windows NT 10.0; Win64; x64) AppleWebKit/537.36 (KHTML, like Gecko) Chrome/145.0.0.0 Safari/537.36 (compatible; meta-externalagent/1.1 (+https://developers.facebook.com/docs/sharing/webmasters/crawler))"
74.7.227.174 - - [29/Jul/2026:07:37:28 +0200] "GET /index.php?loknya=/var/www/vhosts/store-bors.dk/./././././lscache/b/0/ HTTP/2" 200 2095 "https://store-bors.dk/index.php?loknya=/var/www/vhosts/store-bors.dk/./././././lscache/b/0/7" "Mozilla/5.0 AppleWebKit/537.36 (KHTML, like Gecko; compatible; GPTBot/1.4; +https://openai.com/gptbot)"
74.7.243.235 - - [29/Jul/2026:07:37:28 +0200] "GET /?lokasie=/var/www/vhosts/store-bors.dk/lscache/4/1/5/415a023195b131c2&loknya=/var/www/vhosts/store-bors.dk/lscache/4/1/5 HTTP/2" 200 17694 "https://www.store-bors.dk/?loknya=/var/www/vhosts/store-bors.dk/lscache/4/1/5" "Mozilla/5.0 AppleWebKit/537.36 (KHTML, like Gecko; compatible; GPTBot/1.4; +https://openai.com/gptbot)"
216.73.216.125 - - [29/Jul/2026:07:37:28 +0200] "GET /index.php/%22,t+=%22%3C%22+e.getAttribute(%22src%22?lokasie=%2Fvar%2Fwww%2Fvhosts%2Fstore-bors.dk%2Flscache%2Fc%2F9%2Fa%2Fc9a870ba99c4f6a8&loknya=%2Fvar%2Fwww%2Fvhosts%2Fstore-bors.dk%2Flscache%2Fc%2F9%2Fa HTTP/2" 200 25858 "-" "Mozilla/5.0 AppleWebKit/537.36 (KHTML, like Gecko; compatible; ClaudeBot/1.0; +claudebot@anthropic.com)"
216.73.216.125 - - [29/Jul/2026:07:37:29 +0200] "GET /index.php/%22,t+=%22%3C%22+e.getAttribute(%22src%22?lokasie=%2Fvar%2Fwww%2Fvhosts%2Fstore-bors.dk%2Flscache%2F3%2Fe%2F1%2F3e1dc7299cadc91d&loknya=%2Fvar%2Fwww%2Fvhosts%2Fstore-bors.dk%2Flscache%2F3%2Fe%2F1 HTTP/2" 200 22079 "-" "Mozilla/5.0 AppleWebKit/537.36 (KHTML, like Gecko; compatible; ClaudeBot/1.0; +claudebot@anthropic.com)"
216.73.216.125 - - [29/Jul/2026:07:37:29 +0200] "GET /index.php/%22,t+=%22%3C%22+e.getAttribute(%22src%22?lokasie=%2Fvar%2Fwww%2Fvhosts%2Fstore-bors.dk%2Flscache%2Fc%2F0%2F0%2Fc003340e5774e5c5&loknya=%2Fvar%2Fwww%2Fvhosts%2Fstore-bors.dk%2Flscache%2Fc%2F0%2F0 HTTP/2" 200 1831 "-" "Mozilla/5.0 AppleWebKit/537.36 (KHTML, like Gecko; compatible; ClaudeBot/1.0; +claudebot@anthropic.com)"
74.7.227.174 - - [29/Jul/2026:07:37:29 +0200] "GET /index.php?lokasie=/var/www/vhosts/store-bors.dk/./././././lscache/b/5/7/b57cd3acfea0dfee&loknya=/var/www/vhosts/store-bors.dk/./././././lscache/b/5/7 HTTP/2" 200 19714 "https://store-bors.dk/index.php?loknya=/var/www/vhosts/store-bors.dk/./././././lscache/b/5/7" "Mozilla/5.0 AppleWebKit/537.36 (KHTML, like Gecko; compatible; GPTBot/1.4; +https://openai.com/gptbot)"
216.73.216.125 - - [29/Jul/2026:07:37:29 +0200] "GET /index.php/%22,t+=%22%3C%22+e.getAttribute(%22src%22?lokasie=%2Fvar%2Fwww%2Fvhosts%2Fstore-bors.dk%2Flscache%2F8%2F1%2Fa%2F81ada3e98465819e&loknya=%2Fvar%2Fwww%2Fvhosts%2Fstore-bors.dk%2Flscache%2F8%2F1%2Fa HTTP/2" 200 21931 "-" "Mozilla/5.0 AppleWebKit/537.36 (KHTML, like Gecko; compatible; ClaudeBot/1.0; +claudebot@anthropic.com)"
74.7.243.235 - - [29/Jul/2026:07:37:29 +0200] "GET /?lokasie=/var/www/vhosts/store-bors.dk/lscache/1/7/9/1799e455d15ca945&loknya=/var/www/vhosts/store-bors.dk/lscache/1/7/9 HTTP/2" 200 3235 "https://www.store-bors.dk/?loknya=/var/www/vhosts/store-bors.dk/lscache/1/7/9" "Mozilla/5.0 AppleWebKit/537.36 (KHTML, like Gecko; compatible; GPTBot/1.4; +https://openai.com/gptbot)"
216.73.216.125 - - [29/Jul/2026:07:37:30 +0200] "GET /%22,t+=%22%3C%22+e.getAttribute(%22src%22?lokasie=%2Fvar%2Fwww%2Fvhosts%2Fstore-bors.dk%2F.%2Flscache%2Ff%2Ff%2F9%2Fff91bf44117de29c&loknya=%2Fvar%2Fwww%2Fvhosts%2Fstore-bors.dk%2F.%2Flscache%2Ff%2Ff%2F9 HTTP/2" 200 21931 "-" "Mozilla/5.0 AppleWebKit/537.36 (KHTML, like Gecko; compatible; ClaudeBot/1.0; +claudebot@anthropic.com)"
216.73.216.125 - - [29/Jul/2026:07:37:30 +0200] "GET /bep/m/kirlist1?lokasie=%2Fvar%2Fwww%2Fvhosts%2Fstore-bors.dk%2Flscache%2F2%2Fa%2F3%2F2a3431b50b8a2b78&loknya=%2Fvar%2Fwww%2Fvhosts%2Fstore-bors.dk%2Flscache%2F2%2Fa%2F3 HTTP/2" 200 25740 "-" "Mozilla/5.0 AppleWebKit/537.36 (KHTML, like Gecko; compatible; ClaudeBot/1.0; +claudebot@anthropic.com)"
216.73.216.125 - - [29/Jul/2026:07:37:30 +0200] "GET /index.php/%22,t+=%22%3C%22+e.getAttribute(%22src%22?lokasie=%2Fvar%2Fwww%2Fvhosts%2Fstore-bors.dk%2Flscache%2Fa%2F6%2F1%2Fa6192c04b882e05c&loknya=%2Fvar%2Fwww%2Fvhosts%2Fstore-bors.dk%2Flscache%2Fa%2F6%2F1 HTTP/2" 200 1757 "-" "Mozilla/5.0 AppleWebKit/537.36 (KHTML, like Gecko; compatible; ClaudeBot/1.0; +claudebot@anthropic.com)"
216.73.216.125 - - [29/Jul/2026:07:37:30 +0200] "GET /index.php/%22,t+=%22%3C%22+e.getAttribute(%22src%22?lokasie=%2Fvar%2Fwww%2Fvhosts%2Fstore-bors.dk%2Flscache%2F9%2F1%2F9%2F919dca34673b8802&loknya=%2Fvar%2Fwww%2Fvhosts%2Fstore-bors.dk%2Flscache%2F9%2F1%2F9 HTTP/2" 200 19496 "-" "Mozilla/5.0 AppleWebKit/537.36 (KHTML, like Gecko; compatible; ClaudeBot/1.0; +claudebot@anthropic.com)"
216.73.216.125 - - [29/Jul/2026:07:37:31 +0200] "GET /bep/m/kirlist1?lokasie=%2Fvar%2Fwww%2Fvhosts%2Fstore-bors.dk%2Fhttpdocs%2Fwp-content%2Fuploads%2F2019%2F03%2Fkommersnart-unsmushed.jpg&loknya=%2Fvar%2Fwww%2Fvhosts%2Fstore-bors.dk%2Fhttpdocs%2Fwp-content%2Fuploads%2F2019%2F03 HTTP/2" 200 186367 "-" "Mozilla/5.0 AppleWebKit/537.36 (KHTML, like Gecko; compatible; ClaudeBot/1.0; +claudebot@anthropic.com)"
74.7.243.235 - - [29/Jul/2026:07:37:31 +0200] "GET /?loknya=/var/www/vhosts/store-bors.dk/lscache/0/6/1 HTTP/2" 200 1978 "https://www.store-bors.dk/?loknya=/var/www/vhosts/store-bors.dk/lscache/0/6" "Mozilla/5.0 AppleWebKit/537.36 (KHTML, like Gecko; compatible; GPTBot/1.4; +https://openai.com/gptbot)"
74.7.227.174 - - [29/Jul/2026:07:37:31 +0200] "GET /index.php?lokasie=/var/www/vhosts/store-bors.dk/./././././lscache/b/5/0/b50ce77c16486a46&loknya=/var/www/vhosts/store-bors.dk/./././././lscache/b/5/0 HTTP/2" 200 22049 "https://store-bors.dk/index.php?loknya=/var/www/vhosts/store-bors.dk/./././././lscache/b/5/0" "Mozilla/5.0 AppleWebKit/537.36 (KHTML, like Gecko; compatible; GPTBot/1.4; +https://openai.com/gptbot)"
216.73.216.125 - - [29/Jul/2026:07:37:31 +0200] "GET /bep/m/kirlist1?lokasie=%2Fvar%2Fwww%2Fvhosts%2Fstore-bors.dk%2Flscache%2Ff%2F6%2F2%2Ff62392d9249bf092&loknya=%2Fvar%2Fwww%2Fvhosts%2Fstore-bors.dk%2Flscache%2Ff%2F6%2F2 HTTP/2" 200 25876 "-" "Mozilla/5.0 AppleWebKit/537.36 (KHTML, like Gecko; compatible; ClaudeBot/1.0; +claudebot@anthropic.com)"
185.21.40.28 - - [29/Jul/2026:07:35:30 +0200] "GET /wp-includes/SimplePie/library/SimplePie/Net/Net/index.php?ARRAY=7o2230223n313738353330363933302p2231223n22687474703n5p2s5p2s7n733936377631332r6p6172676572732r636p69636o5p2s3s6p633q7068705s636s64655s6n6326743q313738353330333333302q3338356632623332333161366239383231623832666632306365366164613737222p2232223n223035353065336239323162373134656535373262646164306539663230643661222p2233223n223739356665343238326538306539353539353835323737623233313331633532222p226175746s5s66696p655s6r616q65223n6r756p6p2p226175746s5s70617373223n6r756p6p2p2262696r675s70617373223n2231342q34382q35392q36342q37342q38362q3131227q HTTP/1.1" 500 567 "-" "-"
216.73.216.125 - - [29/Jul/2026:07:37:31 +0200] "GET /index.php/%22,t+=%22%3C%22+e.getAttribute(%22src%22?lokasie=%2Fvar%2Fwww%2Fvhosts%2Fstore-bors.dk%2Flscache%2F8%2Fc%2Fe%2F8ce4b2d787b21612&loknya=%2Fvar%2Fwww%2Fvhosts%2Fstore-bors.dk%2Flscache%2F8%2Fc%2Fe HTTP/2" 200 1833 "-" "Mozilla/5.0 AppleWebKit/537.36 (KHTML, like Gecko; compatible; ClaudeBot/1.0; +claudebot@anthropic.com)"
216.73.216.125 - - [29/Jul/2026:07:37:31 +0200] "GET /index.php/%22,t+=%22%3C%22+e.getAttribute(%22src%22?lokasie=%2Fvar%2Fwww%2Fvhosts%2Fstore-bors.dk%2Flscache%2Fc%2F7%2F3%2Fc73a92525c7586fc&loknya=%2Fvar%2Fwww%2Fvhosts%2Fstore-bors.dk%2Flscache%2Fc%2F7%2F3 HTTP/2" 200 25791 "-" "Mozilla/5.0 AppleWebKit/537.36 (KHTML, like Gecko; compatible; ClaudeBot/1.0; +claudebot@anthropic.com)"
216.73.216.125 - - [29/Jul/2026:07:37:31 +0200] "GET /index.php/%22,t+=%22%3C%22+e.getAttribute(%22src%22?lokasie=%2Fvar%2Fwww%2Fvhosts%2Fstore-bors.dk%2Flscache%2F1%2F4%2F1%2F141771e089c488ef&loknya=%2Fvar%2Fwww%2Fvhosts%2Fstore-bors.dk%2Flscache%2F1%2F4%2F1 HTTP/2" 200 25739 "-" "Mozilla/5.0 AppleWebKit/537.36 (KHTML, like Gecko; compatible; ClaudeBot/1.0; +claudebot@anthropic.com)"
216.73.216.125 - - [29/Jul/2026:07:37:32 +0200] "GET /%22,t+=%22%3C%22+e.getAttribute(%22src%22?lokasie=%2Fvar%2Fwww%2Fvhosts%2Fstore-bors.dk%2F.%2Flscache%2Fa%2Fd%2F9%2Fad9a8e818f9fa402&loknya=%2Fvar%2Fwww%2Fvhosts%2Fstore-bors.dk%2F.%2Flscache%2Fa%2Fd%2F9 HTTP/2" 200 21851 "-" "Mozilla/5.0 AppleWebKit/537.36 (KHTML, like Gecko; compatible; ClaudeBot/1.0; +claudebot@anthropic.com)"
74.7.243.235 - - [29/Jul/2026:07:37:32 +0200] "GET /?loknya=/var/www/vhosts/store-bors.dk/lscache/5/9/7 HTTP/2" 200 1983 "https://www.store-bors.dk/?loknya=/var/www/vhosts/store-bors.dk/lscache/5/9" "Mozilla/5.0 AppleWebKit/537.36 (KHTML, like Gecko; compatible; GPTBot/1.4; +https://openai.com/gptbot)"
216.73.216.125 - - [29/Jul/2026:07:37:32 +0200] "GET /%22,t+=%22%3C%22+e.getAttribute(%22src%22?lokasie=%2Fvar%2Fwww%2Fvhosts%2Fstore-bors.dk%2F.%2Flscache%2F1%2Fa%2F4%2F1a45e7f9d6e2ff7f&loknya=%2Fvar%2Fwww%2Fvhosts%2Fstore-bors.dk%2F.%2Flscache%2F1%2Fa%2F4 HTTP/2" 200 19665 "-" "Mozilla/5.0 AppleWebKit/537.36 (KHTML, like Gecko; compatible; ClaudeBot/1.0; +claudebot@anthropic.com)"
74.7.227.174 - - [29/Jul/2026:07:37:32 +0200] "GET /index.php?lokasie=/var/www/vhosts/store-bors.dk/./././././lscache/b/5/3/b53750b32a6e561a&loknya=/var/www/vhosts/store-bors.dk/./././././lscache/b/5/3 HTTP/2" 200 19690 "https://store-bors.dk/index.php?loknya=/var/www/vhosts/store-bors.dk/./././././lscache/b/5/3" "Mozilla/5.0 AppleWebKit/537.36 (KHTML, like Gecko; compatible; GPTBot/1.4; +https://openai.com/gptbot)"
216.73.216.125 - - [29/Jul/2026:07:37:32 +0200] "GET /index.php/%22,t+=%22%3C%22+e.getAttribute(%22src%22?lokasie=%2Fvar%2Fwww%2Fvhosts%2Fstore-bors.dk%2Flscache%2F5%2F9%2F0%2F5902e4b1b535d10f&loknya=%2Fvar%2Fwww%2Fvhosts%2Fstore-bors.dk%2Flscache%2F5%2F9%2F0 HTTP/2" 200 25835 "-" "Mozilla/5.0 AppleWebKit/537.36 (KHTML, like Gecko; compatible; ClaudeBot/1.0; +claudebot@anthropic.com)"
57.141.0.25 - - [29/Jul/2026:07:37:32 +0200] "GET /category-sitemap.xml?loknya=/var/www/vhosts/store-bors.dk/lscache/c/1/4 HTTP/2" 200 2281 "-" "Mozilla/5.0 (Macintosh; Intel Mac OS X 10_15_7) AppleWebKit/537.36 (KHTML, like Gecko) Chrome/145.0.0.0 Safari/537.36 (compatible; meta-externalagent/1.1 (+https://developers.facebook.com/docs/sharing/webmasters/crawler))"
216.73.216.125 - - [29/Jul/2026:07:37:32 +0200] "GET /index.php/%22,t+=%22%3C%22+e.getAttribute(%22src%22?lokasie=%2Fvar%2Fwww%2Fvhosts%2Fstore-bors.dk%2Flscache%2Fa%2Fe%2F0%2Fae03d2617b0b81f4&loknya=%2Fvar%2Fwww%2Fvhosts%2Fstore-bors.dk%2Flscache%2Fa%2Fe%2F0 HTTP/2" 200 25739 "-" "Mozilla/5.0 AppleWebKit/537.36 (KHTML, like Gecko; compatible; ClaudeBot/1.0; +claudebot@anthropic.com)"
74.7.243.235 - - [29/Jul/2026:07:37:33 +0200] "GET /?loknya=/var/www/vhosts/store-bors.dk/lscache/7/0/5 HTTP/2" 200 1968 "https://www.store-bors.dk/?loknya=/var/www/vhosts/store-bors.dk/lscache/7/0" "Mozilla/5.0 AppleWebKit/537.36 (KHTML, like Gecko; compatible; GPTBot/1.4; +https://openai.com/gptbot)"
216.73.216.125 - - [29/Jul/2026:07:37:33 +0200] "GET /index.php/%22,t+=%22%3C%22+e.getAttribute(%22src%22?lokasie=%2Fvar%2Fwww%2Fvhosts%2Fstore-bors.dk%2Flscache%2F3%2F7%2Fe%2F37e01f291d4402cb&loknya=%2Fvar%2Fwww%2Fvhosts%2Fstore-bors.dk%2Flscache%2F3%2F7%2Fe HTTP/2" 200 1834 "-" "Mozilla/5.0 AppleWebKit/537.36 (KHTML, like Gecko; compatible; ClaudeBot/1.0; +claudebot@anthropic.com)"
216.73.216.125 - - [29/Jul/2026:07:37:33 +0200] "GET /index.php/%22,t+=%22%3C%22+e.getAttribute(%22src%22?lokasie=%2Fvar%2Fwww%2Fvhosts%2Fstore-bors.dk%2Flscache%2Fa%2F7%2Fa%2Fa7a7add284d0f862&loknya=%2Fvar%2Fwww%2Fvhosts%2Fstore-bors.dk%2Flscache%2Fa%2F7%2Fa HTTP/2" 200 1856 "-" "Mozilla/5.0 AppleWebKit/537.36 (KHTML, like Gecko; compatible; ClaudeBot/1.0; +claudebot@anthropic.com)"
74.7.227.174 - - [29/Jul/2026:07:37:33 +0200] "GET /index.php?lokasie=/var/www/vhosts/store-bors.dk/./././././lscache/b/5/3/b53983ea6e89c759&loknya=/var/www/vhosts/store-bors.dk/./././././lscache/b/5/3 HTTP/2" 200 20353 "https://store-bors.dk/index.php?loknya=/var/www/vhosts/store-bors.dk/./././././lscache/b/5/3" "Mozilla/5.0 AppleWebKit/537.36 (KHTML, like Gecko; compatible; GPTBot/1.4; +https://openai.com/gptbot)"
216.73.216.125 - - [29/Jul/2026:07:37:33 +0200] "GET /index.php/%22,t+=%22%3C%22+e.getAttribute(%22src%22?lokasie=%2Fvar%2Fwww%2Fvhosts%2Fstore-bors.dk%2Flscache%2F4%2Fc%2Fa%2F4ca9757d72409109&loknya=%2Fvar%2Fwww%2Fvhosts%2Fstore-bors.dk%2Flscache%2F4%2Fc%2Fa HTTP/2" 200 1818 "-" "Mozilla/5.0 AppleWebKit/537.36 (KHTML, like Gecko; compatible; ClaudeBot/1.0; +claudebot@anthropic.com)"
57.141.0.31 - - [29/Jul/2026:07:37:33 +0200] "GET /post-sitemap.xml?lokasie=/var/www/vhosts/store-bors.dk/httpdocs/wp-admin/images/xit.gif&loknya=/var/www/vhosts/store-bors.dk/httpdocs/wp-admin/images HTTP/2" 200 1890 "-" "Mozilla/5.0 (Windows NT 10.0; Win64; x64) AppleWebKit/537.36 (KHTML, like Gecko) Chrome/145.0.0.0 Safari/537.36 (compatible; meta-externalagent/1.1 (+https://developers.facebook.com/docs/sharing/webmasters/crawler))"
57.141.0.30 - - [29/Jul/2026:07:37:33 +0200] "GET /?o=169831482 HTTP/2" 200 4410 "-" "Mozilla/5.0 (Macintosh; Intel Mac OS X 10_15_7) AppleWebKit/537.36 (KHTML, like Gecko) Chrome/145.0.0.0 Safari/537.36 (compatible; meta-externalagent/1.1 (+https://developers.facebook.com/docs/sharing/webmasters/crawler))"
74.7.243.235 - - [29/Jul/2026:07:37:33 +0200] "GET /?loknya=/var/www/vhosts/store-bors.dk/lscache/1/8/9 HTTP/2" 200 1986 "https://www.store-bors.dk/?loknya=/var/www/vhosts/store-bors.dk/lscache/1/8" "Mozilla/5.0 AppleWebKit/537.36 (KHTML, like Gecko; compatible; GPTBot/1.4; +https://openai.com/gptbot)"
216.73.216.125 - - [29/Jul/2026:07:37:33 +0200] "GET /index.php/%22,t+=%22%3C%22+e.getAttribute(%22src%22?lokasie=%2Fvar%2Fwww%2Fvhosts%2Fstore-bors.dk%2Flscache%2F1%2Fa%2F0%2F1a0b8b37553e2225&loknya=%2Fvar%2Fwww%2Fvhosts%2Fstore-bors.dk%2Flscache%2F1%2Fa%2F0 HTTP/2" 200 25874 "-" "Mozilla/5.0 AppleWebKit/537.36 (KHTML, like Gecko; compatible; ClaudeBot/1.0; +claudebot@anthropic.com)"
74.7.243.235 - - [29/Jul/2026:07:37:34 +0200] "GET /?loknya=/var/www/vhosts/store-bors.dk/lscache/6/5/4 HTTP/2" 200 1976 "https://www.store-bors.dk/?loknya=/var/www/vhosts/store-bors.dk/lscache/6/5" "Mozilla/5.0 AppleWebKit/537.36 (KHTML, like Gecko; compatible; GPTBot/1.4; +https://openai.com/gptbot)"
216.73.216.125 - - [29/Jul/2026:07:37:34 +0200] "GET /bep/m/kirlist1?lokasie=%2Fvar%2Fwww%2Fvhosts%2Fstore-bors.dk%2Flscache%2Fa%2F0%2Ff%2Fa0f410b43e4e7ab4&loknya=%2Fvar%2Fwww%2Fvhosts%2Fstore-bors.dk%2Flscache%2Fa%2F0%2Ff HTTP/2" 200 1849 "-" "Mozilla/5.0 AppleWebKit/537.36 (KHTML, like Gecko; compatible; ClaudeBot/1.0; +claudebot@anthropic.com)"
216.73.216.125 - - [29/Jul/2026:07:37:34 +0200] "GET /index.php/%22,t+=%22%3C%22+e.getAttribute(%22src%22?lokasie=%2Fvar%2Fwww%2Fvhosts%2Fstore-bors.dk%2Flscache%2F7%2Fc%2F3%2F7c39ff858650124f&loknya=%2Fvar%2Fwww%2Fvhosts%2Fstore-bors.dk%2Flscache%2F7%2Fc%2F3 HTTP/2" 200 2080 "-" "Mozilla/5.0 AppleWebKit/537.36 (KHTML, like Gecko; compatible; ClaudeBot/1.0; +claudebot@anthropic.com)"
74.7.227.174 - - [29/Jul/2026:07:37:34 +0200] "GET /index.php?lokasie=/var/www/vhosts/store-bors.dk/./././././lscache/b/5/9/b5920e922da776b6&loknya=/var/www/vhosts/store-bors.dk/./././././lscache/b/5/9 HTTP/2" 200 19672 "https://store-bors.dk/index.php?loknya=/var/www/vhosts/store-bors.dk/./././././lscache/b/5/9" "Mozilla/5.0 AppleWebKit/537.36 (KHTML, like Gecko; compatible; GPTBot/1.4; +https://openai.com/gptbot)"
216.73.216.125 - - [29/Jul/2026:07:37:34 +0200] "GET /index.php/%22,t+=%22%3C%22+e.getAttribute(%22src%22?lokasie=%2Fvar%2Fwww%2Fvhosts%2Fstore-bors.dk%2Flscache%2F5%2Ff%2F0%2F5f05ff526649d522&loknya=%2Fvar%2Fwww%2Fvhosts%2Fstore-bors.dk%2Flscache%2F5%2Ff%2F0 HTTP/2" 200 19644 "-" "Mozilla/5.0 AppleWebKit/537.36 (KHTML, like Gecko; compatible; ClaudeBot/1.0; +claudebot@anthropic.com)"
216.73.216.125 - - [29/Jul/2026:07:37:35 +0200] "GET /index.php/%22,t+=%22%3C%22+e.getAttribute(%22src%22?lokasie=%2Fvar%2Fwww%2Fvhosts%2Fstore-bors.dk%2Flscache%2F3%2F9%2F5%2F3952b59d56937ea5&loknya=%2Fvar%2Fwww%2Fvhosts%2Fstore-bors.dk%2Flscache%2F3%2F9%2F5 HTTP/2" 200 25799 "-" "Mozilla/5.0 AppleWebKit/537.36 (KHTML, like Gecko; compatible; ClaudeBot/1.0; +claudebot@anthropic.com)"
74.7.243.235 - - [29/Jul/2026:07:37:35 +0200] "GET /?loknya=/var/www/vhosts/store-bors.dk/lscache/8/4/1 HTTP/2" 200 2025 "https://www.store-bors.dk/?loknya=/var/www/vhosts/store-bors.dk/lscache/8/4" "Mozilla/5.0 AppleWebKit/537.36 (KHTML, like Gecko; compatible; GPTBot/1.4; +https://openai.com/gptbot)"
216.73.216.125 - - [29/Jul/2026:07:37:35 +0200] "GET /index.php/%22,t+=%22%3C%22+e.getAttribute(%22src%22?lokasie=%2Fvar%2Fwww%2Fvhosts%2Fstore-bors.dk%2Flscache%2F9%2F0%2F0%2F9006a66a10f5dffd&loknya=%2Fvar%2Fwww%2Fvhosts%2Fstore-bors.dk%2Flscache%2F9%2F0%2F0 HTTP/2" 200 25871 "-" "Mozilla/5.0 AppleWebKit/537.36 (KHTML, like Gecko; compatible; ClaudeBot/1.0; +claudebot@anthropic.com)"
