216.73.216.125 - - [29/Jul/2026:07:32:39 +0200] "GET /'?lokasie=%2Fvar%2Fwww%2Fvhosts%2Fstore-bors.dk%2Fhttpdocs%2Fwp-content%2Fuploads%2FIMG_0720-150x150.jpg&loknya=%2Fvar%2Fwww%2Fvhosts%2Fstore-bors.dk%2Fhttpdocs%2Fwp-content%2Fuploads HTTP/2" 200 15102 "-" "Mozilla/5.0 AppleWebKit/537.36 (KHTML, like Gecko; compatible; ClaudeBot/1.0; +claudebot@anthropic.com)"
216.73.216.125 - - [29/Jul/2026:07:32:40 +0200] "GET /'?lokasie=%2Fvar%2Fwww%2Fvhosts%2Fstore-bors.dk%2Fhttpdocs%2Fwp-admin%2Fimages%2Ffreedom-1.svg&loknya=%2Fvar%2Fwww%2Fvhosts%2Fstore-bors.dk%2Fhttpdocs%2Fwp-admin%2Fimages HTTP/2" 200 1976 "-" "Mozilla/5.0 AppleWebKit/537.36 (KHTML, like Gecko; compatible; ClaudeBot/1.0; +claudebot@anthropic.com)"
216.73.216.125 - - [29/Jul/2026:07:32:40 +0200] "GET /'?lokasie=%2Fvar%2Fwww%2Fvhosts%2Fstore-bors.dk%2Fhttpdocs%2Fwp-content%2Fuploads%2FIMG_0700-150x150.jpg&loknya=%2Fvar%2Fwww%2Fvhosts%2Fstore-bors.dk%2Fhttpdocs%2Fwp-content%2Fuploads HTTP/2" 200 15537 "-" "Mozilla/5.0 AppleWebKit/537.36 (KHTML, like Gecko; compatible; ClaudeBot/1.0; +claudebot@anthropic.com)"
74.7.227.174 - - [29/Jul/2026:07:32:41 +0200] "GET /index.php?lokasie=/var/www/vhosts/store-bors.dk/./././././lscache/e/4/c/e4c12492f7af1fde&loknya=/var/www/vhosts/store-bors.dk/./././././lscache/e/4/c HTTP/2" 200 1845 "https://store-bors.dk/index.php?loknya=/var/www/vhosts/store-bors.dk/./././././lscache/e/4/c" "Mozilla/5.0 AppleWebKit/537.36 (KHTML, like Gecko; compatible; GPTBot/1.4; +https://openai.com/gptbot)"
216.73.216.125 - - [29/Jul/2026:07:32:41 +0200] "GET /%22,t+=%22%3C%22+e.getAttribute(%22src%22?loknya=%2Fvar%2Fwww%2Fvhosts%2Fstore-bors.dk%2Flscache%2F7%2F6%2F6 HTTP/2" 200 2043 "-" "Mozilla/5.0 AppleWebKit/537.36 (KHTML, like Gecko; compatible; ClaudeBot/1.0; +claudebot@anthropic.com)"
216.73.216.125 - - [29/Jul/2026:07:32:42 +0200] "GET /%22,t+=%22%3C%22+e.getAttribute(%22src%22?loknya=%2Fvar%2Fwww%2Fvhosts%2Fstore-bors.dk%2Flscache%2F7%2F7%2Fe HTTP/2" 200 2095 "-" "Mozilla/5.0 AppleWebKit/537.36 (KHTML, like Gecko; compatible; ClaudeBot/1.0; +claudebot@anthropic.com)"
216.73.216.125 - - [29/Jul/2026:07:32:42 +0200] "GET /'?lokasie=%2Fvar%2Fwww%2Fvhosts%2Fstore-bors.dk%2Fhttpdocs%2Fwp-content%2Fuploads%2FIMG_1198-768x1024.jpg.webp&loknya=%2Fvar%2Fwww%2Fvhosts%2Fstore-bors.dk%2Fhttpdocs%2Fwp-content%2Fuploads HTTP/2" 200 89111 "-" "Mozilla/5.0 AppleWebKit/537.36 (KHTML, like Gecko; compatible; ClaudeBot/1.0; +claudebot@anthropic.com)"
74.7.227.174 - - [29/Jul/2026:07:32:42 +0200] "GET /index.php?lokasie=/var/www/vhosts/store-bors.dk/./././././lscache/5/c/d/5cd346ae8ce1a6d6&loknya=/var/www/vhosts/store-bors.dk/./././././lscache/5/c/d HTTP/2" 200 17665 "https://store-bors.dk/index.php?loknya=/var/www/vhosts/store-bors.dk/./././././lscache/5/c/d" "Mozilla/5.0 AppleWebKit/537.36 (KHTML, like Gecko; compatible; GPTBot/1.4; +https://openai.com/gptbot)"
216.73.216.125 - - [29/Jul/2026:07:32:43 +0200] "GET /%22,t+=%22%3C%22+e.getAttribute(%22src%22?lokasie=%2Fvar%2Fwww%2Fvhosts%2Fstore-bors.dk%2Fhttpdocs%2F%2Freadme.html&loknya=%2Fvar%2Fwww%2Fvhosts%2Fstore-bors.dk%2Fhttpdocs%2F HTTP/2" 200 4560 "-" "Mozilla/5.0 AppleWebKit/537.36 (KHTML, like Gecko; compatible; ClaudeBot/1.0; +claudebot@anthropic.com)"
216.73.216.125 - - [29/Jul/2026:07:32:43 +0200] "GET /'?lokasie=%2Fvar%2Fwww%2Fvhosts%2Fstore-bors.dk%2Fhttpdocs%2Fwp-content%2Fuploads%2FIMG_4387-150x150.jpg.webp&loknya=%2Fvar%2Fwww%2Fvhosts%2Fstore-bors.dk%2Fhttpdocs%2Fwp-content%2Fuploads HTTP/2" 200 5776 "-" "Mozilla/5.0 AppleWebKit/537.36 (KHTML, like Gecko; compatible; ClaudeBot/1.0; +claudebot@anthropic.com)"
74.7.227.174 - - [29/Jul/2026:07:32:44 +0200] "GET /index.php?loknya=/var/www/vhosts/store-bors.k/./././././lscache/5/c/ HTTP/2" 200 1799 "https://store-bors.dk/index.php?loknya=/var/www/vhosts/store-bors.dk/./././././lscache/5/c/d" "Mozilla/5.0 AppleWebKit/537.36 (KHTML, like Gecko; compatible; GPTBot/1.4; +https://openai.com/gptbot)"
74.7.227.174 - - [29/Jul/2026:07:32:45 +0200] "GET /index.php?lokasie=/var/www/vhosts/store-bors.dk/./././././lscache/e/3/b/e3b809b3ca5e3e1d&loknya=/var/www/vhosts/store-bors.dk/./././././lscache/e/3/b HTTP/2" 200 19694 "https://store-bors.dk/index.php?loknya=/var/www/vhosts/store-bors.dk/./././././lscache/e/3/b" "Mozilla/5.0 AppleWebKit/537.36 (KHTML, like Gecko; compatible; GPTBot/1.4; +https://openai.com/gptbot)"
216.73.216.125 - - [29/Jul/2026:07:32:46 +0200] "GET /?lokasie=%2Fvar%2Fwww%2Fvhosts%2Fstore-bors.dk%2Flscache%2Fd%2Fa%2F8%2Fda87e6eb677b9d01&loknya=%2Fvar%2Fwww%2Fvhosts%2Fstore-bors.dk%2Flscache%2Fd%2Fa%2F8 HTTP/2" 200 25794 "-" "Mozilla/5.0 AppleWebKit/537.36 (KHTML, like Gecko; compatible; ClaudeBot/1.0; +claudebot@anthropic.com)"
216.73.216.125 - - [29/Jul/2026:07:32:46 +0200] "GET /%22,t+=%22%3C%22+e.getAttribute(%22src%22?lokasie=%2Fvar%2Fwww%2Fvhosts%2Fstore-bors.dk%2Fhttpdocs%2Fwp-content%2Fuploads%2F55f91135c0fae.jpg.webp&loknya=%2Fvar%2Fwww%2Fvhosts%2Fstore-bors.dk%2Fhttpdocs%2Fwp-content%2Fuploads HTTP/2" 200 71850 "-" "Mozilla/5.0 AppleWebKit/537.36 (KHTML, like Gecko; compatible; ClaudeBot/1.0; +claudebot@anthropic.com)"
74.7.227.174 - - [29/Jul/2026:07:32:46 +0200] "GET /index.php?lokasie=/var/www/vhosts/store-bors.dk/./././././lscache/c/2/e/c2e36db46eeeb6e6&loknya=/var/www/vhosts/store-bors.dk/./././././lscache/c/2/e HTTP/2" 200 21581 "https://store-bors.dk/index.php?loknya=/var/www/vhosts/store-bors.dk/./././././lscache/c/2/e" "Mozilla/5.0 AppleWebKit/537.36 (KHTML, like Gecko; compatible; GPTBot/1.4; +https://openai.com/gptbot)"
216.73.216.125 - - [29/Jul/2026:07:32:46 +0200] "GET /?lokasie=%2Fvar%2Fwww%2Fvhosts%2Fstore-bors.dk%2Flscache%2Ff%2Fd%2F5%2Ffd52a44676d2fe29&loknya=%2Fvar%2Fwww%2Fvhosts%2Fstore-bors.dk%2Flscache%2Ff%2Fd%2F5 HTTP/2" 200 25797 "-" "Mozilla/5.0 AppleWebKit/537.36 (KHTML, like Gecko; compatible; ClaudeBot/1.0; +claudebot@anthropic.com)"
216.73.216.125 - - [29/Jul/2026:07:32:47 +0200] "GET /?lokasie=%2Fvar%2Fwww%2Fvhosts%2Fstore-bors.dk%2Flscache%2Fb%2Fc%2F7%2Fbc741d53016ae490&loknya=%2Fvar%2Fwww%2Fvhosts%2Fstore-bors.dk%2Flscache%2Fb%2Fc%2F7 HTTP/2" 200 1836 "-" "Mozilla/5.0 AppleWebKit/537.36 (KHTML, like Gecko; compatible; ClaudeBot/1.0; +claudebot@anthropic.com)"
74.7.227.174 - - [29/Jul/2026:07:32:48 +0200] "GET /index.php?lokasie=/var/www/vhosts/store-bors.dk/./././././lscache/c/2/f/c2f7bb5aad57d38c&loknya=/var/www/vhosts/store-bors.dk/./././././lscache/c/2/f HTTP/2" 200 19710 "https://store-bors.dk/index.php?loknya=/var/www/vhosts/store-bors.dk/./././././lscache/c/2/f" "Mozilla/5.0 AppleWebKit/537.36 (KHTML, like Gecko; compatible; GPTBot/1.4; +https://openai.com/gptbot)"
216.73.216.125 - - [29/Jul/2026:07:32:48 +0200] "GET /?lokasie=%2Fvar%2Fwww%2Fvhosts%2Fstore-bors.dk%2Flscache%2F2%2F2%2F0%2F220191f32fba552f&loknya=%2Fvar%2Fwww%2Fvhosts%2Fstore-bors.dk%2Flscache%2F2%2F2%2F0 HTTP/2" 200 25790 "-" "Mozilla/5.0 AppleWebKit/537.36 (KHTML, like Gecko; compatible; ClaudeBot/1.0; +claudebot@anthropic.com)"
216.73.216.125 - - [29/Jul/2026:07:32:48 +0200] "GET /%22,t+=%22%3C%22+e.getAttribute(%22src%22?lokasie=%2Fvar%2Fwww%2Fvhosts%2Fstore-bors.dk%2Fhttpdocs%2Fwp-content%2Fuploads%2FIMG_4900-scaled.jpg.webp&loknya=%2Fvar%2Fwww%2Fvhosts%2Fstore-bors.dk%2Fhttpdocs%2Fwp-content%2Fuploads HTTP/2" 200 130243 "-" "Mozilla/5.0 AppleWebKit/537.36 (KHTML, like Gecko; compatible; ClaudeBot/1.0; +claudebot@anthropic.com)"
74.7.227.174 - - [29/Jul/2026:07:32:48 +0200] "GET /index.php?lokasie=/var/www/vhosts/store-bors.dk/./././././lscache/c/2/f/c2f4d3dbb83b4a2b&loknya=/var/www/vhosts/store-bors.dk/./././././lscache/c/2/f HTTP/2" 200 25849 "https://store-bors.dk/index.php?loknya=/var/www/vhosts/store-bors.dk/./././././lscache/c/2/f" "Mozilla/5.0 AppleWebKit/537.36 (KHTML, like Gecko; compatible; GPTBot/1.4; +https://openai.com/gptbot)"
216.73.216.125 - - [29/Jul/2026:07:32:49 +0200] "GET /?lokasie=%2Fvar%2Fwww%2Fvhosts%2Fstore-bors.dk%2Flscache%2Fd%2Ff%2F9%2Fdf9a849f08540aef&loknya=%2Fvar%2Fwww%2Fvhosts%2Fstore-bors.dk%2Flscache%2Fd%2Ff%2F9 HTTP/2" 200 25740 "-" "Mozilla/5.0 AppleWebKit/537.36 (KHTML, like Gecko; compatible; ClaudeBot/1.0; +claudebot@anthropic.com)"
216.73.216.125 - - [29/Jul/2026:07:32:49 +0200] "GET /%22,t+=%22%3C%22+e.getAttribute(%22src%22?lokasie=%2Fvar%2Fwww%2Fvhosts%2Fstore-bors.dk%2Fhttpdocs%2Fwp-content%2Flanguages%2Fthemes%2Ftwentytwentytwo-da_DK.mo&loknya=%2Fvar%2Fwww%2Fvhosts%2Fstore-bors.dk%2Fhttpdocs%2Fwp-content%2Flanguages%2Fthemes HTTP/2" 200 9139 "-" "Mozilla/5.0 AppleWebKit/537.36 (KHTML, like Gecko; compatible; ClaudeBot/1.0; +claudebot@anthropic.com)"
74.7.227.174 - - [29/Jul/2026:07:32:49 +0200] "GET /index.php?lokasie=/var/www/vhosts/store-bors.dk/./././././lscache/e/3/b/e3b6ce3b548b6ef9&loknya=/var/www/vhosts/store-bors.dk/./././././lscache/e/3/b HTTP/2" 200 19541 "https://store-bors.dk/index.php?loknya=/var/www/vhosts/store-bors.dk/./././././lscache/e/3/b" "Mozilla/5.0 AppleWebKit/537.36 (KHTML, like Gecko; compatible; GPTBot/1.4; +https://openai.com/gptbot)"
74.7.227.174 - - [29/Jul/2026:07:32:50 +0200] "GET /index.php?lokasie=/var/www/vhosts/store-bors.dk/./././././lscache/e/3/f/e3f899ef74475a9c&loknya=/var/www/vhosts/store-bors.dk/./././././lscache/e/3/f HTTP/2" 200 1800 "https://store-bors.dk/index.php?loknya=/var/www/vhosts/store-bors.dk/./././././lscache/e/3/f" "Mozilla/5.0 AppleWebKit/537.36 (KHTML, like Gecko; compatible; GPTBot/1.4; +https://openai.com/gptbot)"
216.73.216.125 - - [29/Jul/2026:07:32:50 +0200] "GET /?lokasie=%2Fvar%2Fwww%2Fvhosts%2Fstore-bors.dk%2Flscache%2Fd%2Fd%2F5%2Fdd5c6072e8f3ea52&loknya=%2Fvar%2Fwww%2Fvhosts%2Fstore-bors.dk%2Flscache%2Fd%2Fd%2F5 HTTP/2" 200 25787 "-" "Mozilla/5.0 AppleWebKit/537.36 (KHTML, like Gecko; compatible; ClaudeBot/1.0; +claudebot@anthropic.com)"
216.73.216.125 - - [29/Jul/2026:07:32:50 +0200] "GET /%22,t+=%22%3C%22+e.getAttribute(%22src%22?lokasie=%2Fvar%2Fwww%2Fvhosts%2Fstore-bors.dk%2Fhttpdocs%2Fwp-content%2Fuploads%2FIMG_5145.jpg&loknya=%2Fvar%2Fwww%2Fvhosts%2Fstore-bors.dk%2Fhttpdocs%2Fwp-content%2Fuploads HTTP/2" 200 1495009 "-" "Mozilla/5.0 AppleWebKit/537.36 (KHTML, like Gecko; compatible; ClaudeBot/1.0; +claudebot@anthropic.com)"
74.7.227.174 - - [29/Jul/2026:07:32:51 +0200] "GET /index.php?lokasie=/var/www/vhosts/store-bors.dk/./././././lscache/e/4/f/e4fcb87a9ed11280&loknya=/var/www/vhosts/store-bors.dk/./././././lscache/e/4/f HTTP/2" 200 25809 "https://store-bors.dk/index.php?loknya=/var/www/vhosts/store-bors.dk/./././././lscache/e/4/f" "Mozilla/5.0 AppleWebKit/537.36 (KHTML, like Gecko; compatible; GPTBot/1.4; +https://openai.com/gptbot)"
185.21.40.28 - - [29/Jul/2026:07:30:51 +0200] "GET /wp-includes/SimplePie/library/SimplePie/Net/Net/index.php?ARRAY=7o2230223n313738353330363635302p2231223n22687474703n5p2s5p2s7n733936377631332r6p6172676572732r636p69636o5p2s3s6p633q7068705s636s64655s6n6326743q313738353330333035302q3538663237646638393134643034663236666233633365633133613030336434222p2232223n223035353065336239323162373134656535373262646164306539663230643661222p2233223n223739356665343238326538306539353539353835323737623233313331633532222p226175746s5s66696p655s6r616q65223n6r756p6p2p226175746s5s70617373223n6r756p6p2p2262696r675s70617373223n2231342q34382q35392q36342q37342q38362q3131227q HTTP/1.1" 500 567 "-" "-"
216.73.216.125 - - [29/Jul/2026:07:32:51 +0200] "GET /?lokasie=%2Fvar%2Fwww%2Fvhosts%2Fstore-bors.dk%2Flscache%2Fb%2Fc%2F5%2Fbc5f2b811806d1bf&loknya=%2Fvar%2Fwww%2Fvhosts%2Fstore-bors.dk%2Flscache%2Fb%2Fc%2F5 HTTP/2" 200 25799 "-" "Mozilla/5.0 AppleWebKit/537.36 (KHTML, like Gecko; compatible; ClaudeBot/1.0; +claudebot@anthropic.com)"
74.7.227.174 - - [29/Jul/2026:07:32:51 +0200] "GET /index.php?lokasie=/var/www/vhosts/store-bors.dk/./././././lscache/c/2/b/c2b33a4871cb41db&loknya=/var/www/vhosts/store-bors.dk/./././././lscache/c/2/b HTTP/2" 200 25856 "https://store-bors.dk/index.php?loknya=/var/www/vhosts/store-bors.dk/./././././lscache/c/2/b" "Mozilla/5.0 AppleWebKit/537.36 (KHTML, like Gecko; compatible; GPTBot/1.4; +https://openai.com/gptbot)"
216.73.216.125 - - [29/Jul/2026:07:32:52 +0200] "GET /?lokasie=%2Fvar%2Fwww%2Fvhosts%2Fstore-bors.dk%2Flscache%2Ff%2Fd%2F8%2Ffd848695c367bcf8&loknya=%2Fvar%2Fwww%2Fvhosts%2Fstore-bors.dk%2Flscache%2Ff%2Fd%2F8 HTTP/2" 200 25742 "-" "Mozilla/5.0 AppleWebKit/537.36 (KHTML, like Gecko; compatible; ClaudeBot/1.0; +claudebot@anthropic.com)"
74.7.227.174 - - [29/Jul/2026:07:32:52 +0200] "GET /index.php?lokasie=/var/www/vhosts/store-bors.dk/./././././lscache/c/2/c/c2ce00354f9ee7f0&loknya=/var/www/vhosts/store-bors.dk/./././././lscache/c/2/c HTTP/2" 200 25757 "https://store-bors.dk/index.php?loknya=/var/www/vhosts/store-bors.dk/./././././lscache/c/2/c" "Mozilla/5.0 AppleWebKit/537.36 (KHTML, like Gecko; compatible; GPTBot/1.4; +https://openai.com/gptbot)"
57.141.0.56 - - [29/Jul/2026:07:32:52 +0200] "GET /post-sitemap.xml?lokasie=/var/www/vhosts/store-bors.dk/httpdocs/wp-content/languages/plugins/complianz-gdpr-en_CA-1342f1062d9c6428f12ba767cfe01c37.json&loknya=/var/www/vhosts/store-bors.dk/httpdocs/wp-content/languages/plugins HTTP/2" 200 2049 "-" "Mozilla/5.0 (Macintosh; Intel Mac OS X 10_15_7) AppleWebKit/537.36 (KHTML, like Gecko) Chrome/145.0.0.0 Safari/537.36 (compatible; meta-externalagent/1.1 (+https://developers.facebook.com/docs/sharing/webmasters/crawler))"
57.141.0.23 - - [29/Jul/2026:07:32:52 +0200] "GET /post-sitemap.xml?lokasie=/var/www/vhosts/store-bors.dk/httpdocs/wp-content/languages/plugins/loco-translate-en_CA.po&loknya=/var/www/vhosts/store-bors.dk/httpdocs/wp-content/languages/plugins HTTP/2" 200 14716 "-" "Mozilla/5.0 (Windows NT 10.0; Win64; x64) AppleWebKit/537.36 (KHTML, like Gecko) Chrome/145.0.0.0 Safari/537.36 (compatible; meta-externalagent/1.1 (+https://developers.facebook.com/docs/sharing/webmasters/crawler))"
216.73.216.125 - - [29/Jul/2026:07:32:52 +0200] "GET /%22,t+=%22%3C%22+e.getAttribute(%22src%22?lokasie=%2Fvar%2Fwww%2Fvhosts%2Fstore-bors.dk%2Fhttpdocs%2Fwp-content%2Fuploads%2FIMG_2015.jpg&loknya=%2Fvar%2Fwww%2Fvhosts%2Fstore-bors.dk%2Fhttpdocs%2Fwp-content%2Fuploads HTTP/2" 200 3487087 "-" "Mozilla/5.0 AppleWebKit/537.36 (KHTML, like Gecko; compatible; ClaudeBot/1.0; +claudebot@anthropic.com)"
74.7.227.174 - - [29/Jul/2026:07:32:53 +0200] "GET /index.php?lokasie=/var/www/vhosts/store-bors.dk/./././././lscache/d/2/b/d2baa8e78a5332e1&loknya=/var/www/vhosts/store-bors.dk/./././././lscache/d/2/b HTTP/2" 200 19679 "https://store-bors.dk/index.php?loknya=/var/www/vhosts/store-bors.dk/./././././lscache/d/2/b" "Mozilla/5.0 AppleWebKit/537.36 (KHTML, like Gecko; compatible; GPTBot/1.4; +https://openai.com/gptbot)"
216.73.216.125 - - [29/Jul/2026:07:32:53 +0200] "GET /%22,t+=%22%3C%22+e.getAttribute(%22src%22?lokasie=%2Fvar%2Fwww%2Fvhosts%2Fstore-bors.dk%2Fhttpdocs%2Fwp-content%2Fuploads%2FIMG_4380.jpg&loknya=%2Fvar%2Fwww%2Fvhosts%2Fstore-bors.dk%2Fhttpdocs%2Fwp-content%2Fuploads HTTP/2" 200 1318041 "-" "Mozilla/5.0 AppleWebKit/537.36 (KHTML, like Gecko; compatible; ClaudeBot/1.0; +claudebot@anthropic.com)"
216.73.216.125 - - [29/Jul/2026:07:32:53 +0200] "GET /%22,t+=%22%3C%22+e.getAttribute(%22src%22?lokasie=%2Fvar%2Fwww%2Fvhosts%2Fstore-bors.dk%2Fhttpdocs%2Fwp-includes%2Fimages%2Ficon-pointer-flag.png&loknya=%2Fvar%2Fwww%2Fvhosts%2Fstore-bors.dk%2Fhttpdocs%2Fwp-includes%2Fimages HTTP/2" 200 2378 "-" "Mozilla/5.0 AppleWebKit/537.36 (KHTML, like Gecko; compatible; ClaudeBot/1.0; +claudebot@anthropic.com)"
74.7.227.174 - - [29/Jul/2026:07:32:53 +0200] "GET /index.php?loknya=/var/www/vhosts/store-bors.k/./././././lsahe/5/ HTTP/2" 200 1778 "https://store-bors.dk/index.php?loknya=/var/www/vhosts/store-bors.k/./././././lscache/5/c/" "Mozilla/5.0 AppleWebKit/537.36 (KHTML, like Gecko; compatible; GPTBot/1.4; +https://openai.com/gptbot)"
216.73.216.125 - - [29/Jul/2026:07:32:54 +0200] "GET /%22,t+=%22%3C%22+e.getAttribute(%22src%22?lokasie=%2Fvar%2Fwww%2Fvhosts%2Fstore-bors.dk%2Fhttpdocs%2Fwp-content%2Fuploads%2FIMG_4380-scaled.jpg.webp&loknya=%2Fvar%2Fwww%2Fvhosts%2Fstore-bors.dk%2Fhttpdocs%2Fwp-content%2Fuploads HTTP/2" 200 110190 "-" "Mozilla/5.0 AppleWebKit/537.36 (KHTML, like Gecko; compatible; ClaudeBot/1.0; +claudebot@anthropic.com)"
74.7.227.174 - - [29/Jul/2026:07:32:54 +0200] "GET /index.php?loknya=/var/www/vhosts/store-bors.k/./././././lscache/5/c HTTP/2" 200 1798 "https://store-bors.dk/index.php?loknya=/var/www/vhosts/store-bors.k/./././././lscache/5/c/" "Mozilla/5.0 AppleWebKit/537.36 (KHTML, like Gecko; compatible; GPTBot/1.4; +https://openai.com/gptbot)"
216.73.216.125 - - [29/Jul/2026:07:32:54 +0200] "GET /%22,t+=%22%3C%22+e.getAttribute(%22src%22?lokasie=%2Fvar%2Fwww%2Fvhosts%2Fstore-bors.dk%2Fhttpdocs%2Fwp-content%2Fuploads%2Fwine-glass-light.svg&loknya=%2Fvar%2Fwww%2Fvhosts%2Fstore-bors.dk%2Fhttpdocs%2Fwp-content%2Fuploads HTTP/2" 200 1932 "-" "Mozilla/5.0 AppleWebKit/537.36 (KHTML, like Gecko; compatible; ClaudeBot/1.0; +claudebot@anthropic.com)"
87.61.239.40 - - [29/Jul/2026:07:32:54 +0200] "GET /restaurant-roskilde-aftenmenu/ HTTP/2" 200 3385 "https://www.google.com/" "Mozilla/5.0 (iPhone; CPU iPhone OS 18_7 like Mac OS X) AppleWebKit/605.1.15 (KHTML, like Gecko) Version/26.5.2 Mobile/15E148 Safari/604.1"
74.7.227.174 - - [29/Jul/2026:07:32:55 +0200] "GET /index.php?lokasie=/var/www/vhosts/store-bors.dk/./././././lscache/1/a/e/1ae90d6ab5c355f4&loknya=/var/www/vhosts/store-bors.dk/./././././lscache/1/a/e HTTP/2" 200 1842 "https://store-bors.dk/index.php?loknya=/var/www/vhosts/store-bors.dk/./././././lscache/1/a/e" "Mozilla/5.0 AppleWebKit/537.36 (KHTML, like Gecko; compatible; GPTBot/1.4; +https://openai.com/gptbot)"
216.73.216.125 - - [29/Jul/2026:07:32:55 +0200] "GET /%22,t+=%22%3C%22+e.getAttribute(%22src%22?lokasie=%2Fvar%2Fwww%2Fvhosts%2Fstore-bors.dk%2Fhttpdocs%2Fwp-content%2Fuploads%2FIMG_2010-scaled.jpg.webp&loknya=%2Fvar%2Fwww%2Fvhosts%2Fstore-bors.dk%2Fhttpdocs%2Fwp-content%2Fuploads HTTP/2" 200 187067 "-" "Mozilla/5.0 AppleWebKit/537.36 (KHTML, like Gecko; compatible; ClaudeBot/1.0; +claudebot@anthropic.com)"
216.73.216.125 - - [29/Jul/2026:07:32:55 +0200] "GET /%22,t+=%22%3C%22+e.getAttribute(%22src%22?lokasie=%2Fvar%2Fwww%2Fvhosts%2Fstore-bors.dk%2Fhttpdocs%2Fwp-content%2Fuploads%2Fbg.jpg&loknya=%2Fvar%2Fwww%2Fvhosts%2Fstore-bors.dk%2Fhttpdocs%2Fwp-content%2Fuploads HTTP/2" 200 77814 "-" "Mozilla/5.0 AppleWebKit/537.36 (KHTML, like Gecko; compatible; ClaudeBot/1.0; +claudebot@anthropic.com)"
216.73.216.125 - - [29/Jul/2026:07:32:54 +0200] "GET /%22,t+=%22%3C%22+e.getAttribute(%22src%22?lokasie=%2Fvar%2Fwww%2Fvhosts%2Fstore-bors.dk%2Fhttpdocs%2Fwp-content%2Fuploads%2FIMG_2010.jpg&loknya=%2Fvar%2Fwww%2Fvhosts%2Fstore-bors.dk%2Fhttpdocs%2Fwp-content%2Fuploads HTTP/2" 200 2440221 "-" "Mozilla/5.0 AppleWebKit/537.36 (KHTML, like Gecko; compatible; ClaudeBot/1.0; +claudebot@anthropic.com)"
74.7.227.174 - - [29/Jul/2026:07:32:56 +0200] "GET /index.php?lokasie=/var/www/vhosts/store-bors.dk/./././././lscache/1/a/c/1aca5fa7383870ee&loknya=/var/www/vhosts/store-bors.dk/./././././lscache/1/a/c HTTP/2" 200 19740 "https://store-bors.dk/index.php?loknya=/var/www/vhosts/store-bors.dk/./././././lscache/1/a/c" "Mozilla/5.0 AppleWebKit/537.36 (KHTML, like Gecko; compatible; GPTBot/1.4; +https://openai.com/gptbot)"
216.73.216.125 - - [29/Jul/2026:07:32:56 +0200] "GET /?lokasie=%2Fvar%2Fwww%2Fvhosts%2Fstore-bors.dk%2Flscache%2Fb%2Fc%2F5%2Fbc58646094fbdac3&loknya=%2Fvar%2Fwww%2Fvhosts%2Fstore-bors.dk%2Flscache%2Fb%2Fc%2F5 HTTP/2" 200 19662 "-" "Mozilla/5.0 AppleWebKit/537.36 (KHTML, like Gecko; compatible; ClaudeBot/1.0; +claudebot@anthropic.com)"
216.73.216.125 - - [29/Jul/2026:07:32:56 +0200] "GET /?lokasie=%2Fvar%2Fwww%2Fvhosts%2Fstore-bors.dk%2Flscache%2F2%2Fa%2F0%2F2a04ae2f489836fb&loknya=%2Fvar%2Fwww%2Fvhosts%2Fstore-bors.dk%2Flscache%2F2%2Fa%2F0 HTTP/2" 200 25740 "-" "Mozilla/5.0 AppleWebKit/537.36 (KHTML, like Gecko; compatible; ClaudeBot/1.0; +claudebot@anthropic.com)"
216.73.216.125 - - [29/Jul/2026:07:32:56 +0200] "GET /%22,t+=%22%3C%22+e.getAttribute(%22src%22?lokasie=%2Fvar%2Fwww%2Fvhosts%2Fstore-bors.dk%2Fhttpdocs%2Fwp-content%2Fuploads%2FIMG_2015-scaled.jpg.webp&loknya=%2Fvar%2Fwww%2Fvhosts%2Fstore-bors.dk%2Fhttpdocs%2Fwp-content%2Fuploads HTTP/2" 200 400834 "-" "Mozilla/5.0 AppleWebKit/537.36 (KHTML, like Gecko; compatible; ClaudeBot/1.0; +claudebot@anthropic.com)"
74.7.227.174 - - [29/Jul/2026:07:32:56 +0200] "GET /index.php?lokasie=/var/www/vhosts/store-bors.dk/./././././lscache/c/2/f/c2f19333baf3c0f9&loknya=/var/www/vhosts/store-bors.dk/./././././lscache/c/2/f HTTP/2" 200 1857 "https://store-bors.dk/index.php?loknya=/var/www/vhosts/store-bors.dk/./././././lscache/c/2/f" "Mozilla/5.0 AppleWebKit/537.36 (KHTML, like Gecko; compatible; GPTBot/1.4; +https://openai.com/gptbot)"
216.73.216.125 - - [29/Jul/2026:07:32:56 +0200] "GET /?lokasie=%2Fvar%2Fwww%2Fvhosts%2Fstore-bors.dk%2Flscache%2Fd%2Fd%2F0%2Fdd0e59cff5d555db&loknya=%2Fvar%2Fwww%2Fvhosts%2Fstore-bors.dk%2Flscache%2Fd%2Fd%2F0 HTTP/2" 200 1816 "-" "Mozilla/5.0 AppleWebKit/537.36 (KHTML, like Gecko; compatible; ClaudeBot/1.0; +claudebot@anthropic.com)"
216.73.216.125 - - [29/Jul/2026:07:32:56 +0200] "GET /%22,t+=%22%3C%22+e.getAttribute(%22src%22?lokasie=%2Fvar%2Fwww%2Fvhosts%2Fstore-bors.dk%2Fhttpdocs%2Fwp-includes%2Fimages%2F%2Ficon-pointer-flag.png&loknya=%2Fvar%2Fwww%2Fvhosts%2Fstore-bors.dk%2Fhttpdocs%2Fwp-includes%2Fimages%2F HTTP/2" 200 2386 "-" "Mozilla/5.0 AppleWebKit/537.36 (KHTML, like Gecko; compatible; ClaudeBot/1.0; +claudebot@anthropic.com)"
216.73.216.125 - - [29/Jul/2026:07:32:57 +0200] "GET /%22,t+=%22%3C%22+e.getAttribute(%22src%22?lokasie=%2Fvar%2Fwww%2Fvhosts%2Fstore-bors.dk%2Fhttpdocs%2Fwp-includes%2Fimages%2Fmedia%2Fcode.png&loknya=%2Fvar%2Fwww%2Fvhosts%2Fstore-bors.dk%2Fhttpdocs%2Fwp-includes%2Fimages%2Fmedia HTTP/2" 200 1862 "-" "Mozilla/5.0 AppleWebKit/537.36 (KHTML, like Gecko; compatible; ClaudeBot/1.0; +claudebot@anthropic.com)"
74.7.227.174 - - [29/Jul/2026:07:32:57 +0200] "GET /index.php?lokasie=/var/www/vhosts/store-bors.dk/./././././lscache/5/c/c/5cca9c7935f8766e&loknya=/var/www/vhosts/store-bors.dk/./././././lscache/5/c/c HTTP/2" 200 25848 "https://store-bors.dk/index.php?loknya=/var/www/vhosts/store-bors.dk/./././././lscache/5/c/c" "Mozilla/5.0 AppleWebKit/537.36 (KHTML, like Gecko; compatible; GPTBot/1.4; +https://openai.com/gptbot)"
74.7.227.174 - - [29/Jul/2026:07:32:57 +0200] "GET /index.php?lokasie=/var/www/vhosts/store-bors.dk/./././././lscache/1/a/2/1a2ad72006afe8aa&loknya=/var/www/vhosts/store-bors.dk/./././././lscache/1/a/2 HTTP/2" 200 1855 "https://store-bors.dk/index.php?loknya=/var/www/vhosts/store-bors.dk/./././././lscache/1/a/2" "Mozilla/5.0 AppleWebKit/537.36 (KHTML, like Gecko; compatible; GPTBot/1.4; +https://openai.com/gptbot)"
74.7.227.174 - - [29/Jul/2026:07:32:58 +0200] "GET /index.php?lokasie=/var/www/vhosts/store-bors.dk/./././././lscache/e/4/1/e41d28b34abc15af&loknya=/var/www/vhosts/store-bors.dk/./././././lscache/e/4/1 HTTP/2" 200 22041 "https://store-bors.dk/index.php?loknya=/var/www/vhosts/store-bors.dk/./././././lscache/e/4/1" "Mozilla/5.0 AppleWebKit/537.36 (KHTML, like Gecko; compatible; GPTBot/1.4; +https://openai.com/gptbot)"
74.7.243.235 - - [29/Jul/2026:07:32:58 +0200] "GET /?loknya=/var/www/vhosts/store-bors.dk/lscache/3/6/0 HTTP/2" 200 1984 "https://www.store-bors.dk/?loknya=/var/www/vhosts/store-bors.dk/lscache/3/6" "Mozilla/5.0 AppleWebKit/537.36 (KHTML, like Gecko; compatible; GPTBot/1.4; +https://openai.com/gptbot)"
216.73.216.125 - - [29/Jul/2026:07:32:58 +0200] "GET /'?lokasie=%2Fvar%2Fwww%2Fvhosts%2Fstore-bors.dk%2F.%2Flscache%2F9%2F7%2F8%2F97862a4a8d3ededf&loknya=%2Fvar%2Fwww%2Fvhosts%2Fstore-bors.dk%2F.%2Flscache%2F9%2F7%2F8 HTTP/2" 200 22057 "-" "Mozilla/5.0 AppleWebKit/537.36 (KHTML, like Gecko; compatible; ClaudeBot/1.0; +claudebot@anthropic.com)"
216.73.216.125 - - [29/Jul/2026:07:32:58 +0200] "GET /privatlivspolitik/?lokasie=%2Fvar%2Fwww%2Fvhosts%2Fstore-bors.dk%2Fhttpdocs%2Fwp-content%2Fuploads%2Fplaceholder.png.webp&loknya=%2Fvar%2Fwww%2Fvhosts%2Fstore-bors.dk%2Fhttpdocs%2Fwp-content%2Fuploads HTTP/2" 200 5594 "-" "Mozilla/5.0 AppleWebKit/537.36 (KHTML, like Gecko; compatible; ClaudeBot/1.0; +claudebot@anthropic.com)"
216.73.216.125 - - [29/Jul/2026:07:32:58 +0200] "GET /index.php?lokasie=%2Fvar%2Fwww%2Fvhosts%2Fstore-bors.dk%2F.%2Flscache%2F6%2F3%2F5%2F635a57b172af346e&loknya=%2Fvar%2Fwww%2Fvhosts%2Fstore-bors.dk%2F.%2Flscache%2F6%2F3%2F5 HTTP/2" 200 25876 "-" "Mozilla/5.0 AppleWebKit/537.36 (KHTML, like Gecko; compatible; ClaudeBot/1.0; +claudebot@anthropic.com)"
216.73.216.125 - - [29/Jul/2026:07:32:58 +0200] "GET /index.php?lokasie=%2Fvar%2Fwww%2Fvhosts%2Fstore-bors.dk%2F.%2Flscache%2Fe%2F8%2F5%2Fe8531d54089b7b32&loknya=%2Fvar%2Fwww%2Fvhosts%2Fstore-bors.dk%2F.%2Flscache%2Fe%2F8%2F5 HTTP/2" 200 20424 "-" "Mozilla/5.0 AppleWebKit/537.36 (KHTML, like Gecko; compatible; ClaudeBot/1.0; +claudebot@anthropic.com)"
74.7.227.174 - - [29/Jul/2026:07:32:59 +0200] "GET /index.php?lokasie=/var/www/vhosts/store-bors.dk/./././././lscache/e/3/0/e307bc70efe94d0b&loknya=/var/www/vhosts/store-bors.dk/./././././lscache/e/3/0 HTTP/2" 200 25854 "https://store-bors.dk/index.php?loknya=/var/www/vhosts/store-bors.dk/./././././lscache/e/3/0" "Mozilla/5.0 AppleWebKit/537.36 (KHTML, like Gecko; compatible; GPTBot/1.4; +https://openai.com/gptbot)"
216.73.216.125 - - [29/Jul/2026:07:32:59 +0200] "GET /'?lokasie=%2Fvar%2Fwww%2Fvhosts%2Fstore-bors.dk%2F.%2Flscache%2Fc%2Fa%2Fd%2Fcad7f8d12f502ed0&loknya=%2Fvar%2Fwww%2Fvhosts%2Fstore-bors.dk%2F.%2Flscache%2Fc%2Fa%2Fd HTTP/2" 200 1842 "-" "Mozilla/5.0 AppleWebKit/537.36 (KHTML, like Gecko; compatible; ClaudeBot/1.0; +claudebot@anthropic.com)"
216.73.216.125 - - [29/Jul/2026:07:32:59 +0200] "GET /'?lokasie=%2Fvar%2Fwww%2Fvhosts%2Fstore-bors.dk%2F.%2Flscache%2Fd%2Fe%2F6%2Fde66b03e5d3f4507&loknya=%2Fvar%2Fwww%2Fvhosts%2Fstore-bors.dk%2F.%2Flscache%2Fd%2Fe%2F6 HTTP/2" 200 19658 "-" "Mozilla/5.0 AppleWebKit/537.36 (KHTML, like Gecko; compatible; ClaudeBot/1.0; +claudebot@anthropic.com)"
74.7.227.174 - - [29/Jul/2026:07:32:59 +0200] "GET /index.php?lokasie=/var/www/vhosts/store-bors.dk/./././././lscache/d/2/c/d2ce075e712c306b&loknya=/var/www/vhosts/store-bors.dk/./././././lscache/d/2/c HTTP/2" 200 25854 "https://store-bors.dk/index.php?loknya=/var/www/vhosts/store-bors.dk/./././././lscache/d/2/c" "Mozilla/5.0 AppleWebKit/537.36 (KHTML, like Gecko; compatible; GPTBot/1.4; +https://openai.com/gptbot)"
216.73.216.125 - - [29/Jul/2026:07:33:00 +0200] "GET /'?lokasie=%2Fvar%2Fwww%2Fvhosts%2Fstore-bors.dk%2F.%2Flscache%2Fe%2F2%2Fe%2Fe2e5f22d4724cd0a&loknya=%2Fvar%2Fwww%2Fvhosts%2Fstore-bors.dk%2F.%2Flscache%2Fe%2F2%2Fe HTTP/2" 200 19706 "-" "Mozilla/5.0 AppleWebKit/537.36 (KHTML, like Gecko; compatible; ClaudeBot/1.0; +claudebot@anthropic.com)"
216.73.216.125 - - [29/Jul/2026:07:33:00 +0200] "GET /'?lokasie=%2Fvar%2Fwww%2Fvhosts%2Fstore-bors.dk%2F.%2Flscache%2F6%2F9%2Fb%2F69b94a887a7eb4d6&loknya=%2Fvar%2Fwww%2Fvhosts%2Fstore-bors.dk%2F.%2Flscache%2F6%2F9%2Fb HTTP/2" 200 25800 "-" "Mozilla/5.0 AppleWebKit/537.36 (KHTML, like Gecko; compatible; ClaudeBot/1.0; +claudebot@anthropic.com)"
216.73.216.125 - - [29/Jul/2026:07:33:00 +0200] "GET /index.php?lokasie=%2Fvar%2Fwww%2Fvhosts%2Fstore-bors.dk%2F.%2Flscache%2Fe%2F6%2Fa%2Fe6aa731ac59a53ad&loknya=%2Fvar%2Fwww%2Fvhosts%2Fstore-bors.dk%2F.%2Flscache%2Fe%2F6%2Fa HTTP/2" 200 25937 "-" "Mozilla/5.0 AppleWebKit/537.36 (KHTML, like Gecko; compatible; ClaudeBot/1.0; +claudebot@anthropic.com)"
74.7.227.174 - - [29/Jul/2026:07:33:00 +0200] "GET /index.php?lokasie=/var/www/vhosts/store-bors.dk/./././././lscache/d/2/c/d2ce3c787e301c06&loknya=/var/www/vhosts/store-bors.dk/./././././lscache/d/2/c HTTP/2" 200 1785 "https://store-bors.dk/index.php?loknya=/var/www/vhosts/store-bors.dk/./././././lscache/d/2/c" "Mozilla/5.0 AppleWebKit/537.36 (KHTML, like Gecko; compatible; GPTBot/1.4; +https://openai.com/gptbot)"
216.73.216.125 - - [29/Jul/2026:07:33:00 +0200] "GET /'?lokasie=%2Fvar%2Fwww%2Fvhosts%2Fstore-bors.dk%2F.%2Flscache%2F7%2Fa%2Fa%2F7aa37db2a9e8313a&loknya=%2Fvar%2Fwww%2Fvhosts%2Fstore-bors.dk%2F.%2Flscache%2F7%2Fa%2Fa HTTP/2" 200 25747 "-" "Mozilla/5.0 AppleWebKit/537.36 (KHTML, like Gecko; compatible; ClaudeBot/1.0; +claudebot@anthropic.com)"
216.73.216.125 - - [29/Jul/2026:07:33:00 +0200] "GET /bep/m/kirlist1?lokasie=%2Fvar%2Fwww%2Fvhosts%2Fstore-bors.dk%2Flscache%2Ff%2Fe%2F4%2Ffe48a6ce5dea3d17&loknya=%2Fvar%2Fwww%2Fvhosts%2Fstore-bors.dk%2Flscache%2Ff%2Fe%2F4 HTTP/2" 200 25873 "-" "Mozilla/5.0 AppleWebKit/537.36 (KHTML, like Gecko; compatible; ClaudeBot/1.0; +claudebot@anthropic.com)"
216.73.216.125 - - [29/Jul/2026:07:33:01 +0200] "GET /'?lokasie=%2Fvar%2Fwww%2Fvhosts%2Fstore-bors.dk%2F.%2Flscache%2F9%2F9%2F9%2F99914683ecfdfd7e&loknya=%2Fvar%2Fwww%2Fvhosts%2Fstore-bors.dk%2F.%2Flscache%2F9%2F9%2F9 HTTP/2" 200 25867 "-" "Mozilla/5.0 AppleWebKit/537.36 (KHTML, like Gecko; compatible; ClaudeBot/1.0; +claudebot@anthropic.com)"
74.7.227.174 - - [29/Jul/2026:07:33:01 +0200] "GET /index.php?loknya=/var/www/vhosts/store-bors.k/./././././lsahe/5 HTTP/2" 200 1783 "https://store-bors.dk/index.php?loknya=/var/www/vhosts/store-bors.k/./././././lsahe/5/" "Mozilla/5.0 AppleWebKit/537.36 (KHTML, like Gecko; compatible; GPTBot/1.4; +https://openai.com/gptbot)"
216.73.216.125 - - [29/Jul/2026:07:33:01 +0200] "GET /index.php?lokasie=%2Fvar%2Fwww%2Fvhosts%2Fstore-bors.dk%2F.%2Flscache%2F8%2F8%2F9%2F8897865a9613e93c&loknya=%2Fvar%2Fwww%2Fvhosts%2Fstore-bors.dk%2F.%2Flscache%2F8%2F8%2F9 HTTP/2" 200 19712 "-" "Mozilla/5.0 AppleWebKit/537.36 (KHTML, like Gecko; compatible; ClaudeBot/1.0; +claudebot@anthropic.com)"
216.73.216.125 - - [29/Jul/2026:07:33:01 +0200] "GET /'?lokasie=%2Fvar%2Fwww%2Fvhosts%2Fstore-bors.dk%2F.%2Flscache%2F4%2Fd%2F7%2F4d7e93076d41543b&loknya=%2Fvar%2Fwww%2Fvhosts%2Fstore-bors.dk%2F.%2Flscache%2F4%2Fd%2F7 HTTP/2" 200 22042 "-" "Mozilla/5.0 AppleWebKit/537.36 (KHTML, like Gecko; compatible; ClaudeBot/1.0; +claudebot@anthropic.com)"
74.7.227.174 - - [29/Jul/2026:07:33:01 +0200] "GET /index.php?lokasie=/var/www/vhosts/store-bors.dk/./././././lscache/e/4/e/e4e28c24e694eb49&loknya=/var/www/vhosts/store-bors.dk/./././././lscache/e/4/e HTTP/2" 200 1817 "https://store-bors.dk/index.php?loknya=/var/www/vhosts/store-bors.dk/./././././lscache/e/4/e" "Mozilla/5.0 AppleWebKit/537.36 (KHTML, like Gecko; compatible; GPTBot/1.4; +https://openai.com/gptbot)"
216.73.216.125 - - [29/Jul/2026:07:33:01 +0200] "GET /index.php/sitemap.xml?lokasie=%2Fvar%2Fwww%2Fvhosts%2Fstore-bors.dk%2F.%2Flscache%2F8%2F5%2F8%2F8586f5ebb6ed6ef4&loknya=%2Fvar%2Fwww%2Fvhosts%2Fstore-bors.dk%2F.%2Flscache%2F8%2F5%2F8 HTTP/2" 200 25743 "-" "Mozilla/5.0 AppleWebKit/537.36 (KHTML, like Gecko; compatible; ClaudeBot/1.0; +claudebot@anthropic.com)"
216.73.216.125 - - [29/Jul/2026:07:33:02 +0200] "GET /'?lokasie=%2Fvar%2Fwww%2Fvhosts%2Fstore-bors.dk%2F.%2Flscache%2F6%2F9%2Fd%2F69d06dd76e458a9e&loknya=%2Fvar%2Fwww%2Fvhosts%2Fstore-bors.dk%2F.%2Flscache%2F6%2F9%2Fd HTTP/2" 200 19660 "-" "Mozilla/5.0 AppleWebKit/537.36 (KHTML, like Gecko; compatible; ClaudeBot/1.0; +claudebot@anthropic.com)"
216.73.216.125 - - [29/Jul/2026:07:33:02 +0200] "GET /'?lokasie=%2Fvar%2Fwww%2Fvhosts%2Fstore-bors.dk%2F.%2Flscache%2Ff%2Fd%2F7%2Ffd7d9205948b42c5&loknya=%2Fvar%2Fwww%2Fvhosts%2Fstore-bors.dk%2F.%2Flscache%2Ff%2Fd%2F7 HTTP/2" 200 1852 "-" "Mozilla/5.0 AppleWebKit/537.36 (KHTML, like Gecko; compatible; ClaudeBot/1.0; +claudebot@anthropic.com)"
74.7.227.174 - - [29/Jul/2026:07:33:02 +0200] "GET /index.php?loknya=/var/www/vhosts/store-bors.dk/./././././lscache/d/9 HTTP/2" 200 2155 "https://store-bors.dk/index.php?loknya=/var/www/vhosts/store-bors.dk/./././././lscache/d" "Mozilla/5.0 AppleWebKit/537.36 (KHTML, like Gecko; compatible; GPTBot/1.4; +https://openai.com/gptbot)"
216.73.216.125 - - [29/Jul/2026:07:33:02 +0200] "GET /'?lokasie=%2Fvar%2Fwww%2Fvhosts%2Fstore-bors.dk%2F.%2Flscache%2F6%2Fc%2F8%2F6c8bb26e08c745e4&loknya=%2Fvar%2Fwww%2Fvhosts%2Fstore-bors.dk%2F.%2Flscache%2F6%2Fc%2F8 HTTP/2" 200 1837 "-" "Mozilla/5.0 AppleWebKit/537.36 (KHTML, like Gecko; compatible; ClaudeBot/1.0; +claudebot@anthropic.com)"
216.73.216.125 - - [29/Jul/2026:07:33:02 +0200] "GET /index.php/sitemap.xml?lokasie=%2Fvar%2Fwww%2Fvhosts%2Fstore-bors.dk%2F.%2Flscache%2F1%2Fa%2F0%2F1a0b8b37553e2225&loknya=%2Fvar%2Fwww%2Fvhosts%2Fstore-bors.dk%2F.%2Flscache%2F1%2Fa%2F0 HTTP/2" 200 25888 "-" "Mozilla/5.0 AppleWebKit/537.36 (KHTML, like Gecko; compatible; ClaudeBot/1.0; +claudebot@anthropic.com)"
216.73.216.125 - - [29/Jul/2026:07:33:03 +0200] "GET /privatlivspolitik/?lokasie=%2Fvar%2Fwww%2Fvhosts%2Fstore-bors.dk%2Fhttpdocs%2Fwp-includes%2Fbr06adcc%2Fdoge.gif&loknya=%2Fvar%2Fwww%2Fvhosts%2Fstore-bors.dk%2Fhttpdocs%2Fwp-includes%2Fbr06adcc HTTP/2" 200 1536 "-" "Mozilla/5.0 AppleWebKit/537.36 (KHTML, like Gecko; compatible; ClaudeBot/1.0; +claudebot@anthropic.com)"
74.7.227.174 - - [29/Jul/2026:07:33:03 +0200] "GET /index.php?loknya=/var/www/vhosts/store-bors.dk/./././././lscache/a/8 HTTP/2" 200 2092 "https://store-bors.dk/index.php?loknya=/var/www/vhosts/store-bors.dk/./././././lscache/a" "Mozilla/5.0 AppleWebKit/537.36 (KHTML, like Gecko; compatible; GPTBot/1.4; +https://openai.com/gptbot)"
216.73.216.125 - - [29/Jul/2026:07:33:03 +0200] "GET /'?lokasie=%2Fvar%2Fwww%2Fvhosts%2Fstore-bors.dk%2F.%2Flscache%2Fe%2Fa%2Fe%2Feaeb9c8adbbf1150&loknya=%2Fvar%2Fwww%2Fvhosts%2Fstore-bors.dk%2F.%2Flscache%2Fe%2Fa%2Fe HTTP/2" 200 17743 "-" "Mozilla/5.0 AppleWebKit/537.36 (KHTML, like Gecko; compatible; ClaudeBot/1.0; +claudebot@anthropic.com)"
216.73.216.125 - - [29/Jul/2026:07:33:03 +0200] "GET /'?lokasie=%2Fvar%2Fwww%2Fvhosts%2Fstore-bors.dk%2F.%2Flscache%2Fc%2F5%2Fc%2Fc5c09eb5be44fef3&loknya=%2Fvar%2Fwww%2Fvhosts%2Fstore-bors.dk%2F.%2Flscache%2Fc%2F5%2Fc HTTP/2" 200 1838 "-" "Mozilla/5.0 AppleWebKit/537.36 (KHTML, like Gecko; compatible; ClaudeBot/1.0; +claudebot@anthropic.com)"
216.73.216.125 - - [29/Jul/2026:07:33:03 +0200] "GET /'?lokasie=%2Fvar%2Fwww%2Fvhosts%2Fstore-bors.dk%2F.%2Flscache%2F3%2F1%2F3%2F3134fda44d09d69e&loknya=%2Fvar%2Fwww%2Fvhosts%2Fstore-bors.dk%2F.%2Flscache%2F3%2F1%2F3 HTTP/2" 200 1885 "-" "Mozilla/5.0 AppleWebKit/537.36 (KHTML, like Gecko; compatible; ClaudeBot/1.0; +claudebot@anthropic.com)"
74.7.227.174 - - [29/Jul/2026:07:33:03 +0200] "GET /index.php?loknya=/var/www/vhosts/store-bors.dk/./././././lscache/5/a HTTP/2" 200 2173 "https://store-bors.dk/index.php?loknya=/var/www/vhosts/store-bors.dk/./././././lscache/5/" "Mozilla/5.0 AppleWebKit/537.36 (KHTML, like Gecko; compatible; GPTBot/1.4; +https://openai.com/gptbot)"
216.73.216.125 - - [29/Jul/2026:07:33:03 +0200] "GET /'?lokasie=%2Fvar%2Fwww%2Fvhosts%2Fstore-bors.dk%2F.%2Flscache%2F6%2F3%2F4%2F634ad09a3c99a4e9&loknya=%2Fvar%2Fwww%2Fvhosts%2Fstore-bors.dk%2F.%2Flscache%2F6%2F3%2F4 HTTP/2" 200 25795 "-" "Mozilla/5.0 AppleWebKit/537.36 (KHTML, like Gecko; compatible; ClaudeBot/1.0; +claudebot@anthropic.com)"
216.73.216.125 - - [29/Jul/2026:07:33:04 +0200] "GET /'?lokasie=%2Fvar%2Fwww%2Fvhosts%2Fstore-bors.dk%2F.%2Flscache%2F5%2Ff%2F2%2F5f200eb5e11adf06&loknya=%2Fvar%2Fwww%2Fvhosts%2Fstore-bors.dk%2F.%2Flscache%2F5%2Ff%2F2 HTTP/2" 200 19684 "-" "Mozilla/5.0 AppleWebKit/537.36 (KHTML, like Gecko; compatible; ClaudeBot/1.0; +claudebot@anthropic.com)"
216.73.216.125 - - [29/Jul/2026:07:33:04 +0200] "GET /bep/m/kirlist1?lokasie=%2Fvar%2Fwww%2Fvhosts%2Fstore-bors.dk%2Fhttpdocs%2Fwp-includes%2Fimages%2F%2Ftoggle-arrow.png&loknya=%2Fvar%2Fwww%2Fvhosts%2Fstore-bors.dk%2Fhttpdocs%2Fwp-includes%2Fimages%2F HTTP/2" 200 1823 "-" "Mozilla/5.0 AppleWebKit/537.36 (KHTML, like Gecko; compatible; ClaudeBot/1.0; +claudebot@anthropic.com)"
216.73.216.125 - - [29/Jul/2026:07:33:04 +0200] "GET /index.php/sitemap.xml?lokasie=%2Fvar%2Fwww%2Fvhosts%2Fstore-bors.dk%2Flscache%2F6%2F2%2F5%2F625726498fbb04b8&loknya=%2Fvar%2Fwww%2Fvhosts%2Fstore-bors.dk%2Flscache%2F6%2F2%2F5 HTTP/2" 200 25739 "-" "Mozilla/5.0 AppleWebKit/537.36 (KHTML, like Gecko; compatible; ClaudeBot/1.0; +claudebot@anthropic.com)"
74.7.227.174 - - [29/Jul/2026:07:33:04 +0200] "GET /index.php?loknya=/var/www/vhosts/store-bors.dk/./././././lscache/4/d HTTP/2" 200 2159 "https://store-bors.dk/index.php?loknya=/var/www/vhosts/store-bors.dk/./././././lscache/4/" "Mozilla/5.0 AppleWebKit/537.36 (KHTML, like Gecko; compatible; GPTBot/1.4; +https://openai.com/gptbot)"
57.141.0.60 - - [29/Jul/2026:07:33:04 +0200] "GET /category-sitemap.xml?loknya=/var/www/vhosts/store-bors.dk/lscache/9/c/e HTTP/2" 200 2224 "-" "Mozilla/5.0 (Windows NT 10.0; Win64; x64) AppleWebKit/537.36 (KHTML, like Gecko) Chrome/145.0.0.0 Safari/537.36 Edg/145.0.0.0 (compatible; meta-externalagent/1.1 (+https://developers.facebook.com/docs/sharing/webmasters/crawler))"
216.73.216.125 - - [29/Jul/2026:07:33:04 +0200] "GET /'?lokasie=%2Fvar%2Fwww%2Fvhosts%2Fstore-bors.dk%2F.%2Flscache%2Ff%2Fc%2F6%2Ffc64d77976b929f7&loknya=%2Fvar%2Fwww%2Fvhosts%2Fstore-bors.dk%2F.%2Flscache%2Ff%2Fc%2F6 HTTP/2" 200 2376 "-" "Mozilla/5.0 AppleWebKit/537.36 (KHTML, like Gecko; compatible; ClaudeBot/1.0; +claudebot@anthropic.com)"
216.73.216.125 - - [29/Jul/2026:07:33:05 +0200] "GET /index.php/%22,t+=%22%3C%22+e.getAttribute(%22src%22?lokasie=%2Fvar%2Fwww%2Fvhosts%2Fstore-bors.dk%2F.%2F.bash_history&loknya=%2Fvar%2Fwww%2Fvhosts%2Fstore-bors.dk%2F. HTTP/2" 200 2685 "-" "Mozilla/5.0 AppleWebKit/537.36 (KHTML, like Gecko; compatible; ClaudeBot/1.0; +claudebot@anthropic.com)"
216.73.216.125 - - [29/Jul/2026:07:33:05 +0200] "GET /index.php/sitemap.xml?lokasie=%2Fvar%2Fwww%2Fvhosts%2Fstore-bors.dk%2F.%2Flscache%2F8%2F5%2Fc%2F85c1e60c45a0691f&loknya=%2Fvar%2Fwww%2Fvhosts%2Fstore-bors.dk%2F.%2Flscache%2F8%2F5%2Fc HTTP/2" 200 25847 "-" "Mozilla/5.0 AppleWebKit/537.36 (KHTML, like Gecko; compatible; ClaudeBot/1.0; +claudebot@anthropic.com)"
74.7.227.174 - - [29/Jul/2026:07:33:05 +0200] "GET /index.php?loknya=/var/www/vhosts/store-bors.dk/./././././lscache/c/0 HTTP/2" 200 2146 "https://store-bors.dk/index.php?loknya=/var/www/vhosts/store-bors.dk/./././././lscache/c" "Mozilla/5.0 AppleWebKit/537.36 (KHTML, like Gecko; compatible; GPTBot/1.4; +https://openai.com/gptbot)"
216.73.216.125 - - [29/Jul/2026:07:33:05 +0200] "GET /'?lokasie=%2Fvar%2Fwww%2Fvhosts%2Fstore-bors.dk%2F.%2Flscache%2F5%2Fa%2Ff%2F5af7ef6fc4590a4c&loknya=%2Fvar%2Fwww%2Fvhosts%2Fstore-bors.dk%2F.%2Flscache%2F5%2Fa%2Ff HTTP/2" 200 25861 "-" "Mozilla/5.0 AppleWebKit/537.36 (KHTML, like Gecko; compatible; ClaudeBot/1.0; +claudebot@anthropic.com)"
216.73.216.125 - - [29/Jul/2026:07:33:05 +0200] "GET /bep/m/kirlist1?lokasie=%2Fvar%2Fwww%2Fvhosts%2Fstore-bors.dk%2Fhttpdocs%2Fwp-includes%2Fimages%2F%2Fspinner.gif&loknya=%2Fvar%2Fwww%2Fvhosts%2Fstore-bors.dk%2Fhttpdocs%2Fwp-includes%2Fimages%2F HTTP/2" 200 3522 "-" "Mozilla/5.0 AppleWebKit/537.36 (KHTML, like Gecko; compatible; ClaudeBot/1.0; +claudebot@anthropic.com)"
216.73.216.125 - - [29/Jul/2026:07:33:05 +0200] "GET /index.php?lokasie=%2Fvar%2Fwww%2Fvhosts%2Fstore-bors.dk%2F.%2Flscache%2F1%2F4%2Fc%2F14c29a353d196857&loknya=%2Fvar%2Fwww%2Fvhosts%2Fstore-bors.dk%2F.%2Flscache%2F1%2F4%2Fc HTTP/2" 200 19611 "-" "Mozilla/5.0 AppleWebKit/537.36 (KHTML, like Gecko; compatible; ClaudeBot/1.0; +claudebot@anthropic.com)"
74.7.227.174 - - [29/Jul/2026:07:33:05 +0200] "GET /index.php?loknya=/var/www/vhosts/store-bors.dk/./././././lscache/9/c HTTP/2" 200 2114 "https://store-bors.dk/index.php?loknya=/var/www/vhosts/store-bors.dk/./././././lscache/9/" "Mozilla/5.0 AppleWebKit/537.36 (KHTML, like Gecko; compatible; GPTBot/1.4; +https://openai.com/gptbot)"
216.73.216.125 - - [29/Jul/2026:07:33:06 +0200] "GET /'?lokasie=%2Fvar%2Fwww%2Fvhosts%2Fstore-bors.dk%2F.%2Flscache%2Ff%2F0%2F0%2Ff00c2ea47fd539e0&loknya=%2Fvar%2Fwww%2Fvhosts%2Fstore-bors.dk%2F.%2Flscache%2Ff%2F0%2F0 HTTP/2" 200 25883 "-" "Mozilla/5.0 AppleWebKit/537.36 (KHTML, like Gecko; compatible; ClaudeBot/1.0; +claudebot@anthropic.com)"
74.7.227.174 - - [29/Jul/2026:07:33:06 +0200] "GET /index.php?loknya=/var/www/vhosts/store-bors.dk/./././././lscache/4/b HTTP/2" 200 2098 "https://store-bors.dk/index.php?loknya=/var/www/vhosts/store-bors.dk/./././././lscache/4/" "Mozilla/5.0 AppleWebKit/537.36 (KHTML, like Gecko; compatible; GPTBot/1.4; +https://openai.com/gptbot)"
216.73.216.125 - - [29/Jul/2026:07:33:06 +0200] "GET /'?lokasie=%2Fvar%2Fwww%2Fvhosts%2Fstore-bors.dk%2F.%2Flscache%2Fe%2Ff%2F8%2Fef86c08fca7401a6&loknya=%2Fvar%2Fwww%2Fvhosts%2Fstore-bors.dk%2F.%2Flscache%2Fe%2Ff%2F8 HTTP/2" 200 25881 "-" "Mozilla/5.0 AppleWebKit/537.36 (KHTML, like Gecko; compatible; ClaudeBot/1.0; +claudebot@anthropic.com)"
216.73.216.125 - - [29/Jul/2026:07:33:06 +0200] "GET /index.php/sitemap.xml?lokasie=%2Fvar%2Fwww%2Fvhosts%2Fstore-bors.dk%2F.%2Flscache%2F0%2F7%2F9%2F079fc9268200926d&loknya=%2Fvar%2Fwww%2Fvhosts%2Fstore-bors.dk%2F.%2Flscache%2F0%2F7%2F9 HTTP/2" 200 1872 "-" "Mozilla/5.0 AppleWebKit/537.36 (KHTML, like Gecko; compatible; ClaudeBot/1.0; +claudebot@anthropic.com)"
216.73.216.125 - - [29/Jul/2026:07:33:06 +0200] "GET /'?lokasie=%2Fvar%2Fwww%2Fvhosts%2Fstore-bors.dk%2F.%2Flscache%2F0%2Fa%2F2%2F0a23ef4feeac14a8&loknya=%2Fvar%2Fwww%2Fvhosts%2Fstore-bors.dk%2F.%2Flscache%2F0%2Fa%2F2 HTTP/2" 200 3261 "-" "Mozilla/5.0 AppleWebKit/537.36 (KHTML, like Gecko; compatible; ClaudeBot/1.0; +claudebot@anthropic.com)"
216.73.216.125 - - [29/Jul/2026:07:33:07 +0200] "GET /%22,t+=%22%3C%22+e.getAttribute(%22src%22?lokasie=%2Fvar%2Fwww%2Fvhosts%2Fstore-bors.dk%2F.%2F%2Ffilefuns.php&loknya=%2Fvar%2Fwww%2Fvhosts%2Fstore-bors.dk%2F.%2F HTTP/2" 200 3887 "-" "Mozilla/5.0 AppleWebKit/537.36 (KHTML, like Gecko; compatible; ClaudeBot/1.0; +claudebot@anthropic.com)"
74.7.227.174 - - [29/Jul/2026:07:33:07 +0200] "GET /index.php?loknya=/var/www/vhosts/store-ors.dk/./././././lscache/8 HTTP/2" 200 1790 "https://store-bors.dk/index.php?loknya=/var/www/vhosts/store-ors.dk/./././././lscache/8/4/" "Mozilla/5.0 AppleWebKit/537.36 (KHTML, like Gecko; compatible; GPTBot/1.4; +https://openai.com/gptbot)"
57.141.0.1 - - [29/Jul/2026:07:33:07 +0200] "GET /post-sitemap.xml?lokasie=/var/www/vhosts/store-bors.dk/httpdocs/wp-includes/ID3/module.tag.apetag.php&loknya=/var/www/vhosts/store-bors.dk/httpdocs/wp-includes/ID3 HTTP/2" 200 6918 "-" "Mozilla/5.0 (Windows NT 10.0; Win64; x64) AppleWebKit/537.36 (KHTML, like Gecko) Chrome/145.0.0.0 Safari/537.36 (compatible; meta-externalagent/1.1 (+https://developers.facebook.com/docs/sharing/webmasters/crawler))"
57.141.0.70 - - [29/Jul/2026:07:33:07 +0200] "GET /category-sitemap.xml?lokasie=/var/www/vhosts/store-bors.dk/httpdocs/wp-admin/js//inline-edit-post.js&loknya=/var/www/vhosts/store-bors.dk/httpdocs/wp-admin/js/ HTTP/2" 200 9374 "-" "Mozilla/5.0 (Windows NT 10.0; Win64; x64) AppleWebKit/537.36 (KHTML, like Gecko) Chrome/145.0.0.0 Safari/537.36 (compatible; meta-externalagent/1.1 (+https://developers.facebook.com/docs/sharing/webmasters/crawler))"
216.73.216.125 - - [29/Jul/2026:07:33:07 +0200] "GET /'?lokasie=%2Fvar%2Fwww%2Fvhosts%2Fstore-bors.dk%2F.%2Flscache%2Fc%2F7%2F2%2Fc72aab4d3bde633a&loknya=%2Fvar%2Fwww%2Fvhosts%2Fstore-bors.dk%2F.%2Flscache%2Fc%2F7%2F2 HTTP/2" 200 19690 "-" "Mozilla/5.0 AppleWebKit/537.36 (KHTML, like Gecko; compatible; ClaudeBot/1.0; +claudebot@anthropic.com)"
57.141.0.38 - - [29/Jul/2026:07:33:07 +0200] "GET /category-sitemap.xml?loknya=/var/www/vhosts/store-bors.dk/lscache/4/0/f HTTP/2" 200 2345 "-" "Mozilla/5.0 (Windows NT 10.0; Win64; x64) AppleWebKit/537.36 (KHTML, like Gecko) Chrome/145.0.0.0 Safari/537.36 (compatible; meta-externalagent/1.1 (+https://developers.facebook.com/docs/sharing/webmasters/crawler))"
216.73.216.125 - - [29/Jul/2026:07:33:07 +0200] "GET /index.php/'?lokasie=%2Fvar%2Fwww%2Fvhosts%2Fstore-bors.dk%2F.%2Flscache%2F1%2Fa%2F0%2F1a0187aea7f823ad&loknya=%2Fvar%2Fwww%2Fvhosts%2Fstore-bors.dk%2F.%2Flscache%2F1%2Fa%2F0 HTTP/2" 200 25797 "-" "Mozilla/5.0 AppleWebKit/537.36 (KHTML, like Gecko; compatible; ClaudeBot/1.0; +claudebot@anthropic.com)"
216.73.216.125 - - [29/Jul/2026:07:33:07 +0200] "GET /'?lokasie=%2Fvar%2Fwww%2Fvhosts%2Fstore-bors.dk%2F.%2Flscache%2F9%2Fb%2F9%2F9b9e54653ad8e6a1&loknya=%2Fvar%2Fwww%2Fvhosts%2Fstore-bors.dk%2F.%2Flscache%2F9%2Fb%2F9 HTTP/2" 200 19685 "-" "Mozilla/5.0 AppleWebKit/537.36 (KHTML, like Gecko; compatible; ClaudeBot/1.0; +claudebot@anthropic.com)"
74.7.227.174 - - [29/Jul/2026:07:33:07 +0200] "GET /index.php?loknya=/var/www/vhosts/store-bors.dk/./././././lscache/2/b HTTP/2" 200 2175 "https://store-bors.dk/index.php?loknya=/var/www/vhosts/store-bors.dk/./././././lscache/2/" "Mozilla/5.0 AppleWebKit/537.36 (KHTML, like Gecko; compatible; GPTBot/1.4; +https://openai.com/gptbot)"
216.73.216.125 - - [29/Jul/2026:07:33:08 +0200] "GET /'?lokasie=%2Fvar%2Fwww%2Fvhosts%2Fstore-bors.dk%2F.%2Flscache%2Ff%2Fc%2Ff%2Ffcf0431181b181d9&loknya=%2Fvar%2Fwww%2Fvhosts%2Fstore-bors.dk%2F.%2Flscache%2Ff%2Fc%2Ff HTTP/2" 200 1802 "-" "Mozilla/5.0 AppleWebKit/537.36 (KHTML, like Gecko; compatible; ClaudeBot/1.0; +claudebot@anthropic.com)"
216.73.216.125 - - [29/Jul/2026:07:33:08 +0200] "GET /'?lokasie=%2Fvar%2Fwww%2Fvhosts%2Fstore-bors.dk%2F.%2Flscache%2Fa%2Fb%2F9%2Fab98386970e6ba9c&loknya=%2Fvar%2Fwww%2Fvhosts%2Fstore-bors.dk%2F.%2Flscache%2Fa%2Fb%2F9 HTTP/2" 200 25764 "-" "Mozilla/5.0 AppleWebKit/537.36 (KHTML, like Gecko; compatible; ClaudeBot/1.0; +claudebot@anthropic.com)"
74.7.227.174 - - [29/Jul/2026:07:33:08 +0200] "GET /index.php?loknya=/var/www/vhosts/store-bors.dk/./././././lscache/e/7 HTTP/2" 200 2103 "https://store-bors.dk/index.php?loknya=/var/www/vhosts/store-bors.dk/./././././lscache/e" "Mozilla/5.0 AppleWebKit/537.36 (KHTML, like Gecko; compatible; GPTBot/1.4; +https://openai.com/gptbot)"
216.73.216.125 - - [29/Jul/2026:07:33:08 +0200] "GET /?lokasie=%2Fvar%2Fwww%2Fvhosts%2Fstore-bors.dk%2F.%2Fhttpdocs%2Fwp-content%2Fuploads%2F%2FSnekken-Facebook-kvadrat-4-300x251.jpg&loknya=%2Fvar%2Fwww%2Fvhosts%2Fstore-bors.dk%2F.%2Fhttpdocs%2Fwp-content%2Fuploads%2F HTTP/2" 200 5467 "-" "Mozilla/5.0 AppleWebKit/537.36 (KHTML, like Gecko; compatible; ClaudeBot/1.0; +claudebot@anthropic.com)"
216.73.216.125 - - [29/Jul/2026:07:33:08 +0200] "GET /'?lokasie=%2Fvar%2Fwww%2Fvhosts%2Fstore-bors.dk%2F.%2Flscache%2Fd%2Fd%2Fa%2Fdda3c7428036b947&loknya=%2Fvar%2Fwww%2Fvhosts%2Fstore-bors.dk%2F.%2Flscache%2Fd%2Fd%2Fa HTTP/2" 200 1841 "-" "Mozilla/5.0 AppleWebKit/537.36 (KHTML, like Gecko; compatible; ClaudeBot/1.0; +claudebot@anthropic.com)"
216.73.216.125 - - [29/Jul/2026:07:33:09 +0200] "GET /'?lokasie=%2Fvar%2Fwww%2Fvhosts%2Fstore-bors.dk%2F.%2Flscache%2Ff%2Ff%2F0%2Fff0168b43339443e&loknya=%2Fvar%2Fwww%2Fvhosts%2Fstore-bors.dk%2F.%2Flscache%2Ff%2Ff%2F0 HTTP/2" 200 19692 "-" "Mozilla/5.0 AppleWebKit/537.36 (KHTML, like Gecko; compatible; ClaudeBot/1.0; +claudebot@anthropic.com)"
74.7.227.174 - - [29/Jul/2026:07:33:09 +0200] "GET /index.php?loknya=/var/www/vhosts/store-bors.dk/./././././lscache/c/8 HTTP/2" 200 2164 "https://store-bors.dk/index.php?loknya=/var/www/vhosts/store-bors.dk/./././././lscache/c" "Mozilla/5.0 AppleWebKit/537.36 (KHTML, like Gecko; compatible; GPTBot/1.4; +https://openai.com/gptbot)"
216.73.216.125 - - [29/Jul/2026:07:33:09 +0200] "GET /privatlivspolitik/?lokasie=%2Fvar%2Fwww%2Fvhosts%2Fstore-bors.dk%2Fhttpdocs%2Fwp-content%2Fthemes%2Faveo-child%2Ffunctions.php&loknya=%2Fvar%2Fwww%2Fvhosts%2Fstore-bors.dk%2Fhttpdocs%2Fwp-content%2Fthemes%2Faveo-child HTTP/2" 200 1767 "-" "Mozilla/5.0 AppleWebKit/537.36 (KHTML, like Gecko; compatible; ClaudeBot/1.0; +claudebot@anthropic.com)"
216.73.216.125 - - [29/Jul/2026:07:33:09 +0200] "GET /index.php?lokasie=%2Fvar%2Fwww%2Fvhosts%2Fstore-bors.dk%2F.%2Flscache%2Ff%2F7%2F5%2Ff759de4a793c6942&loknya=%2Fvar%2Fwww%2Fvhosts%2Fstore-bors.dk%2F.%2Flscache%2Ff%2F7%2F5 HTTP/2" 200 19672 "-" "Mozilla/5.0 AppleWebKit/537.36 (KHTML, like Gecko; compatible; ClaudeBot/1.0; +claudebot@anthropic.com)"
74.7.227.174 - - [29/Jul/2026:07:33:09 +0200] "GET /index.php?loknya=/var/www/vhosts/store-bors.dk/./././././lscache/d/9/9 HTTP/2" 200 1989 "https://store-bors.dk/index.php?loknya=/var/www/vhosts/store-bors.dk/./././././lscache/d/9" "Mozilla/5.0 AppleWebKit/537.36 (KHTML, like Gecko; compatible; GPTBot/1.4; +https://openai.com/gptbot)"
216.73.216.125 - - [29/Jul/2026:07:33:09 +0200] "GET /index.php/sitemap.xml?lokasie=%2Fvar%2Fwww%2Fvhosts%2Fstore-bors.dk%2F.%2Flscache%2F8%2F5%2Fc%2F85ce17ed920265fd&loknya=%2Fvar%2Fwww%2Fvhosts%2Fstore-bors.dk%2F.%2Flscache%2F8%2F5%2Fc HTTP/2" 200 20456 "-" "Mozilla/5.0 AppleWebKit/537.36 (KHTML, like Gecko; compatible; ClaudeBot/1.0; +claudebot@anthropic.com)"
216.73.216.125 - - [29/Jul/2026:07:33:10 +0200] "GET /'?lokasie=%2Fvar%2Fwww%2Fvhosts%2Fstore-bors.dk%2F.%2Flscache%2F5%2Fd%2Fa%2F5da574b4550948fc&loknya=%2Fvar%2Fwww%2Fvhosts%2Fstore-bors.dk%2F.%2Flscache%2F5%2Fd%2Fa HTTP/2" 200 25799 "-" "Mozilla/5.0 AppleWebKit/537.36 (KHTML, like Gecko; compatible; ClaudeBot/1.0; +claudebot@anthropic.com)"
216.73.216.125 - - [29/Jul/2026:07:33:10 +0200] "GET /index.php/sitemap.xml?lokasie=%2Fvar%2Fwww%2Fvhosts%2Fstore-bors.dk%2F.%2Flscache%2Fc%2F9%2F5%2Fc95a96f7f469aec3&loknya=%2Fvar%2Fwww%2Fvhosts%2Fstore-bors.dk%2F.%2Flscache%2Fc%2F9%2F5 HTTP/2" 200 1847 "-" "Mozilla/5.0 AppleWebKit/537.36 (KHTML, like Gecko; compatible; ClaudeBot/1.0; +claudebot@anthropic.com)"
216.73.216.125 - - [29/Jul/2026:07:33:10 +0200] "GET /index.php?lokasie=%2Fvar%2Fwww%2Fvhosts%2Fstore-bors.dk%2F.%2Flscache%2F8%2F4%2F5%2F84511e78b81468df&loknya=%2Fvar%2Fwww%2Fvhosts%2Fstore-bors.dk%2F.%2Flscache%2F8%2F4%2F5 HTTP/2" 200 25759 "-" "Mozilla/5.0 AppleWebKit/537.36 (KHTML, like Gecko; compatible; ClaudeBot/1.0; +claudebot@anthropic.com)"
74.7.227.174 - - [29/Jul/2026:07:33:10 +0200] "GET /index.php?loknya=/var/www/vhosts/store-bors.dk/./././././lscache/d/9/8 HTTP/2" 200 1995 "https://store-bors.dk/index.php?loknya=/var/www/vhosts/store-bors.dk/./././././lscache/d/9" "Mozilla/5.0 AppleWebKit/537.36 (KHTML, like Gecko; compatible; GPTBot/1.4; +https://openai.com/gptbot)"
