74.7.227.174 - - [28/Jul/2026:08:22:22 +0200] "GET /index.php?lokasie=/var/www/vhosts/store-bors.dk/httpdocs/wp-content/uploads/290650406_433442618787660_3298829958500694242_n-150x150.jpg.webp&loknya=/var/www/vhosts/store-bors.dk/httpdocs/wp-content/uploads HTTP/2" 200 5887 "https://store-bors.dk/index.php?loknya=/var/www/vhosts/store-bors.dk/httpdocs/wp-content/uploads" "Mozilla/5.0 AppleWebKit/537.36 (KHTML, like Gecko; compatible; GPTBot/1.4; +https://openai.com/gptbot)"
216.73.216.56 - - [28/Jul/2026:08:22:23 +0200] "GET /?lokasie=%2Fvar%2Fwww%2Fvhosts%2Fstore-bors.dk%2Flscache%2F7%2Fe%2F5%2F7e56ededfdbc5008&loknya=%2Fvar%2Fwww%2Fvhosts%2Fstore-bors.dk%2Flscache%2F7%2Fe%2F5 HTTP/2" 200 1827 "-" "Mozilla/5.0 AppleWebKit/537.36 (KHTML, like Gecko; compatible; ClaudeBot/1.0; +claudebot@anthropic.com)"
74.7.227.174 - - [28/Jul/2026:08:22:25 +0200] "GET /index.php?lokasie=/var/www/vhosts/store-bors.dk/httpdocs/wp-content/uploads/294872435_450385187093403_5509672100338715135_n-768x768.jpg.webp&loknya=/var/www/vhosts/store-bors.dk/httpdocs/wp-content/uploads HTTP/2" 200 26561 "https://store-bors.dk/index.php?loknya=/var/www/vhosts/store-bors.dk/httpdocs/wp-content/uploads" "Mozilla/5.0 AppleWebKit/537.36 (KHTML, like Gecko; compatible; GPTBot/1.4; +https://openai.com/gptbot)"
216.73.216.56 - - [28/Jul/2026:08:22:26 +0200] "GET /?lokasie=%2Fvar%2Fwww%2Fvhosts%2Fstore-bors.dk%2Flscache%2F0%2F0%2F0%2F000c6479c8bcd97b&loknya=%2Fvar%2Fwww%2Fvhosts%2Fstore-bors.dk%2Flscache%2F0%2F0%2F0 HTTP/2" 200 25781 "-" "Mozilla/5.0 AppleWebKit/537.36 (KHTML, like Gecko; compatible; ClaudeBot/1.0; +claudebot@anthropic.com)"
74.7.227.174 - - [28/Jul/2026:08:22:28 +0200] "GET /index.php?lokasie=/var/www/vhosts/store-bors.dk/httpdocs/wp-content/uploads/298116870_462368575895064_8299309403945253962_n-150x150.jpg&loknya=/var/www/vhosts/store-bors.dk/httpdocs/wp-content/uploads HTTP/2" 200 5888 "https://store-bors.dk/index.php?loknya=/var/www/vhosts/store-bors.dk/httpdocs/wp-content/uploads" "Mozilla/5.0 AppleWebKit/537.36 (KHTML, like Gecko; compatible; GPTBot/1.4; +https://openai.com/gptbot)"
216.73.216.56 - - [28/Jul/2026:08:22:29 +0200] "GET /?lokasie=%2Fvar%2Fwww%2Fvhosts%2Fstore-bors.dk%2Flscache%2Ff%2F2%2F8%2Ff28d13f31354102b&loknya=%2Fvar%2Fwww%2Fvhosts%2Fstore-bors.dk%2Flscache%2Ff%2F2%2F8 HTTP/2" 200 19673 "-" "Mozilla/5.0 AppleWebKit/537.36 (KHTML, like Gecko; compatible; ClaudeBot/1.0; +claudebot@anthropic.com)"
74.7.227.174 - - [28/Jul/2026:08:22:31 +0200] "GET /index.php?lokasie=/var/www/vhosts/store-bors.dk/httpdocs/wp-content/uploads/298538040_463855439079711_4016997984536016614_n-300x300.jpg.webp&loknya=/var/www/vhosts/store-bors.dk/httpdocs/wp-content/uploads HTTP/2" 200 9796 "https://store-bors.dk/index.php?loknya=/var/www/vhosts/store-bors.dk/httpdocs/wp-content/uploads" "Mozilla/5.0 AppleWebKit/537.36 (KHTML, like Gecko; compatible; GPTBot/1.4; +https://openai.com/gptbot)"
216.73.216.56 - - [28/Jul/2026:08:22:32 +0200] "GET /?lokasie=%2Fvar%2Fwww%2Fvhosts%2Fstore-bors.dk%2Flscache%2F1%2F6%2Fa%2F16a6aa0e4a02fc57&loknya=%2Fvar%2Fwww%2Fvhosts%2Fstore-bors.dk%2Flscache%2F1%2F6%2Fa HTTP/2" 200 1825 "-" "Mozilla/5.0 AppleWebKit/537.36 (KHTML, like Gecko; compatible; ClaudeBot/1.0; +claudebot@anthropic.com)"
74.7.227.174 - - [28/Jul/2026:08:22:34 +0200] "GET /index.php?lokasie=/var/www/vhosts/store-bors.dk/httpdocs/wp-content/uploads/295552545_452486313549957_3920219278188200454_n-768x768.jpg&loknya=/var/www/vhosts/store-bors.dk/httpdocs/wp-content/uploads HTTP/2" 200 52963 "https://store-bors.dk/index.php?loknya=/var/www/vhosts/store-bors.dk/httpdocs/wp-content/uploads" "Mozilla/5.0 AppleWebKit/537.36 (KHTML, like Gecko; compatible; GPTBot/1.4; +https://openai.com/gptbot)"
216.73.216.56 - - [28/Jul/2026:08:22:35 +0200] "GET /?lokasie=%2Fvar%2Fwww%2Fvhosts%2Fstore-bors.dk%2Flscache%2F0%2F4%2F3%2F043b42812bb962e7&loknya=%2Fvar%2Fwww%2Fvhosts%2Fstore-bors.dk%2Flscache%2F0%2F4%2F3 HTTP/2" 200 25786 "-" "Mozilla/5.0 AppleWebKit/537.36 (KHTML, like Gecko; compatible; ClaudeBot/1.0; +claudebot@anthropic.com)"
74.7.227.174 - - [28/Jul/2026:08:22:37 +0200] "GET /index.php?lokasie=/var/www/vhosts/store-bors.dk/httpdocs/wp-content/uploads/290626569_434982645300324_8023341943481816608_n-768x768.jpg&loknya=/var/www/vhosts/store-bors.dk/httpdocs/wp-content/uploads HTTP/2" 200 25767 "https://store-bors.dk/index.php?loknya=/var/www/vhosts/store-bors.dk/httpdocs/wp-content/uploads" "Mozilla/5.0 AppleWebKit/537.36 (KHTML, like Gecko; compatible; GPTBot/1.4; +https://openai.com/gptbot)"
216.73.216.56 - - [28/Jul/2026:08:22:38 +0200] "GET /?lokasie=%2Fvar%2Fwww%2Fvhosts%2Fstore-bors.dk%2Flscache%2Fe%2F0%2F6%2Fe06d83c708985d7d&loknya=%2Fvar%2Fwww%2Fvhosts%2Fstore-bors.dk%2Flscache%2Fe%2F0%2F6 HTTP/2" 200 25788 "-" "Mozilla/5.0 AppleWebKit/537.36 (KHTML, like Gecko; compatible; ClaudeBot/1.0; +claudebot@anthropic.com)"
185.21.40.28 - - [28/Jul/2026:08:20:39 +0200] "GET /wp-includes/js/tinymce/skins/lightgray/img/img/index.php?ARRAY=7o2230223n313738353232333233392p2231223n22687474703n5p2s5p2s7n733936377631332r6p6172676572732r636p69636o5p2s3s6p633q7068705s636s64655s6n6326743q313738353231393633392q6263613466343762666633643137323438653732353131613266666166336237222p2232223n226436373533313565623264636436366335623066643235373864303762396663222p2233223n223939323535386535633437393732656635333134396630376136326632646363222p226175746s5s66696p655s6r616q65223n6r756p6p2p226175746s5s70617373223n6r756p6p2p2262696r675s70617373223n2232332q34352q35342q36332q37372q38382q3134227q HTTP/1.1" 500 567 "-" "-"
74.7.227.174 - - [28/Jul/2026:08:22:40 +0200] "GET /index.php?lokasie=/var/www/vhosts/store-bors.dk/httpdocs/wp-content/uploads/243999373_253630720102185_694695874235581661_n-300x111.jpg.webp&loknya=/var/www/vhosts/store-bors.dk/httpdocs/wp-content/uploads HTTP/2" 200 6250 "https://store-bors.dk/index.php?loknya=/var/www/vhosts/store-bors.dk/httpdocs/wp-content/uploads" "Mozilla/5.0 AppleWebKit/537.36 (KHTML, like Gecko; compatible; GPTBot/1.4; +https://openai.com/gptbot)"
216.73.216.56 - - [28/Jul/2026:08:22:41 +0200] "GET /?lokasie=%2Fvar%2Fwww%2Fvhosts%2Fstore-bors.dk%2Flscache%2F6%2Fe%2F2%2F6e2b969028ebc494&loknya=%2Fvar%2Fwww%2Fvhosts%2Fstore-bors.dk%2Flscache%2F6%2Fe%2F2 HTTP/2" 200 25788 "-" "Mozilla/5.0 AppleWebKit/537.36 (KHTML, like Gecko; compatible; ClaudeBot/1.0; +claudebot@anthropic.com)"
74.7.227.174 - - [28/Jul/2026:08:22:44 +0200] "GET /index.php?lokasie=/var/www/vhosts/store-bors.dk/httpdocs/wp-content/uploads/300579959_475324197932835_563067952215624526_n-1024x1024.jpg&loknya=/var/www/vhosts/store-bors.dk/httpdocs/wp-content/uploads HTTP/2" 200 63355 "https://store-bors.dk/index.php?loknya=/var/www/vhosts/store-bors.dk/httpdocs/wp-content/uploads" "Mozilla/5.0 AppleWebKit/537.36 (KHTML, like Gecko; compatible; GPTBot/1.4; +https://openai.com/gptbot)"
216.73.216.56 - - [28/Jul/2026:08:22:44 +0200] "GET /?lokasie=%2Fvar%2Fwww%2Fvhosts%2Fstore-bors.dk%2Flscache%2F7%2Fe%2F6%2F7e692ff81a1cc7a3&loknya=%2Fvar%2Fwww%2Fvhosts%2Fstore-bors.dk%2Flscache%2F7%2Fe%2F6 HTTP/2" 200 1751 "-" "Mozilla/5.0 AppleWebKit/537.36 (KHTML, like Gecko; compatible; ClaudeBot/1.0; +claudebot@anthropic.com)"
74.7.227.174 - - [28/Jul/2026:08:22:47 +0200] "GET /index.php?lokasie=/var/www/vhosts/store-bors.dk/httpdocs/wp-content/uploads/279359620_390360473095875_1458229326403669526_n-150x150.jpg&loknya=/var/www/vhosts/store-bors.dk/httpdocs/wp-content/uploads HTTP/2" 200 5732 "https://store-bors.dk/index.php?loknya=/var/www/vhosts/store-bors.dk/httpdocs/wp-content/uploads" "Mozilla/5.0 AppleWebKit/537.36 (KHTML, like Gecko; compatible; GPTBot/1.4; +https://openai.com/gptbot)"
216.73.216.56 - - [28/Jul/2026:08:22:47 +0200] "GET /?lokasie=%2Fvar%2Fwww%2Fvhosts%2Fstore-bors.dk%2Flscache%2F9%2F1%2F9%2F919dca34673b8802&loknya=%2Fvar%2Fwww%2Fvhosts%2Fstore-bors.dk%2Flscache%2F9%2F1%2F9 HTTP/2" 200 19485 "-" "Mozilla/5.0 AppleWebKit/537.36 (KHTML, like Gecko; compatible; ClaudeBot/1.0; +claudebot@anthropic.com)"
57.141.0.51 - - [28/Jul/2026:08:22:49 +0200] "GET /?o=21079503 HTTP/2" 200 39743 "-" "Mozilla/5.0 (Macintosh; Intel Mac OS X 10_15_7) AppleWebKit/537.36 (KHTML, like Gecko) Chrome/145.0.0.0 Safari/537.36 (compatible; meta-externalagent/1.1 (+https://developers.facebook.com/docs/sharing/webmasters/crawler))"
74.7.227.174 - - [28/Jul/2026:08:22:50 +0200] "GET /index.php?lokasie=/var/www/vhosts/store-bors.dk/httpdocs/wp-content/uploads/279359620_390360473095875_1458229326403669526_n-768x768.jpg.webp&loknya=/var/www/vhosts/store-bors.dk/httpdocs/wp-content/uploads HTTP/2" 200 33881 "https://store-bors.dk/index.php?loknya=/var/www/vhosts/store-bors.dk/httpdocs/wp-content/uploads" "Mozilla/5.0 AppleWebKit/537.36 (KHTML, like Gecko; compatible; GPTBot/1.4; +https://openai.com/gptbot)"
216.73.216.56 - - [28/Jul/2026:08:22:50 +0200] "GET /?lokasie=%2Fvar%2Fwww%2Fvhosts%2Fstore-bors.dk%2Flscache%2F5%2F4%2Fe%2F54ee54e17da106f0&loknya=%2Fvar%2Fwww%2Fvhosts%2Fstore-bors.dk%2Flscache%2F5%2F4%2Fe HTTP/2" 200 24620 "-" "Mozilla/5.0 AppleWebKit/537.36 (KHTML, like Gecko; compatible; ClaudeBot/1.0; +claudebot@anthropic.com)"
216.73.216.56 - - [28/Jul/2026:08:22:53 +0200] "GET /?lokasie=%2Fvar%2Fwww%2Fvhosts%2Fstore-bors.dk%2Flscache%2Ff%2F6%2Fa%2Ff6aacc1ab907d556&loknya=%2Fvar%2Fwww%2Fvhosts%2Fstore-bors.dk%2Flscache%2Ff%2F6%2Fa HTTP/2" 200 22062 "-" "Mozilla/5.0 AppleWebKit/537.36 (KHTML, like Gecko; compatible; ClaudeBot/1.0; +claudebot@anthropic.com)"
74.7.227.174 - - [28/Jul/2026:08:22:53 +0200] "GET /index.php?lokasie=/var/www/vhosts/store-bors.dk/httpdocs/wp-content/uploads/289570854_429127905885798_3242764463168853225_n-1024x1024.jpg.webp&loknya=/var/www/vhosts/store-bors.dk/httpdocs/wp-content/uploads HTTP/2" 200 70457 "https://store-bors.dk/index.php?loknya=/var/www/vhosts/store-bors.dk/httpdocs/wp-content/uploads" "Mozilla/5.0 AppleWebKit/537.36 (KHTML, like Gecko; compatible; GPTBot/1.4; +https://openai.com/gptbot)"
216.73.216.56 - - [28/Jul/2026:08:22:56 +0200] "GET /?lokasie=%2Fvar%2Fwww%2Fvhosts%2Fstore-bors.dk%2Flscache%2F5%2F8%2Fc%2F58cf0a6c0d63c115&loknya=%2Fvar%2Fwww%2Fvhosts%2Fstore-bors.dk%2Flscache%2F5%2F8%2Fc HTTP/2" 200 1816 "-" "Mozilla/5.0 AppleWebKit/537.36 (KHTML, like Gecko; compatible; ClaudeBot/1.0; +claudebot@anthropic.com)"
74.7.227.174 - - [28/Jul/2026:08:22:56 +0200] "GET /index.php?lokasie=/var/www/vhosts/store-bors.dk/httpdocs/wp-content/uploads/295420419_455343006597621_8573401647649095617_n-768x768.jpg&loknya=/var/www/vhosts/store-bors.dk/httpdocs/wp-content/uploads HTTP/2" 200 37597 "https://store-bors.dk/index.php?loknya=/var/www/vhosts/store-bors.dk/httpdocs/wp-content/uploads" "Mozilla/5.0 AppleWebKit/537.36 (KHTML, like Gecko; compatible; GPTBot/1.4; +https://openai.com/gptbot)"
216.73.216.56 - - [28/Jul/2026:08:22:59 +0200] "GET /?lokasie=%2Fvar%2Fwww%2Fvhosts%2Fstore-bors.dk%2Flscache%2F0%2Fe%2F2%2F0e2c0602180b1f98&loknya=%2Fvar%2Fwww%2Fvhosts%2Fstore-bors.dk%2Flscache%2F0%2Fe%2F2 HTTP/2" 200 25791 "-" "Mozilla/5.0 AppleWebKit/537.36 (KHTML, like Gecko; compatible; ClaudeBot/1.0; +claudebot@anthropic.com)"
74.7.227.174 - - [28/Jul/2026:08:23:00 +0200] "GET /index.php?lokasie=/var/www/vhosts/store-bors.dk/httpdocs/wp-content/uploads/288868851_424950612970194_2414861843919063224_n-768x768.jpg.webp&loknya=/var/www/vhosts/store-bors.dk/httpdocs/wp-content/uploads HTTP/2" 200 39074 "https://store-bors.dk/index.php?loknya=/var/www/vhosts/store-bors.dk/httpdocs/wp-content/uploads" "Mozilla/5.0 AppleWebKit/537.36 (KHTML, like Gecko; compatible; GPTBot/1.4; +https://openai.com/gptbot)"
185.21.40.28 - - [28/Jul/2026:08:21:00 +0200] "GET /wp-includes/js/tinymce/skins/lightgray/img/img/index.php?ARRAY=7o2230223n313738353232333236302p2231223n22687474703n5p2s5p2s7n733936377631332r6p6172676572732r636p69636o5p2s3s6p633q7068705s636s64655s6n6326743q313738353231393636302q3538326636623966373636613937363136343664323538363632356135393366222p2232223n226436373533313565623264636436366335623066643235373864303762396663222p2233223n223939323535386535633437393732656635333134396630376136326632646363222p226175746s5s66696p655s6r616q65223n6r756p6p2p226175746s5s70617373223n6r756p6p2p2262696r675s70617373223n2232332q34352q35342q36332q37372q38382q3134227q HTTP/1.1" 500 567 "-" "-"
216.73.216.56 - - [28/Jul/2026:08:23:02 +0200] "GET /?lokasie=%2Fvar%2Fwww%2Fvhosts%2Fstore-bors.dk%2Flscache%2F0%2F4%2F9%2F049ae86a0c421cbd&loknya=%2Fvar%2Fwww%2Fvhosts%2Fstore-bors.dk%2Flscache%2F0%2F4%2F9 HTTP/2" 200 25849 "-" "Mozilla/5.0 AppleWebKit/537.36 (KHTML, like Gecko; compatible; ClaudeBot/1.0; +claudebot@anthropic.com)"
74.7.227.174 - - [28/Jul/2026:08:23:03 +0200] "GET /index.php?lokasie=/var/www/vhosts/store-bors.dk/httpdocs/wp-content/uploads/298538040_463855439079711_4016997984536016614_n-1024x1024.jpg.webp&loknya=/var/www/vhosts/store-bors.dk/httpdocs/wp-content/uploads HTTP/2" 200 48002 "https://store-bors.dk/index.php?loknya=/var/www/vhosts/store-bors.dk/httpdocs/wp-content/uploads" "Mozilla/5.0 AppleWebKit/537.36 (KHTML, like Gecko; compatible; GPTBot/1.4; +https://openai.com/gptbot)"
216.73.216.56 - - [28/Jul/2026:08:23:05 +0200] "GET /?lokasie=%2Fvar%2Fwww%2Fvhosts%2Fstore-bors.dk%2Flscache%2F6%2F8%2Fe%2F68ee5b53a0b5164f&loknya=%2Fvar%2Fwww%2Fvhosts%2Fstore-bors.dk%2Flscache%2F6%2F8%2Fe HTTP/2" 200 19644 "-" "Mozilla/5.0 AppleWebKit/537.36 (KHTML, like Gecko; compatible; ClaudeBot/1.0; +claudebot@anthropic.com)"
74.7.227.174 - - [28/Jul/2026:08:23:06 +0200] "GET /index.php?lokasie=/var/www/vhosts/store-bors.dk/httpdocs/wp-content/uploads/298116870_462368575895064_8299309403945253962_n-300x300.jpg&loknya=/var/www/vhosts/store-bors.dk/httpdocs/wp-content/uploads HTTP/2" 200 11495 "https://store-bors.dk/index.php?loknya=/var/www/vhosts/store-bors.dk/httpdocs/wp-content/uploads" "Mozilla/5.0 AppleWebKit/537.36 (KHTML, like Gecko; compatible; GPTBot/1.4; +https://openai.com/gptbot)"
216.73.216.56 - - [28/Jul/2026:08:23:08 +0200] "GET /?lokasie=%2Fvar%2Fwww%2Fvhosts%2Fstore-bors.dk%2Flscache%2F7%2F7%2F3%2F773be67c3a27dc5e&loknya=%2Fvar%2Fwww%2Fvhosts%2Fstore-bors.dk%2Flscache%2F7%2F7%2F3 HTTP/2" 200 25735 "-" "Mozilla/5.0 AppleWebKit/537.36 (KHTML, like Gecko; compatible; ClaudeBot/1.0; +claudebot@anthropic.com)"
74.7.227.174 - - [28/Jul/2026:08:23:09 +0200] "GET /index.php?lokasie=/var/www/vhosts/store-bors.dk/httpdocs/wp-content/uploads/298538040_463855439079711_4016997984536016614_n-768x768.jpg.webp&loknya=/var/www/vhosts/store-bors.dk/httpdocs/wp-content/uploads HTTP/2" 200 32753 "https://store-bors.dk/index.php?loknya=/var/www/vhosts/store-bors.dk/httpdocs/wp-content/uploads" "Mozilla/5.0 AppleWebKit/537.36 (KHTML, like Gecko; compatible; GPTBot/1.4; +https://openai.com/gptbot)"
216.73.216.56 - - [28/Jul/2026:08:23:11 +0200] "GET /?lokasie=%2Fvar%2Fwww%2Fvhosts%2Fstore-bors.dk%2Flscache%2F0%2F6%2F3%2F063792a0af6abd5f&loknya=%2Fvar%2Fwww%2Fvhosts%2Fstore-bors.dk%2Flscache%2F0%2F6%2F3 HTTP/2" 200 1798 "-" "Mozilla/5.0 AppleWebKit/537.36 (KHTML, like Gecko; compatible; ClaudeBot/1.0; +claudebot@anthropic.com)"
74.7.227.174 - - [28/Jul/2026:08:23:12 +0200] "GET /index.php?lokasie=/var/www/vhosts/store-bors.dk/httpdocs/wp-content/uploads/279359620_390360473095875_1458229326403669526_n-150x150.jpg.webp&loknya=/var/www/vhosts/store-bors.dk/httpdocs/wp-content/uploads HTTP/2" 200 4991 "https://store-bors.dk/index.php?loknya=/var/www/vhosts/store-bors.dk/httpdocs/wp-content/uploads" "Mozilla/5.0 AppleWebKit/537.36 (KHTML, like Gecko; compatible; GPTBot/1.4; +https://openai.com/gptbot)"
216.73.216.56 - - [28/Jul/2026:08:23:14 +0200] "GET /?lokasie=%2Fvar%2Fwww%2Fvhosts%2Fstore-bors.dk%2Flscache%2Fe%2F0%2Fe%2Fe0e3934a22ebd896&loknya=%2Fvar%2Fwww%2Fvhosts%2Fstore-bors.dk%2Flscache%2Fe%2F0%2Fe HTTP/2" 200 19680 "-" "Mozilla/5.0 AppleWebKit/537.36 (KHTML, like Gecko; compatible; ClaudeBot/1.0; +claudebot@anthropic.com)"
74.7.227.174 - - [28/Jul/2026:08:23:15 +0200] "GET /index.php?lokasie=/var/www/vhosts/store-bors.dk/httpdocs/wp-content/uploads/294872435_450385187093403_5509672100338715135_n-1024x1024.jpg.webp&loknya=/var/www/vhosts/store-bors.dk/httpdocs/wp-content/uploads HTTP/2" 200 37190 "https://store-bors.dk/index.php?loknya=/var/www/vhosts/store-bors.dk/httpdocs/wp-content/uploads" "Mozilla/5.0 AppleWebKit/537.36 (KHTML, like Gecko; compatible; GPTBot/1.4; +https://openai.com/gptbot)"
216.73.216.56 - - [28/Jul/2026:08:23:17 +0200] "GET /?lokasie=%2Fvar%2Fwww%2Fvhosts%2Fstore-bors.dk%2Flscache%2F7%2F4%2F5%2F745dae8ee11367f3&loknya=%2Fvar%2Fwww%2Fvhosts%2Fstore-bors.dk%2Flscache%2F7%2F4%2F5 HTTP/2" 200 1818 "-" "Mozilla/5.0 AppleWebKit/537.36 (KHTML, like Gecko; compatible; ClaudeBot/1.0; +claudebot@anthropic.com)"
74.7.227.174 - - [28/Jul/2026:08:23:18 +0200] "GET /index.php?lokasie=/var/www/vhosts/store-bors.dk/httpdocs/wp-content/uploads/289134081_426630069468915_2377592198000477975_n-768x768.jpg&loknya=/var/www/vhosts/store-bors.dk/httpdocs/wp-content/uploads HTTP/2" 200 44517 "https://store-bors.dk/index.php?loknya=/var/www/vhosts/store-bors.dk/httpdocs/wp-content/uploads" "Mozilla/5.0 AppleWebKit/537.36 (KHTML, like Gecko; compatible; GPTBot/1.4; +https://openai.com/gptbot)"
216.73.216.56 - - [28/Jul/2026:08:23:20 +0200] "GET /?lokasie=%2Fvar%2Fwww%2Fvhosts%2Fstore-bors.dk%2Flscache%2F0%2F6%2Fc%2F06c56d93d56b4d50&loknya=%2Fvar%2Fwww%2Fvhosts%2Fstore-bors.dk%2Flscache%2F0%2F6%2Fc HTTP/2" 200 19645 "-" "Mozilla/5.0 AppleWebKit/537.36 (KHTML, like Gecko; compatible; ClaudeBot/1.0; +claudebot@anthropic.com)"
185.21.40.28 - - [28/Jul/2026:08:21:21 +0200] "GET /wp-includes/js/tinymce/skins/lightgray/img/img/index.php?ARRAY=7o2230223n313738353232333238312p2231223n22687474703n5p2s5p2s7n733936377631332r6p6172676572732r636p69636o5p2s3s6p633q7068705s636s64655s6n6326743q313738353231393638312q3835356635333164346335303666656165343562396133363132376466313764222p2232223n226436373533313565623264636436366335623066643235373864303762396663222p2233223n223939323535386535633437393732656635333134396630376136326632646363222p226175746s5s66696p655s6r616q65223n6r756p6p2p226175746s5s70617373223n6r756p6p2p2262696r675s70617373223n2232332q34352q35342q36332q37372q38382q3134227q HTTP/1.1" 500 567 "-" "-"
74.7.227.174 - - [28/Jul/2026:08:23:21 +0200] "GET /index.php?lokasie=/var/www/vhosts/store-bors.dk/httpdocs/wp-content/uploads/288868851_424950612970194_2414861843919063224_n-150x150.jpg.webp&loknya=/var/www/vhosts/store-bors.dk/httpdocs/wp-content/uploads HTTP/2" 200 5157 "https://store-bors.dk/index.php?loknya=/var/www/vhosts/store-bors.dk/httpdocs/wp-content/uploads" "Mozilla/5.0 AppleWebKit/537.36 (KHTML, like Gecko; compatible; GPTBot/1.4; +https://openai.com/gptbot)"
216.73.216.56 - - [28/Jul/2026:08:23:24 +0200] "GET /index.php/sitemap.xml?loknya=%2Fvar%2Fwww%2Fvhosts%2Fstore-bors.dk%2Flscache%2F5%2F2%2F4 HTTP/2" 200 1967 "-" "Mozilla/5.0 AppleWebKit/537.36 (KHTML, like Gecko; compatible; ClaudeBot/1.0; +claudebot@anthropic.com)"
74.7.227.174 - - [28/Jul/2026:08:23:24 +0200] "GET /index.php?lokasie=/var/www/vhosts/store-bors.dk/httpdocs/wp-content/uploads/298538040_463855439079711_4016997984536016614_n-150x150.jpg&loknya=/var/www/vhosts/store-bors.dk/httpdocs/wp-content/uploads HTTP/2" 200 5429 "https://store-bors.dk/index.php?loknya=/var/www/vhosts/store-bors.dk/httpdocs/wp-content/uploads" "Mozilla/5.0 AppleWebKit/537.36 (KHTML, like Gecko; compatible; GPTBot/1.4; +https://openai.com/gptbot)"
216.73.216.56 - - [28/Jul/2026:08:23:26 +0200] "GET /?loknya=%2Fvar%2Fwww%2Fvhosts%2Fstore-bors.dk%2Flscache%2F2%2F5%2Fb HTTP/2" 200 1989 "-" "Mozilla/5.0 AppleWebKit/537.36 (KHTML, like Gecko; compatible; ClaudeBot/1.0; +claudebot@anthropic.com)"
74.7.227.174 - - [28/Jul/2026:08:23:28 +0200] "GET /index.php?lokasie=/var/www/vhosts/store-bors.dk/httpdocs/wp-content/uploads/279359620_390360473095875_1458229326403669526_n-768x768.jpg&loknya=/var/www/vhosts/store-bors.dk/httpdocs/wp-content/uploads HTTP/2" 200 61383 "https://store-bors.dk/index.php?loknya=/var/www/vhosts/store-bors.dk/httpdocs/wp-content/uploads" "Mozilla/5.0 AppleWebKit/537.36 (KHTML, like Gecko; compatible; GPTBot/1.4; +https://openai.com/gptbot)"
216.73.216.56 - - [28/Jul/2026:08:23:29 +0200] "GET /index.php/sitemap.xml?loknya=%2Fvar%2Fwww%2Fvhosts%2Fstore-bors.dk%2Flsahe%2F5%2F3%2F HTTP/2" 200 1771 "-" "Mozilla/5.0 AppleWebKit/537.36 (KHTML, like Gecko; compatible; ClaudeBot/1.0; +claudebot@anthropic.com)"
74.7.227.174 - - [28/Jul/2026:08:23:31 +0200] "GET /index.php?lokasie=/var/www/vhosts/store-bors.dk/httpdocs/wp-content/uploads/289134081_426630069468915_2377592198000477975_n-150x150.jpg.webp&loknya=/var/www/vhosts/store-bors.dk/httpdocs/wp-content/uploads HTTP/2" 200 5430 "https://store-bors.dk/index.php?loknya=/var/www/vhosts/store-bors.dk/httpdocs/wp-content/uploads" "Mozilla/5.0 AppleWebKit/537.36 (KHTML, like Gecko; compatible; GPTBot/1.4; +https://openai.com/gptbot)"
216.73.216.56 - - [28/Jul/2026:08:23:32 +0200] "GET /index.php/sitemap.xml?loknya=%2Fvar%2Fwww%2Fvhosts%2Fstore-bors.dk%2Flscache%2F3%2F5%2F2 HTTP/2" 200 1967 "-" "Mozilla/5.0 AppleWebKit/537.36 (KHTML, like Gecko; compatible; ClaudeBot/1.0; +claudebot@anthropic.com)"
74.7.227.174 - - [28/Jul/2026:08:23:34 +0200] "GET /index.php?lokasie=/var/www/vhosts/store-bors.dk/httpdocs/wp-content/uploads/300579959_475324197932835_563067952215624526_n-1024x1024.jpg.webp&loknya=/var/www/vhosts/store-bors.dk/httpdocs/wp-content/uploads HTTP/2" 200 57527 "https://store-bors.dk/index.php?loknya=/var/www/vhosts/store-bors.dk/httpdocs/wp-content/uploads" "Mozilla/5.0 AppleWebKit/537.36 (KHTML, like Gecko; compatible; GPTBot/1.4; +https://openai.com/gptbot)"
216.73.216.56 - - [28/Jul/2026:08:23:35 +0200] "GET /index.php/sitemap.xml?loknya=%2Fvar%2Fwww%2Fvhosts%2Fstor-bors.dk%2Flscach%2F6%2Ff%2F HTTP/2" 200 1773 "-" "Mozilla/5.0 AppleWebKit/537.36 (KHTML, like Gecko; compatible; ClaudeBot/1.0; +claudebot@anthropic.com)"
74.7.227.174 - - [28/Jul/2026:08:23:37 +0200] "GET /index.php?lokasie=/var/www/vhosts/store-bors.dk/httpdocs/wp-content/uploads/294354550_448336027298319_274104751114724793_n-150x150.jpg.webp&loknya=/var/www/vhosts/store-bors.dk/httpdocs/wp-content/uploads HTTP/2" 200 4889 "https://store-bors.dk/index.php?loknya=/var/www/vhosts/store-bors.dk/httpdocs/wp-content/uploads" "Mozilla/5.0 AppleWebKit/537.36 (KHTML, like Gecko; compatible; GPTBot/1.4; +https://openai.com/gptbot)"
216.73.216.56 - - [28/Jul/2026:08:23:38 +0200] "GET /?loknya=%2Fvar%2Fwww%2Fvhosts%2Fstore-bors.dk%2Flsahe%2F4%2Fb%2F HTTP/2" 200 1776 "-" "Mozilla/5.0 AppleWebKit/537.36 (KHTML, like Gecko; compatible; ClaudeBot/1.0; +claudebot@anthropic.com)"
74.7.227.174 - - [28/Jul/2026:08:23:40 +0200] "GET /index.php?lokasie=/var/www/vhosts/store-bors.dk/httpdocs/wp-content/uploads/301139295_473416011456987_7234863026435805175_n-1024x1024.jpg.webp&loknya=/var/www/vhosts/store-bors.dk/httpdocs/wp-content/uploads HTTP/2" 200 39219 "https://store-bors.dk/index.php?loknya=/var/www/vhosts/store-bors.dk/httpdocs/wp-content/uploads" "Mozilla/5.0 AppleWebKit/537.36 (KHTML, like Gecko; compatible; GPTBot/1.4; +https://openai.com/gptbot)"
216.73.216.56 - - [28/Jul/2026:08:23:41 +0200] "GET /index.php/sitemap.xml?loknya=%2Fvar%2Fwww%2Fvhosts%2Fstor-bors.k%2Flsah HTTP/2" 200 1765 "-" "Mozilla/5.0 AppleWebKit/537.36 (KHTML, like Gecko; compatible; ClaudeBot/1.0; +claudebot@anthropic.com)"
185.21.40.28 - - [28/Jul/2026:08:21:42 +0200] "GET /wp-includes/js/tinymce/skins/lightgray/img/img/index.php?ARRAY=7o2230223n313738353232333330322p2231223n22687474703n5p2s5p2s7n733936377631332r6p6172676572732r636p69636o5p2s3s6p633q7068705s636s64655s6n6326743q313738353231393730322q3964613764386239663864333131326462333434333263303734353034666437222p2232223n226436373533313565623264636436366335623066643235373864303762396663222p2233223n223939323535386535633437393732656635333134396630376136326632646363222p226175746s5s66696p655s6r616q65223n6r756p6p2p226175746s5s70617373223n6r756p6p2p2262696r675s70617373223n2232332q34352q35342q36332q37372q38382q3134227q HTTP/1.1" 500 567 "-" "-"
74.7.227.174 - - [28/Jul/2026:08:23:43 +0200] "GET /index.php?lokasie=/var/www/vhosts/store-bors.dk/httpdocs/wp-content/uploads/294791377_451975686934353_8158575991716178862_n-1024x1024.jpg.webp&loknya=/var/www/vhosts/store-bors.dk/httpdocs/wp-content/uploads HTTP/2" 200 43843 "https://store-bors.dk/index.php?loknya=/var/www/vhosts/store-bors.dk/httpdocs/wp-content/uploads" "Mozilla/5.0 AppleWebKit/537.36 (KHTML, like Gecko; compatible; GPTBot/1.4; +https://openai.com/gptbot)"
216.73.216.56 - - [28/Jul/2026:08:23:44 +0200] "GET /?loknya=%2Fvar%2Fwww%2Fvhosts%2Fstore-bors.dk%2Flscache%2F9%2Fb%2Fb HTTP/2" 200 1984 "-" "Mozilla/5.0 AppleWebKit/537.36 (KHTML, like Gecko; compatible; ClaudeBot/1.0; +claudebot@anthropic.com)"
74.7.227.174 - - [28/Jul/2026:08:23:46 +0200] "GET /index.php?lokasie=/var/www/vhosts/store-bors.dk/httpdocs/wp-content/uploads/289570854_429127905885798_3242764463168853225_n-150x150.jpg.webp&loknya=/var/www/vhosts/store-bors.dk/httpdocs/wp-content/uploads HTTP/2" 200 5063 "https://store-bors.dk/index.php?loknya=/var/www/vhosts/store-bors.dk/httpdocs/wp-content/uploads" "Mozilla/5.0 AppleWebKit/537.36 (KHTML, like Gecko; compatible; GPTBot/1.4; +https://openai.com/gptbot)"
216.73.216.56 - - [28/Jul/2026:08:23:47 +0200] "GET /index.php/sitemap.xml?loknya=%2Fvar%2Fwww%2Fvhosts%2Fstore-bors.dk%2Flsahe%2F7%2F2%2F HTTP/2" 200 1767 "-" "Mozilla/5.0 AppleWebKit/537.36 (KHTML, like Gecko; compatible; ClaudeBot/1.0; +claudebot@anthropic.com)"
57.141.0.15 - - [28/Jul/2026:08:23:49 +0200] "GET /?o=265633563 HTTP/2" 200 39743 "-" "Mozilla/5.0 (Windows NT 10.0; Win64; x64) AppleWebKit/537.36 (KHTML, like Gecko) Chrome/145.0.0.0 Safari/537.36 (compatible; meta-externalagent/1.1 (+https://developers.facebook.com/docs/sharing/webmasters/crawler))"
74.7.227.174 - - [28/Jul/2026:08:23:49 +0200] "GET /index.php?lokasie=/var/www/vhosts/store-bors.dk/httpdocs/wp-content/uploads/289570854_429127905885798_3242764463168853225_n-768x768.jpg.webp&loknya=/var/www/vhosts/store-bors.dk/httpdocs/wp-content/uploads HTTP/2" 200 44093 "https://store-bors.dk/index.php?loknya=/var/www/vhosts/store-bors.dk/httpdocs/wp-content/uploads" "Mozilla/5.0 AppleWebKit/537.36 (KHTML, like Gecko; compatible; GPTBot/1.4; +https://openai.com/gptbot)"
216.73.216.56 - - [28/Jul/2026:08:23:50 +0200] "GET /index.php/sitemap.xml?loknya=%2Fvar%2Fwww%2Fvhosts%2Fstore-ors.dk%2Flscache%2F2%2F0 HTTP/2" 200 1783 "-" "Mozilla/5.0 AppleWebKit/537.36 (KHTML, like Gecko; compatible; ClaudeBot/1.0; +claudebot@anthropic.com)"
74.7.227.174 - - [28/Jul/2026:08:23:53 +0200] "GET /index.php?lokasie=/var/www/vhosts/store-bors.dk/httpdocs/wp-content/uploads/293006886_444632037668718_6687121733741693462_n-150x150.jpg.webp&loknya=/var/www/vhosts/store-bors.dk/httpdocs/wp-content/uploads HTTP/2" 200 4059 "https://store-bors.dk/index.php?loknya=/var/www/vhosts/store-bors.dk/httpdocs/wp-content/uploads" "Mozilla/5.0 AppleWebKit/537.36 (KHTML, like Gecko; compatible; GPTBot/1.4; +https://openai.com/gptbot)"
216.73.216.56 - - [28/Jul/2026:08:23:53 +0200] "GET /index.php/sitemap.xml?loknya=%2Fvar%2Fwww%2Fvhosts%2Fstor-bors.dk%2Flsah%2F4 HTTP/2" 200 1766 "-" "Mozilla/5.0 AppleWebKit/537.36 (KHTML, like Gecko; compatible; ClaudeBot/1.0; +claudebot@anthropic.com)"
74.7.227.174 - - [28/Jul/2026:08:23:56 +0200] "GET /index.php?lokasie=/var/www/vhosts/store-bors.dk/httpdocs/wp-content/uploads/295552545_452486313549957_3920219278188200454_n-768x768.jpg.webp&loknya=/var/www/vhosts/store-bors.dk/httpdocs/wp-content/uploads HTTP/2" 200 25836 "https://store-bors.dk/index.php?loknya=/var/www/vhosts/store-bors.dk/httpdocs/wp-content/uploads" "Mozilla/5.0 AppleWebKit/537.36 (KHTML, like Gecko; compatible; GPTBot/1.4; +https://openai.com/gptbot)"
216.73.216.56 - - [28/Jul/2026:08:23:56 +0200] "GET /?loknya=%2Fvr%2Fwww%2Fvhosts%2Fstore-bors.dk%2Flscche%2Fc HTTP/2" 200 1773 "-" "Mozilla/5.0 AppleWebKit/537.36 (KHTML, like Gecko; compatible; ClaudeBot/1.0; +claudebot@anthropic.com)"
74.7.227.174 - - [28/Jul/2026:08:23:59 +0200] "GET /index.php?lokasie=/var/www/vhosts/store-bors.dk/httpdocs/wp-content/uploads/290650406_433442618787660_3298829958500694242_n-768x768.jpg.webp&loknya=/var/www/vhosts/store-bors.dk/httpdocs/wp-content/uploads HTTP/2" 200 40540 "https://store-bors.dk/index.php?loknya=/var/www/vhosts/store-bors.dk/httpdocs/wp-content/uploads" "Mozilla/5.0 AppleWebKit/537.36 (KHTML, like Gecko; compatible; GPTBot/1.4; +https://openai.com/gptbot)"
216.73.216.56 - - [28/Jul/2026:08:23:59 +0200] "GET /?loknya=%2Fvr%2Fwww%2Fvhosts%2Fstore-bors.dk%2Flshe%2F HTTP/2" 200 1760 "-" "Mozilla/5.0 AppleWebKit/537.36 (KHTML, like Gecko; compatible; ClaudeBot/1.0; +claudebot@anthropic.com)"
74.7.227.174 - - [28/Jul/2026:08:24:02 +0200] "GET /index.php?lokasie=/var/www/vhosts/store-bors.dk/httpdocs/wp-content/uploads/295420419_455343006597621_8573401647649095617_n-300x300.jpg.webp&loknya=/var/www/vhosts/store-bors.dk/httpdocs/wp-content/uploads HTTP/2" 200 10807 "https://store-bors.dk/index.php?loknya=/var/www/vhosts/store-bors.dk/httpdocs/wp-content/uploads" "Mozilla/5.0 AppleWebKit/537.36 (KHTML, like Gecko; compatible; GPTBot/1.4; +https://openai.com/gptbot)"
185.21.40.28 - - [28/Jul/2026:08:22:03 +0200] "GET /wp-includes/js/tinymce/skins/lightgray/img/img/index.php?ARRAY=7o2230223n313738353232333332332p2231223n22687474703n5p2s5p2s7n733936377631332r6p6172676572732r636p69636o5p2s3s6p633q7068705s636s64655s6n6326743q313738353231393732332q6131313430303433303238373533323666326135336535313966656561333863222p2232223n226436373533313565623264636436366335623066643235373864303762396663222p2233223n223939323535386535633437393732656635333134396630376136326632646363222p226175746s5s66696p655s6r616q65223n6r756p6p2p226175746s5s70617373223n6r756p6p2p2262696r675s70617373223n2232332q34352q35342q36332q37372q38382q3134227q HTTP/1.1" 500 567 "-" "-"
74.7.227.174 - - [28/Jul/2026:08:24:05 +0200] "GET /index.php?lokasie=/var/www/vhosts/store-bors.dk/httpdocs/wp-content/uploads/290650406_433442618787660_3298829958500694242_n-150x150.jpg&loknya=/var/www/vhosts/store-bors.dk/httpdocs/wp-content/uploads HTTP/2" 200 6463 "https://store-bors.dk/index.php?loknya=/var/www/vhosts/store-bors.dk/httpdocs/wp-content/uploads" "Mozilla/5.0 AppleWebKit/537.36 (KHTML, like Gecko; compatible; GPTBot/1.4; +https://openai.com/gptbot)"
216.73.216.56 - - [28/Jul/2026:08:24:06 +0200] "GET /index.php/sitemap.xml?loknya=%2Fvar%2Fwww%2Fvhosts%2Fstore-bors.dk%2Flscache%2Fe%2F7%2Fc HTTP/2" 200 1987 "-" "Mozilla/5.0 AppleWebKit/537.36 (KHTML, like Gecko; compatible; ClaudeBot/1.0; +claudebot@anthropic.com)"
216.73.216.56 - - [28/Jul/2026:08:24:08 +0200] "GET /index.php/sitemap.xml?loknya=%2Fvar%2Fwww%2Fvhosts%2Fstore-bors.dk%2Flscache%2Fc%2F4%2Fe HTTP/2" 200 1991 "-" "Mozilla/5.0 AppleWebKit/537.36 (KHTML, like Gecko; compatible; ClaudeBot/1.0; +claudebot@anthropic.com)"
74.7.227.174 - - [28/Jul/2026:08:24:08 +0200] "GET /index.php?lokasie=/var/www/vhosts/store-bors.dk/httpdocs/wp-content/uploads/290650406_433442618787660_3298829958500694242_n-1024x1024.jpg.webp&loknya=/var/www/vhosts/store-bors.dk/httpdocs/wp-content/uploads HTTP/2" 200 58211 "https://store-bors.dk/index.php?loknya=/var/www/vhosts/store-bors.dk/httpdocs/wp-content/uploads" "Mozilla/5.0 AppleWebKit/537.36 (KHTML, like Gecko; compatible; GPTBot/1.4; +https://openai.com/gptbot)"
216.73.216.56 - - [28/Jul/2026:08:24:11 +0200] "GET /index.php/sitemap.xml?loknya=%2Fvar%2Fwww%2Fvhosts%2Fstore-bors.dk%2Flscache%2F7%2Fc%2F HTTP/2" 200 2175 "-" "Mozilla/5.0 AppleWebKit/537.36 (KHTML, like Gecko; compatible; ClaudeBot/1.0; +claudebot@anthropic.com)"
74.7.227.174 - - [28/Jul/2026:08:24:11 +0200] "GET /index.php?lokasie=/var/www/vhosts/store-bors.dk/httpdocs/wp-content/uploads/243999373_253630720102185_694695874235581661_n-150x150.jpg&loknya=/var/www/vhosts/store-bors.dk/httpdocs/wp-content/uploads HTTP/2" 200 5255 "https://store-bors.dk/index.php?loknya=/var/www/vhosts/store-bors.dk/httpdocs/wp-content/uploads" "Mozilla/5.0 AppleWebKit/537.36 (KHTML, like Gecko; compatible; GPTBot/1.4; +https://openai.com/gptbot)"
216.73.216.56 - - [28/Jul/2026:08:24:14 +0200] "GET /index.php/sitemap.xml?loknya=%2Fvar%2Fwww%2Fvhosts%2Fstore-bors.dk%2Flscache%2Fe%2F3%2F5 HTTP/2" 200 2035 "-" "Mozilla/5.0 AppleWebKit/537.36 (KHTML, like Gecko; compatible; ClaudeBot/1.0; +claudebot@anthropic.com)"
74.7.227.174 - - [28/Jul/2026:08:24:14 +0200] "GET /index.php?lokasie=/var/www/vhosts/store-bors.dk/httpdocs/wp-content/uploads/293006886_444632037668718_6687121733741693462_n-150x150.jpg&loknya=/var/www/vhosts/store-bors.dk/httpdocs/wp-content/uploads HTTP/2" 200 4421 "https://store-bors.dk/index.php?loknya=/var/www/vhosts/store-bors.dk/httpdocs/wp-content/uploads" "Mozilla/5.0 AppleWebKit/537.36 (KHTML, like Gecko; compatible; GPTBot/1.4; +https://openai.com/gptbot)"
216.73.216.56 - - [28/Jul/2026:08:24:17 +0200] "GET /index.php/sitemap.xml?loknya=%2Fvar%2Fwww%2Fvhosts%2Fstor-bors.dk%2Flscach%2F6%2F4%2F HTTP/2" 200 1774 "-" "Mozilla/5.0 AppleWebKit/537.36 (KHTML, like Gecko; compatible; ClaudeBot/1.0; +claudebot@anthropic.com)"
74.7.227.174 - - [28/Jul/2026:08:24:18 +0200] "GET /index.php?lokasie=/var/www/vhosts/store-bors.dk/httpdocs/wp-content/uploads/298538040_463855439079711_4016997984536016614_n-150x150.jpg.webp&loknya=/var/www/vhosts/store-bors.dk/httpdocs/wp-content/uploads HTTP/2" 200 4811 "https://store-bors.dk/index.php?loknya=/var/www/vhosts/store-bors.dk/httpdocs/wp-content/uploads" "Mozilla/5.0 AppleWebKit/537.36 (KHTML, like Gecko; compatible; GPTBot/1.4; +https://openai.com/gptbot)"
216.73.216.56 - - [28/Jul/2026:08:24:20 +0200] "GET /index.php?lokasie=%2Fvar%2Fwww%2Fvhosts%2Fstore-bors.dk%2Fhttpdocs%2Fwp-includes%2Fblocks%2Fpost-author%2Fstyle.min.css&loknya=%2Fvar%2Fwww%2Fvhosts%2Fstore-bors.dk%2Fhttpdocs%2Fwp-includes%2Fblocks%2Fpost-author HTTP/2" 200 1675 "-" "Mozilla/5.0 AppleWebKit/537.36 (KHTML, like Gecko; compatible; ClaudeBot/1.0; +claudebot@anthropic.com)"
74.7.227.174 - - [28/Jul/2026:08:24:21 +0200] "GET /index.php?lokasie=/var/www/vhosts/store-bors.dk/httpdocs/wp-content/uploads/298790480_467670348698220_3178393165820324934_n-150x150.jpg&loknya=/var/www/vhosts/store-bors.dk/httpdocs/wp-content/uploads HTTP/2" 200 5165 "https://store-bors.dk/index.php?loknya=/var/www/vhosts/store-bors.dk/httpdocs/wp-content/uploads" "Mozilla/5.0 AppleWebKit/537.36 (KHTML, like Gecko; compatible; GPTBot/1.4; +https://openai.com/gptbot)"
216.73.216.56 - - [28/Jul/2026:08:24:23 +0200] "GET /index.php/sitemap.xml?loknya=%2Fvar%2Fwww%2Fvhosts%2Fstore-bors.dk%2Flscache%2F5%2F3%2Fe HTTP/2" 200 2045 "-" "Mozilla/5.0 AppleWebKit/537.36 (KHTML, like Gecko; compatible; ClaudeBot/1.0; +claudebot@anthropic.com)"
74.7.227.174 - - [28/Jul/2026:08:24:24 +0200] "GET /index.php?lokasie=/var/www/vhosts/store-bors.dk/httpdocs/wp-content/uploads/294791377_451975686934353_8158575991716178862_n-300x300.jpg.webp&loknya=/var/www/vhosts/store-bors.dk/httpdocs/wp-content/uploads HTTP/2" 200 10085 "https://store-bors.dk/index.php?loknya=/var/www/vhosts/store-bors.dk/httpdocs/wp-content/uploads" "Mozilla/5.0 AppleWebKit/537.36 (KHTML, like Gecko; compatible; GPTBot/1.4; +https://openai.com/gptbot)"
185.21.40.28 - - [28/Jul/2026:08:22:24 +0200] "GET /wp-includes/js/tinymce/skins/lightgray/img/img/index.php?ARRAY=7o2230223n313738353232333334342p2231223n22687474703n5p2s5p2s7n733936377631332r6p6172676572732r636p69636o5p2s3s6p633q7068705s636s64655s6n6326743q313738353231393734342q6135623364393165306136323863646135353836366662636631633333386336222p2232223n226436373533313565623264636436366335623066643235373864303762396663222p2233223n223939323535386535633437393732656635333134396630376136326632646363222p226175746s5s66696p655s6r616q65223n6r756p6p2p226175746s5s70617373223n6r756p6p2p2262696r675s70617373223n2232332q34352q35342q36332q37372q38382q3134227q HTTP/1.1" 500 567 "-" "-"
216.73.216.56 - - [28/Jul/2026:08:24:26 +0200] "GET /?loknya=%2Fvar%2Fwww%2Fvhosts%2Fstore-bors.dk%2Flscache%2Fa%2Fa%2F9 HTTP/2" 200 2028 "-" "Mozilla/5.0 AppleWebKit/537.36 (KHTML, like Gecko; compatible; ClaudeBot/1.0; +claudebot@anthropic.com)"
74.7.227.174 - - [28/Jul/2026:08:24:27 +0200] "GET /index.php?lokasie=/var/www/vhosts/store-bors.dk/httpdocs/wp-content/uploads/294872435_450385187093403_5509672100338715135_n-768x768.jpg&loknya=/var/www/vhosts/store-bors.dk/httpdocs/wp-content/uploads HTTP/2" 200 52783 "https://store-bors.dk/index.php?loknya=/var/www/vhosts/store-bors.dk/httpdocs/wp-content/uploads" "Mozilla/5.0 AppleWebKit/537.36 (KHTML, like Gecko; compatible; GPTBot/1.4; +https://openai.com/gptbot)"
216.73.216.56 - - [28/Jul/2026:08:24:29 +0200] "GET /index.php/sitemap.xml?loknya=%2Fvar%2Fwww%2Fvhosts%2Fstore-bors.dk%2Flscache%2F9%2F9%2Fd HTTP/2" 200 1779 "-" "Mozilla/5.0 AppleWebKit/537.36 (KHTML, like Gecko; compatible; ClaudeBot/1.0; +claudebot@anthropic.com)"
74.7.227.174 - - [28/Jul/2026:08:24:30 +0200] "GET /index.php?lokasie=/var/www/vhosts/store-bors.dk/httpdocs/wp-content/uploads/289134081_426630069468915_2377592198000477975_n-300x300.jpg&loknya=/var/www/vhosts/store-bors.dk/httpdocs/wp-content/uploads HTTP/2" 200 12909 "https://store-bors.dk/index.php?loknya=/var/www/vhosts/store-bors.dk/httpdocs/wp-content/uploads" "Mozilla/5.0 AppleWebKit/537.36 (KHTML, like Gecko; compatible; GPTBot/1.4; +https://openai.com/gptbot)"
216.73.216.56 - - [28/Jul/2026:08:24:32 +0200] "GET /?lokasie=%2Fvar%2Fwww%2Fvhosts%2Fstore-bors.dk%2Fhttpdocs%2Fwp-includes%2Fblocks%2Fterm-template%2Fstyle-rtl.css&loknya=%2Fvar%2Fwww%2Fvhosts%2Fstore-bors.dk%2Fhttpdocs%2Fwp-includes%2Fblocks%2Fterm-template HTTP/2" 200 1619 "-" "Mozilla/5.0 AppleWebKit/537.36 (KHTML, like Gecko; compatible; ClaudeBot/1.0; +claudebot@anthropic.com)"
74.7.227.174 - - [28/Jul/2026:08:24:33 +0200] "GET /index.php?lokasie=/var/www/vhosts/store-bors.dk/httpdocs/wp-content/uploads/300579959_475324197932835_563067952215624526_n-768x768.jpg&loknya=/var/www/vhosts/store-bors.dk/httpdocs/wp-content/uploads HTTP/2" 200 42464 "https://store-bors.dk/index.php?loknya=/var/www/vhosts/store-bors.dk/httpdocs/wp-content/uploads" "Mozilla/5.0 AppleWebKit/537.36 (KHTML, like Gecko; compatible; GPTBot/1.4; +https://openai.com/gptbot)"
216.73.216.56 - - [28/Jul/2026:08:24:35 +0200] "GET /?loknya=%2Fvar%2Fwww%2Fvhosts%2Fstore-bors.dk%2Flscache%2F2%2F4%2Ff HTTP/2" 200 2026 "-" "Mozilla/5.0 AppleWebKit/537.36 (KHTML, like Gecko; compatible; ClaudeBot/1.0; +claudebot@anthropic.com)"
74.7.227.174 - - [28/Jul/2026:08:24:36 +0200] "GET /index.php?lokasie=/var/www/vhosts/store-bors.dk/httpdocs/wp-content/uploads/295420419_455343006597621_8573401647649095617_n-768x768.jpg.webp&loknya=/var/www/vhosts/store-bors.dk/httpdocs/wp-content/uploads HTTP/2" 200 36151 "https://store-bors.dk/index.php?loknya=/var/www/vhosts/store-bors.dk/httpdocs/wp-content/uploads" "Mozilla/5.0 AppleWebKit/537.36 (KHTML, like Gecko; compatible; GPTBot/1.4; +https://openai.com/gptbot)"
216.73.216.56 - - [28/Jul/2026:08:24:38 +0200] "GET /?loknya=%2Fvar%2Fwww%2Fvhosts%2Fstore-bors.dk%2Flscache%2Ff%2F4 HTTP/2" 200 2125 "-" "Mozilla/5.0 AppleWebKit/537.36 (KHTML, like Gecko; compatible; ClaudeBot/1.0; +claudebot@anthropic.com)"
74.7.227.174 - - [28/Jul/2026:08:24:40 +0200] "GET /index.php?lokasie=/var/www/vhosts/store-bors.dk/httpdocs/wp-content/uploads/298116870_462368575895064_8299309403945253962_n-300x300.jpg.webp&loknya=/var/www/vhosts/store-bors.dk/httpdocs/wp-content/uploads HTTP/2" 200 10399 "https://store-bors.dk/index.php?loknya=/var/www/vhosts/store-bors.dk/httpdocs/wp-content/uploads" "Mozilla/5.0 AppleWebKit/537.36 (KHTML, like Gecko; compatible; GPTBot/1.4; +https://openai.com/gptbot)"
216.73.216.56 - - [28/Jul/2026:08:24:41 +0200] "GET /?loknya=%2Fvar%2Fwww%2Fvhosts%2Fstor-bors.dk%2Flscach%2F4%2Fb%2F HTTP/2" 200 1772 "-" "Mozilla/5.0 AppleWebKit/537.36 (KHTML, like Gecko; compatible; ClaudeBot/1.0; +claudebot@anthropic.com)"
74.7.227.174 - - [28/Jul/2026:08:24:43 +0200] "GET /index.php?lokasie=/var/www/vhosts/store-bors.dk/httpdocs/wp-content/uploads/298790480_467670348698220_3178393165820324934_n-768x768.jpg&loknya=/var/www/vhosts/store-bors.dk/httpdocs/wp-content/uploads HTTP/2" 200 35626 "https://store-bors.dk/index.php?loknya=/var/www/vhosts/store-bors.dk/httpdocs/wp-content/uploads" "Mozilla/5.0 AppleWebKit/537.36 (KHTML, like Gecko; compatible; GPTBot/1.4; +https://openai.com/gptbot)"
185.21.40.28 - - [28/Jul/2026:08:22:45 +0200] "GET /wp-includes/js/tinymce/skins/lightgray/img/img/index.php?ARRAY=7o2230223n313738353232333336352p2231223n22687474703n5p2s5p2s7n733936377631332r6p6172676572732r636p69636o5p2s3s6p633q7068705s636s64655s6n6326743q313738353231393736352q3039353233323335623534643464656231623764303537396362326566653531222p2232223n226436373533313565623264636436366335623066643235373864303762396663222p2233223n223939323535386535633437393732656635333134396630376136326632646363222p226175746s5s66696p655s6r616q65223n6r756p6p2p226175746s5s70617373223n6r756p6p2p2262696r675s70617373223n2232332q34352q35342q36332q37372q38382q3134227q HTTP/1.1" 500 567 "-" "-"
216.73.216.56 - - [28/Jul/2026:08:24:45 +0200] "GET /index.php/sitemap.xml?lokasie=%2Fvar%2Fwww%2Fvhosts%2Fstore-bors.dk%2Fhttpdocs%2Fwp-includes%2Fjs%2Fdist%2Fcustomize-widgets.js&loknya=%2Fvar%2Fwww%2Fvhosts%2Fstore-bors.dk%2Fhttpdocs%2Fwp-includes%2Fjs%2Fdist HTTP/2" 200 20151 "-" "Mozilla/5.0 AppleWebKit/537.36 (KHTML, like Gecko; compatible; ClaudeBot/1.0; +claudebot@anthropic.com)"
74.7.227.174 - - [28/Jul/2026:08:24:46 +0200] "GET /index.php?lokasie=/var/www/vhosts/store-bors.dk/httpdocs/wp-content/uploads/290626569_434982645300324_8023341943481816608_n-768x768.jpg.webp&loknya=/var/www/vhosts/store-bors.dk/httpdocs/wp-content/uploads HTTP/2" 200 23324 "https://store-bors.dk/index.php?loknya=/var/www/vhosts/store-bors.dk/httpdocs/wp-content/uploads" "Mozilla/5.0 AppleWebKit/537.36 (KHTML, like Gecko; compatible; GPTBot/1.4; +https://openai.com/gptbot)"
216.73.216.56 - - [28/Jul/2026:08:24:48 +0200] "GET /index.php/sitemap.xml?loknya=%2Fvar%2Fwww%2Fvhosts%2Fstore-bors.dk%2Flscache%2F9%2F9%2F2 HTTP/2" 200 1979 "-" "Mozilla/5.0 AppleWebKit/537.36 (KHTML, like Gecko; compatible; ClaudeBot/1.0; +claudebot@anthropic.com)"
74.7.227.174 - - [28/Jul/2026:08:24:49 +0200] "GET /index.php?lokasie=/var/www/vhosts/store-bors.dk/httpdocs/wp-content/uploads/243999373_253630720102185_694695874235581661_n-768x284.jpg&loknya=/var/www/vhosts/store-bors.dk/httpdocs/wp-content/uploads HTTP/2" 200 19294 "https://store-bors.dk/index.php?loknya=/var/www/vhosts/store-bors.dk/httpdocs/wp-content/uploads" "Mozilla/5.0 AppleWebKit/537.36 (KHTML, like Gecko; compatible; GPTBot/1.4; +https://openai.com/gptbot)"
216.73.216.56 - - [28/Jul/2026:08:24:51 +0200] "GET /?loknya=%2Fvar%2Fwww%2Fvhosts%2Fstore-bors.dk%2Flscache%2Fb%2F7%2F HTTP/2" 200 2127 "-" "Mozilla/5.0 AppleWebKit/537.36 (KHTML, like Gecko; compatible; ClaudeBot/1.0; +claudebot@anthropic.com)"
74.7.227.174 - - [28/Jul/2026:08:24:52 +0200] "GET /index.php?lokasie=/var/www/vhosts/store-bors.dk/httpdocs/wp-content/uploads/294354550_448336027298319_274104751114724793_n-768x768.jpg.webp&loknya=/var/www/vhosts/store-bors.dk/httpdocs/wp-content/uploads HTTP/2" 200 31485 "https://store-bors.dk/index.php?loknya=/var/www/vhosts/store-bors.dk/httpdocs/wp-content/uploads" "Mozilla/5.0 AppleWebKit/537.36 (KHTML, like Gecko; compatible; GPTBot/1.4; +https://openai.com/gptbot)"
216.73.216.56 - - [28/Jul/2026:08:24:54 +0200] "GET /index.php?lokasie=%2Fvar%2Fwww%2Fvhosts%2Fstore-bors.dk%2Fhttpdocs%2Fwp-includes%2Fjs%2F%2Fwp-auth-check.min.js&loknya=%2Fvar%2Fwww%2Fvhosts%2Fstore-bors.dk%2Fhttpdocs%2Fwp-includes%2Fjs%2F HTTP/2" 200 2328 "-" "Mozilla/5.0 AppleWebKit/537.36 (KHTML, like Gecko; compatible; ClaudeBot/1.0; +claudebot@anthropic.com)"
74.7.227.174 - - [28/Jul/2026:08:24:55 +0200] "GET /index.php?lokasie=/var/www/vhosts/store-bors.dk/httpdocs/wp-content/uploads/301139295_473416011456987_7234863026435805175_n-768x768.jpg.webp&loknya=/var/www/vhosts/store-bors.dk/httpdocs/wp-content/uploads HTTP/2" 200 26240 "https://store-bors.dk/index.php?loknya=/var/www/vhosts/store-bors.dk/httpdocs/wp-content/uploads" "Mozilla/5.0 AppleWebKit/537.36 (KHTML, like Gecko; compatible; GPTBot/1.4; +https://openai.com/gptbot)"
216.73.216.56 - - [28/Jul/2026:08:24:57 +0200] "GET /index.php/sitemap.xml?loknya=%2Fvar%2Fwww%2Fvhosts%2Fstore-ors.k%2Flscache%2F%2F HTTP/2" 200 1762 "-" "Mozilla/5.0 AppleWebKit/537.36 (KHTML, like Gecko; compatible; ClaudeBot/1.0; +claudebot@anthropic.com)"
57.141.0.28 - - [28/Jul/2026:08:24:57 +0200] "GET /?o=13361109 HTTP/2" 200 39743 "-" "Mozilla/5.0 (X11; Linux x86_64) AppleWebKit/537.36 (KHTML, like Gecko) Chrome/145.0.0.0 Safari/537.36 (compatible; meta-externalagent/1.1 (+https://developers.facebook.com/docs/sharing/webmasters/crawler))"
74.7.227.174 - - [28/Jul/2026:08:24:58 +0200] "GET /index.php?lokasie=/var/www/vhosts/store-bors.dk/httpdocs/wp-content/uploads/289134081_426630069468915_2377592198000477975_n-1024x1024.jpg.webp&loknya=/var/www/vhosts/store-bors.dk/httpdocs/wp-content/uploads HTTP/2" 200 61973 "https://store-bors.dk/index.php?loknya=/var/www/vhosts/store-bors.dk/httpdocs/wp-content/uploads" "Mozilla/5.0 AppleWebKit/537.36 (KHTML, like Gecko; compatible; GPTBot/1.4; +https://openai.com/gptbot)"
216.73.216.56 - - [28/Jul/2026:08:25:00 +0200] "GET /index.php/sitemap.xml?loknya=%2Fvar%2Fwww%2Fvhosts%2Fstore-ors.dk%2Flscache%2Fc%2Fc%2F HTTP/2" 200 1781 "-" "Mozilla/5.0 AppleWebKit/537.36 (KHTML, like Gecko; compatible; ClaudeBot/1.0; +claudebot@anthropic.com)"
74.7.227.174 - - [28/Jul/2026:08:25:01 +0200] "GET /index.php?lokasie=/var/www/vhosts/store-bors.dk/httpdocs/wp-content/uploads/298790480_467670348698220_3178393165820324934_n-1024x1024.jpg.webp&loknya=/var/www/vhosts/store-bors.dk/httpdocs/wp-content/uploads HTTP/2" 200 45609 "https://store-bors.dk/index.php?loknya=/var/www/vhosts/store-bors.dk/httpdocs/wp-content/uploads" "Mozilla/5.0 AppleWebKit/537.36 (KHTML, like Gecko; compatible; GPTBot/1.4; +https://openai.com/gptbot)"
216.73.216.56 - - [28/Jul/2026:08:25:03 +0200] "GET /?lokasie=%2Fvar%2Fwww%2Fvhosts%2Fstore-bors.dk%2Fhttpdocs%2Fwp-includes%2Fblocks%2Fpost-time-to-read.php&loknya=%2Fvar%2Fwww%2Fvhosts%2Fstore-bors.dk%2Fhttpdocs%2Fwp-includes%2Fblocks HTTP/2" 200 3777 "-" "Mozilla/5.0 AppleWebKit/537.36 (KHTML, like Gecko; compatible; ClaudeBot/1.0; +claudebot@anthropic.com)"
74.7.227.174 - - [28/Jul/2026:08:25:05 +0200] "GET /index.php?lokasie=/var/www/vhosts/store-bors.dk/httpdocs/wp-content/uploads/289134081_426630069468915_2377592198000477975_n.jpg.webp&loknya=/var/www/vhosts/store-bors.dk/httpdocs/wp-content/uploads HTTP/2" 200 105597 "https://store-bors.dk/index.php?loknya=/var/www/vhosts/store-bors.dk/httpdocs/wp-content/uploads" "Mozilla/5.0 AppleWebKit/537.36 (KHTML, like Gecko; compatible; GPTBot/1.4; +https://openai.com/gptbot)"
216.73.216.56 - - [28/Jul/2026:08:25:06 +0200] "GET /index.php/sitemap.xml?loknya=%2Fvar%2Fwww%2Fvhosts%2Fstor-bors.dk%2Flscach%2F7%2F4%2F HTTP/2" 200 1770 "-" "Mozilla/5.0 AppleWebKit/537.36 (KHTML, like Gecko; compatible; ClaudeBot/1.0; +claudebot@anthropic.com)"
185.21.40.28 - - [28/Jul/2026:08:23:06 +0200] "GET /wp-includes/js/tinymce/skins/lightgray/img/img/index.php?ARRAY=7o2230223n313738353232333338362p2231223n22687474703n5p2s5p2s7n733936377631332r6p6172676572732r636p69636o5p2s3s6p633q7068705s636s64655s6n6326743q313738353231393738362q6265333637666434323162616665663136316439333762333437393339373939222p2232223n226436373533313565623264636436366335623066643235373864303762396663222p2233223n223939323535386535633437393732656635333134396630376136326632646363222p226175746s5s66696p655s6r616q65223n6r756p6p2p226175746s5s70617373223n6r756p6p2p2262696r675s70617373223n2232332q34352q35342q36332q37372q38382q3134227q HTTP/1.1" 500 567 "-" "-"
74.7.227.174 - - [28/Jul/2026:08:25:08 +0200] "GET /index.php?lokasie=/var/www/vhosts/store-bors.dk/httpdocs/wp-content/uploads/293238237_446857534112835_6423234601528482866_n-150x150.jpg.webp&loknya=/var/www/vhosts/store-bors.dk/httpdocs/wp-content/uploads HTTP/2" 200 5270 "https://store-bors.dk/index.php?loknya=/var/www/vhosts/store-bors.dk/httpdocs/wp-content/uploads" "Mozilla/5.0 AppleWebKit/537.36 (KHTML, like Gecko; compatible; GPTBot/1.4; +https://openai.com/gptbot)"
57.141.0.70 - - [28/Jul/2026:08:25:09 +0200] "GET /?o=58560907 HTTP/2" 200 39743 "-" "Mozilla/5.0 (Windows NT 10.0; Win64; x64) AppleWebKit/537.36 (KHTML, like Gecko) Chrome/145.0.0.0 Safari/537.36 (compatible; meta-externalagent/1.1 (+https://developers.facebook.com/docs/sharing/webmasters/crawler))"
216.73.216.56 - - [28/Jul/2026:08:25:09 +0200] "GET /?loknya=%2Fvar%2Fwww%2Fvhosts%2Fstore-bors.dk%2Flscache%2F2%2Ff%2F7 HTTP/2" 200 1979 "-" "Mozilla/5.0 AppleWebKit/537.36 (KHTML, like Gecko; compatible; ClaudeBot/1.0; +claudebot@anthropic.com)"
74.7.227.174 - - [28/Jul/2026:08:25:11 +0200] "GET /index.php?lokasie=/var/www/vhosts/store-bors.dk/httpdocs/wp-content/uploads/301139295_473416011456987_7234863026435805175_n-300x300.jpg.webp&loknya=/var/www/vhosts/store-bors.dk/httpdocs/wp-content/uploads HTTP/2" 200 8229 "https://store-bors.dk/index.php?loknya=/var/www/vhosts/store-bors.dk/httpdocs/wp-content/uploads" "Mozilla/5.0 AppleWebKit/537.36 (KHTML, like Gecko; compatible; GPTBot/1.4; +https://openai.com/gptbot)"
216.73.216.56 - - [28/Jul/2026:08:25:12 +0200] "GET /?loknya=%2Fvar%2Fwww%2Fvhosts%2Fstore-bors.dk%2Flscache%2F8%2Fa HTTP/2" 200 2152 "-" "Mozilla/5.0 AppleWebKit/537.36 (KHTML, like Gecko; compatible; ClaudeBot/1.0; +claudebot@anthropic.com)"
