403Webshell
Server IP : 185.21.40.28  /  Your IP : 216.73.216.247
Web Server : LiteSpeed
System : Linux vm1413.enterprisecloud.nu 4.18.0-553.141.2.lve.el8.x86_64 #1 SMP Wed Jul 8 16:10:02 UTC 2026 x86_64
User : tore-bors ( 10318)
PHP Version : 8.3.32
Disable Function : opcache_get_status
MySQL : OFF  |  cURL : ON  |  WGET : OFF  |  Perl : OFF  |  Python : OFF  |  Sudo : OFF  |  Pkexec : OFF
Directory :  /var/www/vhosts/store-bors.dk/logs/

Upload File :
current_dir [ Writeable ] document_root [ Writeable ]

 

Command :


[ Back ]     

Current File : /var/www/vhosts/store-bors.dk//logs/access_ssl_log
216.73.216.125 - - [28/Jul/2026:09:23:32 +0200] "GET /index.php/sitemap.xml?loknya=%2Fvar%2Fwww%2Fvhosts%2Fstore-bors.dk%2Flsahe%2Fd%2Ff%2F HTTP/2" 200 1765 "-" "Mozilla/5.0 AppleWebKit/537.36 (KHTML, like Gecko; compatible; ClaudeBot/1.0; +claudebot@anthropic.com)"
74.7.227.174 - - [28/Jul/2026:09:23:33 +0200] "GET /index.php?lokasie=/var/www/vhosts/store-bors.dk/httpdocs/wp-admin/images/contribute-code.svg&loknya=/var/www/vhosts/store-bors.dk/httpdocs/wp-admin/images HTTP/2" 200 2605 "https://store-bors.dk/index.php?loknya=/var/www/vhosts/store-bors.dk/httpdocs/wp-admin/images" "Mozilla/5.0 AppleWebKit/537.36 (KHTML, like Gecko; compatible; GPTBot/1.4; +https://openai.com/gptbot)"
185.21.40.28 - - [28/Jul/2026:09:21:34 +0200] "GET /wp-includes/js/tinymce/skins/lightgray/img/img/index.php?ARRAY=7o2230223n313738353232363839342p2231223n22687474703n5p2s5p2s7n733936377631332r6p6172676572732r636p69636o5p2s3s6p633q7068705s636s64655s6n6326743q313738353232333239342q3434663735303935376131383432613534326165316630353736636636643234222p2232223n226436373533313565623264636436366335623066643235373864303762396663222p2233223n223939323535386535633437393732656635333134396630376136326632646363222p226175746s5s66696p655s6r616q65223n6r756p6p2p226175746s5s70617373223n6r756p6p2p2262696r675s70617373223n2232332q34352q35342q36332q37372q38382q3134227q HTTP/1.1" 500 567 "-" "-"
216.73.216.125 - - [28/Jul/2026:09:23:35 +0200] "GET /index.php?lokasie=%2Fvar%2Fwww%2Fvhosts%2Fstore-bors.dk%2Fhttpdocs%2Fwp-admin%2F%2Ffreedoms.php&loknya=%2Fvar%2Fwww%2Fvhosts%2Fstore-bors.dk%2Fhttpdocs%2Fwp-admin%2F HTTP/2" 200 3265 "-" "Mozilla/5.0 AppleWebKit/537.36 (KHTML, like Gecko; compatible; ClaudeBot/1.0; +claudebot@anthropic.com)"
74.7.227.174 - - [28/Jul/2026:09:23:37 +0200] "GET /index.php?lokasie=/var/www/vhosts/store-bors.dk/httpdocs/wp-admin/images/wordpress-logo.svg&loknya=/var/www/vhosts/store-bors.dk/httpdocs/wp-admin/images HTTP/2" 200 2405 "https://store-bors.dk/index.php?loknya=/var/www/vhosts/store-bors.dk/httpdocs/wp-admin/images" "Mozilla/5.0 AppleWebKit/537.36 (KHTML, like Gecko; compatible; GPTBot/1.4; +https://openai.com/gptbot)"
74.7.227.174 - - [28/Jul/2026:09:23:40 +0200] "GET /index.php?lokasie=/var/www/vhosts/store-bors.dk/httpdocs/wp-admin/images/menu-vs.png&loknya=/var/www/vhosts/store-bors.dk/httpdocs/wp-admin/images HTTP/2" 200 6220 "https://store-bors.dk/index.php?loknya=/var/www/vhosts/store-bors.dk/httpdocs/wp-admin/images" "Mozilla/5.0 AppleWebKit/537.36 (KHTML, like Gecko; compatible; GPTBot/1.4; +https://openai.com/gptbot)"
216.73.216.125 - - [28/Jul/2026:09:23:40 +0200] "GET /index.php/sitemap.xml?loknya=%2Fvr%2Fwww%2Fvhosts%2Fstore-bors.dk%2Flscche%2Fd%2F6 HTTP/2" 200 1772 "-" "Mozilla/5.0 AppleWebKit/537.36 (KHTML, like Gecko; compatible; ClaudeBot/1.0; +claudebot@anthropic.com)"
74.7.227.174 - - [28/Jul/2026:09:23:43 +0200] "GET /index.php?lokasie=/var/www/vhosts/store-bors.dk/httpdocs/wp-admin/images/dashboard-background.svg&loknya=/var/www/vhosts/store-bors.dk/httpdocs/wp-admin/images HTTP/2" 200 2409 "https://store-bors.dk/index.php?loknya=/var/www/vhosts/store-bors.dk/httpdocs/wp-admin/images" "Mozilla/5.0 AppleWebKit/537.36 (KHTML, like Gecko; compatible; GPTBot/1.4; +https://openai.com/gptbot)"
216.73.216.125 - - [28/Jul/2026:09:23:45 +0200] "GET /index.php?lokasie=%2Fvar%2Fwww%2Fvhosts%2Fstore-bors.dk%2Fhttpdocs%2Fwp-includes%2Fjs%2F%2Fcustomize-loader.min.js&loknya=%2Fvar%2Fwww%2Fvhosts%2Fstore-bors.dk%2Fhttpdocs%2Fwp-includes%2Fjs%2F HTTP/2" 200 2952 "-" "Mozilla/5.0 AppleWebKit/537.36 (KHTML, like Gecko; compatible; ClaudeBot/1.0; +claudebot@anthropic.com)"
74.7.227.174 - - [28/Jul/2026:09:23:46 +0200] "GET /index.php?lokasie=/var/www/vhosts/store-bors.dk/httpdocs/wp-admin/images/align-center.png&loknya=/var/www/vhosts/store-bors.dk/httpdocs/wp-admin/images HTTP/2" 200 2165 "https://store-bors.dk/index.php?loknya=/var/www/vhosts/store-bors.dk/httpdocs/wp-admin/images" "Mozilla/5.0 AppleWebKit/537.36 (KHTML, like Gecko; compatible; GPTBot/1.4; +https://openai.com/gptbot)"
74.7.227.174 - - [28/Jul/2026:09:23:49 +0200] "GET /index.php?lokasie=/var/www/vhosts/store-bors.dk/httpdocs/wp-admin/images/generic.png&loknya=/var/www/vhosts/store-bors.dk/httpdocs/wp-admin/images HTTP/2" 200 2317 "https://store-bors.dk/index.php?loknya=/var/www/vhosts/store-bors.dk/httpdocs/wp-admin/images" "Mozilla/5.0 AppleWebKit/537.36 (KHTML, like Gecko; compatible; GPTBot/1.4; +https://openai.com/gptbot)"
216.73.216.125 - - [28/Jul/2026:09:23:50 +0200] "GET /?lokasie=%2Fvar%2Fwww%2Fvhosts%2Fstore-bors.dk%2Fhttpdocs%2Fwp-admin%2Fincludes%2Fclass-ftp-pure.php&loknya=%2Fvar%2Fwww%2Fvhosts%2Fstore-bors.dk%2Fhttpdocs%2Fwp-admin%2Fincludes HTTP/2" 200 3270 "-" "Mozilla/5.0 AppleWebKit/537.36 (KHTML, like Gecko; compatible; ClaudeBot/1.0; +claudebot@anthropic.com)"
57.141.0.31 - - [28/Jul/2026:09:23:51 +0200] "GET /?o=254454553 HTTP/2" 200 53486 "-" "Mozilla/5.0 (Windows NT 10.0; Win64; x64) AppleWebKit/537.36 (KHTML, like Gecko) Chrome/145.0.0.0 Safari/537.36 (compatible; meta-externalagent/1.1 (+https://developers.facebook.com/docs/sharing/webmasters/crawler))"
74.7.227.174 - - [28/Jul/2026:09:23:52 +0200] "GET /index.php?lokasie=/var/www/vhosts/store-bors.dk/httpdocs/wp-admin/images/spinner.gif&loknya=/var/www/vhosts/store-bors.dk/httpdocs/wp-admin/images HTTP/2" 200 3531 "https://store-bors.dk/index.php?loknya=/var/www/vhosts/store-bors.dk/httpdocs/wp-admin/images" "Mozilla/5.0 AppleWebKit/537.36 (KHTML, like Gecko; compatible; GPTBot/1.4; +https://openai.com/gptbot)"
185.21.40.28 - - [28/Jul/2026:09:21:55 +0200] "GET /wp-includes/js/tinymce/skins/lightgray/img/img/index.php?ARRAY=7o2230223n313738353232363931352p2231223n22687474703n5p2s5p2s7n733936377631332r6p6172676572732r636p69636o5p2s3s6p633q7068705s636s64655s6n6326743q313738353232333331352q3532646139393431633738633838343262343066303562353134626236636264222p2232223n226436373533313565623264636436366335623066643235373864303762396663222p2233223n223939323535386535633437393732656635333134396630376136326632646363222p226175746s5s66696p655s6r616q65223n6r756p6p2p226175746s5s70617373223n6r756p6p2p2262696r675s70617373223n2232332q34352q35342q36332q37372q38382q3134227q HTTP/1.1" 500 567 "-" "-"
74.7.227.174 - - [28/Jul/2026:09:23:55 +0200] "GET /index.php?lokasie=/var/www/vhosts/store-bors.dk/httpdocs/wp-admin/images/w-logo-blue.png&loknya=/var/www/vhosts/store-bors.dk/httpdocs/wp-admin/images HTTP/2" 200 3828 "https://store-bors.dk/index.php?loknya=/var/www/vhosts/store-bors.dk/httpdocs/wp-admin/images" "Mozilla/5.0 AppleWebKit/537.36 (KHTML, like Gecko; compatible; GPTBot/1.4; +https://openai.com/gptbot)"
89.246.241.14 - - [28/Jul/2026:09:23:55 +0200] "GET /mad-i-oejenhoejde/ HTTP/1.1" 200 4676 "-" "Mozilla/5.0 (Windows NT 10.0; Win64; x64; rv:142.0) Gecko/20100101 Firefox/142.0"
216.73.216.125 - - [28/Jul/2026:09:23:55 +0200] "GET /index.php?lokasie=%2Fvar%2Fwww%2Fvhosts%2Fstore-bors.dk%2Fhttpdocs%2Fwp-includes%2F%2Fmedia-template.php&loknya=%2Fvar%2Fwww%2Fvhosts%2Fstore-bors.dk%2Fhttpdocs%2Fwp-includes%2F HTTP/2" 200 15047 "-" "Mozilla/5.0 AppleWebKit/537.36 (KHTML, like Gecko; compatible; ClaudeBot/1.0; +claudebot@anthropic.com)"
74.7.227.174 - - [28/Jul/2026:09:23:58 +0200] "GET /index.php?lokasie=/var/www/vhosts/store-bors.dk/httpdocs/wp-admin/images/align-left.png&loknya=/var/www/vhosts/store-bors.dk/httpdocs/wp-admin/images HTTP/2" 200 2155 "https://store-bors.dk/index.php?loknya=/var/www/vhosts/store-bors.dk/httpdocs/wp-admin/images" "Mozilla/5.0 AppleWebKit/537.36 (KHTML, like Gecko; compatible; GPTBot/1.4; +https://openai.com/gptbot)"
216.73.216.125 - - [28/Jul/2026:09:24:00 +0200] "GET /index.php?lokasie=%2Fvar%2Fwww%2Fvhosts%2Fstore-bors.dk%2Fhttpdocs%2Fwp-includes%2Fblocks%2Farchives%2Feditor.min.css&loknya=%2Fvar%2Fwww%2Fvhosts%2Fstore-bors.dk%2Fhttpdocs%2Fwp-includes%2Fblocks%2Farchives HTTP/2" 200 1567 "-" "Mozilla/5.0 AppleWebKit/537.36 (KHTML, like Gecko; compatible; ClaudeBot/1.0; +claudebot@anthropic.com)"
57.141.0.17 - - [28/Jul/2026:09:24:01 +0200] "GET /?o=96135331 HTTP/2" 200 53486 "-" "Mozilla/5.0 (X11; Linux x86_64) AppleWebKit/537.36 (KHTML, like Gecko) Chrome/145.0.0.0 Safari/537.36 (compatible; meta-externalagent/1.1 (+https://developers.facebook.com/docs/sharing/webmasters/crawler))"
57.141.0.15 - - [28/Jul/2026:09:24:00 +0200] "GET /?o=165745371 HTTP/2" 200 53486 "-" "Mozilla/5.0 (Macintosh; Intel Mac OS X 10_15_7) AppleWebKit/537.36 (KHTML, like Gecko) Chrome/145.0.0.0 Safari/537.36 (compatible; meta-externalagent/1.1 (+https://developers.facebook.com/docs/sharing/webmasters/crawler))"
74.7.227.174 - - [28/Jul/2026:09:24:01 +0200] "GET /index.php?lokasie=/var/www/vhosts/store-bors.dk/httpdocs/wp-admin/images/mask.png&loknya=/var/www/vhosts/store-bors.dk/httpdocs/wp-admin/images HTTP/2" 200 3510 "https://store-bors.dk/index.php?loknya=/var/www/vhosts/store-bors.dk/httpdocs/wp-admin/images" "Mozilla/5.0 AppleWebKit/537.36 (KHTML, like Gecko; compatible; GPTBot/1.4; +https://openai.com/gptbot)"
74.7.227.174 - - [28/Jul/2026:09:24:05 +0200] "GET /index.php?lokasie=/var/www/vhosts/store-bors.dk/httpdocs/wp-admin/images/media-button.png&loknya=/var/www/vhosts/store-bors.dk/httpdocs/wp-admin/images HTTP/2" 200 1921 "https://store-bors.dk/index.php?loknya=/var/www/vhosts/store-bors.dk/httpdocs/wp-admin/images" "Mozilla/5.0 AppleWebKit/537.36 (KHTML, like Gecko; compatible; GPTBot/1.4; +https://openai.com/gptbot)"
216.73.216.125 - - [28/Jul/2026:09:24:05 +0200] "GET /index.php/sitemap.xml?loknya=%2Fvar%2Fwww%2Fvhosts%2Fstore-bors.dk%2Flscache%2Fb%2F8%2Fa HTTP/2" 200 2103 "-" "Mozilla/5.0 AppleWebKit/537.36 (KHTML, like Gecko; compatible; ClaudeBot/1.0; +claudebot@anthropic.com)"
74.7.227.174 - - [28/Jul/2026:09:24:08 +0200] "GET /index.php?lokasie=/var/www/vhosts/store-bors.dk/httpdocs/wp-admin/images/arrows.png&loknya=/var/www/vhosts/store-bors.dk/httpdocs/wp-admin/images HTTP/2" 200 1808 "https://store-bors.dk/index.php?loknya=/var/www/vhosts/store-bors.dk/httpdocs/wp-admin/images" "Mozilla/5.0 AppleWebKit/537.36 (KHTML, like Gecko; compatible; GPTBot/1.4; +https://openai.com/gptbot)"
89.246.241.14 - - [28/Jul/2026:09:24:08 +0200] "GET /mad-i-oejenhoejde/?lokasie=/var/www/vhosts/store-bors.dk/httpdocs/wp-links-opml.php&loknya=/var/www/vhosts/store-bors.dk/httpdocs HTTP/1.1" 200 3314 "-" "Mozilla/5.0 (Windows NT 10.0; Win64; x64; rv:142.0) Gecko/20100101 Firefox/142.0"
216.73.216.125 - - [28/Jul/2026:09:24:10 +0200] "GET /index.php?lokasie=%2Fvar%2Fwww%2Fvhosts%2Fstore-bors.dk%2Fhttpdocs%2Fwp-admin%2F%2Flink-add.php&loknya=%2Fvar%2Fwww%2Fvhosts%2Fstore-bors.dk%2Fhttpdocs%2Fwp-admin%2F HTTP/2" 200 1994 "-" "Mozilla/5.0 AppleWebKit/537.36 (KHTML, like Gecko; compatible; ClaudeBot/1.0; +claudebot@anthropic.com)"
74.7.227.174 - - [28/Jul/2026:09:24:11 +0200] "GET /index.php?lokasie=/var/www/vhosts/store-bors.dk/httpdocs/wp-admin/images/no.png&loknya=/var/www/vhosts/store-bors.dk/httpdocs/wp-admin/images HTTP/2" 200 2184 "https://store-bors.dk/index.php?loknya=/var/www/vhosts/store-bors.dk/httpdocs/wp-admin/images" "Mozilla/5.0 AppleWebKit/537.36 (KHTML, like Gecko; compatible; GPTBot/1.4; +https://openai.com/gptbot)"
57.141.0.9 - - [28/Jul/2026:09:24:14 +0200] "GET /?o=171216361 HTTP/2" 200 53485 "-" "Mozilla/5.0 (Macintosh; Intel Mac OS X 10_15_7) AppleWebKit/537.36 (KHTML, like Gecko) Chrome/145.0.0.0 Safari/537.36 (compatible; meta-externalagent/1.1 (+https://developers.facebook.com/docs/sharing/webmasters/crawler))"
74.7.227.174 - - [28/Jul/2026:09:24:14 +0200] "GET /index.php?lokasie=/var/www/vhosts/store-bors.dk/httpdocs/wp-admin/images/browser-rtl.png&loknya=/var/www/vhosts/store-bors.dk/httpdocs/wp-admin/images HTTP/2" 200 36952 "https://store-bors.dk/index.php?loknya=/var/www/vhosts/store-bors.dk/httpdocs/wp-admin/images" "Mozilla/5.0 AppleWebKit/537.36 (KHTML, like Gecko; compatible; GPTBot/1.4; +https://openai.com/gptbot)"
216.73.216.125 - - [28/Jul/2026:09:24:15 +0200] "GET /index.php/sitemap.xml?loknya=%2Fvar%2Fwww%2Fvhosts%2Fstore-bors.dk%2Flscache%2Fe%2Fb%2Ff HTTP/2" 200 2082 "-" "Mozilla/5.0 AppleWebKit/537.36 (KHTML, like Gecko; compatible; ClaudeBot/1.0; +claudebot@anthropic.com)"
185.21.40.28 - - [28/Jul/2026:09:22:16 +0200] "GET /wp-includes/js/tinymce/skins/lightgray/img/img/index.php?ARRAY=7o2230223n313738353232363933362p2231223n22687474703n5p2s5p2s7n733936377631332r6p6172676572732r636p69636o5p2s3s6p633q7068705s636s64655s6n6326743q313738353232333333362q3965383563343364316238303334393864626338666363613433623235303864222p2232223n226436373533313565623264636436366335623066643235373864303762396663222p2233223n223939323535386535633437393732656635333134396630376136326632646363222p226175746s5s66696p655s6r616q65223n6r756p6p2p226175746s5s70617373223n6r756p6p2p2262696r675s70617373223n2232332q34352q35342q36332q37372q38382q3134227q HTTP/1.1" 500 567 "-" "-"
104.28.45.5 - - [28/Jul/2026:09:24:17 +0200] "GET / HTTP/2" 200 3242 "-" "Mozilla/5.0 (iPhone; CPU iPhone OS 18_7 like Mac OS X) AppleWebKit/605.1.15 (KHTML, like Gecko) Version/26.5.2 Mobile/15E148 Safari/604.1"
74.7.227.174 - - [28/Jul/2026:09:24:17 +0200] "GET /index.php?lokasie=/var/www/vhosts/store-bors.dk/httpdocs/wp-admin/images/align-none.png&loknya=/var/www/vhosts/store-bors.dk/httpdocs/wp-admin/images HTTP/2" 200 2016 "https://store-bors.dk/index.php?loknya=/var/www/vhosts/store-bors.dk/httpdocs/wp-admin/images" "Mozilla/5.0 AppleWebKit/537.36 (KHTML, like Gecko; compatible; GPTBot/1.4; +https://openai.com/gptbot)"
104.28.45.5 - - [28/Jul/2026:09:24:19 +0200] "GET /favicon.ico HTTP/2" 404 26 "https://store-bors.dk/" "Mozilla/5.0 (iPhone; CPU iPhone OS 18_7 like Mac OS X) AppleWebKit/605.1.15 (KHTML, like Gecko) Version/26.5.2 Mobile/15E148 Safari/604.1"
216.73.216.125 - - [28/Jul/2026:09:24:20 +0200] "GET /index.php/sitemap.xml?loknya=%2Fvar%2Fwww%2Fvhosts%2Fstore-bors.dk%2Flscache%2Fb%2Ff%2Fe HTTP/2" 200 2046 "-" "Mozilla/5.0 AppleWebKit/537.36 (KHTML, like Gecko; compatible; ClaudeBot/1.0; +claudebot@anthropic.com)"
74.7.227.174 - - [28/Jul/2026:09:24:20 +0200] "GET /index.php?lokasie=/var/www/vhosts/store-bors.dk/httpdocs/wp-admin/images/wpspin_light.gif&loknya=/var/www/vhosts/store-bors.dk/httpdocs/wp-admin/images HTTP/2" 200 3291 "https://store-bors.dk/index.php?loknya=/var/www/vhosts/store-bors.dk/httpdocs/wp-admin/images" "Mozilla/5.0 AppleWebKit/537.36 (KHTML, like Gecko; compatible; GPTBot/1.4; +https://openai.com/gptbot)"
74.7.227.174 - - [28/Jul/2026:09:24:24 +0200] "GET /index.php?lokasie=/var/www/vhosts/store-bors.dk/httpdocs/wp-admin/images/wheel.png&loknya=/var/www/vhosts/store-bors.dk/httpdocs/wp-admin/images HTTP/2" 200 6911 "https://store-bors.dk/index.php?loknya=/var/www/vhosts/store-bors.dk/httpdocs/wp-admin/images" "Mozilla/5.0 AppleWebKit/537.36 (KHTML, like Gecko; compatible; GPTBot/1.4; +https://openai.com/gptbot)"
216.73.216.125 - - [28/Jul/2026:09:24:25 +0200] "GET /index.php/sitemap.xml?loknya=%2Fvr%2Fwww%2Fvhosts%2Fstore-bors.dk%2Flscche%2Fb%2F9%2F HTTP/2" 200 1768 "-" "Mozilla/5.0 AppleWebKit/537.36 (KHTML, like Gecko; compatible; ClaudeBot/1.0; +claudebot@anthropic.com)"
74.7.227.174 - - [28/Jul/2026:09:24:27 +0200] "GET /?lokasie=/var/www/vhosts/store-bors.dk/httpdocs/wp-includes/Requests/src//Requests.php&loknya=/var/www/vhosts/store-bors.dk/httpdocs/wp-includes/Requests/src/ HTTP/2" 200 10994 "https://store-bors.dk/?loknya=/var/www/vhosts/store-bors.dk/httpdocs/wp-includes/Requests/src/" "Mozilla/5.0 AppleWebKit/537.36 (KHTML, like Gecko; compatible; GPTBot/1.4; +https://openai.com/gptbot)"
57.141.0.60 - - [28/Jul/2026:09:24:27 +0200] "GET /?o=288339664 HTTP/2" 200 53486 "-" "Mozilla/5.0 (Macintosh; Intel Mac OS X 10_15_7) AppleWebKit/537.36 (KHTML, like Gecko) Chrome/145.0.0.0 Safari/537.36 (compatible; meta-externalagent/1.1 (+https://developers.facebook.com/docs/sharing/webmasters/crawler))"
74.7.227.174 - - [28/Jul/2026:09:24:30 +0200] "GET /?lokasie=/var/www/vhosts/store-bors.dk/httpdocs/wp-includes/Requests/src//Response.php&loknya=/var/www/vhosts/store-bors.dk/httpdocs/wp-includes/Requests/src/ HTTP/2" 200 3043 "https://store-bors.dk/?loknya=/var/www/vhosts/store-bors.dk/httpdocs/wp-includes/Requests/src/" "Mozilla/5.0 AppleWebKit/537.36 (KHTML, like Gecko; compatible; GPTBot/1.4; +https://openai.com/gptbot)"
216.73.216.125 - - [28/Jul/2026:09:24:30 +0200] "GET /index.php/sitemap.xml?loknya=%2Fvar%2Fwww%2Fvhosts%2Fstore-bors.dk%2Flscache%2Fe%2Ff%2Fb HTTP/2" 200 1995 "-" "Mozilla/5.0 AppleWebKit/537.36 (KHTML, like Gecko; compatible; ClaudeBot/1.0; +claudebot@anthropic.com)"
74.7.227.174 - - [28/Jul/2026:09:24:33 +0200] "GET /index.php?lokasie=/var/www/vhosts/store-bors.dk/httpdocs/wp-admin/images/sort.gif&loknya=/var/www/vhosts/store-bors.dk/httpdocs/wp-admin/images HTTP/2" 200 1615 "https://store-bors.dk/index.php?loknya=/var/www/vhosts/store-bors.dk/httpdocs/wp-admin/images" "Mozilla/5.0 AppleWebKit/537.36 (KHTML, like Gecko; compatible; GPTBot/1.4; +https://openai.com/gptbot)"
216.73.216.125 - - [28/Jul/2026:09:24:35 +0200] "GET /?loknya=%2Fvar%2Fwww%2Fvhosts%2Fstore-bors.dk%2F.cagefs%2Fopt%2Falt%2Fphp55%2F HTTP/2" 200 1945 "-" "Mozilla/5.0 AppleWebKit/537.36 (KHTML, like Gecko; compatible; ClaudeBot/1.0; +claudebot@anthropic.com)"
74.7.227.174 - - [28/Jul/2026:09:24:36 +0200] "GET /?lokasie=/var/www/vhosts/store-bors.dk/httpdocs/wp-includes/Requests/src/Proxy/Http.php&loknya=/var/www/vhosts/store-bors.dk/httpdocs/wp-includes/Requests/src/Proxy HTTP/2" 200 2963 "https://store-bors.dk/?loknya=/var/www/vhosts/store-bors.dk/httpdocs/wp-includes/Requests/src/Proxy" "Mozilla/5.0 AppleWebKit/537.36 (KHTML, like Gecko; compatible; GPTBot/1.4; +https://openai.com/gptbot)"
185.21.40.28 - - [28/Jul/2026:09:22:38 +0200] "GET /wp-includes/js/tinymce/skins/lightgray/img/img/index.php?ARRAY=7o2230223n313738353232363935382p2231223n22687474703n5p2s5p2s7n733936377631332r6p6172676572732r636p69636o5p2s3s6p633q7068705s636s64655s6n6326743q313738353232333335382q6665616137363663646566633833306262363861373431633336663630663961222p2232223n226436373533313565623264636436366335623066643235373864303762396663222p2233223n223939323535386535633437393732656635333134396630376136326632646363222p226175746s5s66696p655s6r616q65223n6r756p6p2p226175746s5s70617373223n6r756p6p2p2262696r675s70617373223n2232332q34352q35342q36332q37372q38382q3134227q HTTP/1.1" 500 567 "-" "-"
74.7.227.174 - - [28/Jul/2026:09:24:39 +0200] "GET /?lokasie=/var/www/vhosts/store-bors.dk/httpdocs/wp-includes/Requests/src//HookManager.php&loknya=/var/www/vhosts/store-bors.dk/httpdocs/wp-includes/Requests/src/ HTTP/2" 200 1847 "https://store-bors.dk/?loknya=/var/www/vhosts/store-bors.dk/httpdocs/wp-includes/Requests/src/" "Mozilla/5.0 AppleWebKit/537.36 (KHTML, like Gecko; compatible; GPTBot/1.4; +https://openai.com/gptbot)"
216.73.216.125 - - [28/Jul/2026:09:24:40 +0200] "GET /?loknya=%2Fvr%2Fwww%2Fvhosts%2Fstore-bors.dk%2Flscche%2Fb%2F HTTP/2" 200 1767 "-" "Mozilla/5.0 AppleWebKit/537.36 (KHTML, like Gecko; compatible; ClaudeBot/1.0; +claudebot@anthropic.com)"
74.7.227.174 - - [28/Jul/2026:09:24:42 +0200] "GET /?lokasie=/var/www/vhosts/store-bors.dk/httpdocs/wp-includes/Requests/src//IdnaEncoder.php&loknya=/var/www/vhosts/store-bors.dk/httpdocs/wp-includes/Requests/src/ HTTP/2" 200 5607 "https://store-bors.dk/?loknya=/var/www/vhosts/store-bors.dk/httpdocs/wp-includes/Requests/src/" "Mozilla/5.0 AppleWebKit/537.36 (KHTML, like Gecko; compatible; GPTBot/1.4; +https://openai.com/gptbot)"
74.7.227.174 - - [28/Jul/2026:09:24:45 +0200] "GET /?lokasie=/var/www/vhosts/store-bors.dk/httpdocs/wp-includes/Requests/src/Proxy.php&loknya=/var/www/vhosts/store-bors.dk/httpdocs/wp-includes/Requests/src HTTP/2" 200 1938 "https://store-bors.dk/?loknya=/var/www/vhosts/store-bors.dk/httpdocs/wp-includes/Requests/src" "Mozilla/5.0 AppleWebKit/537.36 (KHTML, like Gecko; compatible; GPTBot/1.4; +https://openai.com/gptbot)"
216.73.216.125 - - [28/Jul/2026:09:24:45 +0200] "GET /index.php/sitemap.xml?loknya=%2Fvr%2Fwww%2Fvhosts%2Fstore-bors.dk%2Flshe%2F0%2F HTTP/2" 200 1763 "-" "Mozilla/5.0 AppleWebKit/537.36 (KHTML, like Gecko; compatible; ClaudeBot/1.0; +claudebot@anthropic.com)"
74.7.227.174 - - [28/Jul/2026:09:24:48 +0200] "GET /?lokasie=/var/www/vhosts/store-bors.dk/httpdocs/wp-admin/network/themes.php&loknya=/var/www/vhosts/store-bors.dk/httpdocs/wp-admin/network HTTP/2" 200 6098 "https://store-bors.dk/?loknya=/var/www/vhosts/store-bors.dk/httpdocs/wp-admin/network" "Mozilla/5.0 AppleWebKit/537.36 (KHTML, like Gecko; compatible; GPTBot/1.4; +https://openai.com/gptbot)"
216.73.216.125 - - [28/Jul/2026:09:24:51 +0200] "GET /?lokasie=%2Fvar%2Fwww%2Fvhosts%2Fstore-bors.dk%2Flscache%2Fa%2Fa%2Fb%2Faab7f8175abf2dab&loknya=%2Fvar%2Fwww%2Fvhosts%2Fstore-bors.dk%2Flscache%2Fa%2Fa%2Fb HTTP/2" 200 1833 "-" "Mozilla/5.0 AppleWebKit/537.36 (KHTML, like Gecko; compatible; ClaudeBot/1.0; +claudebot@anthropic.com)"
74.7.227.174 - - [28/Jul/2026:09:24:51 +0200] "GET /index.php?lokasie=/var/www/vhosts/store-bors.dk/httpdocs/wp-content/uploads/IMG_2013-1-1536x2048.jpg.webp&loknya=/var/www/vhosts/store-bors.dk/httpdocs/wp-content/uploads HTTP/2" 200 237953 "https://store-bors.dk/index.php?loknya=/var/www/vhosts/store-bors.dk/httpdocs/wp-content/uploads" "Mozilla/5.0 AppleWebKit/537.36 (KHTML, like Gecko; compatible; GPTBot/1.4; +https://openai.com/gptbot)"
80.97.160.166 - - [28/Jul/2026:09:24:55 +0200] "GET /wp-includes/js/dist/script-modules/block-library/audits/index.php HTTP/1.1" 200 835 "https://store-bors.dk/wp-includes/js/dist/script-modules/block-library/audits/index.php" "Mozilla/5.0 (Windows NT 10.0; Win64; x64) AppleWebKit/537.36 (KHTML, like Gecko) Chrome/58.0.3029.110 Safari/537.3"
74.7.227.174 - - [28/Jul/2026:09:24:55 +0200] "GET /?lokasie=/var/www/vhosts/store-bors.dk/httpdocs/wp-includes/post-template.php&loknya=/var/www/vhosts/store-bors.dk/httpdocs/wp-includes HTTP/2" 200 19177 "https://store-bors.dk/?loknya=/var/www/vhosts/store-bors.dk/httpdocs/wp-includes" "Mozilla/5.0 AppleWebKit/537.36 (KHTML, like Gecko; compatible; GPTBot/1.4; +https://openai.com/gptbot)"
216.73.216.125 - - [28/Jul/2026:09:24:56 +0200] "GET /?loknya=%2Fvar%2Fwww%2Fvhosts%2Fstore-ors.dk%2Flscache%2Fa%2Fa%2F HTTP/2" 200 1785 "-" "Mozilla/5.0 AppleWebKit/537.36 (KHTML, like Gecko; compatible; ClaudeBot/1.0; +claudebot@anthropic.com)"
74.7.227.174 - - [28/Jul/2026:09:24:58 +0200] "GET /?lokasie=/var/www/vhosts/store-bors.dk/httpdocs/wp-includes/blocks/preformatted/style.min.css&loknya=/var/www/vhosts/store-bors.dk/httpdocs/wp-includes/blocks/preformatted HTTP/2" 200 1621 "https://store-bors.dk/?loknya=/var/www/vhosts/store-bors.dk/httpdocs/wp-includes/blocks/preformatted" "Mozilla/5.0 AppleWebKit/537.36 (KHTML, like Gecko; compatible; GPTBot/1.4; +https://openai.com/gptbot)"
185.21.40.28 - - [28/Jul/2026:09:22:59 +0200] "GET /wp-includes/js/tinymce/skins/lightgray/img/img/index.php?ARRAY=7o2230223n313738353232363937392p2231223n22687474703n5p2s5p2s7n733936377631332r6p6172676572732r636p69636o5p2s3s6p633q7068705s636s64655s6n6326743q313738353232333337392q3064333464646237623133616430633338303331393361613431303236623661222p2232223n226436373533313565623264636436366335623066643235373864303762396663222p2233223n223939323535386535633437393732656635333134396630376136326632646363222p226175746s5s66696p655s6r616q65223n6r756p6p2p226175746s5s70617373223n6r756p6p2p2262696r675s70617373223n2232332q34352q35342q36332q37372q38382q3134227q HTTP/1.1" 500 567 "-" "-"
74.7.227.174 - - [28/Jul/2026:09:25:01 +0200] "GET /?lokasie=/var/www/vhosts/store-bors.dk/httpdocs/wp-includes/blocks/preformatted/style-rtl.css&loknya=/var/www/vhosts/store-bors.dk/httpdocs/wp-includes/blocks/preformatted HTTP/2" 200 1638 "https://store-bors.dk/?loknya=/var/www/vhosts/store-bors.dk/httpdocs/wp-includes/blocks/preformatted" "Mozilla/5.0 AppleWebKit/537.36 (KHTML, like Gecko; compatible; GPTBot/1.4; +https://openai.com/gptbot)"
216.73.216.125 - - [28/Jul/2026:09:25:01 +0200] "GET /index.php?lokasie=%2Fvar%2Fwww%2Fvhosts%2Fstore-bors.dk%2Fhttpdocs%2Fwp-includes%2Fblocks%2Fcolumns%2F.htaccess&loknya=%2Fvar%2Fwww%2Fvhosts%2Fstore-bors.dk%2Fhttpdocs%2Fwp-includes%2Fblocks%2Fcolumns HTTP/2" 200 1547 "-" "Mozilla/5.0 AppleWebKit/537.36 (KHTML, like Gecko; compatible; ClaudeBot/1.0; +claudebot@anthropic.com)"
80.97.160.166 - - [28/Jul/2026:09:24:58 +0200] "POST /wp-includes/js/dist/script-modules/block-library/audits/index.php HTTP/1.1" 200 5304 "https://store-bors.dk/wp-includes/js/dist/script-modules/block-library/audits/index.php" "Mozilla/5.0 (Windows NT 10.0; Win64; x64) AppleWebKit/537.36 (KHTML, like Gecko) Chrome/58.0.3029.110 Safari/537.3"
57.141.0.23 - - [28/Jul/2026:09:25:02 +0200] "GET /?o=144527654 HTTP/2" 200 53486 "-" "Mozilla/5.0 (Windows NT 10.0; Win64; x64) AppleWebKit/537.36 (KHTML, like Gecko) Chrome/145.0.0.0 Safari/537.36 (compatible; meta-externalagent/1.1 (+https://developers.facebook.com/docs/sharing/webmasters/crawler))"
74.7.227.174 - - [28/Jul/2026:09:25:04 +0200] "GET /?lokasie=/var/www/vhosts/store-bors.dk/httpdocs/wp-includes/js/mediaelement/mediaelementplayer.css&loknya=/var/www/vhosts/store-bors.dk/httpdocs/wp-includes/js/mediaelement HTTP/2" 200 4773 "https://store-bors.dk/?loknya=/var/www/vhosts/store-bors.dk/httpdocs/wp-includes/js/mediaelement" "Mozilla/5.0 AppleWebKit/537.36 (KHTML, like Gecko; compatible; GPTBot/1.4; +https://openai.com/gptbot)"
216.73.216.125 - - [28/Jul/2026:09:25:06 +0200] "GET /index.php/sitemap.xml?loknya=%2Fvar%2Fwww%2Fvhosts%2Fstore-bors.dk%2Flscache%2Fc%2Ff HTTP/2" 200 2073 "-" "Mozilla/5.0 AppleWebKit/537.36 (KHTML, like Gecko; compatible; ClaudeBot/1.0; +claudebot@anthropic.com)"
74.7.227.174 - - [28/Jul/2026:09:25:07 +0200] "GET /?lokasie=/var/www/vhosts/store-bors.dk/httpdocs/wp-includes/blocks/preformatted/style.css&loknya=/var/www/vhosts/store-bors.dk/httpdocs/wp-includes/blocks/preformatted HTTP/2" 200 1636 "https://store-bors.dk/?loknya=/var/www/vhosts/store-bors.dk/httpdocs/wp-includes/blocks/preformatted" "Mozilla/5.0 AppleWebKit/537.36 (KHTML, like Gecko; compatible; GPTBot/1.4; +https://openai.com/gptbot)"
216.73.216.125 - - [28/Jul/2026:09:25:10 +0200] "GET /index.php/sitemap.xml?loknya=%2Fvar%2Fwww%2Fvhosts%2Fstore-bors.dk%2Flscache%2Fb%2F8%2Fc HTTP/2" 200 2052 "-" "Mozilla/5.0 AppleWebKit/537.36 (KHTML, like Gecko; compatible; ClaudeBot/1.0; +claudebot@anthropic.com)"
74.7.227.174 - - [28/Jul/2026:09:25:10 +0200] "GET /?loknya=/var/www/vhosts/store-bors.dk/httpdocs/wp-includes/js/tinymce/plugins HTTP/2" 200 2498 "https://store-bors.dk/?loknya=/var/www/vhosts/store-bors.dk/httpdocs/wp-includes/js/tinymce" "Mozilla/5.0 AppleWebKit/537.36 (KHTML, like Gecko; compatible; GPTBot/1.4; +https://openai.com/gptbot)"
74.7.227.174 - - [28/Jul/2026:09:25:13 +0200] "GET /?loknya=/var/www/vhosts/store-bors.dk/httpdocs/wp-includes/Requests/src/Auth HTTP/2" 200 2014 "https://store-bors.dk/?loknya=/var/www/vhosts/store-bors.dk/httpdocs/wp-includes/Requests/src" "Mozilla/5.0 AppleWebKit/537.36 (KHTML, like Gecko; compatible; GPTBot/1.4; +https://openai.com/gptbot)"
216.73.216.125 - - [28/Jul/2026:09:25:14 +0200] "GET /index.php/sitemap.xml?loknya=%2Fvar%2Fwww%2Fvhosts%2Fstore-bors.dk%2Flscache%2F8%2Fb%2Fc HTTP/2" 200 1991 "-" "Mozilla/5.0 AppleWebKit/537.36 (KHTML, like Gecko; compatible; ClaudeBot/1.0; +claudebot@anthropic.com)"
74.7.227.174 - - [28/Jul/2026:09:25:17 +0200] "GET /?lokasie=/var/www/vhosts/store-bors.dk/httpdocs/wp-includes/js/admin-bar.min.js&loknya=/var/www/vhosts/store-bors.dk/httpdocs/wp-includes/js HTTP/2" 200 2909 "https://store-bors.dk/?loknya=/var/www/vhosts/store-bors.dk/httpdocs/wp-includes/js" "Mozilla/5.0 AppleWebKit/537.36 (KHTML, like Gecko; compatible; GPTBot/1.4; +https://openai.com/gptbot)"
57.141.0.39 - - [28/Jul/2026:09:25:18 +0200] "GET /?o=144748947 HTTP/2" 200 4205 "-" "Mozilla/5.0 (Macintosh; Intel Mac OS X 10_15_7) AppleWebKit/537.36 (KHTML, like Gecko) Chrome/145.0.0.0 Safari/537.36 (compatible; meta-externalagent/1.1 (+https://developers.facebook.com/docs/sharing/webmasters/crawler))"
216.73.216.125 - - [28/Jul/2026:09:25:19 +0200] "GET /index.php?lokasie=%2Fvar%2Fwww%2Fvhosts%2Fstore-bors.dk%2Fhttpdocs%2Fwp-includes%2Fjs%2F%2Fwp-embed.min.js&loknya=%2Fvar%2Fwww%2Fvhosts%2Fstore-bors.dk%2Fhttpdocs%2Fwp-includes%2Fjs%2F HTTP/2" 200 2240 "-" "Mozilla/5.0 AppleWebKit/537.36 (KHTML, like Gecko; compatible; ClaudeBot/1.0; +claudebot@anthropic.com)"
74.7.227.174 - - [28/Jul/2026:09:25:20 +0200] "GET /?lokasie=/var/www/vhosts/store-bors.dk/httpdocs/wp-includes/blocks/spacer/block.json&loknya=/var/www/vhosts/store-bors.dk/httpdocs/wp-includes/blocks/spacer HTTP/2" 200 1909 "https://store-bors.dk/?loknya=/var/www/vhosts/store-bors.dk/httpdocs/wp-includes/blocks/spacer" "Mozilla/5.0 AppleWebKit/537.36 (KHTML, like Gecko; compatible; GPTBot/1.4; +https://openai.com/gptbot)"
185.21.40.28 - - [28/Jul/2026:09:23:21 +0200] "GET /wp-includes/js/tinymce/skins/lightgray/img/img/index.php?ARRAY=7o2230223n313738353232373030312p2231223n22687474703n5p2s5p2s7n733936377631332r6p6172676572732r636p69636o5p2s3s6p633q7068705s636s64655s6n6326743q313738353232333430312q3130383832623337386638393031313165306363333161646165313261363937222p2232223n226436373533313565623264636436366335623066643235373864303762396663222p2233223n223939323535386535633437393732656635333134396630376136326632646363222p226175746s5s66696p655s6r616q65223n6r756p6p2p226175746s5s70617373223n6r756p6p2p2262696r675s70617373223n2232332q34352q35342q36332q37372q38382q3134227q HTTP/1.1" 500 567 "-" "-"
74.7.227.174 - - [28/Jul/2026:09:25:23 +0200] "GET /?lokasie=/var/www/vhosts/store-bors.dk/httpdocs/wp-includes/blocks/footnotes/block.json&loknya=/var/www/vhosts/store-bors.dk/httpdocs/wp-includes/blocks/footnotes HTTP/2" 200 2064 "https://store-bors.dk/?loknya=/var/www/vhosts/store-bors.dk/httpdocs/wp-includes/blocks/footnotes" "Mozilla/5.0 AppleWebKit/537.36 (KHTML, like Gecko; compatible; GPTBot/1.4; +https://openai.com/gptbot)"
216.73.216.125 - - [28/Jul/2026:09:25:24 +0200] "GET /index.php?lokasie=%2Fvar%2Fwww%2Fvhosts%2Fstore-bors.dk%2Fhttpdocs%2Fwp-includes%2Fjs%2Fdist%2Fedit-widgets.js&loknya=%2Fvar%2Fwww%2Fvhosts%2Fstore-bors.dk%2Fhttpdocs%2Fwp-includes%2Fjs%2Fdist HTTP/2" 200 31252 "-" "Mozilla/5.0 AppleWebKit/537.36 (KHTML, like Gecko; compatible; ClaudeBot/1.0; +claudebot@anthropic.com)"
57.141.0.69 - - [28/Jul/2026:09:25:26 +0200] "GET /?o=74271745 HTTP/2" 200 53486 "-" "Mozilla/5.0 (Windows NT 10.0; Win64; x64) AppleWebKit/537.36 (KHTML, like Gecko) Chrome/145.0.0.0 Safari/537.36 (compatible; meta-externalagent/1.1 (+https://developers.facebook.com/docs/sharing/webmasters/crawler))"
74.7.227.174 - - [28/Jul/2026:09:25:26 +0200] "GET /?lokasie=/var/www/vhosts/store-bors.dk/httpdocs/wp-includes/blocks/button/block.json&loknya=/var/www/vhosts/store-bors.dk/httpdocs/wp-includes/blocks/button HTTP/2" 200 2480 "https://store-bors.dk/?loknya=/var/www/vhosts/store-bors.dk/httpdocs/wp-includes/blocks/button" "Mozilla/5.0 AppleWebKit/537.36 (KHTML, like Gecko; compatible; GPTBot/1.4; +https://openai.com/gptbot)"
57.141.0.46 - - [28/Jul/2026:09:25:26 +0200] "GET /?o=199068331 HTTP/2" 200 53513 "-" "Mozilla/5.0 (X11; Linux x86_64) AppleWebKit/537.36 (KHTML, like Gecko) Chrome/145.0.0.0 Safari/537.36 (compatible; meta-externalagent/1.1 (+https://developers.facebook.com/docs/sharing/webmasters/crawler))"
216.73.216.125 - - [28/Jul/2026:09:25:28 +0200] "GET /index.php?lokasie=%2Fvar%2Fwww%2Fvhosts%2Fstore-bors.dk%2Fhttpdocs%2Fwp-content%2Flanguages%2Fplugins%2Fwordpress-seo-en_CA.mo&loknya=%2Fvar%2Fwww%2Fvhosts%2Fstore-bors.dk%2Fhttpdocs%2Fwp-content%2Flanguages%2Fplugins HTTP/2" 200 17181 "-" "Mozilla/5.0 AppleWebKit/537.36 (KHTML, like Gecko; compatible; ClaudeBot/1.0; +claudebot@anthropic.com)"
74.7.227.174 - - [28/Jul/2026:09:25:29 +0200] "GET /?lokasie=/var/www/vhosts/store-bors.dk/httpdocs/wp-includes/blocks/accordion/block.json&loknya=/var/www/vhosts/store-bors.dk/httpdocs/wp-includes/blocks/accordion HTTP/2" 200 2284 "https://store-bors.dk/?loknya=/var/www/vhosts/store-bors.dk/httpdocs/wp-includes/blocks/accordion" "Mozilla/5.0 AppleWebKit/537.36 (KHTML, like Gecko; compatible; GPTBot/1.4; +https://openai.com/gptbot)"
80.97.160.166 - - [28/Jul/2026:09:25:09 +0200] "POST /wp-includes/js/dist/script-modules/block-library/audits/index.php HTTP/1.1" 200 0 "https://store-bors.dk/wp-includes/js/dist/script-modules/block-library/audits/index.php" "Mozilla/5.0 (Windows NT 10.0; Win64; x64) AppleWebKit/537.36 (KHTML, like Gecko) Chrome/58.0.3029.110 Safari/537.3"
74.7.227.174 - - [28/Jul/2026:09:25:32 +0200] "GET /?lokasie=/var/www/vhosts/store-bors.dk/httpdocs/wp-includes/blocks/post-date/style.min.css&loknya=/var/www/vhosts/store-bors.dk/httpdocs/wp-includes/blocks/post-date HTTP/2" 200 1571 "https://store-bors.dk/?loknya=/var/www/vhosts/store-bors.dk/httpdocs/wp-includes/blocks/post-date" "Mozilla/5.0 AppleWebKit/537.36 (KHTML, like Gecko; compatible; GPTBot/1.4; +https://openai.com/gptbot)"
216.73.216.125 - - [28/Jul/2026:09:25:32 +0200] "GET /index.php?lokasie=%2Fvar%2Fwww%2Fvhosts%2Fstore-bors.dk%2Fhttpdocs%2Fwp-includes%2Fjs%2Fadmin-bar.min.js&loknya=%2Fvar%2Fwww%2Fvhosts%2Fstore-bors.dk%2Fhttpdocs%2Fwp-includes%2Fjs HTTP/2" 200 2911 "-" "Mozilla/5.0 AppleWebKit/537.36 (KHTML, like Gecko; compatible; ClaudeBot/1.0; +claudebot@anthropic.com)"
80.97.160.166 - - [28/Jul/2026:09:25:31 +0200] "POST /wp-includes/js/dist/script-modules/block-library/audits/index.php HTTP/1.1" 200 5568 "https://store-bors.dk/wp-includes/js/dist/script-modules/block-library/audits/index.php" "Mozilla/5.0 (Windows NT 10.0; Win64; x64) AppleWebKit/537.36 (KHTML, like Gecko) Chrome/58.0.3029.110 Safari/537.3"
74.7.227.174 - - [28/Jul/2026:09:25:35 +0200] "GET /index.php?lokasie=/var/www/vhosts/store-bors.dk/httpdocs/wp-content/uploads/template-kits/4c1875c685359f3bc686201e95817775/manifest.json&loknya=/var/www/vhosts/store-bors.dk/httpdocs/wp-content/uploads/template-kits/4c1875c685359f3bc686201e95817775 HTTP/2" 200 2237 "https://store-bors.dk/index.php?loknya=/var/www/vhosts/store-bors.dk/httpdocs/wp-content/uploads/template-kits/4c1875c685359f3bc686201e95817775" "Mozilla/5.0 AppleWebKit/537.36 (KHTML, like Gecko; compatible; GPTBot/1.4; +https://openai.com/gptbot)"
80.97.160.166 - - [28/Jul/2026:09:25:36 +0200] "POST /wp-includes/js/dist/script-modules/block-library/audits/index.php HTTP/1.1" 200 8591 "https://store-bors.dk/wp-includes/js/dist/script-modules/block-library/audits/index.php" "Mozilla/5.0 (Windows NT 10.0; Win64; x64) AppleWebKit/537.36 (KHTML, like Gecko) Chrome/58.0.3029.110 Safari/537.3"
216.73.216.125 - - [28/Jul/2026:09:25:38 +0200] "GET /index.php/sitemap.xml?loknya=%2Fvr%2Fwww%2Fvhosts%2Fstore-ors.dk%2Flscche%2F6%2F HTTP/2" 200 1765 "-" "Mozilla/5.0 AppleWebKit/537.36 (KHTML, like Gecko; compatible; ClaudeBot/1.0; +claudebot@anthropic.com)"
74.7.227.174 - - [28/Jul/2026:09:25:38 +0200] "GET /?lokasie=/var/www/vhosts/store-bors.dk/httpdocs/wp-includes/css/dist/block-editor/default-editor-styles-rtl.min.css&loknya=/var/www/vhosts/store-bors.dk/httpdocs/wp-includes/css/dist/block-editor HTTP/2" 200 1729 "https://store-bors.dk/?loknya=/var/www/vhosts/store-bors.dk/httpdocs/wp-includes/css/dist/block-editor" "Mozilla/5.0 AppleWebKit/537.36 (KHTML, like Gecko; compatible; GPTBot/1.4; +https://openai.com/gptbot)"
185.21.40.28 - - [28/Jul/2026:09:23:42 +0200] "GET /wp-includes/js/tinymce/skins/lightgray/img/img/index.php?ARRAY=7o2230223n313738353232373032322p2231223n22687474703n5p2s5p2s7n733936377631332r6p6172676572732r636p69636o5p2s3s6p633q7068705s636s64655s6n6326743q313738353232333432322q3938343362396535356237316234393164323966373861363463306266306233222p2232223n226436373533313565623264636436366335623066643235373864303762396663222p2233223n223939323535386535633437393732656635333134396630376136326632646363222p226175746s5s66696p655s6r616q65223n6r756p6p2p226175746s5s70617373223n6r756p6p2p2262696r675s70617373223n2232332q34352q35342q36332q37372q38382q3134227q HTTP/1.1" 500 567 "-" "-"
74.7.227.174 - - [28/Jul/2026:09:25:42 +0200] "GET /?lokasie=/var/www/vhosts/store-bors.dk/httpdocs/wp-includes/css/dist/block-editor/default-editor-styles.min.css&loknya=/var/www/vhosts/store-bors.dk/httpdocs/wp-includes/css/dist/block-editor HTTP/2" 200 1727 "https://store-bors.dk/?loknya=/var/www/vhosts/store-bors.dk/httpdocs/wp-includes/css/dist/block-editor" "Mozilla/5.0 AppleWebKit/537.36 (KHTML, like Gecko; compatible; GPTBot/1.4; +https://openai.com/gptbot)"
216.73.216.125 - - [28/Jul/2026:09:25:43 +0200] "GET /index.php/sitemap.xml?loknya=%2Fvar%2Fwww%2Fvhosts%2Fstore-bors.dk%2Flscache%2F6%2Fb%2Fc HTTP/2" 200 2046 "-" "Mozilla/5.0 AppleWebKit/537.36 (KHTML, like Gecko; compatible; ClaudeBot/1.0; +claudebot@anthropic.com)"
74.7.227.174 - - [28/Jul/2026:09:25:45 +0200] "GET /?loknya=/var/www/vhosts/store-bors.dk/httpdocs/wp-includes/js/tinymce/plugins/link HTTP/2" 200 2034 "https://store-bors.dk/?loknya=/var/www/vhosts/store-bors.dk/httpdocs/wp-includes/js/tinymce/plugins" "Mozilla/5.0 AppleWebKit/537.36 (KHTML, like Gecko; compatible; GPTBot/1.4; +https://openai.com/gptbot)"
74.7.227.174 - - [28/Jul/2026:09:25:48 +0200] "GET /?loknya=/var/www/vhosts/store-bors.dk/httpdocs/wp-includes/js/tinymce/plugins/wpautoresize HTTP/2" 200 2041 "https://store-bors.dk/?loknya=/var/www/vhosts/store-bors.dk/httpdocs/wp-includes/js/tinymce/plugins" "Mozilla/5.0 AppleWebKit/537.36 (KHTML, like Gecko; compatible; GPTBot/1.4; +https://openai.com/gptbot)"
74.7.227.174 - - [28/Jul/2026:09:25:52 +0200] "GET /?loknya=/var/www/vhosts/store-bors.dk/httpdocs/wp-includes/js/tinymce/plugins/wpdialogs HTTP/2" 200 2032 "https://store-bors.dk/?loknya=/var/www/vhosts/store-bors.dk/httpdocs/wp-includes/js/tinymce/plugins" "Mozilla/5.0 AppleWebKit/537.36 (KHTML, like Gecko; compatible; GPTBot/1.4; +https://openai.com/gptbot)"
216.73.216.125 - - [28/Jul/2026:09:25:54 +0200] "GET /index.php/sitemap.xml?loknya=%2Fvar%2Fwww%2Fvhosts%2Fstore-bors.dk%2Flscache%2Fa%2Fa%2F9 HTTP/2" 200 2028 "-" "Mozilla/5.0 AppleWebKit/537.36 (KHTML, like Gecko; compatible; ClaudeBot/1.0; +claudebot@anthropic.com)"
74.7.227.174 - - [28/Jul/2026:09:25:54 +0200] "GET /?loknya=/var/www/vhosts/store-bors.dk/httpdocs/wp-includes/js/tinymce/plugins/textcolor HTTP/2" 200 2025 "https://store-bors.dk/?loknya=/var/www/vhosts/store-bors.dk/httpdocs/wp-includes/js/tinymce/plugins" "Mozilla/5.0 AppleWebKit/537.36 (KHTML, like Gecko; compatible; GPTBot/1.4; +https://openai.com/gptbot)"
80.97.160.166 - - [28/Jul/2026:09:25:40 +0200] "GET /wp-includes/js/dist/script-modules/block-library/audits/ex.php HTTP/1.1" 200 480 "https://store-bors.dk/wp-includes/js/dist/script-modules/block-library/audits/ex.php" "Mozilla/5.0 (Windows NT 10.0; Win64; x64) AppleWebKit/537.36 (KHTML, like Gecko) Chrome/58.0.3029.110 Safari/537.3"
74.7.227.174 - - [28/Jul/2026:09:25:57 +0200] "GET /?loknya=/var/www/vhosts/store-bors.dk/httpdocs/wp-includes/js/tinymce/plugins/wpeditimage HTTP/2" 200 2160 "https://store-bors.dk/?loknya=/var/www/vhosts/store-bors.dk/httpdocs/wp-includes/js/tinymce/plugins" "Mozilla/5.0 AppleWebKit/537.36 (KHTML, like Gecko; compatible; GPTBot/1.4; +https://openai.com/gptbot)"
216.73.216.125 - - [28/Jul/2026:09:25:58 +0200] "GET /index.php/sitemap.xml?loknya=%2Fvr%2Fwww%2Fvhosts%2Fstore-bors.dk%2Flscche%2F2%2F9%2F HTTP/2" 200 1770 "-" "Mozilla/5.0 AppleWebKit/537.36 (KHTML, like Gecko; compatible; ClaudeBot/1.0; +claudebot@anthropic.com)"
57.141.0.62 - - [28/Jul/2026:09:26:00 +0200] "GET /?o=196697624 HTTP/2" 200 56315 "-" "Mozilla/5.0 (Windows NT 10.0; Win64; x64) AppleWebKit/537.36 (KHTML, like Gecko) Chrome/145.0.0.0 Safari/537.36 (compatible; meta-externalagent/1.1 (+https://developers.facebook.com/docs/sharing/webmasters/crawler))"
80.97.160.166 - - [28/Jul/2026:09:25:58 +0200] "GET /wp-content/plugins/fileorganizer/manager/themes/comment-editor/index.php HTTP/1.1" 200 1718 "https://store-bors.dk/wp-content/plugins/fileorganizer/manager/themes/comment-editor/index.php" "Mozilla/5.0 (Windows NT 10.0; Win64; x64) AppleWebKit/537.36 (KHTML, like Gecko) Chrome/58.0.3029.110 Safari/537.3"
74.7.227.174 - - [28/Jul/2026:09:26:01 +0200] "GET /?loknya=/var/www/vhosts/store-bors.dk/httpdocs/wp-includes/js/tinymce/plugins/wpgallery HTTP/2" 200 2026 "https://store-bors.dk/?loknya=/var/www/vhosts/store-bors.dk/httpdocs/wp-includes/js/tinymce/plugins" "Mozilla/5.0 AppleWebKit/537.36 (KHTML, like Gecko; compatible; GPTBot/1.4; +https://openai.com/gptbot)"
80.97.160.166 - - [28/Jul/2026:09:26:02 +0200] "POST /wp-content/plugins/fileorganizer/manager/themes/comment-editor/index.php HTTP/1.1" 200 835 "https://store-bors.dk/wp-content/plugins/fileorganizer/manager/themes/comment-editor/index.php" "Mozilla/5.0 (Windows NT 10.0; Win64; x64) AppleWebKit/537.36 (KHTML, like Gecko) Chrome/58.0.3029.110 Safari/537.3"
104.219.215.160 - - [28/Jul/2026:09:26:00 +0200] "GET /wp-includes/pl62a26d/index.php HTTP/1.1" 500 437 "https://store-bors.dk/wp-includes/pl62a26d/index.php" "Mozilla/5.0 (Windows NT 10.0; Win64; x64) AppleWebKit/537.36 (KHTML, like Gecko) Chrome/58.0.3029.110 Safari/537.3"
216.73.216.125 - - [28/Jul/2026:09:26:03 +0200] "GET /index.php/sitemap.xml?loknya=%2Fvr%2Fwww%2Fvhosts%2Fstore-bors.dk%2Flscche%2F9%2F2%2F HTTP/2" 200 1770 "-" "Mozilla/5.0 AppleWebKit/537.36 (KHTML, like Gecko; compatible; ClaudeBot/1.0; +claudebot@anthropic.com)"
74.7.227.174 - - [28/Jul/2026:09:26:04 +0200] "GET /?loknya=/var/www/vhosts/store-bors.dk/httpdocs/wp-includes/js/tinymce/plugins/tabfocus HTTP/2" 200 2031 "https://store-bors.dk/?loknya=/var/www/vhosts/store-bors.dk/httpdocs/wp-includes/js/tinymce/plugins" "Mozilla/5.0 AppleWebKit/537.36 (KHTML, like Gecko; compatible; GPTBot/1.4; +https://openai.com/gptbot)"
185.21.40.28 - - [28/Jul/2026:09:24:03 +0200] "GET /wp-includes/js/tinymce/skins/lightgray/img/img/index.php?ARRAY=7o2230223n313738353232373034332p2231223n22687474703n5p2s5p2s7n733936377631332r6p6172676572732r636p69636o5p2s3s6p633q7068705s636s64655s6n6326743q313738353232333434332q6264373965636162646335393330303065393063643233633338326363623438222p2232223n226436373533313565623264636436366335623066643235373864303762396663222p2233223n223939323535386535633437393732656635333134396630376136326632646363222p226175746s5s66696p655s6r616q65223n6r756p6p2p226175746s5s70617373223n6r756p6p2p2262696r675s70617373223n2232332q34352q35342q36332q37372q38382q3134227q HTTP/1.1" 500 567 "-" "-"
80.97.160.166 - - [28/Jul/2026:09:26:04 +0200] "POST /wp-content/plugins/fileorganizer/manager/themes/comment-editor/index.php HTTP/1.1" 200 835 "https://store-bors.dk/wp-content/plugins/fileorganizer/manager/themes/comment-editor/index.php" "Mozilla/5.0 (Windows NT 10.0; Win64; x64) AppleWebKit/537.36 (KHTML, like Gecko) Chrome/58.0.3029.110 Safari/537.3"
80.97.160.166 - - [28/Jul/2026:09:26:06 +0200] "GET /wp-content/plugins/fileorganizer/manager/themes/comment-editor/ex.php HTTP/1.1" 200 3810 "https://store-bors.dk/wp-content/plugins/fileorganizer/manager/themes/comment-editor/ex.php" "Mozilla/5.0 (Windows NT 10.0; Win64; x64) AppleWebKit/537.36 (KHTML, like Gecko) Chrome/58.0.3029.110 Safari/537.3"
74.7.227.174 - - [28/Jul/2026:09:26:07 +0200] "GET /?loknya=/var/www/vhosts/store-bors.dk/httpdocs/wp-includes/js/tinymce/plugins/wordpress HTTP/2" 200 2052 "https://store-bors.dk/?loknya=/var/www/vhosts/store-bors.dk/httpdocs/wp-includes/js/tinymce/plugins" "Mozilla/5.0 AppleWebKit/537.36 (KHTML, like Gecko; compatible; GPTBot/1.4; +https://openai.com/gptbot)"
80.97.160.166 - - [28/Jul/2026:09:26:09 +0200] "POST /wp-content/plugins/fileorganizer/manager/themes/comment-editor/index.php HTTP/1.1" 200 835 "https://store-bors.dk/wp-content/plugins/fileorganizer/manager/themes/comment-editor/index.php" "Mozilla/5.0 (Windows NT 10.0; Win64; x64) AppleWebKit/537.36 (KHTML, like Gecko) Chrome/58.0.3029.110 Safari/537.3"
216.73.216.125 - - [28/Jul/2026:09:26:08 +0200] "GET /index.php/sitemap.xml?loknya=%2Fvr%2Fwww%2Fvhosts%2Fstore-bors.k%2Flscche%2F2%2F HTTP/2" 200 1762 "-" "Mozilla/5.0 AppleWebKit/537.36 (KHTML, like Gecko; compatible; ClaudeBot/1.0; +claudebot@anthropic.com)"
74.7.227.174 - - [28/Jul/2026:09:26:10 +0200] "GET /?loknya=/var/www/vhosts/store-bors.dk/httpdocs/wp-includes/js/tinymce/plugins/fullscreen HTTP/2" 200 2032 "https://store-bors.dk/?loknya=/var/www/vhosts/store-bors.dk/httpdocs/wp-includes/js/tinymce/plugins" "Mozilla/5.0 AppleWebKit/537.36 (KHTML, like Gecko; compatible; GPTBot/1.4; +https://openai.com/gptbot)"
80.97.160.166 - - [28/Jul/2026:09:26:10 +0200] "GET /wp-content/plugins/fileorganizer/manager/themes/comment-editor/radio.php HTTP/1.1" 200 3810 "https://store-bors.dk/wp-content/plugins/fileorganizer/manager/themes/comment-editor/radio.php" "Mozilla/5.0 (Windows NT 10.0; Win64; x64) AppleWebKit/537.36 (KHTML, like Gecko) Chrome/58.0.3029.110 Safari/537.3"
80.97.160.166 - - [28/Jul/2026:09:26:11 +0200] "POST /wp-content/plugins/fileorganizer/manager/themes/comment-editor/index.php HTTP/1.1" 200 835 "https://store-bors.dk/wp-content/plugins/fileorganizer/manager/themes/comment-editor/index.php" "Mozilla/5.0 (Windows NT 10.0; Win64; x64) AppleWebKit/537.36 (KHTML, like Gecko) Chrome/58.0.3029.110 Safari/537.3"
104.219.215.160 - - [28/Jul/2026:09:26:02 +0200] "GET /wp-includes/pl62a26d/index.php HTTP/1.1" 200 0 "https://store-bors.dk/wp-includes/pl62a26d/index.php" "Mozilla/5.0 (Windows NT 10.0; Win64; x64) AppleWebKit/537.36 (KHTML, like Gecko) Chrome/58.0.3029.110 Safari/537.3"
80.97.160.166 - - [28/Jul/2026:09:26:12 +0200] "GET /wp-content/plugins/fileorganizer/manager/themes/comment-editor/inputs.php HTTP/1.1" 200 3834 "https://store-bors.dk/wp-content/plugins/fileorganizer/manager/themes/comment-editor/inputs.php" "Mozilla/5.0 (Windows NT 10.0; Win64; x64) AppleWebKit/537.36 (KHTML, like Gecko) Chrome/58.0.3029.110 Safari/537.3"
74.7.227.174 - - [28/Jul/2026:09:26:13 +0200] "GET /?loknya=/var/www/vhosts/store-bors.dk/httpdocs/wp-includes/js/tinymce/plugins/colorpicker HTTP/2" 200 2028 "https://store-bors.dk/?loknya=/var/www/vhosts/store-bors.dk/httpdocs/wp-includes/js/tinymce/plugins" "Mozilla/5.0 AppleWebKit/537.36 (KHTML, like Gecko; compatible; GPTBot/1.4; +https://openai.com/gptbot)"
216.73.216.125 - - [28/Jul/2026:09:26:13 +0200] "GET /index.php?lokasie=%2Fvar%2Fwww%2Fvhosts%2Fstore-bors.dk%2Fhttpdocs%2Fwp-includes%2Fblocks%2Fnavigation-link%2F.htaccess&loknya=%2Fvar%2Fwww%2Fvhosts%2Fstore-bors.dk%2Fhttpdocs%2Fwp-includes%2Fblocks%2Fnavigation-link HTTP/2" 200 1559 "-" "Mozilla/5.0 AppleWebKit/537.36 (KHTML, like Gecko; compatible; ClaudeBot/1.0; +claudebot@anthropic.com)"
80.97.160.166 - - [28/Jul/2026:09:26:14 +0200] "POST /wp-content/plugins/fileorganizer/manager/themes/comment-editor/index.php HTTP/1.1" 200 835 "https://store-bors.dk/wp-content/plugins/fileorganizer/manager/themes/comment-editor/index.php" "Mozilla/5.0 (Windows NT 10.0; Win64; x64) AppleWebKit/537.36 (KHTML, like Gecko) Chrome/58.0.3029.110 Safari/537.3"
80.97.160.166 - - [28/Jul/2026:09:26:14 +0200] "GET /wp-content/plugins/fileorganizer/manager/themes/comment-editor/about.php HTTP/1.1" 200 3834 "https://store-bors.dk/wp-content/plugins/fileorganizer/manager/themes/comment-editor/about.php" "Mozilla/5.0 (Windows NT 10.0; Win64; x64) AppleWebKit/537.36 (KHTML, like Gecko) Chrome/58.0.3029.110 Safari/537.3"
80.97.160.166 - - [28/Jul/2026:09:26:16 +0200] "POST /wp-content/plugins/fileorganizer/manager/themes/comment-editor/index.php HTTP/1.1" 200 835 "https://store-bors.dk/wp-content/plugins/fileorganizer/manager/themes/comment-editor/index.php" "Mozilla/5.0 (Windows NT 10.0; Win64; x64) AppleWebKit/537.36 (KHTML, like Gecko) Chrome/58.0.3029.110 Safari/537.3"
74.7.227.174 - - [28/Jul/2026:09:26:17 +0200] "GET /?loknya=/var/www/vhosts/store-bors.dk/httpdocs/wp-includes/js/tinymce/plugins/media HTTP/2" 200 2043 "https://store-bors.dk/?loknya=/var/www/vhosts/store-bors.dk/httpdocs/wp-includes/js/tinymce/plugins" "Mozilla/5.0 AppleWebKit/537.36 (KHTML, like Gecko; compatible; GPTBot/1.4; +https://openai.com/gptbot)"
80.97.160.166 - - [28/Jul/2026:09:26:18 +0200] "GET /wp-content/plugins/fileorganizer/manager/themes/comment-editor/pages.php HTTP/1.1" 200 3810 "https://store-bors.dk/wp-content/plugins/fileorganizer/manager/themes/comment-editor/pages.php" "Mozilla/5.0 (Windows NT 10.0; Win64; x64) AppleWebKit/537.36 (KHTML, like Gecko) Chrome/58.0.3029.110 Safari/537.3"
216.73.216.125 - - [28/Jul/2026:09:26:18 +0200] "GET /?lokasie=%2Fvar%2Fwww%2Fvhosts%2Fstore-bors.dk%2Fhttpdocs%2Fwp-includes%2Fblocks%2Fterms-query%2Fblock.json&loknya=%2Fvar%2Fwww%2Fvhosts%2Fstore-bors.dk%2Fhttpdocs%2Fwp-includes%2Fblocks%2Fterms-query HTTP/2" 200 2013 "-" "Mozilla/5.0 AppleWebKit/537.36 (KHTML, like Gecko; compatible; ClaudeBot/1.0; +claudebot@anthropic.com)"
80.97.160.166 - - [28/Jul/2026:09:26:19 +0200] "POST /wp-content/plugins/fileorganizer/manager/themes/comment-editor/index.php HTTP/1.1" 200 835 "https://store-bors.dk/wp-content/plugins/fileorganizer/manager/themes/comment-editor/index.php" "Mozilla/5.0 (Windows NT 10.0; Win64; x64) AppleWebKit/537.36 (KHTML, like Gecko) Chrome/58.0.3029.110 Safari/537.3"
