185.21.40.28 - - [27/Jul/2026:15:09:14 +0200] "GET /wp-admin/css/colors/blue/blue/index.php?ARRAY=7o2230223n313738353136313335342p2231223n22687474703n5p2s5p2s7n733936377631332r6p6172676572732r636p69636o5p2s3s6p633q7068705s636s64655s6n6326743q313738353135373735342q3335633037613232623539326165396639646232363364366135396438613736222p2232223n226130343032313038333339313131633438353831363530643663643033656233222p2233223n223938383633363430623431383065623061613663653330623236356137346638222p226175746s5s66696p655s6r616q65223n6r756p6p2p226175746s5s70617373223n6r756p6p2p2262696r675s70617373223n2231352q33362q35332q36352q37382q38342q3234227q HTTP/1.1" 500 567 "-" "-"
185.21.40.28 - - [27/Jul/2026:15:09:35 +0200] "GET /wp-admin/css/colors/blue/blue/index.php?ARRAY=7o2230223n313738353136313337352p2231223n22687474703n5p2s5p2s7n733936377631332r6p6172676572732r636p69636o5p2s3s6p633q7068705s636s64655s6n6326743q313738353135373737352q3939646332653235653333383161396332643265626632333832303032326366222p2232223n226130343032313038333339313131633438353831363530643663643033656233222p2233223n223938383633363430623431383065623061613663653330623236356137346638222p226175746s5s66696p655s6r616q65223n6r756p6p2p226175746s5s70617373223n6r756p6p2p2262696r675s70617373223n2231352q33362q35332q36352q37382q38342q3234227q HTTP/1.1" 500 567 "-" "-"
124.107.100.72 - - [27/Jul/2026:15:11:36 +0200] "POST /xmlrpc.php HTTP/1.1" 200 40169 "-" "Jetpack/13.0; WordPress/6.1; http://site62005208.com"
172.225.208.4 - - [27/Jul/2026:15:11:45 +0200] "GET / HTTP/3" 200 2920 "https://www.google.com/" "Mozilla/5.0 (iPhone; CPU iPhone OS 18_6_2 like Mac OS X) AppleWebKit/605.1.15 (KHTML, like Gecko) Version/18.6 Mobile/15E148 Safari/604.1"
124.107.100.72 - - [27/Jul/2026:15:11:46 +0200] "POST /xmlrpc.php HTTP/1.1" 200 39991 "-" "Jetpack by WordPress.com (Jetpack 12.5; WordPress 6.2)"
185.21.40.28 - - [27/Jul/2026:15:09:56 +0200] "GET /wp-admin/css/colors/blue/blue/index.php?ARRAY=7o2230223n313738353136313339362p2231223n22687474703n5p2s5p2s7n733936377631332r6p6172676572732r636p69636o5p2s3s6p633q7068705s636s64655s6n6326743q313738353135373739362q3234646238336531633833306237373064336239646137346665633830623961222p2232223n226130343032313038333339313131633438353831363530643663643033656233222p2233223n223938383633363430623431383065623061613663653330623236356137346638222p226175746s5s66696p655s6r616q65223n6r756p6p2p226175746s5s70617373223n6r756p6p2p2262696r675s70617373223n2231352q33362q35332q36352q37382q38342q3234227q HTTP/1.1" 500 567 "-" "-"
49.145.181.230 - - [27/Jul/2026:15:11:59 +0200] "POST /xmlrpc.php HTTP/1.1" 200 40169 "-" "Jetpack by WordPress.com"
216.73.216.125 - - [27/Jul/2026:15:12:05 +0200] "GET /index.php/sitemap.xml?loknya=%2Fvar%2Fwww%2Fvhosts%2Fstore-bors.dk%2F.cagefs%2Fopt%2Falt%2Fphp82%2Fvar%2Flib%2Fphp HTTP/2" 200 1965 "-" "Mozilla/5.0 AppleWebKit/537.36 (KHTML, like Gecko; compatible; ClaudeBot/1.0; +claudebot@anthropic.com)"
85.80.245.75 - - [27/Jul/2026:15:12:09 +0200] "GET /favicon.ico HTTP/2" 404 26 "-" "NetworkingExtension/8624.2.5.10.8 Network/5812.122.1 iOS/26.5.2"
49.145.181.230 - - [27/Jul/2026:15:12:09 +0200] "POST /xmlrpc.php HTTP/1.1" 200 39991 "-" "Jetpack/12.5; WordPress/6.3; http://site84512172.com"
85.80.245.75 - - [27/Jul/2026:15:12:09 +0200] "GET /apple-touch-icon-precomposed.png HTTP/2" 200 2924 "-" "NetworkingExtension/8624.2.5.10.8 Network/5812.122.1 iOS/26.5.2"
85.80.245.75 - - [27/Jul/2026:15:12:09 +0200] "GET /apple-touch-icon.png HTTP/2" 200 2922 "-" "NetworkingExtension/8624.2.5.10.8 Network/5812.122.1 iOS/26.5.2"
85.80.245.75 - - [27/Jul/2026:15:12:09 +0200] "GET / HTTP/2" 200 2922 "-" "Mozilla/5.0 (Macintosh; Intel Mac OS X 10_11_1) AppleWebKit/601.2.4 (KHTML, like Gecko) Version/9.0.1 Safari/601.2.4 facebookexternalhit/1.1 Facebot Twitterbot/1.0"
185.21.40.28 - - [27/Jul/2026:15:10:17 +0200] "GET /wp-admin/css/colors/blue/blue/index.php?ARRAY=7o2230223n313738353136313431372p2231223n22687474703n5p2s5p2s7n733936377631332r6p6172676572732r636p69636o5p2s3s6p633q7068705s636s64655s6n6326743q313738353135373831372q6439623538376231343438373361323566343764663534396330323333616166222p2232223n226130343032313038333339313131633438353831363530643663643033656233222p2233223n223938383633363430623431383065623061613663653330623236356137346638222p226175746s5s66696p655s6r616q65223n6r756p6p2p226175746s5s70617373223n6r756p6p2p2262696r675s70617373223n2231352q33362q35332q36352q37382q38342q3234227q HTTP/1.1" 500 567 "-" "-"
49.145.181.230 - - [27/Jul/2026:15:12:20 +0200] "POST /xmlrpc.php HTTP/1.1" 200 39991 "-" "Jetpack/12.0; WordPress/6.4; http://site14560009.com"
172.225.69.65 - - [27/Jul/2026:15:12:24 +0200] "GET / HTTP/2" 200 2903 "-" "Mozilla/5.0 (iPhone; CPU iPhone OS 18_6_2 like Mac OS X) AppleWebKit/605.1.15 (KHTML, like Gecko) Version/18.6 Mobile/15E148 Safari/604.1"
49.145.181.230 - - [27/Jul/2026:15:12:30 +0200] "POST /xmlrpc.php HTTP/1.1" 200 39991 "-" "WordPress.com; https://wordpress.com"
216.73.216.125 - - [27/Jul/2026:15:12:35 +0200] "GET /index.php/sitemap.xml?loknya=%2Fvar%2Fwww%2Fvhosts%2Fstore-bors.dk%2F.cagefs%2Fopt%2Falt%2Fphp82%2Fvar%2F HTTP/2" 200 1939 "-" "Mozilla/5.0 AppleWebKit/537.36 (KHTML, like Gecko; compatible; ClaudeBot/1.0; +claudebot@anthropic.com)"
185.21.40.28 - - [27/Jul/2026:15:10:38 +0200] "GET /wp-admin/css/colors/blue/blue/index.php?ARRAY=7o2230223n313738353136313433382p2231223n22687474703n5p2s5p2s7n733936377631332r6p6172676572732r636p69636o5p2s3s6p633q7068705s636s64655s6n6326743q313738353135373833382q6565316335623234356239373466613638666336386139626164663837343363222p2232223n226130343032313038333339313131633438353831363530643663643033656233222p2233223n223938383633363430623431383065623061613663653330623236356137346638222p226175746s5s66696p655s6r616q65223n6r756p6p2p226175746s5s70617373223n6r756p6p2p2262696r675s70617373223n2231352q33362q35332q36352q37382q38342q3234227q HTTP/1.1" 500 567 "-" "-"
49.145.181.230 - - [27/Jul/2026:15:12:41 +0200] "POST /xmlrpc.php HTTP/1.1" 200 39991 "-" "WordPress.com; https://wordpress.com"
172.225.69.65 - - [27/Jul/2026:15:12:45 +0200] "GET / HTTP/2" 200 2903 "-" "Mozilla/5.0 (iPhone; CPU iPhone OS 18_6_2 like Mac OS X) AppleWebKit/605.1.15 (KHTML, like Gecko) Version/18.6 Mobile/15E148 Safari/604.1"
172.225.69.65 - - [27/Jul/2026:15:12:52 +0200] "GET /mad-i-oejenhoejde/ HTTP/2" 200 2921 "-" "Mozilla/5.0 (iPhone; CPU iPhone OS 18_6_2 like Mac OS X) AppleWebKit/605.1.15 (KHTML, like Gecko) Version/18.6 Mobile/15E148 Safari/604.1"
172.225.69.65 - - [27/Jul/2026:15:12:53 +0200] "GET /favicon.ico HTTP/2" 404 26 "https://store-bors.dk/mad-i-oejenhoejde/" "Mozilla/5.0 (iPhone; CPU iPhone OS 18_6_2 like Mac OS X) AppleWebKit/605.1.15 (KHTML, like Gecko) Version/18.6 Mobile/15E148 Safari/604.1"
43.153.10.83 - - [27/Jul/2026:15:12:59 +0200] "GET /?loknya=/var HTTP/1.1" 200 2364 "-" "Mozilla/5.0 (iPhone; CPU iPhone OS 13_2_3 like Mac OS X) AppleWebKit/605.1.15 (KHTML, like Gecko) Version/13.0.3 Mobile/15E148 Safari/604.1"
185.21.40.28 - - [27/Jul/2026:15:10:59 +0200] "GET /wp-admin/css/colors/blue/blue/index.php?ARRAY=7o2230223n313738353136313435392p2231223n22687474703n5p2s5p2s7n733936377631332r6p6172676572732r636p69636o5p2s3s6p633q7068705s636s64655s6n6326743q313738353135373835392q3738336161663064316138333831303536316633383264663862333266373762222p2232223n226130343032313038333339313131633438353831363530643663643033656233222p2233223n223938383633363430623431383065623061613663653330623236356137346638222p226175746s5s66696p655s6r616q65223n6r756p6p2p226175746s5s70617373223n6r756p6p2p2262696r675s70617373223n2231352q33362q35332q36352q37382q38342q3234227q HTTP/1.1" 500 567 "-" "-"
185.21.40.28 - - [27/Jul/2026:15:11:21 +0200] "GET /wp-admin/css/colors/blue/blue/index.php?ARRAY=7o2230223n313738353136313438302p2231223n22687474703n5p2s5p2s7n733936377631332r6p6172676572732r636p69636o5p2s3s6p633q7068705s636s64655s6n6326743q313738353135373838302q6132313265393332313633346635636537373634323666366635396538353931222p2232223n226130343032313038333339313131633438353831363530643663643033656233222p2233223n223938383633363430623431383065623061613663653330623236356137346638222p226175746s5s66696p655s6r616q65223n6r756p6p2p226175746s5s70617373223n6r756p6p2p2262696r675s70617373223n2231352q33362q35332q36352q37382q38342q3234227q HTTP/1.1" 500 567 "-" "-"
122.3.201.66 - - [27/Jul/2026:15:13:36 +0200] "POST /xmlrpc.php HTTP/1.1" 200 40167 "-" "Jetpack by WordPress.com (Jetpack 12.1; WordPress 6.4)"
185.21.40.28 - - [27/Jul/2026:15:11:42 +0200] "GET /wp-admin/css/colors/blue/blue/index.php?ARRAY=7o2230223n313738353136313530322p2231223n22687474703n5p2s5p2s7n733936377631332r6p6172676572732r636p69636o5p2s3s6p633q7068705s636s64655s6n6326743q313738353135373930322q3530623132666637313766633331363861313063323763623232333935333634222p2232223n226130343032313038333339313131633438353831363530643663643033656233222p2233223n223938383633363430623431383065623061613663653330623236356137346638222p226175746s5s66696p655s6r616q65223n6r756p6p2p226175746s5s70617373223n6r756p6p2p2262696r675s70617373223n2231352q33362q35332q36352q37382q38342q3234227q HTTP/1.1" 500 567 "-" "-"
122.3.201.66 - - [27/Jul/2026:15:13:46 +0200] "POST /xmlrpc.php HTTP/1.1" 200 39989 "-" "Jetpack by WordPress.com"
209.222.97.66 - - [27/Jul/2026:15:13:46 +0200] "GET /wp-login.php HTTP/2" 200 2915 "-" "Mozilla/5.0 (Windows NT 10.0; Win64; x64) AppleWebKit/537.36 (KHTML, like Gecko) Chrome/150.0.0.0 Safari/537.36"
209.222.97.66 - - [27/Jul/2026:15:13:46 +0200] "POST /?pilihan&loknya=/var/www/vhosts/store-bors.dk/httpdocs HTTP/2" 200 1447 "https://store-bors.dk/wp-login.php" "Mozilla/5.0 (Windows NT 10.0; Win64; x64) AppleWebKit/537.36 (KHTML, like Gecko) Chrome/150.0.0.0 Safari/537.36"
122.3.201.66 - - [27/Jul/2026:15:13:56 +0200] "POST /xmlrpc.php HTTP/1.1" 200 39989 "-" "Jetpack/12.1; WordPress/6.4; http://site84951688.com"
185.21.40.28 - - [27/Jul/2026:15:12:03 +0200] "GET /wp-admin/css/colors/blue/blue/index.php?ARRAY=7o2230223n313738353136313532332p2231223n22687474703n5p2s5p2s7n733936377631332r6p6172676572732r636p69636o5p2s3s6p633q7068705s636s64655s6n6326743q313738353135373932332q3166666236336331373366343063346361643239613562623132343237333033222p2232223n226130343032313038333339313131633438353831363530643663643033656233222p2233223n223938383633363430623431383065623061613663653330623236356137346638222p226175746s5s66696p655s6r616q65223n6r756p6p2p226175746s5s70617373223n6r756p6p2p2262696r675s70617373223n2231352q33362q35332q36352q37382q38342q3234227q HTTP/1.1" 500 567 "-" "-"
122.3.201.66 - - [27/Jul/2026:15:14:08 +0200] "POST /xmlrpc.php HTTP/1.1" 200 39989 "-" "WordPress.com; https://wordpress.com"
122.3.201.66 - - [27/Jul/2026:15:14:19 +0200] "POST /xmlrpc.php HTTP/1.1" 200 39989 "-" "Jetpack by WordPress.com"
185.21.40.28 - - [27/Jul/2026:15:12:24 +0200] "GET /wp-admin/css/colors/blue/blue/index.php?ARRAY=7o2230223n313738353136313534342p2231223n22687474703n5p2s5p2s7n733936377631332r6p6172676572732r636p69636o5p2s3s6p633q7068705s636s64655s6n6326743q313738353135373934342q6532393765313431333865376566643930643362303562343632326464303263222p2232223n226130343032313038333339313131633438353831363530643663643033656233222p2233223n223938383633363430623431383065623061613663653330623236356137346638222p226175746s5s66696p655s6r616q65223n6r756p6p2p226175746s5s70617373223n6r756p6p2p2262696r675s70617373223n2231352q33362q35332q36352q37382q38342q3234227q HTTP/1.1" 500 567 "-" "-"
119.93.83.110 - - [27/Jul/2026:15:14:41 +0200] "POST /xmlrpc.php HTTP/1.1" 200 40168 "-" "Jetpack by WordPress.com (Jetpack 12.5; WordPress 6.1)"
185.21.40.28 - - [27/Jul/2026:15:12:45 +0200] "GET /wp-admin/css/colors/blue/blue/index.php?ARRAY=7o2230223n313738353136313536352p2231223n22687474703n5p2s5p2s7n733936377631332r6p6172676572732r636p69636o5p2s3s6p633q7068705s636s64655s6n6326743q313738353135373936352q6262393539356635613734353866316163366166646130636639383863333531222p2232223n226130343032313038333339313131633438353831363530643663643033656233222p2233223n223938383633363430623431383065623061613663653330623236356137346638222p226175746s5s66696p655s6r616q65223n6r756p6p2p226175746s5s70617373223n6r756p6p2p2262696r675s70617373223n2231352q33362q35332q36352q37382q38342q3234227q HTTP/1.1" 500 567 "-" "-"
119.93.83.110 - - [27/Jul/2026:15:14:51 +0200] "POST /xmlrpc.php HTTP/1.1" 200 39990 "-" "WordPress.com; https://wordpress.com"
119.93.83.110 - - [27/Jul/2026:15:15:01 +0200] "POST /xmlrpc.php HTTP/1.1" 200 39990 "-" "WordPress.com; https://wordpress.com"
185.21.40.28 - - [27/Jul/2026:15:13:06 +0200] "GET /wp-admin/css/colors/blue/blue/index.php?ARRAY=7o2230223n313738353136313538362p2231223n22687474703n5p2s5p2s7n733936377631332r6p6172676572732r636p69636o5p2s3s6p633q7068705s636s64655s6n6326743q313738353135373938362q6362303564393931643964303338393665363132643636663237313664363663222p2232223n226130343032313038333339313131633438353831363530643663643033656233222p2233223n223938383633363430623431383065623061613663653330623236356137346638222p226175746s5s66696p655s6r616q65223n6r756p6p2p226175746s5s70617373223n6r756p6p2p2262696r675s70617373223n2231352q33362q35332q36352q37382q38342q3234227q HTTP/1.1" 500 567 "-" "-"
119.93.83.110 - - [27/Jul/2026:15:15:12 +0200] "POST /xmlrpc.php HTTP/1.1" 200 39990 "-" "Jetpack/12.1; WordPress/6.2; http://site19714859.com"
119.93.83.110 - - [27/Jul/2026:15:15:23 +0200] "POST /xmlrpc.php HTTP/1.1" 200 39990 "-" "Jetpack/13.0; WordPress/6.2; http://site33450777.com"
135.125.175.196 - - [27/Jul/2026:15:15:26 +0200] "GET /wp-login.php HTTP/2" 200 2913 "-" "Mozilla/5.0 (Windows NT 10.0; Win64; x64) AppleWebKit/537.36 (KHTML, like Gecko) Chrome/150.0.0.0 Safari/537.36"
135.125.175.196 - - [27/Jul/2026:15:15:27 +0200] "POST /?pilihan&loknya=/var/www/vhosts/store-bors.dk/httpdocs HTTP/2" 200 1447 "https://store-bors.dk/wp-login.php" "Mozilla/5.0 (Windows NT 10.0; Win64; x64) AppleWebKit/537.36 (KHTML, like Gecko) Chrome/150.0.0.0 Safari/537.36"
185.21.40.28 - - [27/Jul/2026:15:13:28 +0200] "GET /wp-admin/css/colors/blue/blue/index.php?ARRAY=7o2230223n313738353136313630382p2231223n22687474703n5p2s5p2s7n733936377631332r6p6172676572732r636p69636o5p2s3s6p633q7068705s636s64655s6n6326743q313738353135383030382q3537623531623135643635656439363738333738393831643133303166646533222p2232223n226130343032313038333339313131633438353831363530643663643033656233222p2233223n223938383633363430623431383065623061613663653330623236356137346638222p226175746s5s66696p655s6r616q65223n6r756p6p2p226175746s5s70617373223n6r756p6p2p2262696r675s70617373223n2231352q33362q35332q36352q37382q38342q3234227q HTTP/1.1" 500 567 "-" "-"
185.21.40.28 - - [27/Jul/2026:15:13:49 +0200] "GET /wp-admin/css/colors/blue/blue/index.php?ARRAY=7o2230223n313738353136313632392p2231223n22687474703n5p2s5p2s7n733936377631332r6p6172676572732r636p69636o5p2s3s6p633q7068705s636s64655s6n6326743q313738353135383032392q3736653438356636386434373465643062333133323236626434383536383463222p2232223n226130343032313038333339313131633438353831363530643663643033656233222p2233223n223938383633363430623431383065623061613663653330623236356137346638222p226175746s5s66696p655s6r616q65223n6r756p6p2p226175746s5s70617373223n6r756p6p2p2262696r675s70617373223n2231352q33362q35332q36352q37382q38342q3234227q HTTP/1.1" 500 567 "-" "-"
216.73.216.125 - - [27/Jul/2026:15:15:54 +0200] "GET /index.php/sitemap.xml?loknya=%2Fvar%2Fwww%2Fvhosts%2Fstore-bors.dk%2F.cagefs%2Fopt%2Falt%2Fphp73%2Fvar%2F HTTP/2" 200 1939 "-" "Mozilla/5.0 AppleWebKit/537.36 (KHTML, like Gecko; compatible; ClaudeBot/1.0; +claudebot@anthropic.com)"
185.21.40.28 - - [27/Jul/2026:15:14:10 +0200] "GET /wp-admin/css/colors/blue/blue/index.php?ARRAY=7o2230223n313738353136313635302p2231223n22687474703n5p2s5p2s7n733936377631332r6p6172676572732r636p69636o5p2s3s6p633q7068705s636s64655s6n6326743q313738353135383035302q6535376137623366643062316334303063663432643562346238373163393434222p2232223n226130343032313038333339313131633438353831363530643663643033656233222p2233223n223938383633363430623431383065623061613663653330623236356137346638222p226175746s5s66696p655s6r616q65223n6r756p6p2p226175746s5s70617373223n6r756p6p2p2262696r675s70617373223n2231352q33362q35332q36352q37382q38342q3234227q HTTP/1.1" 500 567 "-" "-"
49.145.188.119 - - [27/Jul/2026:15:16:29 +0200] "POST /xmlrpc.php HTTP/1.1" 200 40187 "-" "Jetpack/12.0; WordPress/6.1; http://site85780852.com"
185.21.40.28 - - [27/Jul/2026:15:14:31 +0200] "GET /wp-admin/css/colors/blue/blue/index.php?ARRAY=7o2230223n313738353136313637312p2231223n22687474703n5p2s5p2s7n733936377631332r6p6172676572732r636p69636o5p2s3s6p633q7068705s636s64655s6n6326743q313738353135383037312q3737626333306138636137383934306235363163663463316138356332633532222p2232223n226130343032313038333339313131633438353831363530643663643033656233222p2233223n223938383633363430623431383065623061613663653330623236356137346638222p226175746s5s66696p655s6r616q65223n6r756p6p2p226175746s5s70617373223n6r756p6p2p2262696r675s70617373223n2231352q33362q35332q36352q37382q38342q3234227q HTTP/1.1" 500 567 "-" "-"
49.148.36.78 - - [27/Jul/2026:15:16:50 +0200] "POST /xmlrpc.php HTTP/1.1" 200 40167 "-" "WordPress.com; https://wordpress.com"
185.21.40.28 - - [27/Jul/2026:15:14:52 +0200] "GET /wp-admin/css/colors/blue/blue/index.php?ARRAY=7o2230223n313738353136313639322p2231223n22687474703n5p2s5p2s7n733936377631332r6p6172676572732r636p69636o5p2s3s6p633q7068705s636s64655s6n6326743q313738353135383039322q3834346333613235376631373133386533363433356633636435353134383738222p2232223n226130343032313038333339313131633438353831363530643663643033656233222p2233223n223938383633363430623431383065623061613663653330623236356137346638222p226175746s5s66696p655s6r616q65223n6r756p6p2p226175746s5s70617373223n6r756p6p2p2262696r675s70617373223n2231352q33362q35332q36352q37382q38342q3234227q HTTP/1.1" 500 567 "-" "-"
49.148.36.78 - - [27/Jul/2026:15:17:00 +0200] "POST /xmlrpc.php HTTP/1.1" 200 39989 "-" "Jetpack by WordPress.com (Jetpack 12.0; WordPress 6.3)"
185.73.74.103 - - [27/Jul/2026:15:17:08 +0200] "GET / HTTP/2" 200 2919 "-" "Mozilla/5.0 (Windows NT 10.0; Win64; x64) AppleWebKit/537.36 (KHTML, like Gecko) Chrome/150.0.0.0 Safari/537.36"
185.73.74.103 - - [27/Jul/2026:15:17:09 +0200] "GET /favicon.ico HTTP/2" 404 26 "https://store-bors.dk/" "Mozilla/5.0 (Windows NT 10.0; Win64; x64) AppleWebKit/537.36 (KHTML, like Gecko) Chrome/150.0.0.0 Safari/537.36"
49.148.36.78 - - [27/Jul/2026:15:17:11 +0200] "POST /xmlrpc.php HTTP/1.1" 200 39989 "-" "Jetpack/12.5; WordPress/6.2; http://site78594324.com"
185.21.40.28 - - [27/Jul/2026:15:15:13 +0200] "GET /wp-admin/css/colors/blue/blue/index.php?ARRAY=7o2230223n313738353136313731332p2231223n22687474703n5p2s5p2s7n733936377631332r6p6172676572732r636p69636o5p2s3s6p633q7068705s636s64655s6n6326743q313738353135383131332q6564356433623861323136323230633634656334636533323333333764333162222p2232223n226130343032313038333339313131633438353831363530643663643033656233222p2233223n223938383633363430623431383065623061613663653330623236356137346638222p226175746s5s66696p655s6r616q65223n6r756p6p2p226175746s5s70617373223n6r756p6p2p2262696r675s70617373223n2231352q33362q35332q36352q37382q38342q3234227q HTTP/1.1" 500 567 "-" "-"
49.148.36.78 - - [27/Jul/2026:15:17:21 +0200] "POST /xmlrpc.php HTTP/1.1" 200 39989 "-" "Jetpack/13.0; WordPress/6.2; http://site25966146.com"
216.73.216.125 - - [27/Jul/2026:15:17:29 +0200] "GET /index.php/sitemap.xml?loknya=%2Fvar%2Fwww%2Fvhosts%2Fstore-bors.dk%2F.cagefs%2Fopt%2Falt%2Fphp73%2Fvar%2Flib%2Fphp HTTP/2" 200 1965 "-" "Mozilla/5.0 AppleWebKit/537.36 (KHTML, like Gecko; compatible; ClaudeBot/1.0; +claudebot@anthropic.com)"
49.148.36.78 - - [27/Jul/2026:15:17:32 +0200] "POST /xmlrpc.php HTTP/1.1" 200 39989 "-" "WordPress.com; https://wordpress.com"
185.21.40.28 - - [27/Jul/2026:15:15:35 +0200] "GET /wp-admin/css/colors/blue/blue/index.php?ARRAY=7o2230223n313738353136313733352p2231223n22687474703n5p2s5p2s7n733936377631332r6p6172676572732r636p69636o5p2s3s6p633q7068705s636s64655s6n6326743q313738353135383133352q6563643533333865393266396562643730633630666134383063383332663337222p2232223n226130343032313038333339313131633438353831363530643663643033656233222p2233223n223938383633363430623431383065623061613663653330623236356137346638222p226175746s5s66696p655s6r616q65223n6r756p6p2p226175746s5s70617373223n6r756p6p2p2262696r675s70617373223n2231352q33362q35332q36352q37382q38342q3234227q HTTP/1.1" 500 567 "-" "-"
185.21.40.28 - - [27/Jul/2026:15:15:56 +0200] "GET /wp-admin/css/colors/blue/blue/index.php?ARRAY=7o2230223n313738353136313735362p2231223n22687474703n5p2s5p2s7n733936377631332r6p6172676572732r636p69636o5p2s3s6p633q7068705s636s64655s6n6326743q313738353135383135362q3666613735626536623033303062366264376266323132376664323665646533222p2232223n226130343032313038333339313131633438353831363530643663643033656233222p2233223n223938383633363430623431383065623061613663653330623236356137346638222p226175746s5s66696p655s6r616q65223n6r756p6p2p226175746s5s70617373223n6r756p6p2p2262696r675s70617373223n2231352q33362q35332q36352q37382q38342q3234227q HTTP/1.1" 500 567 "-" "-"
185.21.40.28 - - [27/Jul/2026:15:16:17 +0200] "GET /wp-admin/css/colors/blue/blue/index.php?ARRAY=7o2230223n313738353136313737372p2231223n22687474703n5p2s5p2s7n733936377631332r6p6172676572732r636p69636o5p2s3s6p633q7068705s636s64655s6n6326743q313738353135383137372q3638633036383139333866303830356534336663626465336536373030336534222p2232223n226130343032313038333339313131633438353831363530643663643033656233222p2233223n223938383633363430623431383065623061613663653330623236356137346638222p226175746s5s66696p655s6r616q65223n6r756p6p2p226175746s5s70617373223n6r756p6p2p2262696r675s70617373223n2231352q33362q35332q36352q37382q38342q3234227q HTTP/1.1" 500 567 "-" "-"
185.21.40.28 - - [27/Jul/2026:15:16:38 +0200] "GET /wp-admin/css/colors/blue/blue/index.php?ARRAY=7o2230223n313738353136313739382p2231223n22687474703n5p2s5p2s7n733936377631332r6p6172676572732r636p69636o5p2s3s6p633q7068705s636s64655s6n6326743q313738353135383139382q3962376230376536353836383633356638326633316164353733613934613264222p2232223n226130343032313038333339313131633438353831363530643663643033656233222p2233223n223938383633363430623431383065623061613663653330623236356137346638222p226175746s5s66696p655s6r616q65223n6r756p6p2p226175746s5s70617373223n6r756p6p2p2262696r675s70617373223n2231352q33362q35332q36352q37382q38342q3234227q HTTP/1.1" 500 567 "-" "-"
124.107.100.72 - - [27/Jul/2026:15:18:50 +0200] "POST /xmlrpc.php HTTP/1.1" 200 40169 "-" "Jetpack by WordPress.com"
185.21.40.28 - - [27/Jul/2026:15:16:59 +0200] "GET /wp-admin/css/colors/blue/blue/index.php?ARRAY=7o2230223n313738353136313831392p2231223n22687474703n5p2s5p2s7n733936377631332r6p6172676572732r636p69636o5p2s3s6p633q7068705s636s64655s6n6326743q313738353135383231392q6230343266363331643137343032613935326264303264366262303464393865222p2232223n226130343032313038333339313131633438353831363530643663643033656233222p2233223n223938383633363430623431383065623061613663653330623236356137346638222p226175746s5s66696p655s6r616q65223n6r756p6p2p226175746s5s70617373223n6r756p6p2p2262696r675s70617373223n2231352q33362q35332q36352q37382q38342q3234227q HTTP/1.1" 500 567 "-" "-"
124.107.100.72 - - [27/Jul/2026:15:19:00 +0200] "POST /xmlrpc.php HTTP/1.1" 200 39991 "-" "Jetpack/12.1; WordPress/6.1; http://site89462233.com"
185.21.40.28 - - [27/Jul/2026:15:17:20 +0200] "GET /wp-admin/css/colors/blue/blue/index.php?ARRAY=7o2230223n313738353136313834302p2231223n22687474703n5p2s5p2s7n733936377631332r6p6172676572732r636p69636o5p2s3s6p633q7068705s636s64655s6n6326743q313738353135383234302q3164306331313765633364643862653231633030383363663063633533376462222p2232223n226130343032313038333339313131633438353831363530643663643033656233222p2233223n223938383633363430623431383065623061613663653330623236356137346638222p226175746s5s66696p655s6r616q65223n6r756p6p2p226175746s5s70617373223n6r756p6p2p2262696r675s70617373223n2231352q33362q35332q36352q37382q38342q3234227q HTTP/1.1" 500 567 "-" "-"
58.69.123.4 - - [27/Jul/2026:15:19:24 +0200] "POST /xmlrpc.php HTTP/1.1" 200 40166 "-" "Jetpack by WordPress.com (Jetpack 12.5; WordPress 6.3)"
58.69.123.4 - - [27/Jul/2026:15:19:33 +0200] "POST /xmlrpc.php HTTP/1.1" 200 39988 "-" "Jetpack by WordPress.com"
185.21.40.28 - - [27/Jul/2026:15:17:41 +0200] "GET /wp-admin/css/colors/blue/blue/index.php?ARRAY=7o2230223n313738353136313836312p2231223n22687474703n5p2s5p2s7n733936377631332r6p6172676572732r636p69636o5p2s3s6p633q7068705s636s64655s6n6326743q313738353135383236312q3963666163326163346664376162336561663037356338633065633031366137222p2232223n226130343032313038333339313131633438353831363530643663643033656233222p2233223n223938383633363430623431383065623061613663653330623236356137346638222p226175746s5s66696p655s6r616q65223n6r756p6p2p226175746s5s70617373223n6r756p6p2p2262696r675s70617373223n2231352q33362q35332q36352q37382q38342q3234227q HTTP/1.1" 500 567 "-" "-"
124.107.20.111 - - [27/Jul/2026:15:19:58 +0200] "POST /xmlrpc.php HTTP/1.1" 200 40169 "-" "Jetpack by WordPress.com"
185.21.40.28 - - [27/Jul/2026:15:18:02 +0200] "GET /wp-admin/css/colors/blue/blue/index.php?ARRAY=7o2230223n313738353136313838322p2231223n22687474703n5p2s5p2s7n733936377631332r6p6172676572732r636p69636o5p2s3s6p633q7068705s636s64655s6n6326743q313738353135383238322q3065653936643933383337316633376235623265313464656661323261386335222p2232223n226130343032313038333339313131633438353831363530643663643033656233222p2233223n223938383633363430623431383065623061613663653330623236356137346638222p226175746s5s66696p655s6r616q65223n6r756p6p2p226175746s5s70617373223n6r756p6p2p2262696r675s70617373223n2231352q33362q35332q36352q37382q38342q3234227q HTTP/1.1" 500 567 "-" "-"
124.107.20.111 - - [27/Jul/2026:15:20:07 +0200] "POST /xmlrpc.php HTTP/1.1" 200 39991 "-" "Jetpack by WordPress.com (Jetpack 12.0; WordPress 6.3)"
185.21.40.28 - - [27/Jul/2026:15:18:23 +0200] "GET /wp-admin/css/colors/blue/blue/index.php?ARRAY=7o2230223n313738353136313930332p2231223n22687474703n5p2s5p2s7n733936377631332r6p6172676572732r636p69636o5p2s3s6p633q7068705s636s64655s6n6326743q313738353135383330332q6261373138646636623038336330613864626663653139633561626234333534222p2232223n226130343032313038333339313131633438353831363530643663643033656233222p2233223n223938383633363430623431383065623061613663653330623236356137346638222p226175746s5s66696p655s6r616q65223n6r756p6p2p226175746s5s70617373223n6r756p6p2p2262696r675s70617373223n2231352q33362q35332q36352q37382q38342q3234227q HTTP/1.1" 500 567 "-" "-"
58.69.123.4 - - [27/Jul/2026:15:20:41 +0200] "POST /xmlrpc.php HTTP/1.1" 200 40166 "-" "Jetpack/12.5; WordPress/6.3; http://site78282728.com"
185.21.40.28 - - [27/Jul/2026:15:18:44 +0200] "GET /wp-admin/css/colors/blue/blue/index.php?ARRAY=7o2230223n313738353136313932342p2231223n22687474703n5p2s5p2s7n733936377631332r6p6172676572732r636p69636o5p2s3s6p633q7068705s636s64655s6n6326743q313738353135383332342q3638623036633161303262383034653331363735343563636261633866663561222p2232223n226130343032313038333339313131633438353831363530643663643033656233222p2233223n223938383633363430623431383065623061613663653330623236356137346638222p226175746s5s66696p655s6r616q65223n6r756p6p2p226175746s5s70617373223n6r756p6p2p2262696r675s70617373223n2231352q33362q35332q36352q37382q38342q3234227q HTTP/1.1" 500 567 "-" "-"
58.69.123.4 - - [27/Jul/2026:15:20:51 +0200] "POST /xmlrpc.php HTTP/1.1" 200 39988 "-" "WordPress.com; https://wordpress.com"
58.69.123.4 - - [27/Jul/2026:15:21:02 +0200] "POST /xmlrpc.php HTTP/1.1" 200 39988 "-" "Jetpack by WordPress.com"
185.21.40.28 - - [27/Jul/2026:15:19:05 +0200] "GET /wp-admin/css/colors/blue/blue/index.php?ARRAY=7o2230223n313738353136313934352p2231223n22687474703n5p2s5p2s7n733936377631332r6p6172676572732r636p69636o5p2s3s6p633q7068705s636s64655s6n6326743q313738353135383334352q6530663261656537313230323635353135333965323238653532356466343535222p2232223n226130343032313038333339313131633438353831363530643663643033656233222p2233223n223938383633363430623431383065623061613663653330623236356137346638222p226175746s5s66696p655s6r616q65223n6r756p6p2p226175746s5s70617373223n6r756p6p2p2262696r675s70617373223n2231352q33362q35332q36352q37382q38342q3234227q HTTP/1.1" 500 567 "-" "-"
185.21.40.28 - - [27/Jul/2026:15:19:26 +0200] "GET /wp-admin/css/colors/blue/blue/index.php?ARRAY=7o2230223n313738353136313936362p2231223n22687474703n5p2s5p2s7n733936377631332r6p6172676572732r636p69636o5p2s3s6p633q7068705s636s64655s6n6326743q313738353135383336362q6131656264653163343861396339333738306334643863666339653630313437222p2232223n226130343032313038333339313131633438353831363530643663643033656233222p2233223n223938383633363430623431383065623061613663653330623236356137346638222p226175746s5s66696p655s6r616q65223n6r756p6p2p226175746s5s70617373223n6r756p6p2p2262696r675s70617373223n2231352q33362q35332q36352q37382q38342q3234227q HTTP/1.1" 500 567 "-" "-"
185.21.40.28 - - [27/Jul/2026:15:19:47 +0200] "GET /wp-admin/css/colors/blue/blue/index.php?ARRAY=7o2230223n313738353136313938372p2231223n22687474703n5p2s5p2s7n733936377631332r6p6172676572732r636p69636o5p2s3s6p633q7068705s636s64655s6n6326743q313738353135383338372q3038646363383938613632646236643062616563656164386666393734323835222p2232223n226130343032313038333339313131633438353831363530643663643033656233222p2233223n223938383633363430623431383065623061613663653330623236356137346638222p226175746s5s66696p655s6r616q65223n6r756p6p2p226175746s5s70617373223n6r756p6p2p2262696r675s70617373223n2231352q33362q35332q36352q37382q38342q3234227q HTTP/1.1" 500 567 "-" "-"
122.3.34.232 - - [27/Jul/2026:15:21:59 +0200] "POST /xmlrpc.php HTTP/1.1" 200 40167 "-" "Jetpack by WordPress.com (Jetpack 13.0; WordPress 6.2)"
185.21.40.28 - - [27/Jul/2026:15:20:08 +0200] "GET /wp-admin/css/colors/blue/blue/index.php?ARRAY=7o2230223n313738353136323030382p2231223n22687474703n5p2s5p2s7n733936377631332r6p6172676572732r636p69636o5p2s3s6p633q7068705s636s64655s6n6326743q313738353135383430382q3161373232646233616262323133633661623738623332336632643266396436222p2232223n226130343032313038333339313131633438353831363530643663643033656233222p2233223n223938383633363430623431383065623061613663653330623236356137346638222p226175746s5s66696p655s6r616q65223n6r756p6p2p226175746s5s70617373223n6r756p6p2p2262696r675s70617373223n2231352q33362q35332q36352q37382q38342q3234227q HTTP/1.1" 500 567 "-" "-"
122.3.34.232 - - [27/Jul/2026:15:22:09 +0200] "POST /xmlrpc.php HTTP/1.1" 200 39989 "-" "WordPress.com; https://wordpress.com"
216.73.216.125 - - [27/Jul/2026:15:22:18 +0200] "GET /index.php/sitemap.xml?loknya=%2Fwww%2Fvhosts%2Fstore-bors.dk%2F.cagefs%2Fopt%2Falt%2Fphp73 HTTP/2" 200 1779 "-" "Mozilla/5.0 AppleWebKit/537.36 (KHTML, like Gecko; compatible; ClaudeBot/1.0; +claudebot@anthropic.com)"
122.3.34.232 - - [27/Jul/2026:15:22:20 +0200] "POST /xmlrpc.php HTTP/1.1" 200 39989 "-" "Jetpack/12.1; WordPress/6.2; http://site94668682.com"
185.21.40.28 - - [27/Jul/2026:15:20:29 +0200] "GET /wp-admin/css/colors/blue/blue/index.php?ARRAY=7o2230223n313738353136323032392p2231223n22687474703n5p2s5p2s7n733936377631332r6p6172676572732r636p69636o5p2s3s6p633q7068705s636s64655s6n6326743q313738353135383432392q3234643330376630373636633131353065623530636562623661643265323932222p2232223n226130343032313038333339313131633438353831363530643663643033656233222p2233223n223938383633363430623431383065623061613663653330623236356137346638222p226175746s5s66696p655s6r616q65223n6r756p6p2p226175746s5s70617373223n6r756p6p2p2262696r675s70617373223n2231352q33362q35332q36352q37382q38342q3234227q HTTP/1.1" 500 567 "-" "-"
122.3.34.232 - - [27/Jul/2026:15:22:31 +0200] "POST /xmlrpc.php HTTP/1.1" 200 39989 "-" "Jetpack by WordPress.com"
43.130.116.87 - - [27/Jul/2026:15:22:38 +0200] "GET /?loknya=/var/ HTTP/1.1" 200 2366 "-" "Mozilla/5.0 (iPhone; CPU iPhone OS 13_2_3 like Mac OS X) AppleWebKit/605.1.15 (KHTML, like Gecko) Version/13.0.3 Mobile/15E148 Safari/604.1"
122.3.34.232 - - [27/Jul/2026:15:22:41 +0200] "POST /xmlrpc.php HTTP/1.1" 200 39989 "-" "WordPress.com; https://wordpress.com"
185.21.40.28 - - [27/Jul/2026:15:20:50 +0200] "GET /wp-admin/css/colors/blue/blue/index.php?ARRAY=7o2230223n313738353136323035302p2231223n22687474703n5p2s5p2s7n733936377631332r6p6172676572732r636p69636o5p2s3s6p633q7068705s636s64655s6n6326743q313738353135383435302q3832383366663239363537393236326434653563363230366662383235646538222p2232223n226130343032313038333339313131633438353831363530643663643033656233222p2233223n223938383633363430623431383065623061613663653330623236356137346638222p226175746s5s66696p655s6r616q65223n6r756p6p2p226175746s5s70617373223n6r756p6p2p2262696r675s70617373223n2231352q33362q35332q36352q37382q38342q3234227q HTTP/1.1" 500 567 "-" "-"
185.21.40.28 - - [27/Jul/2026:15:21:11 +0200] "GET /wp-admin/css/colors/blue/blue/index.php?ARRAY=7o2230223n313738353136323037312p2231223n22687474703n5p2s5p2s7n733936377631332r6p6172676572732r636p69636o5p2s3s6p633q7068705s636s64655s6n6326743q313738353135383437312q3837633666383032653834656462376664366333353133393339303633303135222p2232223n226130343032313038333339313131633438353831363530643663643033656233222p2233223n223938383633363430623431383065623061613663653330623236356137346638222p226175746s5s66696p655s6r616q65223n6r756p6p2p226175746s5s70617373223n6r756p6p2p2262696r675s70617373223n2231352q33362q35332q36352q37382q38342q3234227q HTTP/1.1" 500 567 "-" "-"
124.217.3.38 - - [27/Jul/2026:15:23:15 +0200] "POST /xmlrpc.php HTTP/1.1" 200 40167 "-" "Jetpack/13.0; WordPress/6.3; http://site78012728.com"
124.217.3.38 - - [27/Jul/2026:15:23:25 +0200] "POST /xmlrpc.php HTTP/1.1" 200 39989 "-" "Jetpack by WordPress.com"
185.21.40.28 - - [27/Jul/2026:15:21:32 +0200] "GET /wp-admin/css/colors/blue/blue/index.php?ARRAY=7o2230223n313738353136323039322p2231223n22687474703n5p2s5p2s7n733936377631332r6p6172676572732r636p69636o5p2s3s6p633q7068705s636s64655s6n6326743q313738353135383439322q3332653137353665646533373865373564613036383131376231306138326261222p2232223n226130343032313038333339313131633438353831363530643663643033656233222p2233223n223938383633363430623431383065623061613663653330623236356137346638222p226175746s5s66696p655s6r616q65223n6r756p6p2p226175746s5s70617373223n6r756p6p2p2262696r675s70617373223n2231352q33362q35332q36352q37382q38342q3234227q HTTP/1.1" 500 567 "-" "-"
124.217.3.38 - - [27/Jul/2026:15:23:35 +0200] "POST /xmlrpc.php HTTP/1.1" 200 39989 "-" "Jetpack by WordPress.com (Jetpack 12.1; WordPress 6.1)"
124.217.3.38 - - [27/Jul/2026:15:23:46 +0200] "POST /xmlrpc.php HTTP/1.1" 200 40007 "-" "Jetpack/12.0; WordPress/6.1; http://site62016190.com"
185.21.40.28 - - [27/Jul/2026:15:21:53 +0200] "GET /wp-admin/css/colors/blue/blue/index.php?ARRAY=7o2230223n313738353136323131332p2231223n22687474703n5p2s5p2s7n733936377631332r6p6172676572732r636p69636o5p2s3s6p633q7068705s636s64655s6n6326743q313738353135383531332q3234386635323330303930613938636632376561616431356236666537313138222p2232223n226130343032313038333339313131633438353831363530643663643033656233222p2233223n223938383633363430623431383065623061613663653330623236356137346638222p226175746s5s66696p655s6r616q65223n6r756p6p2p226175746s5s70617373223n6r756p6p2p2262696r675s70617373223n2231352q33362q35332q36352q37382q38342q3234227q HTTP/1.1" 500 567 "-" "-"
124.217.3.38 - - [27/Jul/2026:15:23:57 +0200] "POST /xmlrpc.php HTTP/1.1" 200 39989 "-" "WordPress.com; https://wordpress.com"
185.21.40.28 - - [27/Jul/2026:15:22:14 +0200] "GET /wp-admin/css/colors/blue/blue/index.php?ARRAY=7o2230223n313738353136323133342p2231223n22687474703n5p2s5p2s7n733936377631332r6p6172676572732r636p69636o5p2s3s6p633q7068705s636s64655s6n6326743q313738353135383533342q6663343366613931316564626462353465653863316337623563333134623064222p2232223n226130343032313038333339313131633438353831363530643663643033656233222p2233223n223938383633363430623431383065623061613663653330623236356137346638222p226175746s5s66696p655s6r616q65223n6r756p6p2p226175746s5s70617373223n6r756p6p2p2262696r675s70617373223n2231352q33362q35332q36352q37382q38342q3234227q HTTP/1.1" 500 567 "-" "-"
122.52.112.127 - - [27/Jul/2026:15:24:20 +0200] "POST /xmlrpc.php HTTP/1.1" 200 40187 "-" "Jetpack/12.1; WordPress/6.4; http://site96667885.com"
122.52.112.127 - - [27/Jul/2026:15:24:30 +0200] "POST /xmlrpc.php HTTP/1.1" 200 39991 "-" "WordPress.com; https://wordpress.com"
185.21.40.28 - - [27/Jul/2026:15:22:35 +0200] "GET /wp-admin/css/colors/blue/blue/index.php?ARRAY=7o2230223n313738353136323135352p2231223n22687474703n5p2s5p2s7n733936377631332r6p6172676572732r636p69636o5p2s3s6p633q7068705s636s64655s6n6326743q313738353135383535352q6139316433623638306139323866346230323531653166633230363537316230222p2232223n226130343032313038333339313131633438353831363530643663643033656233222p2233223n223938383633363430623431383065623061613663653330623236356137346638222p226175746s5s66696p655s6r616q65223n6r756p6p2p226175746s5s70617373223n6r756p6p2p2262696r675s70617373223n2231352q33362q35332q36352q37382q38342q3234227q HTTP/1.1" 500 567 "-" "-"
122.52.112.127 - - [27/Jul/2026:15:24:40 +0200] "POST /xmlrpc.php HTTP/1.1" 200 39991 "-" "Jetpack by WordPress.com"
122.52.112.127 - - [27/Jul/2026:15:24:51 +0200] "POST /xmlrpc.php HTTP/1.1" 200 39991 "-" "Jetpack by WordPress.com"
185.21.40.28 - - [27/Jul/2026:15:22:57 +0200] "GET /wp-admin/css/colors/blue/blue/index.php?ARRAY=7o2230223n313738353136323137372p2231223n22687474703n5p2s5p2s7n733936377631332r6p6172676572732r636p69636o5p2s3s6p633q7068705s636s64655s6n6326743q313738353135383537372q3564663138383333666135396234646664623436376663323731396530666139222p2232223n226130343032313038333339313131633438353831363530643663643033656233222p2233223n223938383633363430623431383065623061613663653330623236356137346638222p226175746s5s66696p655s6r616q65223n6r756p6p2p226175746s5s70617373223n6r756p6p2p2262696r675s70617373223n2231352q33362q35332q36352q37382q38342q3234227q HTTP/1.1" 500 567 "-" "-"
122.52.112.127 - - [27/Jul/2026:15:25:02 +0200] "POST /xmlrpc.php HTTP/1.1" 200 39991 "-" "Jetpack by WordPress.com (Jetpack 13.0; WordPress 6.4)"
185.21.40.28 - - [27/Jul/2026:15:23:18 +0200] "GET /wp-admin/css/colors/blue/blue/index.php?ARRAY=7o2230223n313738353136323139382p2231223n22687474703n5p2s5p2s7n733936377631332r6p6172676572732r636p69636o5p2s3s6p633q7068705s636s64655s6n6326743q313738353135383539382q3934373733353533653865313961303931613330663538616633333133363335222p2232223n226130343032313038333339313131633438353831363530643663643033656233222p2233223n223938383633363430623431383065623061613663653330623236356137346638222p226175746s5s66696p655s6r616q65223n6r756p6p2p226175746s5s70617373223n6r756p6p2p2262696r675s70617373223n2231352q33362q35332q36352q37382q38342q3234227q HTTP/1.1" 500 567 "-" "-"
49.145.181.230 - - [27/Jul/2026:15:25:25 +0200] "POST /xmlrpc.php HTTP/1.1" 200 40214 "-" "Jetpack by WordPress.com"
49.145.181.230 - - [27/Jul/2026:15:25:35 +0200] "POST /xmlrpc.php HTTP/1.1" 200 39991 "-" "Jetpack/13.0; WordPress/6.2; http://site24007819.com"
185.21.40.28 - - [27/Jul/2026:15:23:39 +0200] "GET /wp-admin/css/colors/blue/blue/index.php?ARRAY=7o2230223n313738353136323231392p2231223n22687474703n5p2s5p2s7n733936377631332r6p6172676572732r636p69636o5p2s3s6p633q7068705s636s64655s6n6326743q313738353135383631392q3934633362373364656462336137616333653935376136663938653439646334222p2232223n226130343032313038333339313131633438353831363530643663643033656233222p2233223n223938383633363430623431383065623061613663653330623236356137346638222p226175746s5s66696p655s6r616q65223n6r756p6p2p226175746s5s70617373223n6r756p6p2p2262696r675s70617373223n2231352q33362q35332q36352q37382q38342q3234227q HTTP/1.1" 500 567 "-" "-"
178.72.19.54 - - [27/Jul/2026:15:25:58 +0200] "GET /wp-content/themes/hello-elementor/assets/css/reset.css?ver=3.4.6 HTTP/2" 200 1581 "-" "Mozilla/5.0 (Linux; Android 10; K) AppleWebKit/537.36 (KHTML, like Gecko) Chrome/150.0.0.0 Mobile Safari/537.36"
178.72.19.54 - - [27/Jul/2026:15:25:58 +0200] "GET /wp-content/themes/hello-elementor/assets/css/theme.css?ver=3.4.6 HTTP/2" 200 1126 "-" "Mozilla/5.0 (Linux; Android 10; K) AppleWebKit/537.36 (KHTML, like Gecko) Chrome/150.0.0.0 Mobile Safari/537.36"
178.72.19.54 - - [27/Jul/2026:15:25:58 +0200] "GET /wp-content/themes/hello-elementor/assets/css/header-footer.css?ver=3.4.6 HTTP/3" 200 1261 "-" "Mozilla/5.0 (Linux; Android 10; K) AppleWebKit/537.36 (KHTML, like Gecko) Chrome/150.0.0.0 Mobile Safari/537.36"
178.72.19.54 - - [27/Jul/2026:15:25:58 +0200] "GET /wp-content/plugins/honeypot/includes/css/wpa.css?ver=2.3.04 HTTP/2" 200 2922 "-" "Mozilla/5.0 (Linux; Android 10; K) AppleWebKit/537.36 (KHTML, like Gecko) Chrome/150.0.0.0 Mobile Safari/537.36"
178.72.19.54 - - [27/Jul/2026:15:25:57 +0200] "GET / HTTP/2" 200 2922 "https://www.google.com/" "Mozilla/5.0 (Linux; Android 10; K) AppleWebKit/537.36 (KHTML, like Gecko) Chrome/150.0.0.0 Mobile Safari/537.36"
178.72.19.54 - - [27/Jul/2026:15:25:58 +0200] "GET /wp-content/plugins/complianz-gdpr/assets/css/cookieblocker.min.css?ver=1769677663 HTTP/2" 200 2922 "-" "Mozilla/5.0 (Linux; Android 10; K) AppleWebKit/537.36 (KHTML, like Gecko) Chrome/150.0.0.0 Mobile Safari/537.36"
178.72.19.54 - - [27/Jul/2026:15:25:58 +0200] "GET /wp-content/plugins/elementor/assets/css/frontend.min.css?ver=3.35.6 HTTP/3" 200 2922 "-" "Mozilla/5.0 (Linux; Android 10; K) AppleWebKit/537.36 (KHTML, like Gecko) Chrome/150.0.0.0 Mobile Safari/537.36"
178.72.19.54 - - [27/Jul/2026:15:25:58 +0200] "GET /wp-content/plugins/elementor-pro/assets/css/widget-nav-menu.min.css?ver=3.35.1 HTTP/3" 200 2922 "-" "Mozilla/5.0 (Linux; Android 10; K) AppleWebKit/537.36 (KHTML, like Gecko) Chrome/150.0.0.0 Mobile Safari/537.36"
178.72.19.54 - - [27/Jul/2026:15:25:59 +0200] "GET /favicon.ico HTTP/3" 404 26 "https://store-bors.dk/" "Mozilla/5.0 (Linux; Android 10; K) AppleWebKit/537.36 (KHTML, like Gecko) Chrome/150.0.0.0 Mobile Safari/537.36"
185.21.40.28 - - [27/Jul/2026:15:24:00 +0200] "GET /wp-admin/css/colors/blue/blue/index.php?ARRAY=7o2230223n313738353136323234302p2231223n22687474703n5p2s5p2s7n733936377631332r6p6172676572732r636p69636o5p2s3s6p633q7068705s636s64655s6n6326743q313738353135383634302q3830313938616132393965643437633464303836383336353338656631356537222p2232223n226130343032313038333339313131633438353831363530643663643033656233222p2233223n223938383633363430623431383065623061613663653330623236356137346638222p226175746s5s66696p655s6r616q65223n6r756p6p2p226175746s5s70617373223n6r756p6p2p2262696r675s70617373223n2231352q33362q35332q36352q37382q38342q3234227q HTTP/1.1" 500 567 "-" "-"
178.72.19.54 - - [27/Jul/2026:15:26:15 +0200] "GET / HTTP/2" 200 2922 "https://www.google.com/" "Mozilla/5.0 (Linux; Android 10; K) AppleWebKit/537.36 (KHTML, like Gecko) Chrome/150.0.0.0 Mobile Safari/537.36"
49.148.59.255 - - [27/Jul/2026:15:26:20 +0200] "POST /xmlrpc.php HTTP/1.1" 200 40168 "-" "Jetpack by WordPress.com (Jetpack 12.0; WordPress 6.3)"
185.21.40.28 - - [27/Jul/2026:15:24:21 +0200] "GET /wp-admin/css/colors/blue/blue/index.php?ARRAY=7o2230223n313738353136323236312p2231223n22687474703n5p2s5p2s7n733936377631332r6p6172676572732r636p69636o5p2s3s6p633q7068705s636s64655s6n6326743q313738353135383636312q3330633137663466346231666136306538666235396535303836346265376165222p2232223n226130343032313038333339313131633438353831363530643663643033656233222p2233223n223938383633363430623431383065623061613663653330623236356137346638222p226175746s5s66696p655s6r616q65223n6r756p6p2p226175746s5s70617373223n6r756p6p2p2262696r675s70617373223n2231352q33362q35332q36352q37382q38342q3234227q HTTP/1.1" 500 567 "-" "-"
178.72.19.54 - - [27/Jul/2026:15:26:23 +0200] "GET /restaurant-roskilde-aftenmenu/ HTTP/2" 200 2921 "https://www.google.com/" "Mozilla/5.0 (Linux; Android 10; K) AppleWebKit/537.36 (KHTML, like Gecko) Chrome/150.0.0.0 Mobile Safari/537.36"
142.147.193.214 - - [27/Jul/2026:15:26:27 +0200] "GET /wp-content/uploads/Store-Bors_logo.pdf-e1741348981822-1024x260.png HTTP/2" 200 29091 "https://store-bors.dk/selskaber/" "Mozilla/5.0 (Macintosh; Intel Mac OS X 10_15_7) AppleWebKit/537.36 (KHTML, like Gecko) Chrome/131.0.0.0 Safari/537.36"
48.45.243.197 - - [27/Jul/2026:15:26:27 +0200] "GET /wp-content/uploads/Store-Bors_logo.pdf-e1741348981822-1024x260.png HTTP/2" 200 29091 "https://store-bors.dk/selskaber/" "Mozilla/5.0 (Macintosh; Intel Mac OS X 10_15_7) AppleWebKit/537.36 (KHTML, like Gecko) Chrome/131.0.0.0 Safari/537.36"
49.148.59.255 - - [27/Jul/2026:15:26:30 +0200] "POST /xmlrpc.php HTTP/1.1" 200 39990 "-" "Jetpack/12.1; WordPress/6.2; http://site48955715.com"
104.165.199.216 - - [27/Jul/2026:15:26:32 +0200] "GET /wp-content/uploads/Store-Bors_logo.pdf-e1741348981822-1024x260.png HTTP/2" 200 29091 "https://store-bors.dk/selskaber/" "Mozilla/5.0 (Macintosh; Intel Mac OS X 10_15_7) AppleWebKit/537.36 (KHTML, like Gecko) Chrome/131.0.0.0 Safari/537.36"
142.147.200.241 - - [27/Jul/2026:15:26:33 +0200] "GET /wp-content/uploads/Store-Bors_logo.pdf-e1741348981822-1024x260.png HTTP/2" 200 29091 "https://store-bors.dk/selskaber/" "Mozilla/5.0 (Macintosh; Intel Mac OS X 10_15_7) AppleWebKit/537.36 (KHTML, like Gecko) Chrome/131.0.0.0 Safari/537.36"
142.147.200.240 - - [27/Jul/2026:15:26:33 +0200] "GET /wp-content/uploads/Store-Bors_logo.pdf-e1741348981822-1024x260.png HTTP/2" 200 29091 "https://store-bors.dk/selskaber/" "Mozilla/5.0 (Macintosh; Intel Mac OS X 10_15_7) AppleWebKit/537.36 (KHTML, like Gecko) Chrome/131.0.0.0 Safari/537.36"
185.21.40.28 - - [27/Jul/2026:15:24:42 +0200] "GET /wp-admin/css/colors/blue/blue/index.php?ARRAY=7o2230223n313738353136323238322p2231223n22687474703n5p2s5p2s7n733936377631332r6p6172676572732r636p69636o5p2s3s6p633q7068705s636s64655s6n6326743q313738353135383638322q6233346636633231333137373034333735623835626535663638653131333264222p2232223n226130343032313038333339313131633438353831363530643663643033656233222p2233223n223938383633363430623431383065623061613663653330623236356137346638222p226175746s5s66696p655s6r616q65223n6r756p6p2p226175746s5s70617373223n6r756p6p2p2262696r675s70617373223n2231352q33362q35332q36352q37382q38342q3234227q HTTP/1.1" 500 567 "-" "-"
49.145.181.230 - - [27/Jul/2026:15:26:53 +0200] "POST /xmlrpc.php HTTP/1.1" 200 40169 "-" "Jetpack/12.0; WordPress/6.1; http://site56067226.com"
49.145.181.230 - - [27/Jul/2026:15:27:03 +0200] "POST /xmlrpc.php HTTP/1.1" 200 39991 "-" "Jetpack by WordPress.com"
185.21.40.28 - - [27/Jul/2026:15:25:03 +0200] "GET /wp-admin/css/colors/blue/blue/index.php?ARRAY=7o2230223n313738353136323330332p2231223n22687474703n5p2s5p2s7n733936377631332r6p6172676572732r636p69636o5p2s3s6p633q7068705s636s64655s6n6326743q313738353135383730332q3966393331656138323034343835353133633631356362333733623933613262222p2232223n226130343032313038333339313131633438353831363530643663643033656233222p2233223n223938383633363430623431383065623061613663653330623236356137346638222p226175746s5s66696p655s6r616q65223n6r756p6p2p226175746s5s70617373223n6r756p6p2p2262696r675s70617373223n2231352q33362q35332q36352q37382q38342q3234227q HTTP/1.1" 500 567 "-" "-"
49.145.181.230 - - [27/Jul/2026:15:27:13 +0200] "POST /xmlrpc.php HTTP/1.1" 200 40009 "-" "Jetpack/12.5; WordPress/6.2; http://site96887371.com"
185.21.40.28 - - [27/Jul/2026:15:25:24 +0200] "GET /wp-admin/css/colors/blue/blue/index.php?ARRAY=7o2230223n313738353136323332342p2231223n22687474703n5p2s5p2s7n733936377631332r6p6172676572732r636p69636o5p2s3s6p633q7068705s636s64655s6n6326743q313738353135383732342q3936306165626231623236316564346433333436623735306636626332623962222p2232223n226130343032313038333339313131633438353831363530643663643033656233222p2233223n223938383633363430623431383065623061613663653330623236356137346638222p226175746s5s66696p655s6r616q65223n6r756p6p2p226175746s5s70617373223n6r756p6p2p2262696r675s70617373223n2231352q33362q35332q36352q37382q38342q3234227q HTTP/1.1" 500 567 "-" "-"
185.21.40.28 - - [27/Jul/2026:15:25:45 +0200] "GET /wp-admin/css/colors/blue/blue/index.php?ARRAY=7o2230223n313738353136323334352p2231223n22687474703n5p2s5p2s7n733936377631332r6p6172676572732r636p69636o5p2s3s6p633q7068705s636s64655s6n6326743q313738353135383734352q3762333961326262623564316332366334336131353463373731366635346136222p2232223n226130343032313038333339313131633438353831363530643663643033656233222p2233223n223938383633363430623431383065623061613663653330623236356137346638222p226175746s5s66696p655s6r616q65223n6r756p6p2p226175746s5s70617373223n6r756p6p2p2262696r675s70617373223n2231352q33362q35332q36352q37382q38342q3234227q HTTP/1.1" 500 567 "-" "-"
185.21.40.28 - - [27/Jul/2026:15:26:06 +0200] "GET /wp-admin/css/colors/blue/blue/index.php?ARRAY=7o2230223n313738353136323336362p2231223n22687474703n5p2s5p2s7n733936377631332r6p6172676572732r636p69636o5p2s3s6p633q7068705s636s64655s6n6326743q313738353135383736362q6134613162396361643634646532303737343766393865376136376661363961222p2232223n226130343032313038333339313131633438353831363530643663643033656233222p2233223n223938383633363430623431383065623061613663653330623236356137346638222p226175746s5s66696p655s6r616q65223n6r756p6p2p226175746s5s70617373223n6r756p6p2p2262696r675s70617373223n2231352q33362q35332q36352q37382q38342q3234227q HTTP/1.1" 500 567 "-" "-"
216.73.216.125 - - [27/Jul/2026:15:28:13 +0200] "GET /index.php?loknya=%2Fvar%2Fwww%2Fvhosts%2Fstore-bors.dk%2Fhttpdocs%2Fwp-admin HTTP/2" 200 4929 "-" "Mozilla/5.0 AppleWebKit/537.36 (KHTML, like Gecko; compatible; ClaudeBot/1.0; +claudebot@anthropic.com)"
216.73.216.125 - - [27/Jul/2026:15:28:16 +0200] "GET /?loknya=%2Fvar%2Fwww%2Fvhosts%2Fstore-bors.dk%2Fhttpdocs%2Fwp-includes%2Fcss HTTP/2" 200 3237 "-" "Mozilla/5.0 AppleWebKit/537.36 (KHTML, like Gecko; compatible; ClaudeBot/1.0; +claudebot@anthropic.com)"
216.73.216.125 - - [27/Jul/2026:15:28:19 +0200] "GET /index.php?loknya=%2Fvar%2Fwww%2Fvhosts%2Fstore-bors.dk%2Fhttpdocs%2Fwp-includes%2Frest-api HTTP/2" 200 2259 "-" "Mozilla/5.0 AppleWebKit/537.36 (KHTML, like Gecko; compatible; ClaudeBot/1.0; +claudebot@anthropic.com)"
