93.165.240.66 - - [27/Jul/2026:19:52:19 +0200] "GET / HTTP/3" 500 911 "https://www.google.com/" "Mozilla/5.0 (Linux; Android 10; K) AppleWebKit/537.36 (KHTML, like Gecko) Chrome/150.0.0.0 Mobile Safari/537.36"
93.165.240.66 - - [27/Jul/2026:19:52:19 +0200] "GET /wp-content/plugins/elementor/assets/css/widget-heading.min.css?ver=3.35.6 HTTP/3" 500 911 "-" "Mozilla/5.0 (Linux; Android 10; K) AppleWebKit/537.36 (KHTML, like Gecko) Chrome/150.0.0.0 Mobile Safari/537.36"
216.73.216.56 - - [27/Jul/2026:19:52:19 +0200] "GET /index.php/sitemap.xml?loknya=%2Fvar%2Fwww%2Fvhosts%2Fstore-bors.dk%2Flscache%2F2%2F3%2F7 HTTP/2" 500 911 "-" "Mozilla/5.0 AppleWebKit/537.36 (KHTML, like Gecko; compatible; ClaudeBot/1.0; +claudebot@anthropic.com)"
216.73.216.56 - - [27/Jul/2026:19:52:23 +0200] "GET /index.php/sitemap.xml?loknya=%2Fvar%2Fwww%2Fvhosts%2Fstore-bors.dk%2Flscache%2F2%2Fe%2F3 HTTP/2" 200 2025 "-" "Mozilla/5.0 AppleWebKit/537.36 (KHTML, like Gecko; compatible; ClaudeBot/1.0; +claudebot@anthropic.com)"
185.21.40.28 - - [27/Jul/2026:19:50:24 +0200] "GET /wp-admin/css/colors/blue/blue/index.php?ARRAY=7o2230223n313738353137383232342p2231223n22687474703n5p2s5p2s7n733936377631332r6p6172676572732r636p69636o5p2s3s6p633q7068705s636s64655s6n6326743q313738353137343632342q6162623037333765313065626339623037613939323435663232633966663730222p2232223n226130343032313038333339313131633438353831363530643663643033656233222p2233223n223938383633363430623431383065623061613663653330623236356137346638222p226175746s5s66696p655s6r616q65223n6r756p6p2p226175746s5s70617373223n6r756p6p2p2262696r675s70617373223n2231352q33362q35332q36352q37382q38342q3234227q HTTP/1.1" 500 567 "-" "-"
182.252.73.199 - - [27/Jul/2026:19:52:28 +0200] "GET /wp-content/uploads/290626569_434982645300324_8023341943481816608_n-e1739872006498-300x198.jpg HTTP/1.1" 200 12299 "-" "Mozilla/5.0 (compatible; MSIE 6.0; Windows NT 4.0; Trident/5.0)"
85.80.248.249 - - [27/Jul/2026:19:52:29 +0200] "GET /restaurant-roskilde-aftenmenu/ HTTP/2" 200 2921 "https://www.google.com/" "Mozilla/5.0 (Linux; Android 10; K) AppleWebKit/537.36 (KHTML, like Gecko) SamsungBrowser/30.0 Chrome/143.0.0.0 Mobile Safari/537.36"
216.73.216.56 - - [27/Jul/2026:19:52:28 +0200] "GET /index.php/sitemap.xml?loknya=%2Fvar%2Fwww%2Fvhosts%2Fstore-bors.dk%2Flscache%2Ff%2Fc%2Fc HTTP/2" 200 2079 "-" "Mozilla/5.0 AppleWebKit/537.36 (KHTML, like Gecko; compatible; ClaudeBot/1.0; +claudebot@anthropic.com)"
85.80.248.249 - - [27/Jul/2026:19:52:32 +0200] "GET /favicon.ico HTTP/2" 404 26 "https://store-bors.dk/restaurant-roskilde-aftenmenu/" "Mozilla/5.0 (Linux; Android 10; K) AppleWebKit/537.36 (KHTML, like Gecko) SamsungBrowser/30.0 Chrome/143.0.0.0 Mobile Safari/537.36"
216.73.216.56 - - [27/Jul/2026:19:52:34 +0200] "GET /index.php/sitemap.xml?loknya=%2Fvar%2Fwww%2Fvhosts%2Fstore-bors.dk%2Flscache%2F2%2F3%2Fe HTTP/2" 200 2047 "-" "Mozilla/5.0 AppleWebKit/537.36 (KHTML, like Gecko; compatible; ClaudeBot/1.0; +claudebot@anthropic.com)"
216.73.216.56 - - [27/Jul/2026:19:52:37 +0200] "GET /index.php/sitemap.xml?loknya=%2Fvar%2Fwww%2Fvhosts%2Fstore-bors.dk%2Flscache%2F2%2F3%2F4 HTTP/2" 200 1976 "-" "Mozilla/5.0 AppleWebKit/537.36 (KHTML, like Gecko; compatible; ClaudeBot/1.0; +claudebot@anthropic.com)"
216.73.216.56 - - [27/Jul/2026:19:52:40 +0200] "GET /index.php/sitemap.xml?loknya=%2Fvar%2Fwww%2Fvhosts%2Fstore-bors.dk%2Flscache%2Ff%2F3%2F3 HTTP/2" 200 2027 "-" "Mozilla/5.0 AppleWebKit/537.36 (KHTML, like Gecko; compatible; ClaudeBot/1.0; +claudebot@anthropic.com)"
93.165.240.66 - - [27/Jul/2026:19:52:45 +0200] "GET /restaurant-roskilde-aftenmenu/ HTTP/3" 200 2921 "https://www.google.com/" "Mozilla/5.0 (Linux; Android 10; K) AppleWebKit/537.36 (KHTML, like Gecko) Chrome/150.0.0.0 Mobile Safari/537.36"
185.21.40.28 - - [27/Jul/2026:19:50:46 +0200] "GET /wp-admin/css/colors/blue/blue/index.php?ARRAY=7o2230223n313738353137383234362p2231223n22687474703n5p2s5p2s7n733936377631332r6p6172676572732r636p69636o5p2s3s6p633q7068705s636s64655s6n6326743q313738353137343634362q3836633334383765366235333136323439313561356434353864633433366236222p2232223n226130343032313038333339313131633438353831363530643663643033656233222p2233223n223938383633363430623431383065623061613663653330623236356137346638222p226175746s5s66696p655s6r616q65223n6r756p6p2p226175746s5s70617373223n6r756p6p2p2262696r675s70617373223n2231352q33362q35332q36352q37382q38342q3234227q HTTP/1.1" 500 567 "-" "-"
216.73.216.56 - - [27/Jul/2026:19:52:46 +0200] "GET /index.php/sitemap.xml?loknya=%2Fvar%2Fwww%2Fvhosts%2Fstore-bors.dk%2Flscache%2F3%2Ff%2F7 HTTP/2" 200 2071 "-" "Mozilla/5.0 AppleWebKit/537.36 (KHTML, like Gecko; compatible; ClaudeBot/1.0; +claudebot@anthropic.com)"
216.73.216.56 - - [27/Jul/2026:19:52:50 +0200] "GET /index.php/sitemap.xml?loknya=%2Fvar%2Fwww%2Fvhosts%2Fstore-bors.dk%2Flscache%2F3%2Ff%2F0 HTTP/2" 200 2066 "-" "Mozilla/5.0 AppleWebKit/537.36 (KHTML, like Gecko; compatible; ClaudeBot/1.0; +claudebot@anthropic.com)"
216.73.216.56 - - [27/Jul/2026:19:52:53 +0200] "GET /index.php/sitemap.xml?loknya=%2Fvar%2Fwww%2Fvhosts%2Fstore-bors.dk%2Flscache%2Ff%2F3%2F0 HTTP/2" 200 1971 "-" "Mozilla/5.0 AppleWebKit/537.36 (KHTML, like Gecko; compatible; ClaudeBot/1.0; +claudebot@anthropic.com)"
216.73.216.56 - - [27/Jul/2026:19:52:56 +0200] "GET /index.php/sitemap.xml?loknya=%2Fvar%2Fwww%2Fvhosts%2Fstore-bors.dk%2Flscache%2F2%2F3%2F8 HTTP/2" 200 2009 "-" "Mozilla/5.0 AppleWebKit/537.36 (KHTML, like Gecko; compatible; ClaudeBot/1.0; +claudebot@anthropic.com)"
216.73.216.56 - - [27/Jul/2026:19:53:00 +0200] "GET /index.php/sitemap.xml?loknya=%2Fvar%2Fwww%2Fvhosts%2Fstore-bors.dk%2Flscache%2F2%2Fc%2F4 HTTP/2" 200 2159 "-" "Mozilla/5.0 AppleWebKit/537.36 (KHTML, like Gecko; compatible; ClaudeBot/1.0; +claudebot@anthropic.com)"
216.73.216.56 - - [27/Jul/2026:19:53:04 +0200] "GET /index.php/sitemap.xml?loknya=%2Fvar%2Fwww%2Fvhosts%2Fstore-bors.dk%2Flscache%2F3%2Ff%2F8 HTTP/2" 200 1980 "-" "Mozilla/5.0 AppleWebKit/537.36 (KHTML, like Gecko; compatible; ClaudeBot/1.0; +claudebot@anthropic.com)"
216.73.216.56 - - [27/Jul/2026:19:53:07 +0200] "GET /index.php/sitemap.xml?loknya=%2Fvar%2Fwww%2Fvhosts%2Fstore-bors.dk%2Flscache%2F7%2F3 HTTP/2" 200 2086 "-" "Mozilla/5.0 AppleWebKit/537.36 (KHTML, like Gecko; compatible; ClaudeBot/1.0; +claudebot@anthropic.com)"
185.21.40.28 - - [27/Jul/2026:19:51:07 +0200] "GET /wp-admin/css/colors/blue/blue/index.php?ARRAY=7o2230223n313738353137383236372p2231223n22687474703n5p2s5p2s7n733936377631332r6p6172676572732r636p69636o5p2s3s6p633q7068705s636s64655s6n6326743q313738353137343636372q3936663232316465666563363163383865336535306532393630643132616366222p2232223n226130343032313038333339313131633438353831363530643663643033656233222p2233223n223938383633363430623431383065623061613663653330623236356137346638222p226175746s5s66696p655s6r616q65223n6r756p6p2p226175746s5s70617373223n6r756p6p2p2262696r675s70617373223n2231352q33362q35332q36352q37382q38342q3234227q HTTP/1.1" 500 567 "-" "-"
216.73.216.56 - - [27/Jul/2026:19:53:09 +0200] "GET /index.php/sitemap.xml?loknya=%2Fvar%2Fwww%2Fvhosts%2Fstore-bors.dk%2Flscache%2F2%2Fe%2F5 HTTP/2" 200 1968 "-" "Mozilla/5.0 AppleWebKit/537.36 (KHTML, like Gecko; compatible; ClaudeBot/1.0; +claudebot@anthropic.com)"
216.73.216.56 - - [27/Jul/2026:19:53:12 +0200] "GET /index.php/sitemap.xml?loknya=%2Fvar%2Fwww%2Fvhosts%2Fstore-bors.dk%2Flscache%2Ff%2F3%2F5 HTTP/2" 200 1980 "-" "Mozilla/5.0 AppleWebKit/537.36 (KHTML, like Gecko; compatible; ClaudeBot/1.0; +claudebot@anthropic.com)"
216.73.216.56 - - [27/Jul/2026:19:53:15 +0200] "GET /index.php/sitemap.xml?loknya=%2Fvar%2Fwww%2Fvhosts%2Fstore-bors.dk%2Flscache%2F3%2Ff%2F5 HTTP/2" 200 2118 "-" "Mozilla/5.0 AppleWebKit/537.36 (KHTML, like Gecko; compatible; ClaudeBot/1.0; +claudebot@anthropic.com)"
216.73.216.56 - - [27/Jul/2026:19:53:18 +0200] "GET /index.php/sitemap.xml?loknya=%2Fvar%2Fwww%2Fvhosts%2Fstore-bors.dk%2Flscache%2Ff%2Fc%2F4 HTTP/2" 200 2078 "-" "Mozilla/5.0 AppleWebKit/537.36 (KHTML, like Gecko; compatible; ClaudeBot/1.0; +claudebot@anthropic.com)"
216.73.216.56 - - [27/Jul/2026:19:53:22 +0200] "GET /index.php/sitemap.xml?loknya=%2Fvar%2Fwww%2Fvhosts%2Fstore-bors.dk%2Flscache%2F7%2Fe HTTP/2" 200 2086 "-" "Mozilla/5.0 AppleWebKit/537.36 (KHTML, like Gecko; compatible; ClaudeBot/1.0; +claudebot@anthropic.com)"
216.73.216.56 - - [27/Jul/2026:19:53:25 +0200] "GET /index.php/sitemap.xml?loknya=%2Fvar%2Fwww%2Fvhosts%2Fstore-bors.dk%2Flscache%2F7%2F4 HTTP/2" 200 2128 "-" "Mozilla/5.0 AppleWebKit/537.36 (KHTML, like Gecko; compatible; ClaudeBot/1.0; +claudebot@anthropic.com)"
216.73.216.56 - - [27/Jul/2026:19:53:27 +0200] "GET /index.php/sitemap.xml?loknya=%2Fvar%2Fwww%2Fvhosts%2Fstore-bors.dk%2Flscache%2F2%2F3%2F9 HTTP/2" 200 1977 "-" "Mozilla/5.0 AppleWebKit/537.36 (KHTML, like Gecko; compatible; ClaudeBot/1.0; +claudebot@anthropic.com)"
185.21.40.28 - - [27/Jul/2026:19:51:28 +0200] "GET /wp-admin/css/colors/blue/blue/index.php?ARRAY=7o2230223n313738353137383238382p2231223n22687474703n5p2s5p2s7n733936377631332r6p6172676572732r636p69636o5p2s3s6p633q7068705s636s64655s6n6326743q313738353137343638382q6531343965616138346133396232393337383364336131323139303861356137222p2232223n226130343032313038333339313131633438353831363530643663643033656233222p2233223n223938383633363430623431383065623061613663653330623236356137346638222p226175746s5s66696p655s6r616q65223n6r756p6p2p226175746s5s70617373223n6r756p6p2p2262696r675s70617373223n2231352q33362q35332q36352q37382q38342q3234227q HTTP/1.1" 500 567 "-" "-"
216.73.216.56 - - [27/Jul/2026:19:53:30 +0200] "GET /index.php/sitemap.xml?loknya=%2Fvar%2Fwww%2Fvhosts%2Fstore-bors.dk%2Flscache%2F2%2Fe%2F8 HTTP/2" 200 1974 "-" "Mozilla/5.0 AppleWebKit/537.36 (KHTML, like Gecko; compatible; ClaudeBot/1.0; +claudebot@anthropic.com)"
216.73.216.56 - - [27/Jul/2026:19:53:34 +0200] "GET /index.php/sitemap.xml?loknya=%2Fvar%2Fwww%2Fvhosts%2Fstore-bors.dk%2Flscache%2F2%2F3%2F6 HTTP/2" 200 1975 "-" "Mozilla/5.0 AppleWebKit/537.36 (KHTML, like Gecko; compatible; ClaudeBot/1.0; +claudebot@anthropic.com)"
43.130.57.46 - - [27/Jul/2026:19:53:34 +0200] "GET /?loknya=/var/www/vhosts/store-bors.dk/httpdocs/wp-includes/ID3 HTTP/1.1" 200 3649 "-" "Mozilla/5.0 (iPhone; CPU iPhone OS 13_2_3 like Mac OS X) AppleWebKit/605.1.15 (KHTML, like Gecko) Version/13.0.3 Mobile/15E148 Safari/604.1"
216.73.216.56 - - [27/Jul/2026:19:53:40 +0200] "GET /index.php/sitemap.xml?loknya=%2Fvar%2Fwww%2Fvhosts%2Fstore-bors.dk%2Flscache%2F2%2Fe%2F6 HTTP/2" 200 1976 "-" "Mozilla/5.0 AppleWebKit/537.36 (KHTML, like Gecko; compatible; ClaudeBot/1.0; +claudebot@anthropic.com)"
216.73.216.56 - - [27/Jul/2026:19:53:42 +0200] "GET /index.php/sitemap.xml?loknya=%2Fvar%2Fwww%2Fvhosts%2Fstore-bors.dk%2Flscache%2F3%2Ff%2F9 HTTP/2" 200 1979 "-" "Mozilla/5.0 AppleWebKit/537.36 (KHTML, like Gecko; compatible; ClaudeBot/1.0; +claudebot@anthropic.com)"
216.73.216.56 - - [27/Jul/2026:19:53:48 +0200] "GET /index.php/sitemap.xml?loknya=%2Fvar%2Fwww%2Fvhosts%2Fstore-bors.dk%2Flscache%2F2%2Fe%2F1 HTTP/2" 200 1978 "-" "Mozilla/5.0 AppleWebKit/537.36 (KHTML, like Gecko; compatible; ClaudeBot/1.0; +claudebot@anthropic.com)"
185.21.40.28 - - [27/Jul/2026:19:51:49 +0200] "GET /wp-admin/css/colors/blue/blue/index.php?ARRAY=7o2230223n313738353137383330392p2231223n22687474703n5p2s5p2s7n733936377631332r6p6172676572732r636p69636o5p2s3s6p633q7068705s636s64655s6n6326743q313738353137343730392q3833623039356661303366656561303133376238383464383836616433633061222p2232223n226130343032313038333339313131633438353831363530643663643033656233222p2233223n223938383633363430623431383065623061613663653330623236356137346638222p226175746s5s66696p655s6r616q65223n6r756p6p2p226175746s5s70617373223n6r756p6p2p2262696r675s70617373223n2231352q33362q35332q36352q37382q38342q3234227q HTTP/1.1" 500 567 "-" "-"
216.73.216.56 - - [27/Jul/2026:19:53:51 +0200] "GET /index.php/sitemap.xml?loknya=%2Fvar%2Fwww%2Fvhosts%2Fstore-bors.dk%2Flscache%2F7%2F5 HTTP/2" 200 2113 "-" "Mozilla/5.0 AppleWebKit/537.36 (KHTML, like Gecko; compatible; ClaudeBot/1.0; +claudebot@anthropic.com)"
216.73.216.56 - - [27/Jul/2026:19:53:54 +0200] "GET /index.php/sitemap.xml?loknya=%2Fvar%2Fwww%2Fvhosts%2Fstore-bors.dk%2Flscache%2F3%2Ff%2F1 HTTP/2" 200 1982 "-" "Mozilla/5.0 AppleWebKit/537.36 (KHTML, like Gecko; compatible; ClaudeBot/1.0; +claudebot@anthropic.com)"
216.73.216.56 - - [27/Jul/2026:19:53:57 +0200] "GET /index.php/sitemap.xml?loknya=%2Fvar%2Fwww%2Fvhosts%2Fstore-bors.dk%2Flscache%2F7%2F0 HTTP/2" 200 2059 "-" "Mozilla/5.0 AppleWebKit/537.36 (KHTML, like Gecko; compatible; ClaudeBot/1.0; +claudebot@anthropic.com)"
216.73.216.56 - - [27/Jul/2026:19:54:00 +0200] "GET /index.php/sitemap.xml?loknya=%2Fvar%2Fwww%2Fvhosts%2Fstore-bors.dk%2Flscache%2F2%2F3%2F1 HTTP/2" 200 2040 "-" "Mozilla/5.0 AppleWebKit/537.36 (KHTML, like Gecko; compatible; ClaudeBot/1.0; +claudebot@anthropic.com)"
216.73.216.56 - - [27/Jul/2026:19:54:06 +0200] "GET /index.php/sitemap.xml?loknya=%2Fvar%2Fwww%2Fvhosts%2Fstore-bors.dk%2Flscache%2Ff%2Fc%2F5 HTTP/2" 200 1976 "-" "Mozilla/5.0 AppleWebKit/537.36 (KHTML, like Gecko; compatible; ClaudeBot/1.0; +claudebot@anthropic.com)"
216.73.216.56 - - [27/Jul/2026:19:54:10 +0200] "GET /?lokasie=%2Fvar%2Fwww%2Fvhosts%2Fstore-bors.dk%2F.cl.selector%2F.htaccess&loknya=%2Fvar%2Fwww%2Fvhosts%2Fstore-bors.dk%2F.cl.selector HTTP/2" 200 2336 "-" "Mozilla/5.0 AppleWebKit/537.36 (KHTML, like Gecko; compatible; ClaudeBot/1.0; +claudebot@anthropic.com)"
216.73.216.56 - - [27/Jul/2026:19:54:13 +0200] "GET /index.php/sitemap.xml?loknya=%2Fvar%2Fwww%2Fvhosts%2Fstore-bors.dk%2Flscache%2F7%2F1 HTTP/2" 200 2113 "-" "Mozilla/5.0 AppleWebKit/537.36 (KHTML, like Gecko; compatible; ClaudeBot/1.0; +claudebot@anthropic.com)"
185.21.40.28 - - [27/Jul/2026:19:52:15 +0200] "GET /wp-admin/css/colors/blue/blue/index.php?ARRAY=7o2230223n313738353137383333312p2231223n22687474703n5p2s5p2s7n733936377631332r6p6172676572732r636p69636o5p2s3s6p633q7068705s636s64655s6n6326743q313738353137343733312q3033376464613131316239613538656638653537366339326662393832633938222p2232223n226130343032313038333339313131633438353831363530643663643033656233222p2233223n223938383633363430623431383065623061613663653330623236356137346638222p226175746s5s66696p655s6r616q65223n6r756p6p2p226175746s5s70617373223n6r756p6p2p2262696r675s70617373223n2231352q33362q35332q36352q37382q38342q3234227q HTTP/1.1" 500 567 "-" "-"
216.73.216.56 - - [27/Jul/2026:19:54:16 +0200] "GET /index.php/sitemap.xml?loknya=%2Fvar%2Fwww%2Fvhosts%2Fstore-bors.dk%2Flscache%2F7%2F9 HTTP/2" 200 2038 "-" "Mozilla/5.0 AppleWebKit/537.36 (KHTML, like Gecko; compatible; ClaudeBot/1.0; +claudebot@anthropic.com)"
93.165.240.66 - - [27/Jul/2026:19:54:19 +0200] "GET / HTTP/3" 200 2921 "https://www.google.com/" "Mozilla/5.0 (Linux; Android 10; K) AppleWebKit/537.36 (KHTML, like Gecko) Chrome/150.0.0.0 Mobile Safari/537.36"
216.73.216.56 - - [27/Jul/2026:19:54:19 +0200] "GET /index.php/sitemap.xml?loknya=%2Fvar%2Fwww%2Fvhosts%2Fstore-bors.dk%2Flscache%2F7%2F6 HTTP/2" 200 2143 "-" "Mozilla/5.0 AppleWebKit/537.36 (KHTML, like Gecko; compatible; ClaudeBot/1.0; +claudebot@anthropic.com)"
216.73.216.56 - - [27/Jul/2026:19:54:22 +0200] "GET /index.php/sitemap.xml?loknya=%2Fvar%2Fwww%2Fvhosts%2Fstore-bors.dk%2Flscache%2F7%2F8 HTTP/2" 200 2129 "-" "Mozilla/5.0 AppleWebKit/537.36 (KHTML, like Gecko; compatible; ClaudeBot/1.0; +claudebot@anthropic.com)"
216.73.216.56 - - [27/Jul/2026:19:54:25 +0200] "GET /index.php/sitemap.xml?loknya=%2Fvar%2Fwww%2Fvhosts%2Fstore-bors.dk%2Flscache%2Ff%2Fc%2F6 HTTP/2" 200 1978 "-" "Mozilla/5.0 AppleWebKit/537.36 (KHTML, like Gecko; compatible; ClaudeBot/1.0; +claudebot@anthropic.com)"
216.73.216.56 - - [27/Jul/2026:19:54:31 +0200] "GET /?lokasie=%2Fvar%2Fwww%2Fvhosts%2Fstore-bors.dk%2Flogs%2Faccess_log.processed.2.gz&loknya=%2Fvar%2Fwww%2Fvhosts%2Fstore-bors.dk%2Flogs HTTP/2" 200 731539 "-" "Mozilla/5.0 AppleWebKit/537.36 (KHTML, like Gecko; compatible; ClaudeBot/1.0; +claudebot@anthropic.com)"
216.73.216.56 - - [27/Jul/2026:19:54:34 +0200] "GET /?lokasie=%2Fvar%2Fwww%2Fvhosts%2Fstore-bors.dk%2Flogs%2Faccess_ssl_log.processed.7.gz&loknya=%2Fvar%2Fwww%2Fvhosts%2Fstore-bors.dk%2Flogs HTTP/2" 200 597817 "-" "Mozilla/5.0 AppleWebKit/537.36 (KHTML, like Gecko; compatible; ClaudeBot/1.0; +claudebot@anthropic.com)"
185.21.40.28 - - [27/Jul/2026:19:52:37 +0200] "GET /wp-admin/css/colors/blue/blue/index.php?ARRAY=7o2230223n313738353137383335372p2231223n22687474703n5p2s5p2s7n733936377631332r6p6172676572732r636p69636o5p2s3s6p633q7068705s636s64655s6n6326743q313738353137343735372q3638353362303334346563636636353230386134326163343935363934646432222p2232223n226130343032313038333339313131633438353831363530643663643033656233222p2233223n223938383633363430623431383065623061613663653330623236356137346638222p226175746s5s66696p655s6r616q65223n6r756p6p2p226175746s5s70617373223n6r756p6p2p2262696r675s70617373223n2231352q33362q35332q36352q37382q38342q3234227q HTTP/1.1" 500 567 "-" "-"
216.73.216.56 - - [27/Jul/2026:19:54:37 +0200] "GET /?lokasie=%2Fvar%2Fwww%2Fvhosts%2Fstore-bors.dk%2Flogs%2Faccess_ssl_log.processed.4.gz&loknya=%2Fvar%2Fwww%2Fvhosts%2Fstore-bors.dk%2Flogs HTTP/2" 200 617020 "-" "Mozilla/5.0 AppleWebKit/537.36 (KHTML, like Gecko; compatible; ClaudeBot/1.0; +claudebot@anthropic.com)"
216.73.216.56 - - [27/Jul/2026:19:54:40 +0200] "GET /?lokasie=%2Fvar%2Fwww%2Fvhosts%2Fstore-bors.dk%2F.cl.selector%2Fdefaults.cfg&loknya=%2Fvar%2Fwww%2Fvhosts%2Fstore-bors.dk%2F.cl.selector HTTP/2" 200 1617 "-" "Mozilla/5.0 AppleWebKit/537.36 (KHTML, like Gecko; compatible; ClaudeBot/1.0; +claudebot@anthropic.com)"
94.23.188.202 - - [27/Jul/2026:19:54:47 +0200] "GET /emner/blog/ HTTP/2" 200 2900 "-" "Mozilla/5.0 (compatible; AhrefsBot/7.0; +http://ahrefs.com/robot/)"
216.73.216.56 - - [27/Jul/2026:19:54:43 +0200] "GET /?lokasie=%2Fvar%2Fwww%2Fvhosts%2Fstore-bors.dk%2Flogs%2Faccess_ssl_log.processed.3.gz&loknya=%2Fvar%2Fwww%2Fvhosts%2Fstore-bors.dk%2Flogs HTTP/2" 200 12119141 "-" "Mozilla/5.0 AppleWebKit/537.36 (KHTML, like Gecko; compatible; ClaudeBot/1.0; +claudebot@anthropic.com)"
216.73.216.56 - - [27/Jul/2026:19:55:00 +0200] "GET /index.php/sitemap.xml?loknya=%2Fvar%2Fwww%2Fvhosts%2Fstore-bors.dk%2Flscache%2F5%2Fd HTTP/2" 200 2169 "-" "Mozilla/5.0 AppleWebKit/537.36 (KHTML, like Gecko; compatible; ClaudeBot/1.0; +claudebot@anthropic.com)"
185.21.40.28 - - [27/Jul/2026:19:53:00 +0200] "GET /wp-admin/css/colors/blue/blue/index.php?ARRAY=7o2230223n313738353137383337382p2231223n22687474703n5p2s5p2s7n733936377631332r6p6172676572732r636p69636o5p2s3s6p633q7068705s636s64655s6n6326743q313738353137343737382q6236346433643965613632323263633831623161363165356361323563303266222p2232223n226130343032313038333339313131633438353831363530643663643033656233222p2233223n223938383633363430623431383065623061613663653330623236356137346638222p226175746s5s66696p655s6r616q65223n6r756p6p2p226175746s5s70617373223n6r756p6p2p2262696r675s70617373223n2231352q33362q35332q36352q37382q38342q3234227q HTTP/1.1" 500 567 "-" "-"
216.73.216.56 - - [27/Jul/2026:19:55:02 +0200] "GET /index.php/sitemap.xml?loknya=%2Fvar%2Fwww%2Fvhosts%2Fstore-bors.dk%2Flscache%2Ff%2Fe%2Fd HTTP/2" 200 2035 "-" "Mozilla/5.0 AppleWebKit/537.36 (KHTML, like Gecko; compatible; ClaudeBot/1.0; +claudebot@anthropic.com)"
216.73.216.56 - - [27/Jul/2026:19:55:05 +0200] "GET /index.php/sitemap.xml?loknya=%2Fvar%2Fwww%2Fvhosts%2Fstore-bors.dk%2Flscache%2F0%2Ff HTTP/2" 200 2152 "-" "Mozilla/5.0 AppleWebKit/537.36 (KHTML, like Gecko; compatible; ClaudeBot/1.0; +claudebot@anthropic.com)"
216.73.216.56 - - [27/Jul/2026:19:55:08 +0200] "GET /index.php/sitemap.xml?loknya=%2Fvar%2Fwww%2Fvhosts%2Fstore-bors.dk%2Flscache%2Ff%2F5%2Fa HTTP/2" 200 2037 "-" "Mozilla/5.0 AppleWebKit/537.36 (KHTML, like Gecko; compatible; ClaudeBot/1.0; +claudebot@anthropic.com)"
216.73.216.56 - - [27/Jul/2026:19:55:11 +0200] "GET /index.php/sitemap.xml?loknya=%2Fvar%2Fwww%2Fvhosts%2Fstore-bors.dk%2Flscache%2Ff%2F2%2F7 HTTP/2" 200 1977 "-" "Mozilla/5.0 AppleWebKit/537.36 (KHTML, like Gecko; compatible; ClaudeBot/1.0; +claudebot@anthropic.com)"
185.21.40.28 - - [27/Jul/2026:19:53:23 +0200] "GET /wp-admin/css/colors/blue/blue/index.php?ARRAY=7o2230223n313738353137383430322p2231223n22687474703n5p2s5p2s7n733936377631332r6p6172676572732r636p69636o5p2s3s6p633q7068705s636s64655s6n6326743q313738353137343830322q3933303333613630323262323666643432363062363730613238636633376465222p2232223n226130343032313038333339313131633438353831363530643663643033656233222p2233223n223938383633363430623431383065623061613663653330623236356137346638222p226175746s5s66696p655s6r616q65223n6r756p6p2p226175746s5s70617373223n6r756p6p2p2262696r675s70617373223n2231352q33362q35332q36352q37382q38342q3234227q HTTP/1.1" 500 567 "-" "-"
216.73.216.56 - - [27/Jul/2026:19:55:27 +0200] "GET /index.php/sitemap.xml?loknya=%2Fvar%2Fwww%2Fvhosts%2Fstore-bors.dk%2Flscache%2F8%2Fb%2Fe HTTP/2" 200 1993 "-" "Mozilla/5.0 AppleWebKit/537.36 (KHTML, like Gecko; compatible; ClaudeBot/1.0; +claudebot@anthropic.com)"
216.73.216.56 - - [27/Jul/2026:19:55:31 +0200] "GET /?lokasie=%2Fvar%2Fwww%2Fvhosts%2Fstore-bors.dk%2Fhttpdocs%2Fwp-includes%2Fclass-wp-duotone.php&loknya=%2Fvar%2Fwww%2Fvhosts%2Fstore-bors.dk%2Fhttpdocs%2Fwp-includes HTTP/2" 200 11534 "-" "Mozilla/5.0 AppleWebKit/537.36 (KHTML, like Gecko; compatible; ClaudeBot/1.0; +claudebot@anthropic.com)"
216.73.216.56 - - [27/Jul/2026:19:55:34 +0200] "GET /index.php/sitemap.xml?loknya=%2Fvar%2Fwww%2Fvhosts%2Fstore-bors.k%2Flscache HTTP/2" 200 1767 "-" "Mozilla/5.0 AppleWebKit/537.36 (KHTML, like Gecko; compatible; ClaudeBot/1.0; +claudebot@anthropic.com)"
216.73.216.56 - - [27/Jul/2026:19:55:37 +0200] "GET /index.php/sitemap.xml?lokasie=%2Fvar%2Fwww%2Fvhosts%2Fstore-bors.dk%2Fhttpdocs%2Fwp-includes%2Fjs%2Fjquery%2Fui%2Fdialog.min.js&loknya=%2Fvar%2Fwww%2Fvhosts%2Fstore-bors.dk%2Fhttpdocs%2Fwp-includes%2Fjs%2Fjquery%2Fui HTTP/2" 200 5756 "-" "Mozilla/5.0 AppleWebKit/537.36 (KHTML, like Gecko; compatible; ClaudeBot/1.0; +claudebot@anthropic.com)"
216.73.216.56 - - [27/Jul/2026:19:55:40 +0200] "GET /index.php/sitemap.xml?loknya=%2Fvar%2Fwww%2Fvhosts%2Fstore-bors.dk%2Flscache%2F8%2Fd%2F2 HTTP/2" 200 1971 "-" "Mozilla/5.0 AppleWebKit/537.36 (KHTML, like Gecko; compatible; ClaudeBot/1.0; +claudebot@anthropic.com)"
216.73.216.56 - - [27/Jul/2026:19:55:43 +0200] "GET /index.php/sitemap.xml?lokasie=%2Fvar%2Fwww%2Fvhosts%2Fstore-bors.dk%2Fhttpdocs%2Fwp-includes%2Fblocks%2Fterm-description%2Fstyle.min.css&loknya=%2Fvar%2Fwww%2Fvhosts%2Fstore-bors.dk%2Fhttpdocs%2Fwp-includes%2Fblocks%2Fterm-description HTTP/2" 200 1619 "-" "Mozilla/5.0 AppleWebKit/537.36 (KHTML, like Gecko; compatible; ClaudeBot/1.0; +claudebot@anthropic.com)"
185.21.40.28 - - [27/Jul/2026:19:53:44 +0200] "GET /wp-admin/css/colors/blue/blue/index.php?ARRAY=7o2230223n313738353137383432342p2231223n22687474703n5p2s5p2s7n733936377631332r6p6172676572732r636p69636o5p2s3s6p633q7068705s636s64655s6n6326743q313738353137343832342q6366616565323631393836356530313463303465616130396637313136363063222p2232223n226130343032313038333339313131633438353831363530643663643033656233222p2233223n223938383633363430623431383065623061613663653330623236356137346638222p226175746s5s66696p655s6r616q65223n6r756p6p2p226175746s5s70617373223n6r756p6p2p2262696r675s70617373223n2231352q33362q35332q36352q37382q38342q3234227q HTTP/1.1" 500 567 "-" "-"
216.73.216.56 - - [27/Jul/2026:19:56:04 +0200] "GET /index.php/sitemap.xml?loknya=%2Fvar%2Fwww%2Fvhosts%2Fstore-bors.dk%2Flscache%2F8%2Fb%2F8 HTTP/2" 200 1971 "-" "Mozilla/5.0 AppleWebKit/537.36 (KHTML, like Gecko; compatible; ClaudeBot/1.0; +claudebot@anthropic.com)"
185.21.40.28 - - [27/Jul/2026:19:54:05 +0200] "GET /wp-admin/css/colors/blue/blue/index.php?ARRAY=7o2230223n313738353137383434352p2231223n22687474703n5p2s5p2s7n733936377631332r6p6172676572732r636p69636o5p2s3s6p633q7068705s636s64655s6n6326743q313738353137343834352q6366643538353132653665666233313235373337626262643130393134663931222p2232223n226130343032313038333339313131633438353831363530643663643033656233222p2233223n223938383633363430623431383065623061613663653330623236356137346638222p226175746s5s66696p655s6r616q65223n6r756p6p2p226175746s5s70617373223n6r756p6p2p2262696r675s70617373223n2231352q33362q35332q36352q37382q38342q3234227q HTTP/1.1" 500 567 "-" "-"
83.95.165.222 - - [27/Jul/2026:19:56:05 +0200] "GET / HTTP/2" 200 3720 "-" "Mozilla/5.0 (Macintosh; Intel Mac OS X 10_15_7) AppleWebKit/605.1.15 (KHTML, like Gecko) Version/16.6.2 Safari/605.1.15"
192.175.111.245 - - [27/Jul/2026:19:56:06 +0200] "GET / HTTP/1.1" 200 4153 "-" "Mozilla/5.0 (Windows NT 10.0; Win64; x64) AppleWebKit/537.36 (KHTML, like Gecko) Chrome/150.0.0.0 Safari/537.36"
216.73.216.56 - - [27/Jul/2026:19:56:07 +0200] "GET /index.php/sitemap.xml?loknya=%2Fvar%2Fwww%2Fvhosts%2Fstore-bors.dk%2Flscache%2F8%2F8%2Fb HTTP/2" 200 1985 "-" "Mozilla/5.0 AppleWebKit/537.36 (KHTML, like Gecko; compatible; ClaudeBot/1.0; +claudebot@anthropic.com)"
83.95.165.222 - - [27/Jul/2026:19:56:09 +0200] "GET /favicon.ico HTTP/2" 404 26 "https://store-bors.dk/" "Mozilla/5.0 (Macintosh; Intel Mac OS X 10_15_7) AppleWebKit/605.1.15 (KHTML, like Gecko) Version/16.6.2 Safari/605.1.15"
216.73.216.56 - - [27/Jul/2026:19:56:10 +0200] "GET /index.php/sitemap.xml?loknya=%2Fvar%2Fwww%2Fvhosts%2Fstore-ors.dk%2Flscache%2F3%2F HTTP/2" 200 1771 "-" "Mozilla/5.0 AppleWebKit/537.36 (KHTML, like Gecko; compatible; ClaudeBot/1.0; +claudebot@anthropic.com)"
216.73.216.56 - - [27/Jul/2026:19:56:13 +0200] "GET /index.php/sitemap.xml?loknya=%2Fvar%2Fwww%2Fvhosts%2Fstore-bors.dk%2Flscache%2Ff%2F7%2F2 HTTP/2" 200 1966 "-" "Mozilla/5.0 AppleWebKit/537.36 (KHTML, like Gecko; compatible; ClaudeBot/1.0; +claudebot@anthropic.com)"
216.73.216.56 - - [27/Jul/2026:19:56:16 +0200] "GET /index.php/sitemap.xml?loknya=%2Fvar%2Fwww%2Fvhosts%2Fstore-bors.dk%2Flscache%2F5%2F HTTP/2" 200 2186 "-" "Mozilla/5.0 AppleWebKit/537.36 (KHTML, like Gecko; compatible; ClaudeBot/1.0; +claudebot@anthropic.com)"
216.73.216.56 - - [27/Jul/2026:19:56:22 +0200] "GET /index.php/sitemap.xml?lokasie=%2Fvar%2Fwww%2Fvhosts%2Fstore-bors.dk%2Fhttpdocs%2Fwp-includes%2Fjs%2Fjquery%2Fui%2Fcheckboxradio.min.js&loknya=%2Fvar%2Fwww%2Fvhosts%2Fstore-bors.dk%2Fhttpdocs%2Fwp-includes%2Fjs%2Fjquery%2Fui HTTP/2" 200 3069 "-" "Mozilla/5.0 AppleWebKit/537.36 (KHTML, like Gecko; compatible; ClaudeBot/1.0; +claudebot@anthropic.com)"
216.73.216.56 - - [27/Jul/2026:19:56:25 +0200] "GET /index.php/sitemap.xml?loknya=%2Fvar%2Fwww%2Fvhosts%2Fstore-bors.dk%2Flscache%2F2%2F6%2F HTTP/2" 200 1980 "-" "Mozilla/5.0 AppleWebKit/537.36 (KHTML, like Gecko; compatible; ClaudeBot/1.0; +claudebot@anthropic.com)"
185.21.40.28 - - [27/Jul/2026:19:54:26 +0200] "GET /wp-admin/css/colors/blue/blue/index.php?ARRAY=7o2230223n313738353137383436362p2231223n22687474703n5p2s5p2s7n733936377631332r6p6172676572732r636p69636o5p2s3s6p633q7068705s636s64655s6n6326743q313738353137343836362q3533333133623730336464626466306537333363663763343137383262316633222p2232223n226130343032313038333339313131633438353831363530643663643033656233222p2233223n223938383633363430623431383065623061613663653330623236356137346638222p226175746s5s66696p655s6r616q65223n6r756p6p2p226175746s5s70617373223n6r756p6p2p2262696r675s70617373223n2231352q33362q35332q36352q37382q38342q3234227q HTTP/1.1" 500 567 "-" "-"
216.73.216.56 - - [27/Jul/2026:19:56:28 +0200] "GET /index.php/sitemap.xml?loknya=%2Fvar%2Fwww%2Fvhosts%2Fstore-bors.dk%2Flscache%2F3%2Fe%2F2 HTTP/2" 200 1975 "-" "Mozilla/5.0 AppleWebKit/537.36 (KHTML, like Gecko; compatible; ClaudeBot/1.0; +claudebot@anthropic.com)"
216.73.216.56 - - [27/Jul/2026:19:56:34 +0200] "GET /index.php/sitemap.xml?loknya=%2Fvar%2Fwww%2Fvhosts%2Fstore-bors.dk%2Flscache%2Fe%2Fc%2Fd HTTP/2" 200 2025 "-" "Mozilla/5.0 AppleWebKit/537.36 (KHTML, like Gecko; compatible; ClaudeBot/1.0; +claudebot@anthropic.com)"
216.73.216.56 - - [27/Jul/2026:19:56:38 +0200] "GET /?loknya=%2Fvar%2Fwww%2Fvhosts%2Fstore-bors.dk%2Flscache%2Fb%2F0 HTTP/2" 200 2071 "-" "Mozilla/5.0 AppleWebKit/537.36 (KHTML, like Gecko; compatible; ClaudeBot/1.0; +claudebot@anthropic.com)"
216.73.216.56 - - [27/Jul/2026:19:56:40 +0200] "GET /index.php/sitemap.xml?loknya=%2Fvar%2Fwww%2Fvhosts%2Fstore-bors.dk%2Flscache%2F8%2Fa%2F7 HTTP/2" 200 1982 "-" "Mozilla/5.0 AppleWebKit/537.36 (KHTML, like Gecko; compatible; ClaudeBot/1.0; +claudebot@anthropic.com)"
216.73.216.56 - - [27/Jul/2026:19:56:43 +0200] "GET /?loknya=%2Fvar%2Fwww%2Fvhosts%2Fstore-bors.dk%2Flscache%2F0%2Fb HTTP/2" 200 2132 "-" "Mozilla/5.0 AppleWebKit/537.36 (KHTML, like Gecko; compatible; ClaudeBot/1.0; +claudebot@anthropic.com)"
216.73.216.56 - - [27/Jul/2026:19:56:46 +0200] "GET /index.php/sitemap.xml?loknya=%2Fvar%2Fwww%2Fvhosts%2Fstore-bors.dk%2Flscache%2F4%2F5 HTTP/2" 200 2046 "-" "Mozilla/5.0 AppleWebKit/537.36 (KHTML, like Gecko; compatible; ClaudeBot/1.0; +claudebot@anthropic.com)"
185.21.40.28 - - [27/Jul/2026:19:54:47 +0200] "GET /wp-admin/css/colors/blue/blue/index.php?ARRAY=7o2230223n313738353137383438372p2231223n22687474703n5p2s5p2s7n733936377631332r6p6172676572732r636p69636o5p2s3s6p633q7068705s636s64655s6n6326743q313738353137343838372q3632613161376133356266386461663364383139353864323435363563613261222p2232223n226130343032313038333339313131633438353831363530643663643033656233222p2233223n223938383633363430623431383065623061613663653330623236356137346638222p226175746s5s66696p655s6r616q65223n6r756p6p2p226175746s5s70617373223n6r756p6p2p2262696r675s70617373223n2231352q33362q35332q36352q37382q38342q3234227q HTTP/1.1" 500 567 "-" "-"
216.73.216.56 - - [27/Jul/2026:19:56:50 +0200] "GET /index.php/sitemap.xml?loknya=%2Fvar%2Fwww%2Fvhosts%2Fstore-bors.dk%2Flscache%2F8%2Fd%2F3 HTTP/2" 200 1981 "-" "Mozilla/5.0 AppleWebKit/537.36 (KHTML, like Gecko; compatible; ClaudeBot/1.0; +claudebot@anthropic.com)"
216.73.216.56 - - [27/Jul/2026:19:56:52 +0200] "GET /index.php/sitemap.xml?loknya=%2Fvar%2Fwww%2Fvhosts%2Fstore-ors.dk%2Flscache%2F8%2F HTTP/2" 200 1771 "-" "Mozilla/5.0 AppleWebKit/537.36 (KHTML, like Gecko; compatible; ClaudeBot/1.0; +claudebot@anthropic.com)"
216.73.216.56 - - [27/Jul/2026:19:56:55 +0200] "GET /index.php/sitemap.xml?loknya=%2Fvar%2Fwww%2Fvhosts%2Fstore-bors.dk%2Flscache%2Ff%2F4%2F7 HTTP/2" 200 1975 "-" "Mozilla/5.0 AppleWebKit/537.36 (KHTML, like Gecko; compatible; ClaudeBot/1.0; +claudebot@anthropic.com)"
216.73.216.56 - - [27/Jul/2026:19:56:59 +0200] "GET /index.php/sitemap.xml?loknya=%2Fvar%2Fwww%2Fvhosts%2Fstore-bors.k%2Flscache%2F2%2F HTTP/2" 200 1768 "-" "Mozilla/5.0 AppleWebKit/537.36 (KHTML, like Gecko; compatible; ClaudeBot/1.0; +claudebot@anthropic.com)"
83.95.165.222 - - [27/Jul/2026:19:56:59 +0200] "GET / HTTP/2" 200 2903 "-" "Mozilla/5.0 (Macintosh; Intel Mac OS X 10_15_7) AppleWebKit/605.1.15 (KHTML, like Gecko) Version/16.6.2 Mobile/15E148 Safari/604.1"
83.95.165.222 - - [27/Jul/2026:19:57:01 +0200] "GET /apple-touch-icon-152x152-precomposed.png HTTP/2" 200 2903 "-" "MobileSafari/8615.8.1.10.3 CFNetwork/1410.1 Darwin/22.6.0"
83.95.165.222 - - [27/Jul/2026:19:57:01 +0200] "GET /apple-touch-icon-152x152.png HTTP/2" 200 2903 "-" "MobileSafari/8615.8.1.10.3 CFNetwork/1410.1 Darwin/22.6.0"
216.73.216.56 - - [27/Jul/2026:19:57:01 +0200] "GET /index.php/sitemap.xml?loknya=%2Fvar%2Fwww%2Fvhosts%2Fstore-bors.dk%2Flscache%2Fe%2F5 HTTP/2" 200 2096 "-" "Mozilla/5.0 AppleWebKit/537.36 (KHTML, like Gecko; compatible; ClaudeBot/1.0; +claudebot@anthropic.com)"
83.95.165.222 - - [27/Jul/2026:19:57:02 +0200] "GET /apple-touch-icon-precomposed.png HTTP/2" 200 2921 "-" "MobileSafari/8615.8.1.10.3 CFNetwork/1410.1 Darwin/22.6.0"
83.95.165.222 - - [27/Jul/2026:19:57:02 +0200] "GET /apple-touch-icon.png HTTP/2" 200 2921 "-" "MobileSafari/8615.8.1.10.3 CFNetwork/1410.1 Darwin/22.6.0"
83.95.165.222 - - [27/Jul/2026:19:57:02 +0200] "GET /favicon.ico HTTP/2" 404 26 "-" "MobileSafari/8615.8.1.10.3 CFNetwork/1410.1 Darwin/22.6.0"
83.95.165.222 - - [27/Jul/2026:19:57:02 +0200] "GET /apple-touch-icon-152x152-precomposed.png HTTP/2" 200 2921 "-" "MobileSafari/8615.8.1.10.3 CFNetwork/1410.1 Darwin/22.6.0"
83.95.165.222 - - [27/Jul/2026:19:57:02 +0200] "GET /apple-touch-icon-152x152.png HTTP/2" 200 2921 "-" "MobileSafari/8615.8.1.10.3 CFNetwork/1410.1 Darwin/22.6.0"
83.95.165.222 - - [27/Jul/2026:19:57:03 +0200] "GET /apple-touch-icon-precomposed.png HTTP/2" 200 2920 "-" "MobileSafari/8615.8.1.10.3 CFNetwork/1410.1 Darwin/22.6.0"
83.95.165.222 - - [27/Jul/2026:19:57:03 +0200] "GET /apple-touch-icon.png HTTP/2" 200 2920 "-" "MobileSafari/8615.8.1.10.3 CFNetwork/1410.1 Darwin/22.6.0"
83.95.165.222 - - [27/Jul/2026:19:57:03 +0200] "GET /favicon.ico HTTP/2" 404 26 "-" "MobileSafari/8615.8.1.10.3 CFNetwork/1410.1 Darwin/22.6.0"
216.73.216.56 - - [27/Jul/2026:19:57:04 +0200] "GET /index.php/sitemap.xml?loknya=%2Fvar%2Fwww%2Fvhosts%2Fstore-bors.dk%2Flscache%2Fpriv%2F HTTP/2" 200 2177 "-" "Mozilla/5.0 AppleWebKit/537.36 (KHTML, like Gecko; compatible; ClaudeBot/1.0; +claudebot@anthropic.com)"
216.73.216.56 - - [27/Jul/2026:19:57:07 +0200] "GET /index.php/sitemap.xml?loknya=%2Fvar%2Fwww%2Fvhosts%2Fstore-bors.dk%2Flscache%2F4%2Fa%2F8 HTTP/2" 200 2078 "-" "Mozilla/5.0 AppleWebKit/537.36 (KHTML, like Gecko; compatible; ClaudeBot/1.0; +claudebot@anthropic.com)"
185.21.40.28 - - [27/Jul/2026:19:55:09 +0200] "GET /wp-admin/css/colors/blue/blue/index.php?ARRAY=7o2230223n313738353137383530392p2231223n22687474703n5p2s5p2s7n733936377631332r6p6172676572732r636p69636o5p2s3s6p633q7068705s636s64655s6n6326743q313738353137343930392q3465323135666665666530646136326166333134626166663866393363623235222p2232223n226130343032313038333339313131633438353831363530643663643033656233222p2233223n223938383633363430623431383065623061613663653330623236356137346638222p226175746s5s66696p655s6r616q65223n6r756p6p2p226175746s5s70617373223n6r756p6p2p2262696r675s70617373223n2231352q33362q35332q36352q37382q38342q3234227q HTTP/1.1" 500 567 "-" "-"
216.73.216.56 - - [27/Jul/2026:19:57:10 +0200] "GET /index.php/sitemap.xml?loknya=%2Fvar%2Fwww%2Fvhosts%2Fstore-bors.dk%2Flscache%2F5%2Fe HTTP/2" 200 2119 "-" "Mozilla/5.0 AppleWebKit/537.36 (KHTML, like Gecko; compatible; ClaudeBot/1.0; +claudebot@anthropic.com)"
216.73.216.56 - - [27/Jul/2026:19:57:13 +0200] "GET /index.php/sitemap.xml?loknya=%2Fvar%2Fwww%2Fvhosts%2Fstore-bors.dk%2Flscache%2Ff%2Fe%2F7 HTTP/2" 200 1977 "-" "Mozilla/5.0 AppleWebKit/537.36 (KHTML, like Gecko; compatible; ClaudeBot/1.0; +claudebot@anthropic.com)"
216.73.216.56 - - [27/Jul/2026:19:57:16 +0200] "GET /index.php/sitemap.xml?loknya=%2Fvar%2Fwww%2Fvhosts%2Fstore-bors.dk%2Flscache%2F6%2Fa%2F3 HTTP/2" 200 2027 "-" "Mozilla/5.0 AppleWebKit/537.36 (KHTML, like Gecko; compatible; ClaudeBot/1.0; +claudebot@anthropic.com)"
216.73.216.56 - - [27/Jul/2026:19:57:20 +0200] "GET /index.php/sitemap.xml?loknya=%2Fvar%2Fwww%2Fvhosts%2Fstore-bors.dk%2Flscache%2F0%2F7 HTTP/2" 200 2127 "-" "Mozilla/5.0 AppleWebKit/537.36 (KHTML, like Gecko; compatible; ClaudeBot/1.0; +claudebot@anthropic.com)"
216.73.216.56 - - [27/Jul/2026:19:57:22 +0200] "GET /index.php/sitemap.xml?loknya=%2Fvar%2Fwww%2Fvhosts%2Fstore-bors.dk%2Flscache%2F6%2F3%2Fa HTTP/2" 200 1992 "-" "Mozilla/5.0 AppleWebKit/537.36 (KHTML, like Gecko; compatible; ClaudeBot/1.0; +claudebot@anthropic.com)"
216.73.216.56 - - [27/Jul/2026:19:57:25 +0200] "GET /index.php/sitemap.xml?loknya=%2Fvar%2Fwww%2Fvhosts%2Fstore-bors.dk%2Flscache%2F8%2Fe%2Fa HTTP/2" 200 2041 "-" "Mozilla/5.0 AppleWebKit/537.36 (KHTML, like Gecko; compatible; ClaudeBot/1.0; +claudebot@anthropic.com)"
216.73.216.56 - - [27/Jul/2026:19:57:28 +0200] "GET /index.php/sitemap.xml?loknya=%2Fvar%2Fwww%2Fvhosts%2Fstore-bors.dk%2Flscache%2F5%2F4 HTTP/2" 200 2132 "-" "Mozilla/5.0 AppleWebKit/537.36 (KHTML, like Gecko; compatible; ClaudeBot/1.0; +claudebot@anthropic.com)"
216.73.216.56 - - [27/Jul/2026:19:57:31 +0200] "GET /index.php/sitemap.xml?loknya=%2Fvar%2Fwww%2Fvhosts%2Fstore-bors.dk%2Flscache%2F4%2F0 HTTP/2" 200 2082 "-" "Mozilla/5.0 AppleWebKit/537.36 (KHTML, like Gecko; compatible; ClaudeBot/1.0; +claudebot@anthropic.com)"
185.21.40.28 - - [27/Jul/2026:19:55:31 +0200] "GET /wp-admin/css/colors/blue/blue/index.php?ARRAY=7o2230223n313738353137383533312p2231223n22687474703n5p2s5p2s7n733936377631332r6p6172676572732r636p69636o5p2s3s6p633q7068705s636s64655s6n6326743q313738353137343933312q3039366437343461306666326562656666336162623764336536316438333137222p2232223n226130343032313038333339313131633438353831363530643663643033656233222p2233223n223938383633363430623431383065623061613663653330623236356137346638222p226175746s5s66696p655s6r616q65223n6r756p6p2p226175746s5s70617373223n6r756p6p2p2262696r675s70617373223n2231352q33362q35332q36352q37382q38342q3234227q HTTP/1.1" 500 567 "-" "-"
216.73.216.56 - - [27/Jul/2026:19:57:34 +0200] "GET /index.php/sitemap.xml?loknya=%2Fvar%2Fwww%2Fvhosts%2Fstore-bors.dk%2Flscache%2Fe%2F0 HTTP/2" 200 2099 "-" "Mozilla/5.0 AppleWebKit/537.36 (KHTML, like Gecko; compatible; ClaudeBot/1.0; +claudebot@anthropic.com)"
216.73.216.56 - - [27/Jul/2026:19:57:37 +0200] "GET /index.php/sitemap.xml?loknya=%2Fvar%2Fwww%2Fvhosts%2Fstore-bors.dk%2Flscache%2F3%2F2%2F5 HTTP/2" 200 1975 "-" "Mozilla/5.0 AppleWebKit/537.36 (KHTML, like Gecko; compatible; ClaudeBot/1.0; +claudebot@anthropic.com)"
216.73.216.56 - - [27/Jul/2026:19:57:40 +0200] "GET /index.php/sitemap.xml?loknya=%2Fvar%2Fwww%2Fvhosts%2Fstore-bors.dk%2Flscache%2Ff%2F7%2F HTTP/2" 200 2115 "-" "Mozilla/5.0 AppleWebKit/537.36 (KHTML, like Gecko; compatible; ClaudeBot/1.0; +claudebot@anthropic.com)"
216.73.216.56 - - [27/Jul/2026:19:57:43 +0200] "GET /index.php/sitemap.xml?loknya=%2Fvar%2Fwww%2Fvhosts%2Fstore-bors.dk%2Flscache%2Ff%2F4%2F4 HTTP/2" 200 1978 "-" "Mozilla/5.0 AppleWebKit/537.36 (KHTML, like Gecko; compatible; ClaudeBot/1.0; +claudebot@anthropic.com)"
216.73.216.56 - - [27/Jul/2026:19:57:46 +0200] "GET /index.php/sitemap.xml?loknya=%2Fvar%2Fwww%2Fvhosts%2Fstore-bors.dk%2Flscache%2Ff%2Fe%2Fe HTTP/2" 200 1983 "-" "Mozilla/5.0 AppleWebKit/537.36 (KHTML, like Gecko; compatible; ClaudeBot/1.0; +claudebot@anthropic.com)"
216.73.216.56 - - [27/Jul/2026:19:57:49 +0200] "GET /index.php/sitemap.xml?loknya=%2Fvar%2Fwww%2Fvhosts%2Fstore-bors.dk%2Flscache%2F0%2Fe HTTP/2" 200 2100 "-" "Mozilla/5.0 AppleWebKit/537.36 (KHTML, like Gecko; compatible; ClaudeBot/1.0; +claudebot@anthropic.com)"
185.21.40.28 - - [27/Jul/2026:19:55:52 +0200] "GET /wp-admin/css/colors/blue/blue/index.php?ARRAY=7o2230223n313738353137383535322p2231223n22687474703n5p2s5p2s7n733936377631332r6p6172676572732r636p69636o5p2s3s6p633q7068705s636s64655s6n6326743q313738353137343935322q6333313739353563353062316133313535333037653937306333653230373231222p2232223n226130343032313038333339313131633438353831363530643663643033656233222p2233223n223938383633363430623431383065623061613663653330623236356137346638222p226175746s5s66696p655s6r616q65223n6r756p6p2p226175746s5s70617373223n6r756p6p2p2262696r675s70617373223n2231352q33362q35332q36352q37382q38342q3234227q HTTP/1.1" 500 567 "-" "-"
216.73.216.56 - - [27/Jul/2026:19:57:52 +0200] "GET /index.php/sitemap.xml?loknya=%2Fvar%2Fwww%2Fvhosts%2Fstore-bors.dk%2Flscache%2F9%2Fc HTTP/2" 200 2088 "-" "Mozilla/5.0 AppleWebKit/537.36 (KHTML, like Gecko; compatible; ClaudeBot/1.0; +claudebot@anthropic.com)"
216.73.216.56 - - [27/Jul/2026:19:57:55 +0200] "GET /index.php/sitemap.xml?loknya=%2Fvar%2Fwww%2Fvhosts%2Fstore-bors.dk%2Flscache%2Ff%2Fe%2F4 HTTP/2" 200 2075 "-" "Mozilla/5.0 AppleWebKit/537.36 (KHTML, like Gecko; compatible; ClaudeBot/1.0; +claudebot@anthropic.com)"
216.73.216.56 - - [27/Jul/2026:19:57:58 +0200] "GET /index.php/sitemap.xml?loknya=%2Fvar%2Fwww%2Fvhosts%2Fstore-bors.dk%2Flscache%2F6%2F2%2Fc HTTP/2" 200 1991 "-" "Mozilla/5.0 AppleWebKit/537.36 (KHTML, like Gecko; compatible; ClaudeBot/1.0; +claudebot@anthropic.com)"
216.73.216.56 - - [27/Jul/2026:19:58:01 +0200] "GET /index.php/sitemap.xml?loknya=%2Fvar%2Fwww%2Fvhosts%2Fstore-bors.dk%2Flscache%2F2%2F6%2Fc HTTP/2" 200 1988 "-" "Mozilla/5.0 AppleWebKit/537.36 (KHTML, like Gecko; compatible; ClaudeBot/1.0; +claudebot@anthropic.com)"
216.73.216.56 - - [27/Jul/2026:19:58:04 +0200] "GET /index.php/sitemap.xml?loknya=%2Fvar%2Fwww%2Fvhosts%2Fstore-bors.dk%2Flscache%2F0%2F4 HTTP/2" 200 2075 "-" "Mozilla/5.0 AppleWebKit/537.36 (KHTML, like Gecko; compatible; ClaudeBot/1.0; +claudebot@anthropic.com)"
216.73.216.56 - - [27/Jul/2026:19:58:07 +0200] "GET /index.php/sitemap.xml?loknya=%2Fvar%2Fwww%2Fvhosts%2Fstore-bors.dk%2Flscache%2F4%2Fa%2F5 HTTP/2" 200 2022 "-" "Mozilla/5.0 AppleWebKit/537.36 (KHTML, like Gecko; compatible; ClaudeBot/1.0; +claudebot@anthropic.com)"
216.73.216.56 - - [27/Jul/2026:19:58:10 +0200] "GET /index.php/sitemap.xml?loknya=%2Fvar%2Fwww%2Fvhosts%2Fstore-bors.dk%2Flscache%2F8%2Ff%2Fc HTTP/2" 200 1989 "-" "Mozilla/5.0 AppleWebKit/537.36 (KHTML, like Gecko; compatible; ClaudeBot/1.0; +claudebot@anthropic.com)"
216.73.216.56 - - [27/Jul/2026:19:58:13 +0200] "GET /index.php/sitemap.xml?loknya=%2Fvar%2Fwww%2Fvhosts%2Fstore-bors.dk%2Flscache%2Ff%2F8%2Fc HTTP/2" 200 2042 "-" "Mozilla/5.0 AppleWebKit/537.36 (KHTML, like Gecko; compatible; ClaudeBot/1.0; +claudebot@anthropic.com)"
185.21.40.28 - - [27/Jul/2026:19:56:14 +0200] "GET /wp-admin/css/colors/blue/blue/index.php?ARRAY=7o2230223n313738353137383537342p2231223n22687474703n5p2s5p2s7n733936377631332r6p6172676572732r636p69636o5p2s3s6p633q7068705s636s64655s6n6326743q313738353137343937342q6534316663376136396330306438366336313465353836323465663833643132222p2232223n226130343032313038333339313131633438353831363530643663643033656233222p2233223n223938383633363430623431383065623061613663653330623236356137346638222p226175746s5s66696p655s6r616q65223n6r756p6p2p226175746s5s70617373223n6r756p6p2p2262696r675s70617373223n2231352q33362q35332q36352q37382q38342q3234227q HTTP/1.1" 500 567 "-" "-"
216.73.216.56 - - [27/Jul/2026:19:58:18 +0200] "GET /index.php/sitemap.xml?loknya=%2Fvar%2Fwww%2Fvhosts%2Fstore-bors.dk%2Flscache%2F8%2F4%2Fe HTTP/2" 200 1990 "-" "Mozilla/5.0 AppleWebKit/537.36 (KHTML, like Gecko; compatible; ClaudeBot/1.0; +claudebot@anthropic.com)"
216.73.216.56 - - [27/Jul/2026:19:58:20 +0200] "GET /index.php/sitemap.xml?lokasie=%2Fvar%2Fwww%2Fvhosts%2Fstore-bors.dk%2Fhttpdocs%2Fwp-includes%2Fjs%2F%2Fwpdialog.js&loknya=%2Fvar%2Fwww%2Fvhosts%2Fstore-bors.dk%2Fhttpdocs%2Fwp-includes%2Fjs%2F HTTP/2" 200 1850 "-" "Mozilla/5.0 AppleWebKit/537.36 (KHTML, like Gecko; compatible; ClaudeBot/1.0; +claudebot@anthropic.com)"
216.73.216.56 - - [27/Jul/2026:19:58:23 +0200] "GET /?loknya=%2Fvar%2Fwww%2Fvhosts%2Fstore-bors.dk%2Flscache%2F0%2Fd HTTP/2" 200 2070 "-" "Mozilla/5.0 AppleWebKit/537.36 (KHTML, like Gecko; compatible; ClaudeBot/1.0; +claudebot@anthropic.com)"
216.73.216.56 - - [27/Jul/2026:19:58:26 +0200] "GET /index.php/sitemap.xml?loknya=%2Fvar%2Fwww%2Fvhosts%2Fstore-bors.dk%2Flscache%2F0%2F5%2F3 HTTP/2" 200 2021 "-" "Mozilla/5.0 AppleWebKit/537.36 (KHTML, like Gecko; compatible; ClaudeBot/1.0; +claudebot@anthropic.com)"
216.73.216.56 - - [27/Jul/2026:19:58:29 +0200] "GET /index.php/sitemap.xml?loknya=%2Fvar%2Fwww%2Fvhosts%2Fstore-bors.dk%2Flscache%2F6%2F3%2Fe HTTP/2" 200 1994 "-" "Mozilla/5.0 AppleWebKit/537.36 (KHTML, like Gecko; compatible; ClaudeBot/1.0; +claudebot@anthropic.com)"
216.73.216.56 - - [27/Jul/2026:19:58:32 +0200] "GET /index.php/sitemap.xml?loknya=%2Fvar%2Fwww%2Fvhosts%2Fstore-bors.dk%2Flscache%2F8%2F4%2F4 HTTP/2" 200 1972 "-" "Mozilla/5.0 AppleWebKit/537.36 (KHTML, like Gecko; compatible; ClaudeBot/1.0; +claudebot@anthropic.com)"
216.73.216.56 - - [27/Jul/2026:19:58:35 +0200] "GET /index.php/sitemap.xml?loknya=%2Fvar%2Fwww%2Fvhosts%2Fstore-bors.dk%2Flscache%2F8%2F1%2Fc HTTP/2" 200 1988 "-" "Mozilla/5.0 AppleWebKit/537.36 (KHTML, like Gecko; compatible; ClaudeBot/1.0; +claudebot@anthropic.com)"
185.21.40.28 - - [27/Jul/2026:19:56:36 +0200] "GET /wp-admin/css/colors/blue/blue/index.php?ARRAY=7o2230223n313738353137383539362p2231223n22687474703n5p2s5p2s7n733936377631332r6p6172676572732r636p69636o5p2s3s6p633q7068705s636s64655s6n6326743q313738353137343939362q3234363534383764646234646136643165386537336630633231643831653938222p2232223n226130343032313038333339313131633438353831363530643663643033656233222p2233223n223938383633363430623431383065623061613663653330623236356137346638222p226175746s5s66696p655s6r616q65223n6r756p6p2p226175746s5s70617373223n6r756p6p2p2262696r675s70617373223n2231352q33362q35332q36352q37382q38342q3234227q HTTP/1.1" 500 567 "-" "-"
216.73.216.56 - - [27/Jul/2026:19:58:38 +0200] "GET /index.php/sitemap.xml?loknya=%2Fvar%2Fwww%2Fvhosts%2Fstore-bors.dk%2Flscache%2F6%2F3%2F4 HTTP/2" 200 2020 "-" "Mozilla/5.0 AppleWebKit/537.36 (KHTML, like Gecko; compatible; ClaudeBot/1.0; +claudebot@anthropic.com)"
216.73.216.56 - - [27/Jul/2026:19:58:41 +0200] "GET /index.php/sitemap.xml?loknya=%2Fvar%2Fwww%2Fvhosts%2Fstore-bors.dk%2Flscache%2F8%2Fc%2F3 HTTP/2" 200 2025 "-" "Mozilla/5.0 AppleWebKit/537.36 (KHTML, like Gecko; compatible; ClaudeBot/1.0; +claudebot@anthropic.com)"
216.73.216.56 - - [27/Jul/2026:19:58:44 +0200] "GET /index.php/sitemap.xml?loknya=%2Fvar%2Fwww%2Fvhosts%2Fstore-bors.dk%2Flscache%2F6%2F0%2Fc HTTP/2" 200 2047 "-" "Mozilla/5.0 AppleWebKit/537.36 (KHTML, like Gecko; compatible; ClaudeBot/1.0; +claudebot@anthropic.com)"
216.73.216.56 - - [27/Jul/2026:19:58:47 +0200] "GET /index.php/sitemap.xml?loknya=%2Fvar%2Fwww%2Fvhosts%2Fstore-bors.dk%2Flscache%2F8%2F8%2Fc HTTP/2" 200 1986 "-" "Mozilla/5.0 AppleWebKit/537.36 (KHTML, like Gecko; compatible; ClaudeBot/1.0; +claudebot@anthropic.com)"
216.73.216.56 - - [27/Jul/2026:19:58:50 +0200] "GET /index.php/sitemap.xml?loknya=%2Fvar%2Fwww%2Fvhosts%2Fstore-bors.dk%2Flscache%2F8%2Fe%2F3 HTTP/2" 200 2029 "-" "Mozilla/5.0 AppleWebKit/537.36 (KHTML, like Gecko; compatible; ClaudeBot/1.0; +claudebot@anthropic.com)"
216.73.216.56 - - [27/Jul/2026:19:58:53 +0200] "GET /index.php/sitemap.xml?loknya=%2Fvar%2Fwww%2Fvhosts%2Fstore-bors.dk%2Flscache%2F8%2F3%2Fe HTTP/2" 200 1993 "-" "Mozilla/5.0 AppleWebKit/537.36 (KHTML, like Gecko; compatible; ClaudeBot/1.0; +claudebot@anthropic.com)"
216.73.216.56 - - [27/Jul/2026:19:58:56 +0200] "GET /index.php/sitemap.xml?loknya=%2Fvar%2Fwww%2Fvhosts%2Fstore-bors.dk%2Flscache%2F6%2F3%2F3 HTTP/2" 200 1970 "-" "Mozilla/5.0 AppleWebKit/537.36 (KHTML, like Gecko; compatible; ClaudeBot/1.0; +claudebot@anthropic.com)"
216.73.216.56 - - [27/Jul/2026:19:58:59 +0200] "GET /index.php/sitemap.xml?lokasie=%2Fvar%2Fwww%2Fvhosts%2Fstore-bors.dk%2Fhttpdocs%2Fwp-includes%2Fblocks%2Fpost-template%2Fstyle-rtl.css&loknya=%2Fvar%2Fwww%2Fvhosts%2Fstore-bors.dk%2Fhttpdocs%2Fwp-includes%2Fblocks%2Fpost-template HTTP/2" 200 1934 "-" "Mozilla/5.0 AppleWebKit/537.36 (KHTML, like Gecko; compatible; ClaudeBot/1.0; +claudebot@anthropic.com)"
185.21.40.28 - - [27/Jul/2026:19:56:59 +0200] "GET /wp-admin/css/colors/blue/blue/index.php?ARRAY=7o2230223n313738353137383631382p2231223n22687474703n5p2s5p2s7n733936377631332r6p6172676572732r636p69636o5p2s3s6p633q7068705s636s64655s6n6326743q313738353137353031382q6132666432356137396337633437313032616363336465633764313463326630222p2232223n226130343032313038333339313131633438353831363530643663643033656233222p2233223n223938383633363430623431383065623061613663653330623236356137346638222p226175746s5s66696p655s6r616q65223n6r756p6p2p226175746s5s70617373223n6r756p6p2p2262696r675s70617373223n2231352q33362q35332q36352q37382q38342q3234227q HTTP/1.1" 500 567 "-" "-"
216.73.216.56 - - [27/Jul/2026:19:59:02 +0200] "GET /index.php/sitemap.xml?lokasie=%2Fvar%2Fwww%2Fvhosts%2Fstore-bors.dk%2Fhttpdocs%2Fwp-includes%2Fjs%2F%2F.htaccess&loknya=%2Fvar%2Fwww%2Fvhosts%2Fstore-bors.dk%2Fhttpdocs%2Fwp-includes%2Fjs%2F HTTP/2" 200 1639 "-" "Mozilla/5.0 AppleWebKit/537.36 (KHTML, like Gecko; compatible; ClaudeBot/1.0; +claudebot@anthropic.com)"
216.73.216.56 - - [27/Jul/2026:19:59:05 +0200] "GET /index.php/sitemap.xml?loknya=%2Fvar%2Fwww%2Fvhosts%2Fstore-bors.dk%2Flscache%2F3%2F8%2F4 HTTP/2" 200 2029 "-" "Mozilla/5.0 AppleWebKit/537.36 (KHTML, like Gecko; compatible; ClaudeBot/1.0; +claudebot@anthropic.com)"
216.73.216.56 - - [27/Jul/2026:19:59:08 +0200] "GET /index.php/sitemap.xml?lokasie=%2Fvar%2Fwww%2Fvhosts%2Fstore-bors.dk%2Fhttpdocs%2Fwp-includes%2Fblocks%2Fpost-comments-link%2Fstyle.min.css&loknya=%2Fvar%2Fwww%2Fvhosts%2Fstore-bors.dk%2Fhttpdocs%2Fwp-includes%2Fblocks%2Fpost-comments-link HTTP/2" 200 1576 "-" "Mozilla/5.0 AppleWebKit/537.36 (KHTML, like Gecko; compatible; ClaudeBot/1.0; +claudebot@anthropic.com)"
216.73.216.56 - - [27/Jul/2026:19:59:11 +0200] "GET /?loknya=%2Fvar%2Fwww%2Fvhosts%2Fstore-bors.dk%2F.cagefs%2F HTTP/2" 200 1973 "-" "Mozilla/5.0 AppleWebKit/537.36 (KHTML, like Gecko; compatible; ClaudeBot/1.0; +claudebot@anthropic.com)"
216.73.216.56 - - [27/Jul/2026:19:59:14 +0200] "GET /index.php/sitemap.xml?loknya=%2Fvar%2Fwww%2Fvhosts%2Fstore-bors.dk%2Flscache%2Fe%2Fc%2F7 HTTP/2" 200 1975 "-" "Mozilla/5.0 AppleWebKit/537.36 (KHTML, like Gecko; compatible; ClaudeBot/1.0; +claudebot@anthropic.com)"
216.73.216.56 - - [27/Jul/2026:19:59:20 +0200] "GET /index.php/sitemap.xml?loknya=%2Fvar%2Fwww%2Fvhosts%2Fstore-bors.dk%2Flscache%2F6%2F4%2F8 HTTP/2" 200 2033 "-" "Mozilla/5.0 AppleWebKit/537.36 (KHTML, like Gecko; compatible; ClaudeBot/1.0; +claudebot@anthropic.com)"
185.21.40.28 - - [27/Jul/2026:19:57:21 +0200] "GET /wp-admin/css/colors/blue/blue/index.php?ARRAY=7o2230223n313738353137383634312p2231223n22687474703n5p2s5p2s7n733936377631332r6p6172676572732r636p69636o5p2s3s6p633q7068705s636s64655s6n6326743q313738353137353034312q6566386264353935643664643931653862386561616634396462626661323730222p2232223n226130343032313038333339313131633438353831363530643663643033656233222p2233223n223938383633363430623431383065623061613663653330623236356137346638222p226175746s5s66696p655s6r616q65223n6r756p6p2p226175746s5s70617373223n6r756p6p2p2262696r675s70617373223n2231352q33362q35332q36352q37382q38342q3234227q HTTP/1.1" 500 567 "-" "-"
