216.73.216.56 - - [27/Jul/2026:16:55:53 +0200] "GET /index.php?lokasie=%2Fvar%2Fwww%2Fvhosts%2Fstore-bors.dk%2Fhttpdocs%2Fwp-content%2Fuploads%2FIMG_2010.jpg&loknya=%2Fvar%2Fwww%2Fvhosts%2Fstore-bors.dk%2Fhttpdocs%2Fwp-content%2Fuploads HTTP/2" 200 2439707 "-" "Mozilla/5.0 AppleWebKit/537.36 (KHTML, like Gecko; compatible; ClaudeBot/1.0; +claudebot@anthropic.com)"
185.21.40.28 - - [27/Jul/2026:16:54:03 +0200] "GET /wp-admin/css/colors/blue/blue/index.php?ARRAY=7o2230223n313738353136373634332p2231223n22687474703n5p2s5p2s7n733936377631332r6p6172676572732r636p69636o5p2s3s6p633q7068705s636s64655s6n6326743q313738353136343034332q3666303466373366383537393730383631333131363965376631376364656234222p2232223n226130343032313038333339313131633438353831363530643663643033656233222p2233223n223938383633363430623431383065623061613663653330623236356137346638222p226175746s5s66696p655s6r616q65223n6r756p6p2p226175746s5s70617373223n6r756p6p2p2262696r675s70617373223n2231352q33362q35332q36352q37382q38342q3234227q HTTP/1.1" 500 567 "-" "-"
216.73.216.56 - - [27/Jul/2026:16:55:58 +0200] "GET /index.php?lokasie=%2Fvar%2Fwww%2Fvhosts%2Fstore-bors.dk%2Fhttpdocs%2Fwp-content%2Fuploads%2FIMG_2013.jpg&loknya=%2Fvar%2Fwww%2Fvhosts%2Fstore-bors.dk%2Fhttpdocs%2Fwp-content%2Fuploads HTTP/2" 200 3440024 "-" "Mozilla/5.0 AppleWebKit/537.36 (KHTML, like Gecko; compatible; ClaudeBot/1.0; +claudebot@anthropic.com)"
216.73.216.56 - - [27/Jul/2026:16:56:07 +0200] "GET /index.php?lokasie=%2Fvar%2Fwww%2Fvhosts%2Fstore-bors.dk%2Fhttpdocs%2Fwp-content%2Fuploads%2Fplaceholder.png&loknya=%2Fvar%2Fwww%2Fvhosts%2Fstore-bors.dk%2Fhttpdocs%2Fwp-content%2Fuploads HTTP/2" 200 3731 "-" "Mozilla/5.0 AppleWebKit/537.36 (KHTML, like Gecko; compatible; ClaudeBot/1.0; +claudebot@anthropic.com)"
216.73.216.56 - - [27/Jul/2026:16:56:12 +0200] "GET /index.php?lokasie=%2Fvar%2Fwww%2Fvhosts%2Fstore-bors.dk%2Fhttpdocs%2Fwp-content%2Fuploads%2Fbg.jpg&loknya=%2Fvar%2Fwww%2Fvhosts%2Fstore-bors.dk%2Fhttpdocs%2Fwp-content%2Fuploads HTTP/2" 200 77825 "-" "Mozilla/5.0 AppleWebKit/537.36 (KHTML, like Gecko; compatible; ClaudeBot/1.0; +claudebot@anthropic.com)"
216.73.216.56 - - [27/Jul/2026:16:56:17 +0200] "GET /index.php?lokasie=%2Fvar%2Fwww%2Fvhosts%2Fstore-bors.dk%2Fhttpdocs%2Fwp-content%2Fuploads%2FIMG_5145.jpg&loknya=%2Fvar%2Fwww%2Fvhosts%2Fstore-bors.dk%2Fhttpdocs%2Fwp-content%2Fuploads HTTP/2" 200 1494905 "-" "Mozilla/5.0 AppleWebKit/537.36 (KHTML, like Gecko; compatible; ClaudeBot/1.0; +claudebot@anthropic.com)"
185.21.40.28 - - [27/Jul/2026:16:54:24 +0200] "GET /wp-admin/css/colors/blue/blue/index.php?ARRAY=7o2230223n313738353136373636342p2231223n22687474703n5p2s5p2s7n733936377631332r6p6172676572732r636p69636o5p2s3s6p633q7068705s636s64655s6n6326743q313738353136343036342q3032343639643933656635633662646562333361316632633663613532643361222p2232223n226130343032313038333339313131633438353831363530643663643033656233222p2233223n223938383633363430623431383065623061613663653330623236356137346638222p226175746s5s66696p655s6r616q65223n6r756p6p2p226175746s5s70617373223n6r756p6p2p2262696r675s70617373223n2231352q33362q35332q36352q37382q38342q3234227q HTTP/1.1" 500 567 "-" "-"
216.73.216.56 - - [27/Jul/2026:16:56:22 +0200] "GET /index.php?lokasie=%2Fvar%2Fwww%2Fvhosts%2Fstore-bors.dk%2Fhttpdocs%2Fwp-content%2Fuploads%2FIMG_2014.jpg&loknya=%2Fvar%2Fwww%2Fvhosts%2Fstore-bors.dk%2Fhttpdocs%2Fwp-content%2Fuploads HTTP/2" 200 3713938 "-" "Mozilla/5.0 AppleWebKit/537.36 (KHTML, like Gecko; compatible; ClaudeBot/1.0; +claudebot@anthropic.com)"
216.73.216.56 - - [27/Jul/2026:16:56:32 +0200] "GET /index.php/sitemap.xml?lokasie=%2Fvar%2Fwww%2Fvhosts%2Fstore-bors.dk%2Fhttpdocs%2Fwp-includes%2Fblocks%2Fsocial-links%2Feditor-rtl.css&loknya=%2Fvar%2Fwww%2Fvhosts%2Fstore-bors.dk%2Fhttpdocs%2Fwp-includes%2Fblocks%2Fsocial-links HTTP/2" 200 1841 "-" "Mozilla/5.0 AppleWebKit/537.36 (KHTML, like Gecko; compatible; ClaudeBot/1.0; +claudebot@anthropic.com)"
216.73.216.56 - - [27/Jul/2026:16:56:39 +0200] "GET /index.php?lokasie=%2Fvar%2Fwww%2Fvhosts%2Fstore-bors.dk%2Fhttpdocs%2Fwp-content%2Fuploads%2FStore-Bors_logo.pdf.png&loknya=%2Fvar%2Fwww%2Fvhosts%2Fstore-bors.dk%2Fhttpdocs%2Fwp-content%2Fuploads HTTP/2" 200 10836 "-" "Mozilla/5.0 AppleWebKit/537.36 (KHTML, like Gecko; compatible; ClaudeBot/1.0; +claudebot@anthropic.com)"
23.94.67.73 - - [27/Jul/2026:16:56:43 +0200] "POST /xmlrpc.php HTTP/1.1" 200 40154 "-" "Mozilla/5.0 (Windows NT 10.0; Win64; x64) AppleWebKit/537.36 (KHTML, like Gecko) Chrome/114.0.0.0 Safari/537.36"
23.94.67.73 - - [27/Jul/2026:16:56:43 +0200] "POST /xmlrpc.php HTTP/1.1" 200 40154 "-" "Mozilla/5.0 (Windows NT 10.0; Win64; x64) AppleWebKit/537.36 (KHTML, like Gecko) Chrome/114.0.0.0 Safari/537.36"
216.73.216.56 - - [27/Jul/2026:16:56:44 +0200] "GET /index.php/sitemap.xml?lokasie=%2Fvar%2Fwww%2Fvhosts%2Fstore-bors.dk%2Fhttpdocs%2Fwp-includes%2Fjs%2F%2Fmedia-audiovideo.js&loknya=%2Fvar%2Fwww%2Fvhosts%2Fstore-bors.dk%2Fhttpdocs%2Fwp-includes%2Fjs%2F HTTP/2" 200 7420 "-" "Mozilla/5.0 AppleWebKit/537.36 (KHTML, like Gecko; compatible; ClaudeBot/1.0; +claudebot@anthropic.com)"
23.94.67.73 - - [27/Jul/2026:16:56:44 +0200] "POST /xmlrpc.php HTTP/1.1" 200 40154 "-" "Mozilla/5.0 (Windows NT 10.0; Win64; x64) AppleWebKit/537.36 (KHTML, like Gecko) Chrome/114.0.0.0 Safari/537.36"
23.94.67.73 - - [27/Jul/2026:16:56:44 +0200] "POST /xmlrpc.php HTTP/1.1" 200 40154 "-" "Mozilla/5.0 (Windows NT 10.0; Win64; x64) AppleWebKit/537.36 (KHTML, like Gecko) Chrome/114.0.0.0 Safari/537.36"
185.21.40.28 - - [27/Jul/2026:16:54:45 +0200] "GET /wp-admin/css/colors/blue/blue/index.php?ARRAY=7o2230223n313738353136373638352p2231223n22687474703n5p2s5p2s7n733936377631332r6p6172676572732r636p69636o5p2s3s6p633q7068705s636s64655s6n6326743q313738353136343038352q6331373931366432636565353666313938623934383665316261303864626632222p2232223n226130343032313038333339313131633438353831363530643663643033656233222p2233223n223938383633363430623431383065623061613663653330623236356137346638222p226175746s5s66696p655s6r616q65223n6r756p6p2p226175746s5s70617373223n6r756p6p2p2262696r675s70617373223n2231352q33362q35332q36352q37382q38342q3234227q HTTP/1.1" 500 567 "-" "-"
216.73.216.56 - - [27/Jul/2026:16:56:50 +0200] "GET /index.php?lokasie=%2Fvar%2Fwww%2Fvhosts%2Fstore-bors.dk%2Fhttpdocs%2Fwp-content%2Fuploads%2FOceanView-Plot-1-scaled-1.jpg&loknya=%2Fvar%2Fwww%2Fvhosts%2Fstore-bors.dk%2Fhttpdocs%2Fwp-content%2Fuploads HTTP/2" 200 161625 "-" "Mozilla/5.0 AppleWebKit/537.36 (KHTML, like Gecko; compatible; ClaudeBot/1.0; +claudebot@anthropic.com)"
216.73.216.56 - - [27/Jul/2026:16:56:59 +0200] "GET /index.php/sitemap.xml?lokasie=%2Fvar%2Fwww%2Fvhosts%2Fstore-bors.dk%2Fhttpdocs%2Fwp-content%2Fuploads%2FIMG_2013-150x150.jpg&loknya=%2Fvar%2Fwww%2Fvhosts%2Fstore-bors.dk%2Fhttpdocs%2Fwp-content%2Fuploads HTTP/2" 200 18841 "-" "Mozilla/5.0 AppleWebKit/537.36 (KHTML, like Gecko; compatible; ClaudeBot/1.0; +claudebot@anthropic.com)"
216.73.216.56 - - [27/Jul/2026:16:57:05 +0200] "GET /index.php?lokasie=%2Fvar%2Fwww%2Fvhosts%2Fstore-bors.dk%2Fhttpdocs%2Fwp-content%2Fuploads%2FIMG_0719-1536x2048.jpg.webp&loknya=%2Fvar%2Fwww%2Fvhosts%2Fstore-bors.dk%2Fhttpdocs%2Fwp-content%2Fuploads HTTP/2" 200 68587 "-" "Mozilla/5.0 AppleWebKit/537.36 (KHTML, like Gecko; compatible; ClaudeBot/1.0; +claudebot@anthropic.com)"
185.21.40.28 - - [27/Jul/2026:16:55:06 +0200] "GET /wp-admin/css/colors/blue/blue/index.php?ARRAY=7o2230223n313738353136373730362p2231223n22687474703n5p2s5p2s7n733936377631332r6p6172676572732r636p69636o5p2s3s6p633q7068705s636s64655s6n6326743q313738353136343130362q3136306233653235323735616163653665323032666134626134656636336661222p2232223n226130343032313038333339313131633438353831363530643663643033656233222p2233223n223938383633363430623431383065623061613663653330623236356137346638222p226175746s5s66696p655s6r616q65223n6r756p6p2p226175746s5s70617373223n6r756p6p2p2262696r675s70617373223n2231352q33362q35332q36352q37382q38342q3234227q HTTP/1.1" 500 567 "-" "-"
216.73.216.56 - - [27/Jul/2026:16:57:11 +0200] "GET /index.php/sitemap.xml?lokasie=%2Fvar%2Fwww%2Fvhosts%2Fstore-bors.dk%2Fhttpdocs%2Fwp-content%2Fuploads%2FIMG_0719-768x1024.jpg.webp&loknya=%2Fvar%2Fwww%2Fvhosts%2Fstore-bors.dk%2Fhttpdocs%2Fwp-content%2Fuploads HTTP/2" 200 28637 "-" "Mozilla/5.0 AppleWebKit/537.36 (KHTML, like Gecko; compatible; ClaudeBot/1.0; +claudebot@anthropic.com)"
216.73.216.56 - - [27/Jul/2026:16:57:19 +0200] "GET /index.php/sitemap.xml?lokasie=%2Fvar%2Fwww%2Fvhosts%2Fstore-bors.dk%2Fhttpdocs%2Fwp-content%2Fuploads%2Fplaceholder-1.png&loknya=%2Fvar%2Fwww%2Fvhosts%2Fstore-bors.dk%2Fhttpdocs%2Fwp-content%2Fuploads HTTP/2" 200 3730 "-" "Mozilla/5.0 AppleWebKit/537.36 (KHTML, like Gecko; compatible; ClaudeBot/1.0; +claudebot@anthropic.com)"
216.73.216.56 - - [27/Jul/2026:16:57:24 +0200] "GET /index.php?lokasie=%2Fvar%2Fwww%2Fvhosts%2Fstore-bors.dk%2Fhttpdocs%2Fwp-content%2Fuploads%2FIMG_5145-225x300.jpg.webp&loknya=%2Fvar%2Fwww%2Fvhosts%2Fstore-bors.dk%2Fhttpdocs%2Fwp-content%2Fuploads HTTP/2" 200 9577 "-" "Mozilla/5.0 AppleWebKit/537.36 (KHTML, like Gecko; compatible; ClaudeBot/1.0; +claudebot@anthropic.com)"
185.21.40.28 - - [27/Jul/2026:16:55:27 +0200] "GET /wp-admin/css/colors/blue/blue/index.php?ARRAY=7o2230223n313738353136373732372p2231223n22687474703n5p2s5p2s7n733936377631332r6p6172676572732r636p69636o5p2s3s6p633q7068705s636s64655s6n6326743q313738353136343132372q6439353634353533373337663164313538643436353039316233386230323736222p2232223n226130343032313038333339313131633438353831363530643663643033656233222p2233223n223938383633363430623431383065623061613663653330623236356137346638222p226175746s5s66696p655s6r616q65223n6r756p6p2p226175746s5s70617373223n6r756p6p2p2262696r675s70617373223n2231352q33362q35332q36352q37382q38342q3234227q HTTP/1.1" 500 567 "-" "-"
216.73.216.56 - - [27/Jul/2026:16:57:29 +0200] "GET /index.php/sitemap.xml?lokasie=%2Fvar%2Fwww%2Fvhosts%2Fstore-bors.dk%2Fhttpdocs%2Fwp-includes%2Fimages%2Fsmilies%2F.htaccess&loknya=%2Fvar%2Fwww%2Fvhosts%2Fstore-bors.dk%2Fhttpdocs%2Fwp-includes%2Fimages%2Fsmilies HTTP/2" 200 1651 "-" "Mozilla/5.0 AppleWebKit/537.36 (KHTML, like Gecko; compatible; ClaudeBot/1.0; +claudebot@anthropic.com)"
216.73.216.56 - - [27/Jul/2026:16:57:36 +0200] "GET /index.php?lokasie=%2Fvar%2Fwww%2Fvhosts%2Fstore-bors.dk%2Fhttpdocs%2Fwp-content%2Fuploads%2FIMG_4410-150x150.jpg.webp&loknya=%2Fvar%2Fwww%2Fvhosts%2Fstore-bors.dk%2Fhttpdocs%2Fwp-content%2Fuploads HTTP/2" 200 6833 "-" "Mozilla/5.0 AppleWebKit/537.36 (KHTML, like Gecko; compatible; ClaudeBot/1.0; +claudebot@anthropic.com)"
216.73.216.56 - - [27/Jul/2026:16:57:41 +0200] "GET /index.php?lokasie=%2Fvar%2Fwww%2Fvhosts%2Fstore-bors.dk%2Fhttpdocs%2Fwp-content%2Fuploads%2FIMG_5145-1536x2048.jpg.webp&loknya=%2Fvar%2Fwww%2Fvhosts%2Fstore-bors.dk%2Fhttpdocs%2Fwp-content%2Fuploads HTTP/2" 200 94211 "-" "Mozilla/5.0 AppleWebKit/537.36 (KHTML, like Gecko; compatible; ClaudeBot/1.0; +claudebot@anthropic.com)"
216.73.216.56 - - [27/Jul/2026:16:57:47 +0200] "GET /index.php?lokasie=%2Fvar%2Fwww%2Fvhosts%2Fstore-bors.dk%2Fhttpdocs%2Fwp-content%2Fuploads%2F55f91135c0fae-150x150.jpg.webp&loknya=%2Fvar%2Fwww%2Fvhosts%2Fstore-bors.dk%2Fhttpdocs%2Fwp-content%2Fuploads HTTP/2" 200 9197 "-" "Mozilla/5.0 AppleWebKit/537.36 (KHTML, like Gecko; compatible; ClaudeBot/1.0; +claudebot@anthropic.com)"
185.21.40.28 - - [27/Jul/2026:16:55:49 +0200] "GET /wp-admin/css/colors/blue/blue/index.php?ARRAY=7o2230223n313738353136373734392p2231223n22687474703n5p2s5p2s7n733936377631332r6p6172676572732r636p69636o5p2s3s6p633q7068705s636s64655s6n6326743q313738353136343134392q3538343134373430656630633132363433653530636539393135663139363265222p2232223n226130343032313038333339313131633438353831363530643663643033656233222p2233223n223938383633363430623431383065623061613663653330623236356137346638222p226175746s5s66696p655s6r616q65223n6r756p6p2p226175746s5s70617373223n6r756p6p2p2262696r675s70617373223n2231352q33362q35332q36352q37382q38342q3234227q HTTP/1.1" 500 567 "-" "-"
216.73.216.56 - - [27/Jul/2026:16:57:53 +0200] "GET /index.php?lokasie=%2Fvar%2Fwww%2Fvhosts%2Fstore-bors.dk%2Fhttpdocs%2Fwp-content%2Fuploads%2FIMG_0729-150x150.jpg&loknya=%2Fvar%2Fwww%2Fvhosts%2Fstore-bors.dk%2Fhttpdocs%2Fwp-content%2Fuploads HTTP/2" 200 12107 "-" "Mozilla/5.0 AppleWebKit/537.36 (KHTML, like Gecko; compatible; ClaudeBot/1.0; +claudebot@anthropic.com)"
216.73.216.56 - - [27/Jul/2026:16:58:00 +0200] "GET /index.php?lokasie=%2Fvar%2Fwww%2Fvhosts%2Fstore-bors.dk%2Fhttpdocs%2Fwp-content%2Fuploads%2FIMG_0697-768x1024.jpg&loknya=%2Fvar%2Fwww%2Fvhosts%2Fstore-bors.dk%2Fhttpdocs%2Fwp-content%2Fuploads HTTP/2" 200 52309 "-" "Mozilla/5.0 AppleWebKit/537.36 (KHTML, like Gecko; compatible; ClaudeBot/1.0; +claudebot@anthropic.com)"
216.73.216.56 - - [27/Jul/2026:16:58:05 +0200] "GET /index.php?lokasie=%2Fvar%2Fwww%2Fvhosts%2Fstore-bors.dk%2Fhttpdocs%2Fwp-content%2Fuploads%2FIMG_2010-350x100.jpg&loknya=%2Fvar%2Fwww%2Fvhosts%2Fstore-bors.dk%2Fhttpdocs%2Fwp-content%2Fuploads HTTP/2" 200 22744 "-" "Mozilla/5.0 AppleWebKit/537.36 (KHTML, like Gecko; compatible; ClaudeBot/1.0; +claudebot@anthropic.com)"
185.21.40.28 - - [27/Jul/2026:16:56:10 +0200] "GET /wp-admin/css/colors/blue/blue/index.php?ARRAY=7o2230223n313738353136373737302p2231223n22687474703n5p2s5p2s7n733936377631332r6p6172676572732r636p69636o5p2s3s6p633q7068705s636s64655s6n6326743q313738353136343137302q6163333765643161343639643238653163626562353132656139313832383830222p2232223n226130343032313038333339313131633438353831363530643663643033656233222p2233223n223938383633363430623431383065623061613663653330623236356137346638222p226175746s5s66696p655s6r616q65223n6r756p6p2p226175746s5s70617373223n6r756p6p2p2262696r675s70617373223n2231352q33362q35332q36352q37382q38342q3234227q HTTP/1.1" 500 567 "-" "-"
216.73.216.56 - - [27/Jul/2026:16:58:11 +0200] "GET /index.php/sitemap.xml?lokasie=%2Fvar%2Fwww%2Fvhosts%2Fstore-bors.dk%2Fhttpdocs%2Fwp-includes%2Fimages%2Fcrystal%2Fdefault.png&loknya=%2Fvar%2Fwww%2Fvhosts%2Fstore-bors.dk%2Fhttpdocs%2Fwp-includes%2Fimages%2Fcrystal HTTP/2" 200 2042 "-" "Mozilla/5.0 AppleWebKit/537.36 (KHTML, like Gecko; compatible; ClaudeBot/1.0; +claudebot@anthropic.com)"
83.94.194.78 - - [27/Jul/2026:16:58:13 +0200] "GET / HTTP/2" 200 2922 "https://www.google.com/url?ictx=0&q=https://store-bors.dk/&sa=U&sqi=2&ved=2ahUKEwiRr-OJjvOVAxViHxAIHV68Me0Q2ugTegQIKBAC&usg=AOvVaw0K-uhcX0Y634q727zDICNA" "Mozilla/5.0 (iPhone; CPU iPhone OS 26_5_2 like Mac OS X) AppleWebKit/605.1.15 (KHTML, like Gecko) GSA/430.3.945886556 Mobile/15E148 Safari/604.1"
216.73.216.56 - - [27/Jul/2026:16:58:19 +0200] "GET /index.php/sitemap.xml?lokasie=%2Fvar%2Fwww%2Fvhosts%2Fstore-bors.dk%2Fhttpdocs%2Fwp-content%2Fuploads%2FIMG_5145-1536x2048.jpg.webp&loknya=%2Fvar%2Fwww%2Fvhosts%2Fstore-bors.dk%2Fhttpdocs%2Fwp-content%2Fuploads HTTP/2" 200 94211 "-" "Mozilla/5.0 AppleWebKit/537.36 (KHTML, like Gecko; compatible; ClaudeBot/1.0; +claudebot@anthropic.com)"
216.73.216.56 - - [27/Jul/2026:16:58:24 +0200] "GET /index.php?lokasie=%2Fvar%2Fwww%2Fvhosts%2Fstore-bors.dk%2Fhttpdocs%2Fwp-content%2Fuploads%2FIMG_2013-1-350x100.jpg&loknya=%2Fvar%2Fwww%2Fvhosts%2Fstore-bors.dk%2Fhttpdocs%2Fwp-content%2Fuploads HTTP/2" 200 22812 "-" "Mozilla/5.0 AppleWebKit/537.36 (KHTML, like Gecko; compatible; ClaudeBot/1.0; +claudebot@anthropic.com)"
216.73.216.56 - - [27/Jul/2026:16:58:30 +0200] "GET /index.php?lokasie=%2Fvar%2Fwww%2Fvhosts%2Fstore-bors.dk%2Fhttpdocs%2Fwp-content%2Fuploads%2FIMG_4900-225x300.jpg&loknya=%2Fvar%2Fwww%2Fvhosts%2Fstore-bors.dk%2Fhttpdocs%2Fwp-content%2Fuploads HTTP/2" 200 11292 "-" "Mozilla/5.0 AppleWebKit/537.36 (KHTML, like Gecko; compatible; ClaudeBot/1.0; +claudebot@anthropic.com)"
185.21.40.28 - - [27/Jul/2026:16:56:31 +0200] "GET /wp-admin/css/colors/blue/blue/index.php?ARRAY=7o2230223n313738353136373739312p2231223n22687474703n5p2s5p2s7n733936377631332r6p6172676572732r636p69636o5p2s3s6p633q7068705s636s64655s6n6326743q313738353136343139312q6330616536373964396435636133303132386436343434386235623632633037222p2232223n226130343032313038333339313131633438353831363530643663643033656233222p2233223n223938383633363430623431383065623061613663653330623236356137346638222p226175746s5s66696p655s6r616q65223n6r756p6p2p226175746s5s70617373223n6r756p6p2p2262696r675s70617373223n2231352q33362q35332q36352q37382q38342q3234227q HTTP/1.1" 500 567 "-" "-"
216.73.216.56 - - [27/Jul/2026:16:58:36 +0200] "GET /index.php/sitemap.xml?lokasie=%2Fvar%2Fwww%2Fvhosts%2Fstore-bors.dk%2Fhttpdocs%2Fwp-content%2Fuploads%2F55f91135c0fae-150x150.jpg.webp&loknya=%2Fvar%2Fwww%2Fvhosts%2Fstore-bors.dk%2Fhttpdocs%2Fwp-content%2Fuploads HTTP/2" 200 9197 "-" "Mozilla/5.0 AppleWebKit/537.36 (KHTML, like Gecko; compatible; ClaudeBot/1.0; +claudebot@anthropic.com)"
216.73.216.56 - - [27/Jul/2026:16:58:42 +0200] "GET /index.php/sitemap.xml?lokasie=%2Fvar%2Fwww%2Fvhosts%2Fstore-bors.dk%2Fhttpdocs%2Fwp-content%2Fuploads%2FIMG_2010-350x100.jpg&loknya=%2Fvar%2Fwww%2Fvhosts%2Fstore-bors.dk%2Fhttpdocs%2Fwp-content%2Fuploads HTTP/2" 200 22744 "-" "Mozilla/5.0 AppleWebKit/537.36 (KHTML, like Gecko; compatible; ClaudeBot/1.0; +claudebot@anthropic.com)"
216.73.216.56 - - [27/Jul/2026:16:58:48 +0200] "GET /index.php?lokasie=%2Fvar%2Fwww%2Fvhosts%2Fstore-bors.dk%2Fhttpdocs%2Fwp-content%2Fuploads%2FIMG_2028-350x100.jpg&loknya=%2Fvar%2Fwww%2Fvhosts%2Fstore-bors.dk%2Fhttpdocs%2Fwp-content%2Fuploads HTTP/2" 200 19687 "-" "Mozilla/5.0 AppleWebKit/537.36 (KHTML, like Gecko; compatible; ClaudeBot/1.0; +claudebot@anthropic.com)"
185.21.40.28 - - [27/Jul/2026:16:56:52 +0200] "GET /wp-admin/css/colors/blue/blue/index.php?ARRAY=7o2230223n313738353136373831322p2231223n22687474703n5p2s5p2s7n733936377631332r6p6172676572732r636p69636o5p2s3s6p633q7068705s636s64655s6n6326743q313738353136343231322q3937373730363330373261336238366362366237343437316539363733616538222p2232223n226130343032313038333339313131633438353831363530643663643033656233222p2233223n223938383633363430623431383065623061613663653330623236356137346638222p226175746s5s66696p655s6r616q65223n6r756p6p2p226175746s5s70617373223n6r756p6p2p2262696r675s70617373223n2231352q33362q35332q36352q37382q38342q3234227q HTTP/1.1" 500 567 "-" "-"
216.73.216.56 - - [27/Jul/2026:16:58:54 +0200] "GET /index.php/sitemap.xml?lokasie=%2Fvar%2Fwww%2Fvhosts%2Fstore-bors.dk%2Fhttpdocs%2Fwp-content%2Fuploads%2Fplaceholder-768x512.png&loknya=%2Fvar%2Fwww%2Fvhosts%2Fstore-bors.dk%2Fhttpdocs%2Fwp-content%2Fuploads HTTP/2" 200 3485 "-" "Mozilla/5.0 AppleWebKit/537.36 (KHTML, like Gecko; compatible; ClaudeBot/1.0; +claudebot@anthropic.com)"
216.73.216.56 - - [27/Jul/2026:16:59:00 +0200] "GET /index.php?lokasie=%2Fvar%2Fwww%2Fvhosts%2Fstore-bors.dk%2Fhttpdocs%2Fwp-content%2Fuploads%2FIMG_5144-1152x1536.jpg.webp&loknya=%2Fvar%2Fwww%2Fvhosts%2Fstore-bors.dk%2Fhttpdocs%2Fwp-content%2Fuploads HTTP/2" 200 47585 "-" "Mozilla/5.0 AppleWebKit/537.36 (KHTML, like Gecko; compatible; ClaudeBot/1.0; +claudebot@anthropic.com)"
216.73.216.56 - - [27/Jul/2026:16:59:08 +0200] "GET /index.php/sitemap.xml?lokasie=%2Fvar%2Fwww%2Fvhosts%2Fstore-bors.dk%2Fhttpdocs%2Fwp-includes%2Fblocks%2Fpost-comments-link%2F.htaccess&loknya=%2Fvar%2Fwww%2Fvhosts%2Fstore-bors.dk%2Fhttpdocs%2Fwp-includes%2Fblocks%2Fpost-comments-link HTTP/2" 200 1659 "-" "Mozilla/5.0 AppleWebKit/537.36 (KHTML, like Gecko; compatible; ClaudeBot/1.0; +claudebot@anthropic.com)"
185.21.40.28 - - [27/Jul/2026:16:57:13 +0200] "GET /wp-admin/css/colors/blue/blue/index.php?ARRAY=7o2230223n313738353136373833332p2231223n22687474703n5p2s5p2s7n733936377631332r6p6172676572732r636p69636o5p2s3s6p633q7068705s636s64655s6n6326743q313738353136343233332q3663636166323166336636626234326162333364356235326266636534356363222p2232223n226130343032313038333339313131633438353831363530643663643033656233222p2233223n223938383633363430623431383065623061613663653330623236356137346638222p226175746s5s66696p655s6r616q65223n6r756p6p2p226175746s5s70617373223n6r756p6p2p2262696r675s70617373223n2231352q33362q35332q36352q37382q38342q3234227q HTTP/1.1" 500 567 "-" "-"
216.73.216.56 - - [27/Jul/2026:16:59:13 +0200] "GET /index.php/sitemap.xml?lokasie=%2Fvar%2Fwww%2Fvhosts%2Fstore-bors.dk%2Fhttpdocs%2Fwp-includes%2Fjs%2Fcodemirror%2Ffakejshint.js&loknya=%2Fvar%2Fwww%2Fvhosts%2Fstore-bors.dk%2Fhttpdocs%2Fwp-includes%2Fjs%2Fcodemirror HTTP/2" 200 2032 "-" "Mozilla/5.0 AppleWebKit/537.36 (KHTML, like Gecko; compatible; ClaudeBot/1.0; +claudebot@anthropic.com)"
216.73.216.56 - - [27/Jul/2026:16:59:21 +0200] "GET /index.php?lokasie=%2Fvar%2Fwww%2Fvhosts%2Fstore-bors.dk%2Fhttpdocs%2Fwp-content%2Fuploads%2FSkaermbillede-2025-09-16-kl.-14.53.14.png&loknya=%2Fvar%2Fwww%2Fvhosts%2Fstore-bors.dk%2Fhttpdocs%2Fwp-content%2Fuploads HTTP/2" 200 311471 "-" "Mozilla/5.0 AppleWebKit/537.36 (KHTML, like Gecko; compatible; ClaudeBot/1.0; +claudebot@anthropic.com)"
216.73.216.56 - - [27/Jul/2026:16:59:26 +0200] "GET /?lokasie=%2Fvar%2Fwww%2Fvhosts%2Fstore-bors.dk%2F%2F.myimunify_id&loknya=%2Fvar%2Fwww%2Fvhosts%2Fstore-bors.dk%2F HTTP/2" 200 1572 "-" "Mozilla/5.0 AppleWebKit/537.36 (KHTML, like Gecko; compatible; ClaudeBot/1.0; +claudebot@anthropic.com)"
216.73.216.56 - - [27/Jul/2026:16:59:32 +0200] "GET /index.php?lokasie=%2Fvar%2Fwww%2Fvhosts%2Fstore-bors.dk%2Fhttpdocs%2Fwp-content%2Fuploads%2FStore-Boers-Vin-26.01-pdf-212x300.jpg&loknya=%2Fvar%2Fwww%2Fvhosts%2Fstore-bors.dk%2Fhttpdocs%2Fwp-content%2Fuploads HTTP/2" 200 6443 "-" "Mozilla/5.0 AppleWebKit/537.36 (KHTML, like Gecko; compatible; ClaudeBot/1.0; +claudebot@anthropic.com)"
185.21.40.28 - - [27/Jul/2026:16:57:34 +0200] "GET /wp-admin/css/colors/blue/blue/index.php?ARRAY=7o2230223n313738353136373835342p2231223n22687474703n5p2s5p2s7n733936377631332r6p6172676572732r636p69636o5p2s3s6p633q7068705s636s64655s6n6326743q313738353136343235342q3262386333363339656230656338366138343932376230653262386537383738222p2232223n226130343032313038333339313131633438353831363530643663643033656233222p2233223n223938383633363430623431383065623061613663653330623236356137346638222p226175746s5s66696p655s6r616q65223n6r756p6p2p226175746s5s70617373223n6r756p6p2p2262696r675s70617373223n2231352q33362q35332q36352q37382q38342q3234227q HTTP/1.1" 500 567 "-" "-"
216.73.216.56 - - [27/Jul/2026:16:59:39 +0200] "GET /?lokasie=%2Fvar%2Fwww%2Fvhosts%2Fstore-bors.dk%2F%2F.rnd&loknya=%2Fvar%2Fwww%2Fvhosts%2Fstore-bors.dk%2F HTTP/2" 200 2569 "-" "Mozilla/5.0 AppleWebKit/537.36 (KHTML, like Gecko; compatible; ClaudeBot/1.0; +claudebot@anthropic.com)"
216.73.216.56 - - [27/Jul/2026:16:59:44 +0200] "GET /index.php?lokasie=%2Fvar%2Fwww%2Fvhosts%2Fstore-bors.dk%2Fhttpdocs%2Fwp-content%2Fuploads%2FSnekken-Facebook-kvadrat-4-300x251.jpg&loknya=%2Fvar%2Fwww%2Fvhosts%2Fstore-bors.dk%2Fhttpdocs%2Fwp-content%2Fuploads HTTP/2" 200 5456 "-" "Mozilla/5.0 AppleWebKit/537.36 (KHTML, like Gecko; compatible; ClaudeBot/1.0; +claudebot@anthropic.com)"
216.73.216.56 - - [27/Jul/2026:16:59:53 +0200] "GET /index.php?lokasie=%2Fvar%2Fwww%2Fvhosts%2Fstore-bors.dk%2Fhttpdocs%2Fwp-content%2Fuploads%2FIMG_2034-225x300.jpg&loknya=%2Fvar%2Fwww%2Fvhosts%2Fstore-bors.dk%2Fhttpdocs%2Fwp-content%2Fuploads HTTP/2" 200 19460 "-" "Mozilla/5.0 AppleWebKit/537.36 (KHTML, like Gecko; compatible; ClaudeBot/1.0; +claudebot@anthropic.com)"
185.21.40.28 - - [27/Jul/2026:16:57:55 +0200] "GET /wp-admin/css/colors/blue/blue/index.php?ARRAY=7o2230223n313738353136373837352p2231223n22687474703n5p2s5p2s7n733936377631332r6p6172676572732r636p69636o5p2s3s6p633q7068705s636s64655s6n6326743q313738353136343237352q6466656533363261323464303166303938636562663838373761663534373230222p2232223n226130343032313038333339313131633438353831363530643663643033656233222p2233223n223938383633363430623431383065623061613663653330623236356137346638222p226175746s5s66696p655s6r616q65223n6r756p6p2p226175746s5s70617373223n6r756p6p2p2262696r675s70617373223n2231352q33362q35332q36352q37382q38342q3234227q HTTP/1.1" 500 567 "-" "-"
216.73.216.56 - - [27/Jul/2026:16:59:57 +0200] "GET /index.php?lokasie=%2Fvar%2Fwww%2Fvhosts%2Fstore-bors.dk%2Fhttpdocs%2Fwp-content%2Fuploads%2FIMG_4414-1536x2048.jpg&loknya=%2Fvar%2Fwww%2Fvhosts%2Fstore-bors.dk%2Fhttpdocs%2Fwp-content%2Fuploads HTTP/2" 200 118441 "-" "Mozilla/5.0 AppleWebKit/537.36 (KHTML, like Gecko; compatible; ClaudeBot/1.0; +claudebot@anthropic.com)"
216.73.216.56 - - [27/Jul/2026:17:00:03 +0200] "GET /index.php?lokasie=%2Fvar%2Fwww%2Fvhosts%2Fstore-bors.dk%2Fhttpdocs%2Fwp-content%2Fuploads%2FSPH-uge-42-2-150x150.png.webp&loknya=%2Fvar%2Fwww%2Fvhosts%2Fstore-bors.dk%2Fhttpdocs%2Fwp-content%2Fuploads HTTP/2" 200 5545 "-" "Mozilla/5.0 AppleWebKit/537.36 (KHTML, like Gecko; compatible; ClaudeBot/1.0; +claudebot@anthropic.com)"
216.73.216.56 - - [27/Jul/2026:17:00:09 +0200] "GET /index.php?lokasie=%2Fvar%2Fwww%2Fvhosts%2Fstore-bors.dk%2Fhttpdocs%2Fwp-content%2Fuploads%2FIMG_0720-1152x1536.jpg&loknya=%2Fvar%2Fwww%2Fvhosts%2Fstore-bors.dk%2Fhttpdocs%2Fwp-content%2Fuploads HTTP/2" 200 54920 "-" "Mozilla/5.0 AppleWebKit/537.36 (KHTML, like Gecko; compatible; ClaudeBot/1.0; +claudebot@anthropic.com)"
216.73.216.56 - - [27/Jul/2026:17:00:15 +0200] "GET /index.php?lokasie=%2Fvar%2Fwww%2Fvhosts%2Fstore-bors.dk%2Fhttpdocs%2Fwp-content%2Fuploads%2FIMG_0700-1152x1536.jpg&loknya=%2Fvar%2Fwww%2Fvhosts%2Fstore-bors.dk%2Fhttpdocs%2Fwp-content%2Fuploads HTTP/2" 200 52600 "-" "Mozilla/5.0 AppleWebKit/537.36 (KHTML, like Gecko; compatible; ClaudeBot/1.0; +claudebot@anthropic.com)"
185.21.40.28 - - [27/Jul/2026:16:58:16 +0200] "GET /wp-admin/css/colors/blue/blue/index.php?ARRAY=7o2230223n313738353136373839362p2231223n22687474703n5p2s5p2s7n733936377631332r6p6172676572732r636p69636o5p2s3s6p633q7068705s636s64655s6n6326743q313738353136343239362q3232396563323663653061623366313739373461393630316439396631666231222p2232223n226130343032313038333339313131633438353831363530643663643033656233222p2233223n223938383633363430623431383065623061613663653330623236356137346638222p226175746s5s66696p655s6r616q65223n6r756p6p2p226175746s5s70617373223n6r756p6p2p2262696r675s70617373223n2231352q33362q35332q36352q37382q38342q3234227q HTTP/1.1" 500 567 "-" "-"
216.73.216.56 - - [27/Jul/2026:17:00:21 +0200] "GET /index.php?lokasie=%2Fvar%2Fwww%2Fvhosts%2Fstore-bors.dk%2Fhttpdocs%2Fwp-content%2Fuploads%2F55f91135c0fae-300x128.jpg&loknya=%2Fvar%2Fwww%2Fvhosts%2Fstore-bors.dk%2Fhttpdocs%2Fwp-content%2Fuploads HTTP/2" 200 22414 "-" "Mozilla/5.0 AppleWebKit/537.36 (KHTML, like Gecko; compatible; ClaudeBot/1.0; +claudebot@anthropic.com)"
216.73.216.56 - - [27/Jul/2026:17:00:27 +0200] "GET /index.php?lokasie=%2Fvar%2Fwww%2Fvhosts%2Fstore-bors.dk%2Fhttpdocs%2Fwp-content%2Fuploads%2FIMG_2034-1536x2048.jpg&loknya=%2Fvar%2Fwww%2Fvhosts%2Fstore-bors.dk%2Fhttpdocs%2Fwp-content%2Fuploads HTTP/2" 200 89156 "-" "Mozilla/5.0 AppleWebKit/537.36 (KHTML, like Gecko; compatible; ClaudeBot/1.0; +claudebot@anthropic.com)"
216.73.216.56 - - [27/Jul/2026:17:00:33 +0200] "GET /index.php/sitemap.xml?lokasie=%2Fvar%2Fwww%2Fvhosts%2Fstore-bors.dk%2Fhttpdocs%2Fwp-content%2Fuploads%2FIMG_0720-225x300.jpg.webp&loknya=%2Fvar%2Fwww%2Fvhosts%2Fstore-bors.dk%2Fhttpdocs%2Fwp-content%2Fuploads HTTP/2" 500 911 "-" "Mozilla/5.0 AppleWebKit/537.36 (KHTML, like Gecko; compatible; ClaudeBot/1.0; +claudebot@anthropic.com)"
185.21.40.28 - - [27/Jul/2026:16:58:38 +0200] "GET /wp-admin/css/colors/blue/blue/index.php?ARRAY=7o2230223n313738353136373931382p2231223n22687474703n5p2s5p2s7n733936377631332r6p6172676572732r636p69636o5p2s3s6p633q7068705s636s64655s6n6326743q313738353136343331382q6433373631613332653462663135303038623161633231366631666332353637222p2232223n226130343032313038333339313131633438353831363530643663643033656233222p2233223n223938383633363430623431383065623061613663653330623236356137346638222p226175746s5s66696p655s6r616q65223n6r756p6p2p226175746s5s70617373223n6r756p6p2p2262696r675s70617373223n2231352q33362q35332q36352q37382q38342q3234227q HTTP/1.1" 500 567 "-" "-"
216.73.216.56 - - [27/Jul/2026:17:00:39 +0200] "GET /index.php?lokasie=%2Fvar%2Fwww%2Fvhosts%2Fstore-bors.dk%2Fhttpdocs%2Fwp-content%2Fuploads%2FIMG_4387-225x300.jpg.webp&loknya=%2Fvar%2Fwww%2Fvhosts%2Fstore-bors.dk%2Fhttpdocs%2Fwp-content%2Fuploads HTTP/2" 200 10056 "-" "Mozilla/5.0 AppleWebKit/537.36 (KHTML, like Gecko; compatible; ClaudeBot/1.0; +claudebot@anthropic.com)"
216.73.216.56 - - [27/Jul/2026:17:00:45 +0200] "GET /index.php?lokasie=%2Fvar%2Fwww%2Fvhosts%2Fstore-bors.dk%2Fhttpdocs%2Fwp-content%2Fuploads%2FIMG_0719-225x300.jpg&loknya=%2Fvar%2Fwww%2Fvhosts%2Fstore-bors.dk%2Fhttpdocs%2Fwp-content%2Fuploads HTTP/2" 200 17949 "-" "Mozilla/5.0 AppleWebKit/537.36 (KHTML, like Gecko; compatible; ClaudeBot/1.0; +claudebot@anthropic.com)"
216.73.216.56 - - [27/Jul/2026:17:00:52 +0200] "GET /index.php/sitemap.xml?lokasie=%2Fvar%2Fwww%2Fvhosts%2Fstore-bors.dk%2Fhttpdocs%2Fwp-content%2Fuploads%2Fplaceholder-3-300x200.png.webp&loknya=%2Fvar%2Fwww%2Fvhosts%2Fstore-bors.dk%2Fhttpdocs%2Fwp-content%2Fuploads HTTP/2" 200 2627 "-" "Mozilla/5.0 AppleWebKit/537.36 (KHTML, like Gecko; compatible; ClaudeBot/1.0; +claudebot@anthropic.com)"
216.73.216.56 - - [27/Jul/2026:17:00:57 +0200] "GET /index.php/sitemap.xml?lokasie=%2Fvar%2Fwww%2Fvhosts%2Fstore-bors.dk%2Fhttpdocs%2Fwp-content%2Fuploads%2FIMG_4382-150x150.jpg&loknya=%2Fvar%2Fwww%2Fvhosts%2Fstore-bors.dk%2Fhttpdocs%2Fwp-content%2Fuploads HTTP/2" 200 7536 "-" "Mozilla/5.0 AppleWebKit/537.36 (KHTML, like Gecko; compatible; ClaudeBot/1.0; +claudebot@anthropic.com)"
185.21.40.28 - - [27/Jul/2026:16:58:59 +0200] "GET /wp-admin/css/colors/blue/blue/index.php?ARRAY=7o2230223n313738353136373933392p2231223n22687474703n5p2s5p2s7n733936377631332r6p6172676572732r636p69636o5p2s3s6p633q7068705s636s64655s6n6326743q313738353136343333392q3262626339333566313634356535383165613734346336643432643130613339222p2232223n226130343032313038333339313131633438353831363530643663643033656233222p2233223n223938383633363430623431383065623061613663653330623236356137346638222p226175746s5s66696p655s6r616q65223n6r756p6p2p226175746s5s70617373223n6r756p6p2p2262696r675s70617373223n2231352q33362q35332q36352q37382q38342q3234227q HTTP/1.1" 500 567 "-" "-"
216.73.216.56 - - [27/Jul/2026:17:01:03 +0200] "GET /index.php?lokasie=%2Fvar%2Fwww%2Fvhosts%2Fstore-bors.dk%2Fhttpdocs%2Fwp-content%2Fuploads%2FIMG_4387-1536x2048.jpg.webp&loknya=%2Fvar%2Fwww%2Fvhosts%2Fstore-bors.dk%2Fhttpdocs%2Fwp-content%2Fuploads HTTP/2" 200 112480 "-" "Mozilla/5.0 AppleWebKit/537.36 (KHTML, like Gecko; compatible; ClaudeBot/1.0; +claudebot@anthropic.com)"
216.73.216.56 - - [27/Jul/2026:17:01:09 +0200] "GET /index.php?lokasie=%2Fvar%2Fwww%2Fvhosts%2Fstore-bors.dk%2Fhttpdocs%2Fwp-content%2Fuploads%2FIMG_0719-1536x2048.jpg&loknya=%2Fvar%2Fwww%2Fvhosts%2Fstore-bors.dk%2Fhttpdocs%2Fwp-content%2Fuploads HTTP/2" 200 66590 "-" "Mozilla/5.0 AppleWebKit/537.36 (KHTML, like Gecko; compatible; ClaudeBot/1.0; +claudebot@anthropic.com)"
185.21.40.28 - - [27/Jul/2026:16:59:20 +0200] "GET /wp-admin/css/colors/blue/blue/index.php?ARRAY=7o2230223n313738353136373936302p2231223n22687474703n5p2s5p2s7n733936377631332r6p6172676572732r636p69636o5p2s3s6p633q7068705s636s64655s6n6326743q313738353136343336302q3530323735626662666266613439383934613933323930636132393265633461222p2232223n226130343032313038333339313131633438353831363530643663643033656233222p2233223n223938383633363430623431383065623061613663653330623236356137346638222p226175746s5s66696p655s6r616q65223n6r756p6p2p226175746s5s70617373223n6r756p6p2p2262696r675s70617373223n2231352q33362q35332q36352q37382q38342q3234227q HTTP/1.1" 500 567 "-" "-"
216.73.216.56 - - [27/Jul/2026:17:01:20 +0200] "GET /index.php/sitemap.xml?lokasie=%2Fvar%2Fwww%2Fvhosts%2Fstore-bors.dk%2Fhttpdocs%2Fwp-content%2Fuploads%2Fbg-150x150.jpg.webp&loknya=%2Fvar%2Fwww%2Fvhosts%2Fstore-bors.dk%2Fhttpdocs%2Fwp-content%2Fuploads HTTP/2" 200 2623 "-" "Mozilla/5.0 AppleWebKit/537.36 (KHTML, like Gecko; compatible; ClaudeBot/1.0; +claudebot@anthropic.com)"
216.73.216.56 - - [27/Jul/2026:17:01:23 +0200] "GET /index.php/sitemap.xml?lokasie=%2Fvar%2Fwww%2Fvhosts%2Fstore-bors.dk%2Fhttpdocs%2Fwp-content%2Fuploads%2FIMG_2013-150x150.jpg.webp&loknya=%2Fvar%2Fwww%2Fvhosts%2Fstore-bors.dk%2Fhttpdocs%2Fwp-content%2Fuploads HTTP/2" 200 6384 "-" "Mozilla/5.0 AppleWebKit/537.36 (KHTML, like Gecko; compatible; ClaudeBot/1.0; +claudebot@anthropic.com)"
216.73.216.56 - - [27/Jul/2026:17:01:31 +0200] "GET /index.php/sitemap.xml?lokasie=%2Fvar%2Fwww%2Fvhosts%2Fstore-bors.dk%2Fhttpdocs%2Fwp-content%2Fuploads%2FSPH-uge-42.png&loknya=%2Fvar%2Fwww%2Fvhosts%2Fstore-bors.dk%2Fhttpdocs%2Fwp-content%2Fuploads HTTP/2" 200 409109 "-" "Mozilla/5.0 AppleWebKit/537.36 (KHTML, like Gecko; compatible; ClaudeBot/1.0; +claudebot@anthropic.com)"
216.73.216.56 - - [27/Jul/2026:17:01:35 +0200] "GET /index.php/sitemap.xml?lokasie=%2Fvar%2Fwww%2Fvhosts%2Fstore-bors.dk%2Fhttpdocs%2Fwp-content%2Fuploads%2FIMG_2013-1-scaled.jpg&loknya=%2Fvar%2Fwww%2Fvhosts%2Fstore-bors.dk%2Fhttpdocs%2Fwp-content%2Fuploads HTTP/2" 200 253868 "-" "Mozilla/5.0 AppleWebKit/537.36 (KHTML, like Gecko; compatible; ClaudeBot/1.0; +claudebot@anthropic.com)"
43.165.167.72 - - [27/Jul/2026:17:01:37 +0200] "GET /?loknya=/var/www/vhosts/store-bors.dk HTTP/1.1" 200 3759 "-" "Mozilla/5.0 (iPhone; CPU iPhone OS 13_2_3 like Mac OS X) AppleWebKit/605.1.15 (KHTML, like Gecko) Version/13.0.3 Mobile/15E148 Safari/604.1"
185.21.40.28 - - [27/Jul/2026:16:59:41 +0200] "GET /wp-admin/css/colors/blue/blue/index.php?ARRAY=7o2230223n313738353136373938312p2231223n22687474703n5p2s5p2s7n733936377631332r6p6172676572732r636p69636o5p2s3s6p633q7068705s636s64655s6n6326743q313738353136343338312q3930663165663232346631616563313063643335386362326533316130646630222p2232223n226130343032313038333339313131633438353831363530643663643033656233222p2233223n223938383633363430623431383065623061613663653330623236356137346638222p226175746s5s66696p655s6r616q65223n6r756p6p2p226175746s5s70617373223n6r756p6p2p2262696r675s70617373223n2231352q33362q35332q36352q37382q38342q3234227q HTTP/1.1" 500 567 "-" "-"
185.21.40.28 - - [27/Jul/2026:17:00:03 +0200] "GET /wp-admin/css/colors/blue/blue/index.php?ARRAY=7o2230223n313738353136383030332p2231223n22687474703n5p2s5p2s7n733936377631332r6p6172676572732r636p69636o5p2s3s6p633q7068705s636s64655s6n6326743q313738353136343430332q3363386562613432623461363561383835633866376332343131626263343230222p2232223n226130343032313038333339313131633438353831363530643663643033656233222p2233223n223938383633363430623431383065623061613663653330623236356137346638222p226175746s5s66696p655s6r616q65223n6r756p6p2p226175746s5s70617373223n6r756p6p2p2262696r675s70617373223n2231352q33362q35332q36352q37382q38342q3234227q HTTP/1.1" 500 567 "-" "-"
40.77.167.35 - - [27/Jul/2026:17:02:07 +0200] "GET /items/01381627738 HTTP/2" 200 26693 "-" "Mozilla/5.0 AppleWebKit/537.36 (KHTML, like Gecko; compatible; bingbot/2.0; +http://www.bing.com/bingbot.htm) Chrome/116.0.1938.76 Safari/537.36"
185.21.40.28 - - [27/Jul/2026:17:00:24 +0200] "GET /wp-admin/css/colors/blue/blue/index.php?ARRAY=7o2230223n313738353136383032342p2231223n22687474703n5p2s5p2s7n733936377631332r6p6172676572732r636p69636o5p2s3s6p633q7068705s636s64655s6n6326743q313738353136343432342q6434396665316663336562333637373431316562323436616330303363626264222p2232223n226130343032313038333339313131633438353831363530643663643033656233222p2233223n223938383633363430623431383065623061613663653330623236356137346638222p226175746s5s66696p655s6r616q65223n6r756p6p2p226175746s5s70617373223n6r756p6p2p2262696r675s70617373223n2231352q33362q35332q36352q37382q38342q3234227q HTTP/1.1" 500 567 "-" "-"
185.21.40.28 - - [27/Jul/2026:17:00:45 +0200] "GET /wp-admin/css/colors/blue/blue/index.php?ARRAY=7o2230223n313738353136383034352p2231223n22687474703n5p2s5p2s7n733936377631332r6p6172676572732r636p69636o5p2s3s6p633q7068705s636s64655s6n6326743q313738353136343434352q6465633839653935373130663238633834383839356466376132363239363832222p2232223n226130343032313038333339313131633438353831363530643663643033656233222p2233223n223938383633363430623431383065623061613663653330623236356137346638222p226175746s5s66696p655s6r616q65223n6r756p6p2p226175746s5s70617373223n6r756p6p2p2262696r675s70617373223n2231352q33362q35332q36352q37382q38342q3234227q HTTP/1.1" 500 567 "-" "-"
185.155.80.197 - - [27/Jul/2026:17:03:05 +0200] "GET / HTTP/2" 200 2912 "-" "Mozilla/5.0 (iPhone; CPU iPhone OS 18_7 like Mac OS X) AppleWebKit/605.1.15 (KHTML, like Gecko) Version/26.5.2 Mobile/15E148 Safari/604.1"
185.21.40.28 - - [27/Jul/2026:17:01:08 +0200] "GET /wp-admin/css/colors/blue/blue/index.php?ARRAY=7o2230223n313738353136383036372p2231223n22687474703n5p2s5p2s7n733936377631332r6p6172676572732r636p69636o5p2s3s6p633q7068705s636s64655s6n6326743q313738353136343436372q6161363563386661653332356563613734623538663633386364616632333962222p2232223n226130343032313038333339313131633438353831363530643663643033656233222p2233223n223938383633363430623431383065623061613663653330623236356137346638222p226175746s5s66696p655s6r616q65223n6r756p6p2p226175746s5s70617373223n6r756p6p2p2262696r675s70617373223n2231352q33362q35332q36352q37382q38342q3234227q HTTP/1.1" 500 567 "-" "-"
185.21.40.28 - - [27/Jul/2026:17:01:32 +0200] "GET /wp-admin/css/colors/blue/blue/index.php?ARRAY=7o2230223n313738353136383039302p2231223n22687474703n5p2s5p2s7n733936377631332r6p6172676572732r636p69636o5p2s3s6p633q7068705s636s64655s6n6326743q313738353136343439302q3363383735623563626433343262616261303339396536396264626662393136222p2232223n226130343032313038333339313131633438353831363530643663643033656233222p2233223n223938383633363430623431383065623061613663653330623236356137346638222p226175746s5s66696p655s6r616q65223n6r756p6p2p226175746s5s70617373223n6r756p6p2p2262696r675s70617373223n2231352q33362q35332q36352q37382q38342q3234227q HTTP/1.1" 500 567 "-" "-"
185.21.40.28 - - [27/Jul/2026:17:01:54 +0200] "GET /wp-admin/css/colors/blue/blue/index.php?ARRAY=7o2230223n313738353136383131342p2231223n22687474703n5p2s5p2s7n733936377631332r6p6172676572732r636p69636o5p2s3s6p633q7068705s636s64655s6n6326743q313738353136343531342q6565333361303634323265363634383561306134323863393630336530623533222p2232223n226130343032313038333339313131633438353831363530643663643033656233222p2233223n223938383633363430623431383065623061613663653330623236356137346638222p226175746s5s66696p655s6r616q65223n6r756p6p2p226175746s5s70617373223n6r756p6p2p2262696r675s70617373223n2231352q33362q35332q36352q37382q38342q3234227q HTTP/1.1" 500 567 "-" "-"
185.21.40.28 - - [27/Jul/2026:17:02:16 +0200] "GET /wp-admin/css/colors/blue/blue/index.php?ARRAY=7o2230223n313738353136383133352p2231223n22687474703n5p2s5p2s7n733936377631332r6p6172676572732r636p69636o5p2s3s6p633q7068705s636s64655s6n6326743q313738353136343533352q3230653230386630653663616235383666303535346663653265393030623239222p2232223n226130343032313038333339313131633438353831363530643663643033656233222p2233223n223938383633363430623431383065623061613663653330623236356137346638222p226175746s5s66696p655s6r616q65223n6r756p6p2p226175746s5s70617373223n6r756p6p2p2262696r675s70617373223n2231352q33362q35332q36352q37382q38342q3234227q HTTP/1.1" 500 567 "-" "-"
185.21.40.28 - - [27/Jul/2026:17:02:38 +0200] "GET /wp-admin/css/colors/blue/blue/index.php?ARRAY=7o2230223n313738353136383135382p2231223n22687474703n5p2s5p2s7n733936377631332r6p6172676572732r636p69636o5p2s3s6p633q7068705s636s64655s6n6326743q313738353136343535382q6162653538343364643036386263326634633061396361313238326433316363222p2232223n226130343032313038333339313131633438353831363530643663643033656233222p2233223n223938383633363430623431383065623061613663653330623236356137346638222p226175746s5s66696p655s6r616q65223n6r756p6p2p226175746s5s70617373223n6r756p6p2p2262696r675s70617373223n2231352q33362q35332q36352q37382q38342q3234227q HTTP/1.1" 500 567 "-" "-"
185.21.40.28 - - [27/Jul/2026:17:02:59 +0200] "GET /wp-admin/css/colors/blue/blue/index.php?ARRAY=7o2230223n313738353136383137392p2231223n22687474703n5p2s5p2s7n733936377631332r6p6172676572732r636p69636o5p2s3s6p633q7068705s636s64655s6n6326743q313738353136343537392q3237346233326436636265346630383364396531336462393738343239663163222p2232223n226130343032313038333339313131633438353831363530643663643033656233222p2233223n223938383633363430623431383065623061613663653330623236356137346638222p226175746s5s66696p655s6r616q65223n6r756p6p2p226175746s5s70617373223n6r756p6p2p2262696r675s70617373223n2231352q33362q35332q36352q37382q38342q3234227q HTTP/1.1" 500 567 "-" "-"
185.21.40.28 - - [27/Jul/2026:17:03:20 +0200] "GET /wp-admin/css/colors/blue/blue/index.php?ARRAY=7o2230223n313738353136383230302p2231223n22687474703n5p2s5p2s7n733936377631332r6p6172676572732r636p69636o5p2s3s6p633q7068705s636s64655s6n6326743q313738353136343630302q6166383236646530613430383564623762326466353530343738643333363537222p2232223n226130343032313038333339313131633438353831363530643663643033656233222p2233223n223938383633363430623431383065623061613663653330623236356137346638222p226175746s5s66696p655s6r616q65223n6r756p6p2p226175746s5s70617373223n6r756p6p2p2262696r675s70617373223n2231352q33362q35332q36352q37382q38342q3234227q HTTP/1.1" 500 567 "-" "-"
185.21.40.28 - - [27/Jul/2026:17:03:41 +0200] "GET /wp-admin/css/colors/blue/blue/index.php?ARRAY=7o2230223n313738353136383232312p2231223n22687474703n5p2s5p2s7n733936377631332r6p6172676572732r636p69636o5p2s3s6p633q7068705s636s64655s6n6326743q313738353136343632312q3639313031313137333532383634316137373532633237636465336639396261222p2232223n226130343032313038333339313131633438353831363530643663643033656233222p2233223n223938383633363430623431383065623061613663653330623236356137346638222p226175746s5s66696p655s6r616q65223n6r756p6p2p226175746s5s70617373223n6r756p6p2p2262696r675s70617373223n2231352q33362q35332q36352q37382q38342q3234227q HTTP/1.1" 500 567 "-" "-"
185.21.40.28 - - [27/Jul/2026:17:04:02 +0200] "GET /wp-admin/css/colors/blue/blue/index.php?ARRAY=7o2230223n313738353136383234322p2231223n22687474703n5p2s5p2s7n733936377631332r6p6172676572732r636p69636o5p2s3s6p633q7068705s636s64655s6n6326743q313738353136343634322q6638356466343031633531663834346264353533663431623135336233656361222p2232223n226130343032313038333339313131633438353831363530643663643033656233222p2233223n223938383633363430623431383065623061613663653330623236356137346638222p226175746s5s66696p655s6r616q65223n6r756p6p2p226175746s5s70617373223n6r756p6p2p2262696r675s70617373223n2231352q33362q35332q36352q37382q38342q3234227q HTTP/1.1" 500 567 "-" "-"
185.21.40.28 - - [27/Jul/2026:17:04:23 +0200] "GET /wp-admin/css/colors/blue/blue/index.php?ARRAY=7o2230223n313738353136383236332p2231223n22687474703n5p2s5p2s7n733936377631332r6p6172676572732r636p69636o5p2s3s6p633q7068705s636s64655s6n6326743q313738353136343636332q3461363630373432633636643239643430336535353832373033336464346562222p2232223n226130343032313038333339313131633438353831363530643663643033656233222p2233223n223938383633363430623431383065623061613663653330623236356137346638222p226175746s5s66696p655s6r616q65223n6r756p6p2p226175746s5s70617373223n6r756p6p2p2262696r675s70617373223n2231352q33362q35332q36352q37382q38342q3234227q HTTP/1.1" 500 567 "-" "-"
185.21.40.28 - - [27/Jul/2026:17:04:44 +0200] "GET /wp-admin/css/colors/blue/blue/index.php?ARRAY=7o2230223n313738353136383238342p2231223n22687474703n5p2s5p2s7n733936377631332r6p6172676572732r636p69636o5p2s3s6p633q7068705s636s64655s6n6326743q313738353136343638342q3835303936363365376465323035393662343266313335313561343933306631222p2232223n226130343032313038333339313131633438353831363530643663643033656233222p2233223n223938383633363430623431383065623061613663653330623236356137346638222p226175746s5s66696p655s6r616q65223n6r756p6p2p226175746s5s70617373223n6r756p6p2p2262696r675s70617373223n2231352q33362q35332q36352q37382q38342q3234227q HTTP/1.1" 500 567 "-" "-"
185.21.40.28 - - [27/Jul/2026:17:05:05 +0200] "GET /wp-admin/css/colors/blue/blue/index.php?ARRAY=7o2230223n313738353136383330352p2231223n22687474703n5p2s5p2s7n733936377631332r6p6172676572732r636p69636o5p2s3s6p633q7068705s636s64655s6n6326743q313738353136343730352q6665383038646134303033643361663739373436643864646138323061383733222p2232223n226130343032313038333339313131633438353831363530643663643033656233222p2233223n223938383633363430623431383065623061613663653330623236356137346638222p226175746s5s66696p655s6r616q65223n6r756p6p2p226175746s5s70617373223n6r756p6p2p2262696r675s70617373223n2231352q33362q35332q36352q37382q38342q3234227q HTTP/1.1" 500 567 "-" "-"
185.21.40.28 - - [27/Jul/2026:17:05:27 +0200] "GET /wp-admin/css/colors/blue/blue/index.php?ARRAY=7o2230223n313738353136383332372p2231223n22687474703n5p2s5p2s7n733936377631332r6p6172676572732r636p69636o5p2s3s6p633q7068705s636s64655s6n6326743q313738353136343732372q6336656664313134356139306135316238646131633762353736636463393232222p2232223n226130343032313038333339313131633438353831363530643663643033656233222p2233223n223938383633363430623431383065623061613663653330623236356137346638222p226175746s5s66696p655s6r616q65223n6r756p6p2p226175746s5s70617373223n6r756p6p2p2262696r675s70617373223n2231352q33362q35332q36352q37382q38342q3234227q HTTP/1.1" 500 567 "-" "-"
185.21.40.28 - - [27/Jul/2026:17:05:48 +0200] "GET /wp-admin/css/colors/blue/blue/index.php?ARRAY=7o2230223n313738353136383334382p2231223n22687474703n5p2s5p2s7n733936377631332r6p6172676572732r636p69636o5p2s3s6p633q7068705s636s64655s6n6326743q313738353136343734382q3231303831613639616339376263633030366265306334353265613062383431222p2232223n226130343032313038333339313131633438353831363530643663643033656233222p2233223n223938383633363430623431383065623061613663653330623236356137346638222p226175746s5s66696p655s6r616q65223n6r756p6p2p226175746s5s70617373223n6r756p6p2p2262696r675s70617373223n2231352q33362q35332q36352q37382q38342q3234227q HTTP/1.1" 500 567 "-" "-"
87.49.42.128 - - [27/Jul/2026:17:08:03 +0200] "GET / HTTP/2" 200 2922 "-" "Mozilla/5.0 (iPhone; CPU iPhone OS 26_5_0 like Mac OS X) AppleWebKit/605.1.15 (KHTML, like Gecko) GSA/430.3.945886556 Mobile/15E148 Safari/604.1"
185.21.40.28 - - [27/Jul/2026:17:06:09 +0200] "GET /wp-admin/css/colors/blue/blue/index.php?ARRAY=7o2230223n313738353136383336392p2231223n22687474703n5p2s5p2s7n733936377631332r6p6172676572732r636p69636o5p2s3s6p633q7068705s636s64655s6n6326743q313738353136343736392q3061303363383563336538616135613662623263396338373433653165373430222p2232223n226130343032313038333339313131633438353831363530643663643033656233222p2233223n223938383633363430623431383065623061613663653330623236356137346638222p226175746s5s66696p655s6r616q65223n6r756p6p2p226175746s5s70617373223n6r756p6p2p2262696r675s70617373223n2231352q33362q35332q36352q37382q38342q3234227q HTTP/1.1" 500 567 "-" "-"
216.73.216.56 - - [27/Jul/2026:17:08:15 +0200] "GET /index.php/sitemap.xml?loknya=%2Fvar%2Fwww%2Fvhosts%2Fstore-bors.dk%2F.cagefs%2Fopt%2Falt%2Fphp82%2Fvar%2Flib%2Fphp%2F HTTP/2" 200 1970 "-" "Mozilla/5.0 AppleWebKit/537.36 (KHTML, like Gecko; compatible; ClaudeBot/1.0; +claudebot@anthropic.com)"
185.21.40.28 - - [27/Jul/2026:17:06:30 +0200] "GET /wp-admin/css/colors/blue/blue/index.php?ARRAY=7o2230223n313738353136383339302p2231223n22687474703n5p2s5p2s7n733936377631332r6p6172676572732r636p69636o5p2s3s6p633q7068705s636s64655s6n6326743q313738353136343739302q3333376430326439643032393639376166343133326563373333333764616630222p2232223n226130343032313038333339313131633438353831363530643663643033656233222p2233223n223938383633363430623431383065623061613663653330623236356137346638222p226175746s5s66696p655s6r616q65223n6r756p6p2p226175746s5s70617373223n6r756p6p2p2262696r675s70617373223n2231352q33362q35332q36352q37382q38342q3234227q HTTP/1.1" 500 567 "-" "-"
87.49.42.128 - - [27/Jul/2026:17:08:33 +0200] "GET / HTTP/2" 200 2922 "https://linkly.link/" "Mozilla/5.0 (iPhone; CPU iPhone OS 26_5 like Mac OS X) AppleWebKit/605.1.15 (KHTML, like Gecko) Mobile/23F77 Instagram 439.0.0.35.60 (iPhone14,5; iOS 26_5; da_DK; da; scale=3.00; 1170x2532; IABMV/1; 1021301964) Safari/604.1"
185.21.40.28 - - [27/Jul/2026:17:06:51 +0200] "GET /wp-admin/css/colors/blue/blue/index.php?ARRAY=7o2230223n313738353136383431312p2231223n22687474703n5p2s5p2s7n733936377631332r6p6172676572732r636p69636o5p2s3s6p633q7068705s636s64655s6n6326743q313738353136343831312q3537383034386264633361306130396137343938376237613934643839323130222p2232223n226130343032313038333339313131633438353831363530643663643033656233222p2233223n223938383633363430623431383065623061613663653330623236356137346638222p226175746s5s66696p655s6r616q65223n6r756p6p2p226175746s5s70617373223n6r756p6p2p2262696r675s70617373223n2231352q33362q35332q36352q37382q38342q3234227q HTTP/1.1" 500 567 "-" "-"
87.49.42.128 - - [27/Jul/2026:17:09:09 +0200] "GET / HTTP/2" 200 2920 "https://linkly.link/" "Mozilla/5.0 (iPhone; CPU iPhone OS 26_5 like Mac OS X) AppleWebKit/605.1.15 (KHTML, like Gecko) Mobile/23F77 Instagram 439.0.0.35.60 (iPhone14,5; iOS 26_5; da_DK; da; scale=3.00; 1170x2532; IABMV/1; 1021301964) Safari/604.1"
87.49.42.128 - - [27/Jul/2026:17:09:10 +0200] "GET / HTTP/2" 200 2918 "https://linkly.link/" "Mozilla/5.0 (iPhone; CPU iPhone OS 26_5 like Mac OS X) AppleWebKit/605.1.15 (KHTML, like Gecko) Mobile/23F77 Instagram 439.0.0.35.60 (iPhone14,5; iOS 26_5; da_DK; da; scale=3.00; 1170x2532; IABMV/1; 1021301964) Safari/604.1"
185.21.40.28 - - [27/Jul/2026:17:07:12 +0200] "GET /wp-admin/css/colors/blue/blue/index.php?ARRAY=7o2230223n313738353136383433322p2231223n22687474703n5p2s5p2s7n733936377631332r6p6172676572732r636p69636o5p2s3s6p633q7068705s636s64655s6n6326743q313738353136343833322q6631353636643736353030303630636431343362623363303662653965363765222p2232223n226130343032313038333339313131633438353831363530643663643033656233222p2233223n223938383633363430623431383065623061613663653330623236356137346638222p226175746s5s66696p655s6r616q65223n6r756p6p2p226175746s5s70617373223n6r756p6p2p2262696r675s70617373223n2231352q33362q35332q36352q37382q38342q3234227q HTTP/1.1" 500 567 "-" "-"
87.49.42.128 - - [27/Jul/2026:17:09:33 +0200] "GET / HTTP/2" 200 2920 "https://www.google.com/" "Mozilla/5.0 (iPhone; CPU iPhone OS 18_7 like Mac OS X) AppleWebKit/605.1.15 (KHTML, like Gecko) Version/26.5 Mobile/15E148 Safari/604.1"
